170.187.181.77 - - [01/Apr/2025:17:22:40 +0800] "GET /wp-content/plugins/woo-advanced-shipment-tracking/zorem-tracking/assets/js/main.js?ver=1743499359 HTTP/1.1" 200 1587 "https://bt-miners.com/wp-admin/admin.php?page=wc-settings&tab=advanced&section=keys" "Mozilla/5.0 (Windows NT 10.0; Win64; x64) AppleWebKit/537.36 (KHTML, like Gecko) Chrome/134.0.0.0 Safari/537.36" "0.000 Seconds"
170.187.181.77 - - [01/Apr/2025:17:22:40 +0800] "GET /wp-content/plugins/woocommerce/assets/js/jquery-qrcode/jquery.qrcode.min.js?ver=9.7.1 HTTP/1.1" 200 15443 "https://bt-miners.com/wp-admin/admin.php?page=wc-settings&tab=advanced&section=keys" "Mozilla/5.0 (Windows NT 10.0; Win64; x64) AppleWebKit/537.36 (KHTML, like Gecko) Chrome/134.0.0.0 Safari/537.36" "0.000 Seconds"
83.99.151.66,83.99.151.66 - - [01/Apr/2025:17:22:40 +0800] "GET /collections/algo/roll-dpos/?display_mode=list HTTP/1.1" 200 62656 "-" "Mozilla/5.0 AppleWebKit/537.36 (KHTML, like Gecko; compatible; GeedoProductSearch; +http://www.geedo.com/product-search.html) Chrome/79.0.3945.88 Safari/537.36" "0.610 Seconds"
170.187.181.77 - - [01/Apr/2025:17:22:40 +0800] "GET /wp-content/plugins/dokan-lite/assets/vendors/tinymce/code/plugin.min.js?ver=1743499359 HTTP/1.1" 200 1045 "https://bt-miners.com/wp-admin/admin.php?page=wc-settings&tab=advanced&section=keys" "Mozilla/5.0 (Windows NT 10.0; Win64; x64) AppleWebKit/537.36 (KHTML, like Gecko) Chrome/134.0.0.0 Safari/537.36" "0.000 Seconds"
170.187.181.77 - - [01/Apr/2025:17:22:40 +0800] "GET /wp-content/plugins/woocommerce/assets/js/admin/api-keys.min.js?ver=9.7.1 HTTP/1.1" 200 2280 "https://bt-miners.com/wp-admin/admin.php?page=wc-settings&tab=advanced&section=keys" "Mozilla/5.0 (Windows NT 10.0; Win64; x64) AppleWebKit/537.36 (KHTML, like Gecko) Chrome/134.0.0.0 Safari/537.36" "0.000 Seconds"
170.187.181.77,170.187.181.77 - - [01/Apr/2025:17:22:40 +0800] "GET /wp-json/dokan/v1/admin/notices/promo HTTP/1.1" 200 12 "https://bt-miners.com/wp-admin/admin.php?page=wc-settings&tab=advanced&section=keys" "Mozilla/5.0 (Windows NT 10.0; Win64; x64) AppleWebKit/537.36 (KHTML, like Gecko) Chrome/134.0.0.0 Safari/537.36" "0.332 Seconds"
170.187.181.77,170.187.181.77 - - [01/Apr/2025:17:22:41 +0800] "GET /wp-json/dokan/v1/admin/notices/admin?scope=global HTTP/1.1" 200 12 "https://bt-miners.com/wp-admin/admin.php?page=wc-settings&tab=advanced&section=keys" "Mozilla/5.0 (Windows NT 10.0; Win64; x64) AppleWebKit/537.36 (KHTML, like Gecko) Chrome/134.0.0.0 Safari/537.36" "0.623 Seconds"
170.187.181.77,170.187.181.77 - - [01/Apr/2025:17:22:41 +0800] "GET /wp-json/wc-analytics/orders?page=1&per_page=1&status%5B0%5D=processing&status%5B1%5D=on-hold&_fields%5B0%5D=id&_locale=user HTTP/1.1" 200 24 "https://bt-miners.com/wp-admin/admin.php?page=wc-settings&tab=advanced&section=keys" "Mozilla/5.0 (Windows NT 10.0; Win64; x64) AppleWebKit/537.36 (KHTML, like Gecko) Chrome/134.0.0.0 Safari/537.36" "0.653 Seconds"
170.187.181.77,170.187.181.77 - - [01/Apr/2025:17:22:41 +0800] "GET /wp-json/wc-admin/onboarding/tasks?_locale=user HTTP/1.1" 200 6224 "https://bt-miners.com/wp-admin/admin.php?page=wc-settings&tab=advanced&section=keys" "Mozilla/5.0 (Windows NT 10.0; Win64; x64) AppleWebKit/537.36 (KHTML, like Gecko) Chrome/134.0.0.0 Safari/537.36" "0.902 Seconds"
170.187.181.77,170.187.181.77 - - [01/Apr/2025:17:22:41 +0800] "GET /wp-json/wc-analytics/products/count-low-in-stock?status=publish&page=1&per_page=1&_locale=user HTTP/1.1" 200 22 "https://bt-miners.com/wp-admin/admin.php?page=wc-settings&tab=advanced&section=keys" "Mozilla/5.0 (Windows NT 10.0; Win64; x64) AppleWebKit/537.36 (KHTML, like Gecko) Chrome/134.0.0.0 Safari/537.36" "1.098 Seconds"
170.187.181.77,170.187.181.77 - - [01/Apr/2025:17:22:42 +0800] "GET /wp-json/wc-analytics/products/reviews?page=1&per_page=1&status=hold&_embed=1&_fields%5B0%5D=id&_locale=user HTTP/1.1" 200 24 "https://bt-miners.com/wp-admin/admin.php?page=wc-settings&tab=advanced&section=keys" "Mozilla/5.0 (Windows NT 10.0; Win64; x64) AppleWebKit/537.36 (KHTML, like Gecko) Chrome/134.0.0.0 Safari/537.36" "1.317 Seconds"
170.187.181.77 - - [01/Apr/2025:17:22:42 +0800] "POST /wp-admin/admin-ajax.php HTTP/1.1" 200 43 "https://bt-miners.com/wp-admin/admin.php?page=wc-settings&tab=advanced&section=keys" "Mozilla/5.0 (Windows NT 10.0; Win64; x64) AppleWebKit/537.36 (KHTML, like Gecko) Chrome/134.0.0.0 Safari/537.36" "1.729 Seconds"
212.107.29.89 - - [01/Apr/2025:17:22:42 +0800] "POST /wp-admin/admin-ajax.php HTTP/1.1" 200 43 "https://bt-miners.com/wp-admin/options-general.php?page=perfmatters" "Mozilla/5.0 (Windows NT 10.0; Win64; x64) AppleWebKit/537.36 (KHTML, like Gecko) Chrome/122.0.0.0 Safari/537.36" "0.367 Seconds"
170.187.181.77,170.187.181.77 - - [01/Apr/2025:17:22:42 +0800] "GET /wp-json/wc-admin/options?options=woocommerce_ces_tracks_queue&_locale=user HTTP/1.1" 200 46 "https://bt-miners.com/wp-admin/admin.php?page=wc-settings&tab=advanced&section=keys" "Mozilla/5.0 (Windows NT 10.0; Win64; x64) AppleWebKit/537.36 (KHTML, like Gecko) Chrome/134.0.0.0 Safari/537.36" "1.894 Seconds"
170.187.181.77,170.187.181.77 - - [01/Apr/2025:17:22:42 +0800] "GET /wp-json/jetpack/v4/connection/data?_locale=user HTTP/1.1" 200 334 "https://bt-miners.com/wp-admin/admin.php?page=wc-settings&tab=advanced&section=keys" "Mozilla/5.0 (Windows NT 10.0; Win64; x64) AppleWebKit/537.36 (KHTML, like Gecko) Chrome/134.0.0.0 Safari/537.36" "2.000 Seconds"
170.187.181.77,170.187.181.77 - - [01/Apr/2025:17:22:43 +0800] "GET /wp-json/wc-analytics/admin/notes?page=1&per_page=25&type=error%2Cupdate&status=unactioned&_locale=user HTTP/1.1" 200 12 "https://bt-miners.com/wp-admin/admin.php?page=wc-settings&tab=advanced&section=keys" "Mozilla/5.0 (Windows NT 10.0; Win64; x64) AppleWebKit/537.36 (KHTML, like Gecko) Chrome/134.0.0.0 Safari/537.36" "2.238 Seconds"
170.187.181.77,170.187.181.77 - - [01/Apr/2025:17:22:43 +0800] "GET /wp-json/wc-admin/options?options=woocommerce_admin_transient_notices_queue%2Cwoocommerce_admin_install_timestamp%2Cwoocommerce_allow_tracking&_locale=user HTTP/1.1" 200 148 "https://bt-miners.com/wp-admin/admin.php?page=wc-settings&tab=advanced&section=keys" "Mozilla/5.0 (Windows NT 10.0; Win64; x64) AppleWebKit/537.36 (KHTML, like Gecko) Chrome/134.0.0.0 Safari/537.36" "2.410 Seconds"
170.187.181.77,170.187.181.77 - - [01/Apr/2025:17:22:43 +0800] "GET /wp-json/wc-admin/options?options=woocommerce_task_list_reminder_bar_hidden&_locale=user HTTP/1.1" 200 62 "https://bt-miners.com/wp-admin/admin.php?page=wc-settings&tab=advanced&section=keys" "Mozilla/5.0 (Windows NT 10.0; Win64; x64) AppleWebKit/537.36 (KHTML, like Gecko) Chrome/134.0.0.0 Safari/537.36" "1.495 Seconds"
240e:3b2:3232:4a70:7058:7862:f44b:6b0 - - [01/Apr/2025:17:22:46 +0800] "POST /wp-admin/admin-ajax.php HTTP/1.1" 200 58 "https://bt-miners.com/wp-admin/" "Mozilla/5.0 (Windows NT 10.0; Win64; x64) AppleWebKit/537.36 (KHTML, like Gecko) Chrome/119.0.0.0 Safari/537.36" "0.423 Seconds"
240e:3b2:3232:4a70:7058:7862:f44b:6b0 - - [01/Apr/2025:17:22:46 +0800] "POST /wp-admin/admin-ajax.php HTTP/1.1" 400 11 "https://bt-miners.com/wp-admin/" "Mozilla/5.0 (Windows NT 10.0; Win64; x64) AppleWebKit/537.36 (KHTML, like Gecko) Chrome/119.0.0.0 Safari/537.36" "0.396 Seconds"
- - [01/Apr/2025:17:22:48 +0800] "GET /.git/config HTTP/1.1" 403 195 "-" "Mozilla/5.0 (Windows NT 10.0; WOW64) AppleWebKit/537.36 (KHTML, like Gecko) Chrome/73.0.3683.105 Safari/537.36 Vivaldi/2.4.1488.38" "0.000 Seconds"
2a01:4f8:1c1b:5b5a::1,2a01:4f8:1c1b:5b5a::1 - - [01/Apr/2025:17:22:50 +0800] "HEAD / HTTP/1.1" 200 0 "https://bt-miners.com/" "Mozilla/5.0+(compatible; UptimeRobot/2.0; http://www.uptimerobot.com/)" "0.302 Seconds"
83.99.151.66,83.99.151.66 - - [01/Apr/2025:17:22:51 +0800] "GET /products/ibelink-replacement-backup-power-supply-units/ HTTP/1.1" 200 90988 "-" "Mozilla/5.0 AppleWebKit/537.36 (KHTML, like Gecko; compatible; GeedoProductSearch; +http://www.geedo.com/product-search.html) Chrome/79.0.3945.88 Safari/537.36" "1.000 Seconds"
212.107.29.89 - - [01/Apr/2025:17:22:51 +0800] "POST /wp-admin/admin-ajax.php HTTP/1.1" 200 43 "https://bt-miners.com/wp-admin/post.php?post=70267&action=edit" "Mozilla/5.0 (Windows NT 10.0; Win64; x64) AppleWebKit/537.36 (KHTML, like Gecko) Chrome/134.0.0.0 Safari/537.36" "0.497 Seconds"
240e:3b2:3232:4a70:7058:7862:f44b:6b0 - - [01/Apr/2025:17:22:54 +0800] "POST /wp-admin/admin-ajax.php HTTP/1.1" 200 31 "https://bt-miners.com/wp-admin/" "Mozilla/5.0 (Windows NT 10.0; Win64; x64) AppleWebKit/537.36 (KHTML, like Gecko) Chrome/119.0.0.0 Safari/537.36" "0.550 Seconds"
170.187.181.77 - - [01/Apr/2025:17:22:56 +0800] "POST /wp-admin/admin-ajax.php HTTP/1.1" 200 43 "https://bt-miners.com/wp-admin/admin.php?page=wc-settings&tab=advanced&section=keys" "Mozilla/5.0 (Windows NT 10.0; Win64; x64) AppleWebKit/537.36 (KHTML, like Gecko) Chrome/134.0.0.0 Safari/537.36" "0.457 Seconds"
54.158.124.156,54.158.124.156 - - [01/Apr/2025:17:22:58 +0800] "GET /?debug=kuma-uptime HTTP/1.1" 200 89377 "-" "Uptime-Kuma/1.23.16" "1.892 Seconds"
83.99.151.66,83.99.151.66 - - [01/Apr/2025:17:23:00 +0800] "GET /collections/bitcoin-miners/page/1/?display_mode=list HTTP/1.1" 301 5 "-" "Mozilla/5.0 AppleWebKit/537.36 (KHTML, like Gecko; compatible; GeedoProductSearch; +http://www.geedo.com/product-search.html) Chrome/79.0.3945.88 Safari/537.36" "0.427 Seconds"
54.158.124.156,54.158.124.156 - - [01/Apr/2025:17:23:00 +0800] "GET /wp-json/wc/v2/list_income_product?Coin=All HTTP/1.1" 200 222150 "-" "WordPress/6.7.2; https://miner-prof.btpayments.io" "0.338 Seconds"
83.99.151.66,83.99.151.66 - - [01/Apr/2025:17:23:01 +0800] "GET /collections/bitcoin-miners/?display_mode=list HTTP/1.1" 200 68007 "-" "Mozilla/5.0 AppleWebKit/537.36 (KHTML, like Gecko; compatible; GeedoProductSearch; +http://www.geedo.com/product-search.html) Chrome/79.0.3945.88 Safari/537.36" "0.820 Seconds"
66.249.75.132,66.249.75.132 - - [01/Apr/2025:17:23:01 +0800] "GET /products/koi-miner-bitcoin-miner-c16/ HTTP/1.1" 200 648448 "-" "Mozilla/5.0 (Linux; Android 6.0.1; Nexus 5X Build/MMB29P) AppleWebKit/537.36 (KHTML, like Gecko) Chrome/134.0.6998.165 Mobile Safari/537.36 (compatible; Googlebot/2.1; +http://www.google.com/bot.html)" "1.181 Seconds"
67.189.107.113,67.189.107.113 - - [01/Apr/2025:17:23:03 +0800] "GET /collections/eth-miners/ HTTP/1.1" 301 5 "https://bt-miners.com/products/goldshell-ae-box-ii-aleo-miner-54mh-s-bt-miners/" "Mozilla/5.0 (Windows NT 10.0; Win64; x64) AppleWebKit/537.36 (KHTML, like Gecko) Chrome/128.0.0.0 Safari/537.36" "0.376 Seconds"
71.63.228.216,71.63.228.216 - - [01/Apr/2025:17:23:08 +0800] "GET /wp-json/wc/v2/list_income_product?Coin=All HTTP/1.1" 200 222158 "https://bt-miners.com/daily-income-of-miners/" "Mozilla/5.0 (Windows NT 10.0; Win64; x64) AppleWebKit/537.36 (KHTML, like Gecko) Chrome/134.0.0.0 Safari/537.36" "0.587 Seconds"
240e:3b2:3232:4a70:7058:7862:f44b:6b0 - - [01/Apr/2025:17:23:10 +0800] "POST /wp-admin/admin-ajax.php HTTP/1.1" 200 31 "https://bt-miners.com/wp-admin/" "Mozilla/5.0 (Windows NT 10.0; Win64; x64) AppleWebKit/537.36 (KHTML, like Gecko) Chrome/119.0.0.0 Safari/537.36" "0.451 Seconds"
170.187.181.77 - - [01/Apr/2025:17:23:11 +0800] "POST /wp-admin/admin-ajax.php HTTP/1.1" 200 43 "https://bt-miners.com/wp-admin/admin.php?page=wc-settings&tab=advanced&section=keys" "Mozilla/5.0 (Windows NT 10.0; Win64; x64) AppleWebKit/537.36 (KHTML, like Gecko) Chrome/134.0.0.0 Safari/537.36" "0.394 Seconds"
212.107.29.89 - - [01/Apr/2025:17:23:13 +0800] "POST /wp-admin/admin-ajax.php HTTP/1.1" 200 43 "https://bt-miners.com/wp-admin/post.php?post=70804&action=edit" "Mozilla/5.0 (Windows NT 10.0; Win64; x64) AppleWebKit/537.36 (KHTML, like Gecko) Chrome/122.0.0.0 Safari/537.36" "0.404 Seconds"
212.107.29.89 - - [01/Apr/2025:17:23:14 +0800] "POST /wp-admin/admin-ajax.php HTTP/1.1" 200 43 "https://bt-miners.com/wp-admin/post.php?post=70797&action=edit" "Mozilla/5.0 (Windows NT 10.0; Win64; x64) AppleWebKit/537.36 (KHTML, like Gecko) Chrome/122.0.0.0 Safari/537.36" "0.749 Seconds"
212.107.29.89 - - [01/Apr/2025:17:23:14 +0800] "POST /wp-admin/admin-ajax.php HTTP/1.1" 200 43 "https://bt-miners.com/wp-admin/options-general.php?page=cloudflare" "Mozilla/5.0 (Windows NT 10.0; Win64; x64) AppleWebKit/537.36 (KHTML, like Gecko) Chrome/122.0.0.0 Safari/537.36" "1.096 Seconds"
2401:4900:1c68:53b8:50b5:f0aa:2647:e8d5,54.38.96.38 - - [01/Apr/2025:17:23:16 +0800] "POST /wp-login.php HTTP/1.1" 200 4004 "-" "Mozilla/4.0 (compatible; MSIE 6.0; Windows NT 5.0)" "0.697 Seconds"
64.233.173.167,64.233.173.167 - - [01/Apr/2025:17:23:18 +0800] "GET /.well-known/assetlinks.json HTTP/1.1" 403 134 "-" "GoogleAssociationService" "0.000 Seconds"
5.196.175.152,5.196.175.152 - - [01/Apr/2025:17:23:18 +0800] "GET /collections/x11-hardware/?display_mode=list HTTP/1.1" 200 60882 "-" "GTranslate-Translation-Proxy" "0.543 Seconds"
54.158.124.156,54.158.124.156 - - [01/Apr/2025:17:23:19 +0800] "GET /?debug=kuma-uptime HTTP/1.1" 200 89400 "-" "Uptime-Kuma/1.23.16" "1.572 Seconds"
2401:4900:62fd:1ee8:15:f2ff:fea6:a5cd - - [01/Apr/2025:17:23:20 +0800] "GET /wp-content/themes/azuri/assets/images/header-car.svg HTTP/1.1" 304 0 "https://bt-miners.com/products/iceriver-ae0-aleo-miner-50mh-s-bt-miners/" "Mozilla/5.0 (Linux; Android 10; K) AppleWebKit/537.36 (KHTML, like Gecko) Chrome/134.0.0.0 Mobile Safari/537.36" "0.000 Seconds"
2401:4900:62fd:1ee8:15:f2ff:fea6:a5cd - - [01/Apr/2025:17:23:20 +0800] "GET /wp-content/themes/azuri/assets/images/header-account.svg HTTP/1.1" 304 0 "https://bt-miners.com/products/iceriver-ae0-aleo-miner-50mh-s-bt-miners/" "Mozilla/5.0 (Linux; Android 10; K) AppleWebKit/537.36 (KHTML, like Gecko) Chrome/134.0.0.0 Mobile Safari/537.36" "0.000 Seconds"
2401:4900:62fd:1ee8:15:f2ff:fea6:a5cd - - [01/Apr/2025:17:23:20 +0800] "GET /wp-content/themes/azuri/assets/images/header-search.svg HTTP/1.1" 304 0 "https://bt-miners.com/products/iceriver-ae0-aleo-miner-50mh-s-bt-miners/" "Mozilla/5.0 (Linux; Android 10; K) AppleWebKit/537.36 (KHTML, like Gecko) Chrome/134.0.0.0 Mobile Safari/537.36" "0.000 Seconds"
2401:4900:62fd:1ee8:15:f2ff:fea6:a5cd - - [01/Apr/2025:17:23:20 +0800] "GET /wp-content/cache/perfmatters/bt-miners.com/fonts/fd785a6ca5e6.google-fonts.min.css HTTP/1.1" 304 0 "https://bt-miners.com/products/iceriver-ae0-aleo-miner-50mh-s-bt-miners/" "Mozilla/5.0 (Linux; Android 10; K) AppleWebKit/537.36 (KHTML, like Gecko) Chrome/134.0.0.0 Mobile Safari/537.36" "0.000 Seconds"
2401:4900:62fd:1ee8:15:f2ff:fea6:a5cd - - [01/Apr/2025:17:23:20 +0800] "GET /wp-content/plugins/perfmatters/vendor/fastclick/pmfastclick.min.js HTTP/1.1" 304 0 "https://bt-miners.com/products/iceriver-ae0-aleo-miner-50mh-s-bt-miners/" "Mozilla/5.0 (Linux; Android 10; K) AppleWebKit/537.36 (KHTML, like Gecko) Chrome/134.0.0.0 Mobile Safari/537.36" "0.000 Seconds"
2401:4900:62fd:1ee8:15:f2ff:fea6:a5cd - - [01/Apr/2025:17:23:22 +0800] "GET /wp-content/cache/perfmatters/bt-miners.com/fonts/UcC73FwrK3iLTeHuS_nVMrMxCp50SjIa1ZL7W0Q5nw.woff2 HTTP/1.1" 304 0 "https://bt-miners.com/wp-content/cache/perfmatters/bt-miners.com/fonts/fd785a6ca5e6.google-fonts.min.css" "Mozilla/5.0 (Linux; Android 10; K) AppleWebKit/537.36 (KHTML, like Gecko) Chrome/134.0.0.0 Mobile Safari/537.36" "0.000 Seconds"
2401:4900:62fd:1ee8:15:f2ff:fea6:a5cd - - [01/Apr/2025:17:23:25 +0800] "GET /wp-includes/js/wp-util.min.js?ver=a53d61b19d1e048adadfb3f4c418ba92 HTTP/1.1" 304 0 "https://bt-miners.com/products/iceriver-ae0-aleo-miner-50mh-s-bt-miners/" "Mozilla/5.0 (Linux; Android 10; K) AppleWebKit/537.36 (KHTML, like Gecko) Chrome/134.0.0.0 Mobile Safari/537.36" "0.000 Seconds"
2401:4900:62fd:1ee8:15:f2ff:fea6:a5cd - - [01/Apr/2025:17:23:25 +0800] "GET /wp-content/plugins/woocommerce-google-adwords-conversion-tracking-tag/js/public/wpm-public.p1.min.js?ver=1.45.0 HTTP/1.1" 304 0 "https://bt-miners.com/products/iceriver-ae0-aleo-miner-50mh-s-bt-miners/" "Mozilla/5.0 (Linux; Android 10; K) AppleWebKit/537.36 (KHTML, like Gecko) Chrome/134.0.0.0 Mobile Safari/537.36" "0.000 Seconds"
2401:4900:62fd:1ee8:15:f2ff:fea6:a5cd - - [01/Apr/2025:17:23:25 +0800] "GET /wjjs/echarts.min.js HTTP/1.1" 304 0 "https://bt-miners.com/products/iceriver-ae0-aleo-miner-50mh-s-bt-miners/" "Mozilla/5.0 (Linux; Android 10; K) AppleWebKit/537.36 (KHTML, like Gecko) Chrome/134.0.0.0 Mobile Safari/537.36" "0.000 Seconds"
2401:4900:62fd:1ee8:15:f2ff:fea6:a5cd - - [01/Apr/2025:17:23:25 +0800] "GET /wp-content/cache/perfmatters/bt-miners.com/minify/284d5564f0a2.mstore-inspireui.min.js?ver=1.0.0 HTTP/1.1" 304 0 "https://bt-miners.com/products/iceriver-ae0-aleo-miner-50mh-s-bt-miners/" "Mozilla/5.0 (Linux; Android 10; K) AppleWebKit/537.36 (KHTML, like Gecko) Chrome/134.0.0.0 Mobile Safari/537.36" "0.000 Seconds"
2401:4900:62fd:1ee8:15:f2ff:fea6:a5cd - - [01/Apr/2025:17:23:25 +0800] "GET /wp-includes/js/api-request.min.js?ver=a53d61b19d1e048adadfb3f4c418ba92 HTTP/1.1" 304 0 "https://bt-miners.com/products/iceriver-ae0-aleo-miner-50mh-s-bt-miners/" "Mozilla/5.0 (Linux; Android 10; K) AppleWebKit/537.36 (KHTML, like Gecko) Chrome/134.0.0.0 Mobile Safari/537.36" "0.000 Seconds"
2401:4900:62fd:1ee8:15:f2ff:fea6:a5cd - - [01/Apr/2025:17:23:25 +0800] "GET /wp-content/plugins/wp-sms/assets/js/frontend.min.js?ver=6.9.9 HTTP/1.1" 304 0 "https://bt-miners.com/products/iceriver-ae0-aleo-miner-50mh-s-bt-miners/" "Mozilla/5.0 (Linux; Android 10; K) AppleWebKit/537.36 (KHTML, like Gecko) Chrome/134.0.0.0 Mobile Safari/537.36" "0.000 Seconds"
2401:4900:62fd:1ee8:15:f2ff:fea6:a5cd - - [01/Apr/2025:17:23:25 +0800] "GET /wp-includes/js/jquery/ui/core.min.js?ver=1.13.3 HTTP/1.1" 304 0 "https://bt-miners.com/products/iceriver-ae0-aleo-miner-50mh-s-bt-miners/" "Mozilla/5.0 (Linux; Android 10; K) AppleWebKit/537.36 (KHTML, like Gecko) Chrome/134.0.0.0 Mobile Safari/537.36" "0.000 Seconds"
2401:4900:62fd:1ee8:15:f2ff:fea6:a5cd - - [01/Apr/2025:17:23:25 +0800] "GET /wp-content/cache/perfmatters/bt-miners.com/minify/907c383fbeec.product-common.min.js HTTP/1.1" 304 0 "https://bt-miners.com/products/iceriver-ae0-aleo-miner-50mh-s-bt-miners/" "Mozilla/5.0 (Linux; Android 10; K) AppleWebKit/537.36 (KHTML, like Gecko) Chrome/134.0.0.0 Mobile Safari/537.36" "0.000 Seconds"
2401:4900:62fd:1ee8:15:f2ff:fea6:a5cd - - [01/Apr/2025:17:23:25 +0800] "GET /wp-includes/js/jquery/ui/sortable.min.js?ver=1.13.3 HTTP/1.1" 304 0 "https://bt-miners.com/products/iceriver-ae0-aleo-miner-50mh-s-bt-miners/" "Mozilla/5.0 (Linux; Android 10; K) AppleWebKit/537.36 (KHTML, like Gecko) Chrome/134.0.0.0 Mobile Safari/537.36" "0.000 Seconds"
2401:4900:62fd:1ee8:15:f2ff:fea6:a5cd - - [01/Apr/2025:17:23:25 +0800] "GET /wp-includes/js/jquery/ui/mouse.min.js?ver=1.13.3 HTTP/1.1" 304 0 "https://bt-miners.com/products/iceriver-ae0-aleo-miner-50mh-s-bt-miners/" "Mozilla/5.0 (Linux; Android 10; K) AppleWebKit/537.36 (KHTML, like Gecko) Chrome/134.0.0.0 Mobile Safari/537.36" "0.000 Seconds"
2401:4900:62fd:1ee8:15:f2ff:fea6:a5cd - - [01/Apr/2025:17:23:25 +0800] "GET /wp-content/cache/perfmatters/bt-miners.com/minify/4398f4b198fc.form-validate.min.js?ver=3.14.9 HTTP/1.1" 304 0 "https://bt-miners.com/products/iceriver-ae0-aleo-miner-50mh-s-bt-miners/" "Mozilla/5.0 (Linux; Android 10; K) AppleWebKit/537.36 (KHTML, like Gecko) Chrome/134.0.0.0 Mobile Safari/537.36" "0.000 Seconds"
2401:4900:62fd:1ee8:15:f2ff:fea6:a5cd - - [01/Apr/2025:17:23:25 +0800] "GET /wp-includes/js/jquery/ui/datepicker.min.js?ver=1.13.3 HTTP/1.1" 304 0 "https://bt-miners.com/products/iceriver-ae0-aleo-miner-50mh-s-bt-miners/" "Mozilla/5.0 (Linux; Android 10; K) AppleWebKit/537.36 (KHTML, like Gecko) Chrome/134.0.0.0 Mobile Safari/537.36" "0.000 Seconds"
2401:4900:62fd:1ee8:15:f2ff:fea6:a5cd - - [01/Apr/2025:17:23:25 +0800] "GET /wp-includes/js/imgareaselect/jquery.imgareaselect.min.js?ver=a53d61b19d1e048adadfb3f4c418ba92 HTTP/1.1" 304 0 "https://bt-miners.com/products/iceriver-ae0-aleo-miner-50mh-s-bt-miners/" "Mozilla/5.0 (Linux; Android 10; K) AppleWebKit/537.36 (KHTML, like Gecko) Chrome/134.0.0.0 Mobile Safari/537.36" "0.000 Seconds"
2401:4900:62fd:1ee8:15:f2ff:fea6:a5cd - - [01/Apr/2025:17:23:25 +0800] "GET /wp-includes/js/customize-base.min.js?ver=a53d61b19d1e048adadfb3f4c418ba92 HTTP/1.1" 304 0 "https://bt-miners.com/products/iceriver-ae0-aleo-miner-50mh-s-bt-miners/" "Mozilla/5.0 (Linux; Android 10; K) AppleWebKit/537.36 (KHTML, like Gecko) Chrome/134.0.0.0 Mobile Safari/537.36" "0.000 Seconds"
2401:4900:62fd:1ee8:15:f2ff:fea6:a5cd - - [01/Apr/2025:17:23:25 +0800] "GET /wp-content/plugins/woocommerce/assets/js/jquery-tiptip/jquery.tipTip.min.js?ver=3.14.9 HTTP/1.1" 304 0 "https://bt-miners.com/products/iceriver-ae0-aleo-miner-50mh-s-bt-miners/" "Mozilla/5.0 (Linux; Android 10; K) AppleWebKit/537.36 (KHTML, like Gecko) Chrome/134.0.0.0 Mobile Safari/537.36" "0.000 Seconds"
2401:4900:62fd:1ee8:15:f2ff:fea6:a5cd - - [01/Apr/2025:17:23:25 +0800] "GET /wp-content/plugins/dokan-lite/assets/vendors/date-range-picker/daterangepicker.min.js?ver=3.14.9 HTTP/1.1" 304 0 "https://bt-miners.com/products/iceriver-ae0-aleo-miner-50mh-s-bt-miners/" "Mozilla/5.0 (Linux; Android 10; K) AppleWebKit/537.36 (KHTML, like Gecko) Chrome/134.0.0.0 Mobile Safari/537.36" "0.000 Seconds"
2401:4900:62fd:1ee8:15:f2ff:fea6:a5cd - - [01/Apr/2025:17:23:25 +0800] "GET /wp-content/plugins/woocommerce/assets/js/accounting/accounting.min.js?ver=3.14.9 HTTP/1.1" 304 0 "https://bt-miners.com/products/iceriver-ae0-aleo-miner-50mh-s-bt-miners/" "Mozilla/5.0 (Linux; Android 10; K) AppleWebKit/537.36 (KHTML, like Gecko) Chrome/134.0.0.0 Mobile Safari/537.36" "0.000 Seconds"
2401:4900:62fd:1ee8:15:f2ff:fea6:a5cd - - [01/Apr/2025:17:23:26 +0800] "GET /wp-content/plugins/dokan-lite/assets/vendors/select2/select2.full.min.js?ver=3.14.9 HTTP/1.1" 304 0 "https://bt-miners.com/products/iceriver-ae0-aleo-miner-50mh-s-bt-miners/" "Mozilla/5.0 (Linux; Android 10; K) AppleWebKit/537.36 (KHTML, like Gecko) Chrome/134.0.0.0 Mobile Safari/537.36" "0.000 Seconds"
2401:4900:62fd:1ee8:15:f2ff:fea6:a5cd - - [01/Apr/2025:17:23:26 +0800] "GET /wp-content/cache/perfmatters/bt-miners.com/minify/c9b6ac012539.wpgs.min.js?ver=2.3.14 HTTP/1.1" 304 0 "https://bt-miners.com/products/iceriver-ae0-aleo-miner-50mh-s-bt-miners/" "Mozilla/5.0 (Linux; Android 10; K) AppleWebKit/537.36 (KHTML, like Gecko) Chrome/134.0.0.0 Mobile Safari/537.36" "0.000 Seconds"
2401:4900:62fd:1ee8:15:f2ff:fea6:a5cd - - [01/Apr/2025:17:23:26 +0800] "GET /wp-content/plugins/woo-product-gallery-slider/assets/js/jquery.fancybox.min.js?ver=2.3.14 HTTP/1.1" 304 0 "https://bt-miners.com/products/iceriver-ae0-aleo-miner-50mh-s-bt-miners/" "Mozilla/5.0 (Linux; Android 10; K) AppleWebKit/537.36 (KHTML, like Gecko) Chrome/134.0.0.0 Mobile Safari/537.36" "0.000 Seconds"
2401:4900:62fd:1ee8:15:f2ff:fea6:a5cd - - [01/Apr/2025:17:23:26 +0800] "GET /wp-content/plugins/dokan-lite/assets/js/dokan.js?ver=1740974858 HTTP/1.1" 304 0 "https://bt-miners.com/products/iceriver-ae0-aleo-miner-50mh-s-bt-miners/" "Mozilla/5.0 (Linux; Android 10; K) AppleWebKit/537.36 (KHTML, like Gecko) Chrome/134.0.0.0 Mobile Safari/537.36" "0.000 Seconds"
2401:4900:62fd:1ee8:15:f2ff:fea6:a5cd - - [01/Apr/2025:17:23:26 +0800] "GET /wp-content/plugins/dokan-lite/assets/js/page-views.js?ver=3.14.9 HTTP/1.1" 304 0 "https://bt-miners.com/products/iceriver-ae0-aleo-miner-50mh-s-bt-miners/" "Mozilla/5.0 (Linux; Android 10; K) AppleWebKit/537.36 (KHTML, like Gecko) Chrome/134.0.0.0 Mobile Safari/537.36" "0.000 Seconds"
2401:4900:62fd:1ee8:15:f2ff:fea6:a5cd - - [01/Apr/2025:17:23:26 +0800] "GET /wp-content/plugins/wpforms/assets/pro/js/frontend/fields/custom-captcha.min.js?ver=1.9.2.3 HTTP/1.1" 304 0 "https://bt-miners.com/products/iceriver-ae0-aleo-miner-50mh-s-bt-miners/" "Mozilla/5.0 (Linux; Android 10; K) AppleWebKit/537.36 (KHTML, like Gecko) Chrome/134.0.0.0 Mobile Safari/537.36" "0.000 Seconds"
2401:4900:62fd:1ee8:15:f2ff:fea6:a5cd - - [01/Apr/2025:17:23:26 +0800] "GET /wp-content/plugins/wpforms/assets/js/frontend/wpforms-modern.min.js?ver=1.9.2.3 HTTP/1.1" 304 0 "https://bt-miners.com/products/iceriver-ae0-aleo-miner-50mh-s-bt-miners/" "Mozilla/5.0 (Linux; Android 10; K) AppleWebKit/537.36 (KHTML, like Gecko) Chrome/134.0.0.0 Mobile Safari/537.36" "0.000 Seconds"
2401:4900:62fd:1ee8:15:f2ff:fea6:a5cd - - [01/Apr/2025:17:23:26 +0800] "GET /wp-content/plugins/wpforms/assets/lib/mailcheck.min.js?ver=1.1.2 HTTP/1.1" 304 0 "https://bt-miners.com/products/iceriver-ae0-aleo-miner-50mh-s-bt-miners/" "Mozilla/5.0 (Linux; Android 10; K) AppleWebKit/537.36 (KHTML, like Gecko) Chrome/134.0.0.0 Mobile Safari/537.36" "0.000 Seconds"
2401:4900:62fd:1ee8:15:f2ff:fea6:a5cd - - [01/Apr/2025:17:23:26 +0800] "GET /wp-content/plugins/woocommerce/assets/js/frontend/single-product.min.js?ver=9.7.1 HTTP/1.1" 304 0 "https://bt-miners.com/products/iceriver-ae0-aleo-miner-50mh-s-bt-miners/" "Mozilla/5.0 (Linux; Android 10; K) AppleWebKit/537.36 (KHTML, like Gecko) Chrome/134.0.0.0 Mobile Safari/537.36" "0.000 Seconds"
2401:4900:62fd:1ee8:15:f2ff:fea6:a5cd - - [01/Apr/2025:17:23:26 +0800] "GET /wp-content/plugins/wpforms/assets/lib/punycode.min.js?ver=1.0.0 HTTP/1.1" 304 0 "https://bt-miners.com/products/iceriver-ae0-aleo-miner-50mh-s-bt-miners/" "Mozilla/5.0 (Linux; Android 10; K) AppleWebKit/537.36 (KHTML, like Gecko) Chrome/134.0.0.0 Mobile Safari/537.36" "0.000 Seconds"
2401:4900:62fd:1ee8:15:f2ff:fea6:a5cd - - [01/Apr/2025:17:23:26 +0800] "GET /wp-content/plugins/wpforms/assets/js/share/utils.min.js?ver=1.9.2.3 HTTP/1.1" 304 0 "https://bt-miners.com/products/iceriver-ae0-aleo-miner-50mh-s-bt-miners/" "Mozilla/5.0 (Linux; Android 10; K) AppleWebKit/537.36 (KHTML, like Gecko) Chrome/134.0.0.0 Mobile Safari/537.36" "0.000 Seconds"
2401:4900:62fd:1ee8:15:f2ff:fea6:a5cd - - [01/Apr/2025:17:23:26 +0800] "GET /wp-content/plugins/wpforms/assets/lib/jquery.validate.min.js?ver=1.21.0 HTTP/1.1" 304 0 "https://bt-miners.com/products/iceriver-ae0-aleo-miner-50mh-s-bt-miners/" "Mozilla/5.0 (Linux; Android 10; K) AppleWebKit/537.36 (KHTML, like Gecko) Chrome/134.0.0.0 Mobile Safari/537.36" "0.000 Seconds"
170.187.181.77 - - [01/Apr/2025:17:23:26 +0800] "POST /wp-admin/admin-ajax.php HTTP/1.1" 200 31 "https://bt-miners.com/wp-admin/admin.php?page=wc-settings&tab=advanced&section=keys" "Mozilla/5.0 (Windows NT 10.0; Win64; x64) AppleWebKit/537.36 (KHTML, like Gecko) Chrome/134.0.0.0 Safari/537.36" "0.475 Seconds"
2401:4900:62fd:1ee8:15:f2ff:fea6:a5cd - - [01/Apr/2025:17:23:26 +0800] "GET /wp-content/plugins/woocommerce-google-analytics-integration/assets/js/build/main.js?ver=50c6d17d67ef40d67991 HTTP/1.1" 304 0 "https://bt-miners.com/products/iceriver-ae0-aleo-miner-50mh-s-bt-miners/" "Mozilla/5.0 (Linux; Android 10; K) AppleWebKit/537.36 (KHTML, like Gecko) Chrome/134.0.0.0 Mobile Safari/537.36" "0.000 Seconds"
2401:4900:62fd:1ee8:15:f2ff:fea6:a5cd - - [01/Apr/2025:17:23:26 +0800] "GET /wp-content/cache/perfmatters/bt-miners.com/minify/f42702f4ffb7.customize-models.min.js?ver=3.14.9 HTTP/1.1" 304 0 "https://bt-miners.com/products/iceriver-ae0-aleo-miner-50mh-s-bt-miners/" "Mozilla/5.0 (Linux; Android 10; K) AppleWebKit/537.36 (KHTML, like Gecko) Chrome/134.0.0.0 Mobile Safari/537.36" "0.000 Seconds"
2401:4900:62fd:1ee8:15:f2ff:fea6:a5cd - - [01/Apr/2025:17:23:26 +0800] "GET /wp-content/cache/perfmatters/bt-miners.com/minify/c49136053feb.tooltips.min.js?ver=3.14.9 HTTP/1.1" 304 0 "https://bt-miners.com/products/iceriver-ae0-aleo-miner-50mh-s-bt-miners/" "Mozilla/5.0 (Linux; Android 10; K) AppleWebKit/537.36 (KHTML, like Gecko) Chrome/134.0.0.0 Mobile Safari/537.36" "0.000 Seconds"
2401:4900:62fd:1ee8:15:f2ff:fea6:a5cd - - [01/Apr/2025:17:23:26 +0800] "GET /wp-content/plugins/dokan-lite/assets/vendors/speakingurl/speakingurl.min.js?ver=3.14.9 HTTP/1.1" 304 0 "https://bt-miners.com/products/iceriver-ae0-aleo-miner-50mh-s-bt-miners/" "Mozilla/5.0 (Linux; Android 10; K) AppleWebKit/537.36 (KHTML, like Gecko) Chrome/134.0.0.0 Mobile Safari/537.36" "0.000 Seconds"
2401:4900:62fd:1ee8:15:f2ff:fea6:a5cd - - [01/Apr/2025:17:23:26 +0800] "GET /wp-content/plugins/google-analytics-for-wordpress/assets/js/frontend-gtag.min.js?ver=9.2.4 HTTP/1.1" 304 0 "https://bt-miners.com/products/iceriver-ae0-aleo-miner-50mh-s-bt-miners/" "Mozilla/5.0 (Linux; Android 10; K) AppleWebKit/537.36 (KHTML, like Gecko) Chrome/134.0.0.0 Mobile Safari/537.36" "0.000 Seconds"
2401:4900:62fd:1ee8:15:f2ff:fea6:a5cd - - [01/Apr/2025:17:23:26 +0800] "GET /wp-content/plugins/wpforms/assets/js/frontend/wpforms.min.js?ver=1.9.2.3 HTTP/1.1" 304 0 "https://bt-miners.com/products/iceriver-ae0-aleo-miner-50mh-s-bt-miners/" "Mozilla/5.0 (Linux; Android 10; K) AppleWebKit/537.36 (KHTML, like Gecko) Chrome/134.0.0.0 Mobile Safari/537.36" "0.000 Seconds"
2401:4900:62fd:1ee8:15:f2ff:fea6:a5cd - - [01/Apr/2025:17:23:26 +0800] "GET /wp-includes/js/comment-reply.min.js?ver=a53d61b19d1e048adadfb3f4c418ba92 HTTP/1.1" 304 0 "https://bt-miners.com/products/iceriver-ae0-aleo-miner-50mh-s-bt-miners/" "Mozilla/5.0 (Linux; Android 10; K) AppleWebKit/537.36 (KHTML, like Gecko) Chrome/134.0.0.0 Mobile Safari/537.36" "0.000 Seconds"
27.119.30.203,54.37.215.163 - - [01/Apr/2025:17:23:26 +0800] "POST /wp-login.php HTTP/1.1" 200 4004 "-" "Mozilla/4.0 (compatible; MSIE 6.0; Windows NT 5.0)" "0.699 Seconds"
2401:4900:62fd:1ee8:15:f2ff:fea6:a5cd - - [01/Apr/2025:17:23:27 +0800] "GET /wp-includes/js/backbone.min.js?ver=1.6.0 HTTP/1.1" 304 0 "https://bt-miners.com/products/iceriver-ae0-aleo-miner-50mh-s-bt-miners/" "Mozilla/5.0 (Linux; Android 10; K) AppleWebKit/537.36 (KHTML, like Gecko) Chrome/134.0.0.0 Mobile Safari/537.36" "0.000 Seconds"
83.99.151.70,83.99.151.70 - - [01/Apr/2025:17:23:28 +0800] "GET /es/acerca-de-kadena/ HTTP/1.1" 301 5 "-" "Mozilla/5.0 AppleWebKit/537.36 (KHTML, like Gecko; compatible; GeedoProductSearch; +http://www.geedo.com/product-search.html) Chrome/79.0.3945.88 Safari/537.36" "0.367 Seconds"
212.107.29.89 - - [01/Apr/2025:17:23:29 +0800] "POST /wp-admin/admin-ajax.php HTTP/1.1" 200 43 "https://bt-miners.com/wp-admin/post.php?post=70804&action=edit" "Mozilla/5.0 (Windows NT 10.0; Win64; x64) AppleWebKit/537.36 (KHTML, like Gecko) Chrome/122.0.0.0 Safari/537.36" "0.375 Seconds"
2601:681:8d80:a5b0:58b4:b386:5ab8:3bbe,2601:681:8d80:a5b0:58b4:b386:5ab8:3bbe - - [01/Apr/2025:17:23:32 +0800] "GET /products/goldshell-byte-aleo-doge-coin-miner-bt-miners/?ref=3yrntphlqn HTTP/1.1" 200 123163 "https://www.asicminervalue.com/" "Mozilla/5.0 (Windows NT 10.0; Win64; x64) AppleWebKit/537.36 (KHTML, like Gecko) Chrome/134.0.0.0 Safari/537.36" "1.942 Seconds"
146.70.98.181,146.70.98.181 - - [01/Apr/2025:17:23:33 +0800] "GET /wp-login.php HTTP/1.1" 302 5 "-" "Mozilla/5.0 (Windows NT 10.0; Win64; x64) AppleWebKit/537.36 (KHTML, like Gecko) Chrome/87.0.4280.141 Safari/537.36" "0.356 Seconds"
146.70.98.181,146.70.98.181 - - [01/Apr/2025:17:23:34 +0800] "GET /my-account/ HTTP/1.1" 200 70009 "-" "Mozilla/5.0 (Windows NT 10.0; Win64; x64) AppleWebKit/537.36 (KHTML, like Gecko) Chrome/87.0.4280.141 Safari/537.36" "0.461 Seconds"
146.70.98.181,146.70.98.181 - - [01/Apr/2025:17:23:36 +0800] "GET /wp-login.php HTTP/1.1" 302 5 "-" "Mozilla/5.0 (Windows NT 10.0; Win64; x64) AppleWebKit/537.36 (KHTML, like Gecko) Chrome/87.0.4280.141 Safari/537.36" "0.358 Seconds"
109.230.55.105,54.38.96.37 - - [01/Apr/2025:17:23:37 +0800] "POST /wp-login.php HTTP/1.1" 200 4004 "-" "Mozilla/4.0 (compatible; MSIE 6.0; Windows NT 5.0)" "0.700 Seconds"
146.70.98.181,146.70.98.181 - - [01/Apr/2025:17:23:37 +0800] "GET /my-account/ HTTP/1.1" 200 69957 "-" "Mozilla/5.0 (Windows NT 10.0; Win64; x64) AppleWebKit/537.36 (KHTML, like Gecko) Chrome/87.0.4280.141 Safari/537.36" "0.457 Seconds"
83.99.151.71,83.99.151.71 - - [01/Apr/2025:17:23:38 +0800] "GET /products/bitcoin-12-month-hosting-deposit-10-kwh/ HTTP/1.1" 301 5 "-" "Mozilla/5.0 AppleWebKit/537.36 (KHTML, like Gecko; compatible; GeedoProductSearch; +http://www.geedo.com/product-search.html) Chrome/79.0.3945.88 Safari/537.36" "0.349 Seconds"
240e:3b2:3232:4a70:7058:7862:f44b:6b0 - - [01/Apr/2025:17:23:41 +0800] "POST /wp-admin/admin-ajax.php HTTP/1.1" 200 31 "https://bt-miners.com/wp-admin/post.php?post=67951&action=edit" "Mozilla/5.0 (Windows NT 10.0; Win64; x64) AppleWebKit/537.36 (KHTML, like Gecko) Chrome/119.0.0.0 Safari/537.36" "0.417 Seconds"
54.158.124.156,54.158.124.156 - - [01/Apr/2025:17:23:41 +0800] "GET /?debug=kuma-uptime HTTP/1.1" 200 89400 "-" "Uptime-Kuma/1.23.16" "1.622 Seconds"
240e:3b2:3232:4a70:7058:7862:f44b:6b0 - - [01/Apr/2025:17:23:41 +0800] "POST /wp-admin/admin-ajax.php HTTP/1.1" 200 43 "https://bt-miners.com/wp-admin/post.php?post=67951&action=edit" "Mozilla/5.0 (Windows NT 10.0; Win64; x64) AppleWebKit/537.36 (KHTML, like Gecko) Chrome/119.0.0.0 Safari/537.36" "0.738 Seconds"
2a01:4f8:1c1c:5353::1,2a01:4f8:1c1c:5353::1 - - [01/Apr/2025:17:23:41 +0800] "HEAD /wp-admin/?debug=uptimerobot HTTP/1.1" 302 0 "https://bt-miners.com/wp-admin/?debug=uptimerobot" "Mozilla/5.0+(compatible; UptimeRobot/2.0; http://www.uptimerobot.com/)" "0.359 Seconds"
170.187.181.77 - - [01/Apr/2025:17:23:42 +0800] "POST /wp-admin/admin-ajax.php HTTP/1.1" 200 58 "https://bt-miners.com/wp-admin/admin.php?page=wc-settings&tab=advanced&section=keys" "Mozilla/5.0 (Windows NT 10.0; Win64; x64) AppleWebKit/537.36 (KHTML, like Gecko) Chrome/134.0.0.0 Safari/537.36" "1.403 Seconds"
3.222.106.115 - - [01/Apr/2025:17:23:42 +0800] "POST /wp-admin/admin-ajax.php?action=as_async_request_queue_runner&nonce=15a67ce7dc HTTP/1.1" 499 0 "-" "WordPress/6.7.1; https://bt-miners.com" "0.982 Seconds"
2a01:4f8:1c1c:5353::1,2a01:4f8:1c1c:5353::1 - - [01/Apr/2025:17:23:42 +0800] "HEAD /wp-login.php?redirect_to=https%3A%2F%2Fbt-miners.com%2Fwp-admin%2F%3Fdebug%3Duptimerobot&reauth=1 HTTP/1.1" 200 0 "https://bt-miners.com/wp-admin/?debug=uptimerobot" "Mozilla/5.0+(compatible; UptimeRobot/2.0; http://www.uptimerobot.com/)" "0.370 Seconds"
170.187.181.77 - - [01/Apr/2025:17:23:42 +0800] "POST /wp-admin/admin-ajax.php HTTP/1.1" 200 43 "https://bt-miners.com/wp-admin/admin.php?page=wc-settings&tab=advanced&section=keys" "Mozilla/5.0 (Windows NT 10.0; Win64; x64) AppleWebKit/537.36 (KHTML, like Gecko) Chrome/134.0.0.0 Safari/537.36" "1.735 Seconds"
2a01:4f8:c2c:beae::1,2a01:4f8:c2c:beae::1 - - [01/Apr/2025:17:23:42 +0800] "HEAD /?debug=uptimerobot HTTP/1.1" 200 0 "https://bt-miners.com/?debug=uptimerobot" "Mozilla/5.0+(compatible; UptimeRobot/2.0; http://www.uptimerobot.com/)" "0.299 Seconds"
212.107.29.89 - - [01/Apr/2025:17:23:45 +0800] "POST /wp-admin/admin-ajax.php HTTP/1.1" 200 43 "https://bt-miners.com/wp-admin/post.php?post=70804&action=edit" "Mozilla/5.0 (Windows NT 10.0; Win64; x64) AppleWebKit/537.36 (KHTML, like Gecko) Chrome/122.0.0.0 Safari/537.36" "0.441 Seconds"
83.99.151.64,83.99.151.64 - - [01/Apr/2025:17:23:49 +0800] "GET /wp-login.php?redirect_to=https%3A%2F%2Fbt-miners.com%2Fnotice-to-customers-upgrade-to-goldshell-ka-box-pro%2F HTTP/1.1" 200 3892 "-" "Mozilla/5.0 AppleWebKit/537.36 (KHTML, like Gecko; compatible; GeedoProductSearch; +http://www.geedo.com/product-search.html) Chrome/79.0.3945.88 Safari/537.36" "0.384 Seconds"
212.107.29.89 - - [01/Apr/2025:17:23:51 +0800] "POST /wp-admin/admin-ajax.php HTTP/1.1" 200 43 "https://bt-miners.com/wp-admin/post.php?post=70267&action=edit" "Mozilla/5.0 (Windows NT 10.0; Win64; x64) AppleWebKit/537.36 (KHTML, like Gecko) Chrome/134.0.0.0 Safari/537.36" "0.437 Seconds"
2a01:4f8:1c1c:7240::1,2a01:4f8:1c1c:7240::1 - - [01/Apr/2025:17:23:54 +0800] "HEAD / HTTP/1.1" 200 0 "https://bt-miners.com/" "Mozilla/5.0+(compatible; UptimeRobot/2.0; http://www.uptimerobot.com/)" "0.344 Seconds"
54.38.96.35,54.38.96.35 - - [01/Apr/2025:17:23:56 +0800] "GET /?s=X16 HTTP/1.1" 200 58252 "https://zh-cn.bt-miners.com/%E6%94%B6%E8%97%8F/%E4%BB%A5%E5%A4%AA%E5%9D%8A%E7%9F%BF%E5%B7%A5/%E9%A1%B5/2/" "Mozilla/5.0 (Windows NT 10.0; Win64; x64) AppleWebKit/537.36 (KHTML, like Gecko) Chrome/134.0.0.0 Safari/537.36 Edg/134.0.0.0" "0.517 Seconds"
170.187.181.77 - - [01/Apr/2025:17:23:56 +0800] "POST /wp-admin/admin-ajax.php HTTP/1.1" 200 43 "https://bt-miners.com/wp-admin/admin.php?page=wc-settings&tab=advanced&section=keys" "Mozilla/5.0 (Windows NT 10.0; Win64; x64) AppleWebKit/537.36 (KHTML, like Gecko) Chrome/134.0.0.0 Safari/537.36" "0.381 Seconds"
240e:3b2:3232:4a70:7058:7862:f44b:6b0 - - [01/Apr/2025:17:23:57 +0800] "POST /wp-admin/admin-ajax.php HTTP/1.1" 200 31 "https://bt-miners.com/wp-admin/post.php?post=67951&action=edit" "Mozilla/5.0 (Windows NT 10.0; Win64; x64) AppleWebKit/537.36 (KHTML, like Gecko) Chrome/119.0.0.0 Safari/537.36" "0.415 Seconds"
240e:3b2:3232:4a70:7058:7862:f44b:6b0 - - [01/Apr/2025:17:23:57 +0800] "POST /wp-admin/admin-ajax.php HTTP/1.1" 200 43 "https://bt-miners.com/wp-admin/post.php?post=67951&action=edit" "Mozilla/5.0 (Windows NT 10.0; Win64; x64) AppleWebKit/537.36 (KHTML, like Gecko) Chrome/119.0.0.0 Safari/537.36" "0.754 Seconds"
83.99.151.64,83.99.151.64 - - [01/Apr/2025:17:23:59 +0800] "GET /ai-governance-how-chips-act-impact-bitcoin-mining-equipment-manufacturers/ HTTP/1.1" 200 67675 "-" "Mozilla/5.0 AppleWebKit/537.36 (KHTML, like Gecko; compatible; GeedoProductSearch; +http://www.geedo.com/product-search.html) Chrome/79.0.3945.88 Safari/537.36" "0.568 Seconds"
71.63.228.216,71.63.228.216 - - [01/Apr/2025:17:24:00 +0800] "GET /wp-json/wc/v2/list_income_product?Coin=All HTTP/1.1" 200 222150 "https://bt-miners.com/daily-income-of-miners/" "Mozilla/5.0 (Windows NT 10.0; Win64; x64) AppleWebKit/537.36 (KHTML, like Gecko) Chrome/134.0.0.0 Safari/537.36" "0.548 Seconds"
212.107.29.89 - - [01/Apr/2025:17:24:01 +0800] "POST /wp-admin/admin-ajax.php HTTP/1.1" 200 43 "https://bt-miners.com/wp-admin/post.php?post=70804&action=edit" "Mozilla/5.0 (Windows NT 10.0; Win64; x64) AppleWebKit/537.36 (KHTML, like Gecko) Chrome/122.0.0.0 Safari/537.36" "0.408 Seconds"
54.158.124.156,54.158.124.156 - - [01/Apr/2025:17:24:03 +0800] "GET /?debug=kuma-uptime HTTP/1.1" 200 89373 "-" "Uptime-Kuma/1.23.16" "1.547 Seconds"
- - [01/Apr/2025:17:24:05 +0800] "GET /.env HTTP/1.1" 403 195 "-" "Mozilla/5.0 (Windows NT 10.0; Win64; x64) AppleWebKit/537.36 (KHTML, like Gecko) Chrome/116.0.5845.140 Safari/537.36" "0.000 Seconds"
- - [01/Apr/2025:17:24:07 +0800] "POST / HTTP/1.1" 200 90072 "-" "Mozilla/5.0 (Windows NT 10.0; Win64; x64) AppleWebKit/537.36 (KHTML, like Gecko) Chrome/116.0.5845.140 Safari/537.36" "1.760 Seconds"
83.99.151.69,83.99.151.69 - - [01/Apr/2025:17:24:09 +0800] "GET /collections/asics-miners/?display_mode=grid HTTP/1.1" 200 67601 "-" "Mozilla/5.0 AppleWebKit/537.36 (KHTML, like Gecko; compatible; GeedoProductSearch; +http://www.geedo.com/product-search.html) Chrome/79.0.3945.88 Safari/537.36" "0.867 Seconds"
170.187.181.77 - - [01/Apr/2025:17:24:11 +0800] "POST /wp-admin/admin-ajax.php HTTP/1.1" 200 43 "https://bt-miners.com/wp-admin/admin.php?page=wc-settings&tab=advanced&section=keys" "Mozilla/5.0 (Windows NT 10.0; Win64; x64) AppleWebKit/537.36 (KHTML, like Gecko) Chrome/134.0.0.0 Safari/537.36" "0.418 Seconds"
240e:3b2:3232:4a70:7058:7862:f44b:6b0 - - [01/Apr/2025:17:24:13 +0800] "POST /wp-admin/admin-ajax.php HTTP/1.1" 200 31 "https://bt-miners.com/wp-admin/post.php?post=67951&action=edit" "Mozilla/5.0 (Windows NT 10.0; Win64; x64) AppleWebKit/537.36 (KHTML, like Gecko) Chrome/119.0.0.0 Safari/537.36" "0.413 Seconds"
240e:3b2:3232:4a70:7058:7862:f44b:6b0 - - [01/Apr/2025:17:24:13 +0800] "POST /wp-admin/admin-ajax.php HTTP/1.1" 200 43 "https://bt-miners.com/wp-admin/post.php?post=67951&action=edit" "Mozilla/5.0 (Windows NT 10.0; Win64; x64) AppleWebKit/537.36 (KHTML, like Gecko) Chrome/119.0.0.0 Safari/537.36" "0.869 Seconds"
212.107.29.90,212.107.29.90 - - [01/Apr/2025:17:24:13 +0800] "GET /products/canaan-avalon-nano-3s-bitcoin-miner-6th-s-bt-miners/ HTTP/1.1" 200 78865 "https://bt-miners.com/daily-income-of-miners/" "Mozilla/5.0 (Windows NT 10.0; Win64; x64) AppleWebKit/537.36 (KHTML, like Gecko) Chrome/134.0.0.0 Safari/537.36" "0.658 Seconds"
52.167.144.196,52.167.144.196 - - [01/Apr/2025:17:24:14 +0800] "GET /?s=%D8%B4%D9%87%D8%A7%D8%AF%D8%A9+%D8%AD%D8%B3%D9%86+%D8%B3%D9%8A%D8%B1+%D8%A7%D8%A8%D9%88+%D8%B8%D8%A8%D9%8A HTTP/1.1" 200 56943 "-" "Mozilla/5.0 AppleWebKit/537.36 (KHTML, like Gecko; compatible; bingbot/2.0; +http://www.bing.com/bingbot.htm) Chrome/116.0.1938.76 Safari/537.36" "0.526 Seconds"
212.107.29.90,212.107.29.90 - - [01/Apr/2025:17:24:15 +0800] "GET /products/canaan-avalon-nano-3s-bitcoin-miner-6th-s-bt-miners/ HTTP/1.1" 200 78989 "https://bt-miners.com/daily-income-of-miners/" "Mozilla/5.0 (Windows NT 10.0; Win64; x64) AppleWebKit/537.36 (KHTML, like Gecko) Chrome/134.0.0.0 Safari/537.36" "0.663 Seconds"
52.167.144.196,52.167.144.196 - - [01/Apr/2025:17:24:15 +0800] "GET /?s=faultless++B200 HTTP/1.1" 200 56730 "-" "Mozilla/5.0 AppleWebKit/537.36 (KHTML, like Gecko; compatible; bingbot/2.0; +http://www.bing.com/bingbot.htm) Chrome/116.0.1938.76 Safari/537.36" "0.477 Seconds"
2401:4900:1c68:53b8:50b5:f0aa:2647:e8d5,54.38.96.38 - - [01/Apr/2025:17:24:16 +0800] "POST /wp-login.php HTTP/1.1" 200 4004 "-" "Mozilla/4.0 (compatible; MSIE 6.0; Windows NT 5.0)" "0.686 Seconds"
3.222.106.115 - - [01/Apr/2025:17:24:17 +0800] "POST /wp-cron.php?doing_wp_cron=1743499457.7694849967956542968750 HTTP/1.1" 200 31 "-" "WordPress/6.7.1; https://bt-miners.com" "0.000 Seconds"
52.167.144.212,52.167.144.212 - - [01/Apr/2025:17:24:18 +0800] "GET /products/koi-miner-bitcoin-miner-c16/ HTTP/1.1" 200 117164 "-" "Mozilla/5.0 AppleWebKit/537.36 (KHTML, like Gecko; compatible; bingbot/2.0; +http://www.bing.com/bingbot.htm) Chrome/116.0.1938.76 Safari/537.36" "1.163 Seconds"
54.158.124.156,54.158.124.156 - - [01/Apr/2025:17:24:19 +0800] "GET /wp-json/wc/v3/products/65550?BTAPP=0ab500a390125fa362f93b5a7ce1a11b&timestamp=1743499459000&consumer_key=ck_ade8bae15651a682b134a4548eadbbbc1a6b9b32&consumer_secret=cs_153aa96005761ebbf3fa0294cabc7b8a25ce374b HTTP/1.1" 200 17080 "-" "WordPress/6.7.2; https://miner-prof.btpayments.io" "0.461 Seconds"
83.99.151.64,83.99.151.64 - - [01/Apr/2025:17:24:19 +0800] "GET /products/elphapex-dg1-litecoin-dogecoin-miner-14-4gh-s-used-bt-miners/ HTTP/1.1" 200 122060 "-" "Mozilla/5.0 AppleWebKit/537.36 (KHTML, like Gecko; compatible; GeedoProductSearch; +http://www.geedo.com/product-search.html) Chrome/79.0.3945.88 Safari/537.36" "1.386 Seconds"
54.158.124.156,54.158.124.156 - - [01/Apr/2025:17:24:24 +0800] "GET /?debug=kuma-uptime HTTP/1.1" 200 89366 "-" "Uptime-Kuma/1.23.16" "1.572 Seconds"
3.222.106.115 - - [01/Apr/2025:17:24:26 +0800] "POST /wp-cron.php?doing_wp_cron=1743499466.1037321090698242187500 HTTP/1.1" 200 31 "-" "WordPress/6.7.1; https://bt-miners.com" "0.001 Seconds"
170.187.181.77 - - [01/Apr/2025:17:24:26 +0800] "POST /wp-admin/admin-ajax.php HTTP/1.1" 200 43 "https://bt-miners.com/wp-admin/admin.php?page=wc-settings&tab=advanced&section=keys" "Mozilla/5.0 (Windows NT 10.0; Win64; x64) AppleWebKit/537.36 (KHTML, like Gecko) Chrome/134.0.0.0 Safari/537.36" "0.459 Seconds"
240e:3b2:3232:4a70:7058:7862:f44b:6b0 - - [01/Apr/2025:17:24:29 +0800] "POST /wp-admin/admin-ajax.php HTTP/1.1" 200 31 "https://bt-miners.com/wp-admin/post.php?post=67951&action=edit" "Mozilla/5.0 (Windows NT 10.0; Win64; x64) AppleWebKit/537.36 (KHTML, like Gecko) Chrome/119.0.0.0 Safari/537.36" "0.505 Seconds"
240e:3b2:3232:4a70:7058:7862:f44b:6b0 - - [01/Apr/2025:17:24:29 +0800] "POST /wp-admin/admin-ajax.php HTTP/1.1" 200 43 "https://bt-miners.com/wp-admin/post.php?post=67951&action=edit" "Mozilla/5.0 (Windows NT 10.0; Win64; x64) AppleWebKit/537.36 (KHTML, like Gecko) Chrome/119.0.0.0 Safari/537.36" "0.884 Seconds"
27.119.30.203,54.37.215.163 - - [01/Apr/2025:17:24:29 +0800] "POST /wp-login.php HTTP/1.1" 200 4004 "-" "Mozilla/4.0 (compatible; MSIE 6.0; Windows NT 5.0)" "0.653 Seconds"
71.63.228.216 - - [01/Apr/2025:17:24:30 +0800] "POST /wp-admin/admin-ajax.php HTTP/1.1" 200 31 "https://bt-miners.com/products/goldshell-ae-box-ii-aleo-miner-54mh-s-bt-miners/" "Mozilla/5.0 (Windows NT 10.0; Win64; x64) AppleWebKit/537.36 (KHTML, like Gecko) Chrome/134.0.0.0 Safari/537.36" "0.489 Seconds"
212.107.29.89 - - [01/Apr/2025:17:24:32 +0800] "POST /wp-admin/admin-ajax.php HTTP/1.1" 200 43 "https://bt-miners.com/wp-admin/options-general.php?page=perfmatters" "Mozilla/5.0 (Windows NT 10.0; Win64; x64) AppleWebKit/537.36 (KHTML, like Gecko) Chrome/122.0.0.0 Safari/537.36" "0.405 Seconds"
212.107.29.89 - - [01/Apr/2025:17:24:33 +0800] "POST /wp-admin/admin-ajax.php HTTP/1.1" 200 43 "https://bt-miners.com/wp-admin/options-general.php?page=cloudflare" "Mozilla/5.0 (Windows NT 10.0; Win64; x64) AppleWebKit/537.36 (KHTML, like Gecko) Chrome/122.0.0.0 Safari/537.36" "0.764 Seconds"
212.107.29.89 - - [01/Apr/2025:17:24:33 +0800] "POST /wp-admin/admin-ajax.php HTTP/1.1" 200 43 "https://bt-miners.com/wp-admin/post.php?post=70797&action=edit" "Mozilla/5.0 (Windows NT 10.0; Win64; x64) AppleWebKit/537.36 (KHTML, like Gecko) Chrome/122.0.0.0 Safari/537.36" "1.094 Seconds"
52.167.144.196,52.167.144.196 - - [01/Apr/2025:17:24:35 +0800] "GET /?s=%E6%AD%90%E8%8E%AB%E9%9F%93%E5%BC%8F%E6%96%99%E7%90%86 HTTP/1.1" 200 56876 "-" "Mozilla/5.0 AppleWebKit/537.36 (KHTML, like Gecko; compatible; bingbot/2.0; +http://www.bing.com/bingbot.htm) Chrome/116.0.1938.76 Safari/537.36" "0.508 Seconds"
83.99.151.70,83.99.151.70 - - [01/Apr/2025:17:24:38 +0800] "GET /collections/lbry-miners/?display_mode=grid HTTP/1.1" 200 64980 "-" "Mozilla/5.0 AppleWebKit/537.36 (KHTML, like Gecko; compatible; GeedoProductSearch; +http://www.geedo.com/product-search.html) Chrome/79.0.3945.88 Safari/537.36" "0.530 Seconds"
5.255.231.74,5.255.231.74 - - [01/Apr/2025:17:24:38 +0800] "GET /products/goldshell-kd-lite-kadena-miner-16-2th-s-bt-miners/ HTTP/1.1" 200 119933 "-" "Mozilla/5.0 (compatible; YandexMarket/2.0; +http://yandex.com/bots)" "1.336 Seconds"
109.230.55.105,54.38.96.37 - - [01/Apr/2025:17:24:38 +0800] "POST /wp-login.php HTTP/1.1" 200 4004 "-" "Mozilla/4.0 (compatible; MSIE 6.0; Windows NT 5.0)" "0.682 Seconds"
219.133.248.83,219.133.248.83 - - [01/Apr/2025:17:24:38 +0800] "GET /wp-json/wc/v3/list_income_product?GetCache=2&BTAPP=e3e6a1a48695183d09e81f3796eae877&timestamp=1743499477267&Coin=All&Ele=0.1 HTTP/1.1" 200 222150 "-" "Dart/3.5 (dart:io)" "0.193 Seconds"
219.133.248.83,219.133.248.83 - - [01/Apr/2025:17:24:38 +0800] "GET /wp-json/wc/v3/list_income_product?GetCache=2&BTAPP=352f59a315857a36ac5d870f41191900&timestamp=1743499477259&Coin=All&Ele=0.1 HTTP/1.1" 200 222158 "-" "Dart/3.5 (dart:io)" "0.145 Seconds"
219.133.248.83,219.133.248.83 - - [01/Apr/2025:17:24:38 +0800] "GET /wp-json/wc/v3/list_income_product?GetCache=2&BTAPP=9def7aabdd0fa0adbbf5f89c91af1ad7&timestamp=1743499477277&Coin=All&Ele=0.1 HTTP/1.1" 200 222158 "-" "Dart/3.5 (dart:io)" "0.172 Seconds"
219.133.248.83,219.133.248.83 - - [01/Apr/2025:17:24:39 +0800] "GET /wp-json/wc/v3/list_icon?consumer_key=ck_368292ab2d1fc81f564ec5bb31917429689244e7&consumer_secret=cs_8a3d609f77c939aa6f3912e300201e2eb55a5367 HTTP/1.1" 200 175 "-" "Dart/3.5 (dart:io)" "0.393 Seconds"
219.133.248.83,219.133.248.83 - - [01/Apr/2025:17:24:39 +0800] "GET /wp-json/api/flutter_user/get_currentuserinfo?token=aGFuZ2ppZS56aGFuZ3wxNzczOTkyODY1fGdRd2R3R2NzeEVWd0o3TjZGR2N5QTV4MHV6UEp5MkdUQllWa1owck1LOUN8MTFmNDFjNzJlYzgwODdjNmY2YWIwODNlMTkxMjA2NjlmNDQwNjA5NTM0NDBhNWYwOGE2YzdkYmVlMzkxZmUzYQ==& HTTP/1.1" 200 1462 "-" "Dart/3.5 (dart:io)" "0.548 Seconds"
219.133.248.83,219.133.248.83 - - [01/Apr/2025:17:24:39 +0800] "GET /wp-json/wc/v3/list_icon?consumer_key=ck_368292ab2d1fc81f564ec5bb31917429689244e7&consumer_secret=cs_8a3d609f77c939aa6f3912e300201e2eb55a5367 HTTP/1.1" 200 175 "-" "Dart/3.5 (dart:io)" "0.433 Seconds"
219.133.248.83,219.133.248.83 - - [01/Apr/2025:17:24:39 +0800] "GET /wp-json/api/flutter_version/get_version?timestamp=1743499477278 HTTP/1.1" 200 446 "-" "Dart/3.5 (dart:io)" "0.515 Seconds"
219.133.248.83,219.133.248.83 - - [01/Apr/2025:17:24:39 +0800] "GET /wp-json/api/flutter_user/get_countries HTTP/1.1" 200 8524 "-" "Dart/3.5 (dart:io)" "0.433 Seconds"
219.133.248.83,219.133.248.83 - - [01/Apr/2025:17:24:39 +0800] "GET /wp-json/api/flutter_user/get_currency_rates?timestamp=1743499477117 HTTP/1.1" 404 128 "-" "Dart/3.5 (dart:io)" "0.521 Seconds"
194.105.89.86 - - [01/Apr/2025:17:24:39 +0800] "GET /wp-includes/js/comment-reply.min.js?ver=a53d61b19d1e048adadfb3f4c418ba92 HTTP/1.1" 304 0 "https://bt-miners.com/products/ipollo-v2h-etherium-classic-coin-miner-3400mh-s-bt-miners/" "Mozilla/5.0 (Windows NT 10.0; Win64; x64) AppleWebKit/537.36 (KHTML, like Gecko) Chrome/134.0.0.0 Safari/537.36" "0.000 Seconds"
219.133.248.83,219.133.248.83 - - [01/Apr/2025:17:24:40 +0800] "GET /wp-json/api/flutter_activity/get_activity?timestamp=1743499479244 HTTP/1.1" 200 418 "-" "Dart/3.5 (dart:io)" "0.427 Seconds"
219.133.248.83,219.133.248.83 - - [01/Apr/2025:17:24:40 +0800] "GET /wp-json/api/flutter_woo/cart?token=aGFuZ2ppZS56aGFuZ3wxNzczOTkyODY1fGdRd2R3R2NzeEVWd0o3TjZGR2N5QTV4MHV6UEp5MkdUQllWa1owck1LOUN8MTFmNDFjNzJlYzgwODdjNmY2YWIwODNlMTkxMjA2NjlmNDQwNjA5NTM0NDBhNWYwOGE2YzdkYmVlMzkxZmUzYQ== HTTP/1.1" 200 12 "-" "Dart/3.5 (dart:io)" "0.501 Seconds"
219.133.248.83,219.133.248.83 - - [01/Apr/2025:17:24:40 +0800] "GET /wp-json/api/flutter_user/get_currencies HTTP/1.1" 200 248 "-" "Dart/3.5 (dart:io)" "0.401 Seconds"
219.133.248.83,219.133.248.83 - - [01/Apr/2025:17:24:41 +0800] "GET /wp-json/wc/v3/list_icon?consumer_key=ck_368292ab2d1fc81f564ec5bb31917429689244e7&consumer_secret=cs_8a3d609f77c939aa6f3912e300201e2eb55a5367 HTTP/1.1" 200 175 "-" "Dart/3.5 (dart:io)" "0.344 Seconds"
219.133.248.83 - - [01/Apr/2025:17:24:41 +0800] "PUT /wp-json/api/flutter_notification/settings HTTP/1.1" 200 24 "-" "Dart/3.5 (dart:io)" "0.466 Seconds"
219.133.248.83 - - [01/Apr/2025:17:24:41 +0800] "POST /wp-json/api/flutter_woo/cart HTTP/1.1" 200 271 "-" "Dart/3.5 (dart:io)" "0.469 Seconds"
