240e:3b2:3232:4a70:7058:7862:f44b:6b0 - - [01/Apr/2025:17:30:51 +0800] "POST /wp-admin/admin-ajax.php HTTP/1.1" 200 43 "https://bt-miners.com/wp-admin/post.php?post=67951&action=edit" "Mozilla/5.0 (Windows NT 10.0; Win64; x64) AppleWebKit/537.36 (KHTML, like Gecko) Chrome/119.0.0.0 Safari/537.36" "0.784 Seconds"
170.187.181.77 - - [01/Apr/2025:17:30:52 +0800] "POST /wp-admin/admin-ajax.php HTTP/1.1" 200 58 "https://bt-miners.com/wp-admin/admin.php?page=wc-settings&tab=advanced&section=keys" "Mozilla/5.0 (Windows NT 10.0; Win64; x64) AppleWebKit/537.36 (KHTML, like Gecko) Chrome/134.0.0.0 Safari/537.36" "0.362 Seconds"
3.222.106.115 - - [01/Apr/2025:17:30:53 +0800] "POST /wp-cron.php?doing_wp_cron=1743499853.6035599708557128906250 HTTP/1.1" 200 31 "-" "WordPress/6.7.1; https://bt-miners.com" "0.001 Seconds"
5.196.175.158,5.196.175.158 - - [01/Apr/2025:17:30:53 +0800] "GET /blogs/?query-13-page=2 HTTP/1.1" 301 5 "-" "Mozilla/5.0 (Linux; Android 6.0; Nexus 5 Build/MRA58N) AppleWebKit/537.36 (KHTML, like Gecko) Chrome/49.0.8729.1816 Mobile Safari/537.36" "0.348 Seconds"
3.222.106.115 - - [01/Apr/2025:17:30:54 +0800] "POST /wp-cron.php?doing_wp_cron=1743499854.1127269268035888671875 HTTP/1.1" 200 31 "-" "WordPress/6.7.1; https://bt-miners.com" "0.001 Seconds"
2600:1700:17f0:d00f:553b:cc6e:6b44:9640,2600:1700:17f0:d00f:553b:cc6e:6b44:9640 - - [01/Apr/2025:17:30:54 +0800] "GET /collections/asics-miners/?display_mode=list HTTP/1.1" 200 67349 "https://bt-miners.com/collections/asics-miners/?display_mode=grid" "Mozilla/5.0 (iPhone; CPU iPhone OS 17_5_1 like Mac OS X) AppleWebKit/605.1.15 (KHTML, like Gecko) Version/17.5 Mobile/15E148 Safari/604.1" "1.022 Seconds"
54.158.124.156,54.158.124.156 - - [01/Apr/2025:17:30:55 +0800] "GET /?debug=kuma-uptime HTTP/1.1" 200 89397 "-" "Uptime-Kuma/1.23.16" "1.615 Seconds"
47.128.122.110,47.128.122.110 - - [01/Apr/2025:17:30:58 +0800] "GET /collections/all HTTP/1.1" 301 5 "-" "Mozilla/5.0 (Linux; Android 5.0) AppleWebKit/537.36 (KHTML, like Gecko) Mobile Safari/537.36 (compatible; TikTokSpider; ttspider-feedback@tiktok.com)" "0.368 Seconds"
170.106.82.209,170.106.82.209 - - [01/Apr/2025:17:30:59 +0800] "GET /products/bitmain-antminer-s21-hyd-bitcoin-miner-335th-s-bt-miners/?ref=SZRg8iqIQI_J0L HTTP/1.1" 301 5 "-" "Mozilla/5.0 (iPhone; CPU iPhone OS 13_2_3 like Mac OS X) AppleWebKit/605.1.15 (KHTML, like Gecko) Version/13.0.3 Mobile/15E148 Safari/604.1" "0.376 Seconds"
83.99.151.71,83.99.151.71 - - [01/Apr/2025:17:31:01 +0800] "GET /shop/page/7/ HTTP/1.1" 200 67233 "-" "Mozilla/5.0 AppleWebKit/537.36 (KHTML, like Gecko; compatible; GeedoProductSearch; +http://www.geedo.com/product-search.html) Chrome/79.0.3945.88 Safari/537.36" "0.789 Seconds"
170.187.181.77 - - [01/Apr/2025:17:31:02 +0800] "POST /wp-admin/admin-ajax.php HTTP/1.1" 200 31 "https://bt-miners.com/wp-admin/admin.php?page=wc-settings&tab=advanced&section=keys" "Mozilla/5.0 (Windows NT 10.0; Win64; x64) AppleWebKit/537.36 (KHTML, like Gecko) Chrome/134.0.0.0 Safari/537.36" "0.412 Seconds"
170.106.82.209,170.106.82.209 - - [01/Apr/2025:17:31:03 +0800] "GET /products/bitmain-antminer-s21-hyd-bitcoin-miner-335th-s-bt-miners-2/ HTTP/1.1" 200 122384 "https://bt-miners.com/products/bitmain-antminer-s21-hyd-bitcoin-miner-335th-s-bt-miners/?ref=SZRg8iqIQI_J0L" "Mozilla/5.0 (iPhone; CPU iPhone OS 13_2_3 like Mac OS X) AppleWebKit/605.1.15 (KHTML, like Gecko) Version/13.0.3 Mobile/15E148 Safari/604.1" "1.204 Seconds"
212.107.29.89 - - [01/Apr/2025:17:31:04 +0800] "POST /wp-admin/admin-ajax.php HTTP/1.1" 200 43 "https://bt-miners.com/wp-admin/options-general.php?page=cloudflare" "Mozilla/5.0 (Windows NT 10.0; Win64; x64) AppleWebKit/537.36 (KHTML, like Gecko) Chrome/122.0.0.0 Safari/537.36" "0.450 Seconds"
213.180.203.60,213.180.203.60 - - [01/Apr/2025:17:31:05 +0800] "GET /products/ethereum-twill-hat-bt-miners/ HTTP/1.1" 200 89648 "-" "Mozilla/5.0 (compatible; YandexMarket/2.0; +http://yandex.com/bots)" "0.645 Seconds"
52.167.144.212,52.167.144.212 - - [01/Apr/2025:17:31:07 +0800] "GET /?s=elegant+en+modieus+5+letters HTTP/1.1" 200 56759 "-" "Mozilla/5.0 AppleWebKit/537.36 (KHTML, like Gecko; compatible; bingbot/2.0; +http://www.bing.com/bingbot.htm) Chrome/116.0.1938.76 Safari/537.36" "0.502 Seconds"
2601:681:8d80:a5b0:58b4:b386:5ab8:3bbe,2601:681:8d80:a5b0:58b4:b386:5ab8:3bbe - - [01/Apr/2025:17:31:07 +0800] "GET /miner-consignment/ HTTP/1.1" 200 59152 "https://bt-miners.com/daily-income-of-miners/" "Mozilla/5.0 (Windows NT 10.0; Win64; x64) AppleWebKit/537.36 (KHTML, like Gecko) Chrome/134.0.0.0 Safari/537.36" "0.349 Seconds"
174.226.36.29,174.226.36.29 - - [01/Apr/2025:17:31:08 +0800] "GET /wp-json/api/flutter_charts/get_ahr999x?BTAPP=6a214dffd2848922c014cbff1dc4c0d0&timestamp=1743499868397 HTTP/1.1" 200 109728 "-" "Dart/3.5 (dart:io)" "0.183 Seconds"
66.102.9.226,66.102.9.226 - - [01/Apr/2025:17:31:09 +0800] "GET /.well-known/assetlinks.json HTTP/1.1" 403 134 "-" "GoogleAssociationService" "0.000 Seconds"
83.99.151.71,83.99.151.71 - - [01/Apr/2025:17:31:09 +0800] "GET /tag/mining-aleo/ HTTP/1.1" 200 52424 "-" "Mozilla/5.0 AppleWebKit/537.36 (KHTML, like Gecko; compatible; GeedoProductSearch; +http://www.geedo.com/product-search.html) Chrome/79.0.3945.88 Safari/537.36" "0.488 Seconds"
52.167.144.21,52.167.144.21 - - [01/Apr/2025:17:31:12 +0800] "GET /?s=nucleus+software+share+price HTTP/1.1" 200 56756 "-" "Mozilla/5.0 AppleWebKit/537.36 (KHTML, like Gecko; compatible; bingbot/2.0; +http://www.bing.com/bingbot.htm) Chrome/116.0.1938.76 Safari/537.36" "0.509 Seconds"
2a01:4f8:c013:3c53::1,2a01:4f8:c013:3c53::1 - - [01/Apr/2025:17:31:13 +0800] "HEAD /?debug=uptimerobot HTTP/1.1" 200 0 "https://bt-miners.com/?debug=uptimerobot" "Mozilla/5.0+(compatible; UptimeRobot/2.0; http://www.uptimerobot.com/)" "0.346 Seconds"
2600:1700:17f0:d00f:553b:cc6e:6b44:9640 - - [01/Apr/2025:17:31:13 +0800] "POST /collections/asics-miners/?orderby=price&paged=1&display_mode=list HTTP/1.1" 200 66842 "https://bt-miners.com/collections/asics-miners/?orderby=price&paged=1&display_mode=list" "Mozilla/5.0 (iPhone; CPU iPhone OS 17_5_1 like Mac OS X) AppleWebKit/605.1.15 (KHTML, like Gecko) Version/17.5 Mobile/15E148 Safari/604.1" "0.799 Seconds"
2600:1700:17f0:d00f:553b:cc6e:6b44:9640,2600:1700:17f0:d00f:553b:cc6e:6b44:9640 - - [01/Apr/2025:17:31:14 +0800] "GET /collections/asics-miners?orderby=price&paged=1&display_mode=list HTTP/1.1" 301 5 "https://bt-miners.com/collections/asics-miners/?display_mode=list" "Mozilla/5.0 (iPhone; CPU iPhone OS 17_5_1 like Mac OS X) AppleWebKit/605.1.15 (KHTML, like Gecko) Version/17.5 Mobile/15E148 Safari/604.1" "1.094 Seconds"
2a01:4f8:1c1b:7ecc::1,2a01:4f8:1c1b:7ecc::1 - - [01/Apr/2025:17:31:15 +0800] "HEAD /wp-admin/?debug=uptimerobot HTTP/1.1" 302 0 "https://bt-miners.com/wp-admin/?debug=uptimerobot" "Mozilla/5.0+(compatible; UptimeRobot/2.0; http://www.uptimerobot.com/)" "0.354 Seconds"
2600:1700:17f0:d00f:553b:cc6e:6b44:9640,2600:1700:17f0:d00f:553b:cc6e:6b44:9640 - - [01/Apr/2025:17:31:15 +0800] "GET /collections/asics-miners/?orderby=price&display_mode=list HTTP/1.1" 200 66878 "https://bt-miners.com/collections/asics-miners/?display_mode=list" "Mozilla/5.0 (iPhone; CPU iPhone OS 17_5_1 like Mac OS X) AppleWebKit/605.1.15 (KHTML, like Gecko) Version/17.5 Mobile/15E148 Safari/604.1" "0.877 Seconds"
2a01:4f8:1c1b:7ecc::1,2a01:4f8:1c1b:7ecc::1 - - [01/Apr/2025:17:31:15 +0800] "HEAD /wp-login.php?redirect_to=https%3A%2F%2Fbt-miners.com%2Fwp-admin%2F%3Fdebug%3Duptimerobot&reauth=1 HTTP/1.1" 200 0 "https://bt-miners.com/wp-admin/?debug=uptimerobot" "Mozilla/5.0+(compatible; UptimeRobot/2.0; http://www.uptimerobot.com/)" "0.340 Seconds"
54.158.124.156,54.158.124.156 - - [01/Apr/2025:17:31:16 +0800] "GET /?debug=kuma-uptime HTTP/1.1" 200 89430 "-" "Uptime-Kuma/1.23.16" "1.505 Seconds"
3.222.106.115 - - [01/Apr/2025:17:31:17 +0800] "POST /wp-cron.php?doing_wp_cron=1743499877.6887021064758300781250 HTTP/1.1" 200 31 "-" "WordPress/6.7.1; https://bt-miners.com" "0.001 Seconds"
170.187.181.77 - - [01/Apr/2025:17:31:17 +0800] "POST /wp-admin/admin-ajax.php HTTP/1.1" 200 31 "https://bt-miners.com/wp-admin/admin.php?page=wc-settings&tab=advanced&section=keys" "Mozilla/5.0 (Windows NT 10.0; Win64; x64) AppleWebKit/537.36 (KHTML, like Gecko) Chrome/134.0.0.0 Safari/537.36" "0.494 Seconds"
212.107.29.89 - - [01/Apr/2025:17:31:20 +0800] "POST /wp-admin/admin-ajax.php HTTP/1.1" 200 43 "https://bt-miners.com/wp-admin/options-general.php?page=cloudflare" "Mozilla/5.0 (Windows NT 10.0; Win64; x64) AppleWebKit/537.36 (KHTML, like Gecko) Chrome/122.0.0.0 Safari/537.36" "0.441 Seconds"
64.233.173.165,64.233.173.165 - - [01/Apr/2025:17:31:21 +0800] "GET /.well-known/assetlinks.json HTTP/1.1" 403 134 "-" "GoogleAssociationService" "0.000 Seconds"
3.110.181.55,3.110.181.55 - - [01/Apr/2025:17:31:21 +0800] "GET /products/bitmain-antminer-s21-bitcoin-miner-216th-s-bt-miners/ HTTP/1.1" 200 118361 "-" "Mozilla/5.0 (Windows NT 10.0; Win64; x64) AppleWebKit/537.36 (KHTML, like Gecko) Chrome/89.0.4342.0 Safari/537.36" "1.108 Seconds"
240e:3b2:3232:4a70:7058:7862:f44b:6b0 - - [01/Apr/2025:17:31:22 +0800] "POST /wp-admin/admin-ajax.php HTTP/1.1" 200 43 "https://bt-miners.com/wp-admin/" "Mozilla/5.0 (Windows NT 10.0; Win64; x64) AppleWebKit/537.36 (KHTML, like Gecko) Chrome/119.0.0.0 Safari/537.36" "0.409 Seconds"
3.222.106.115 - - [01/Apr/2025:17:31:24 +0800] "POST /wp-cron.php?doing_wp_cron=1743499884.5897560119628906250000 HTTP/1.1" 200 31 "-" "WordPress/6.7.1; https://bt-miners.com" "0.000 Seconds"
2401:4900:1c68:53b8:50b5:f0aa:2647:e8d5,54.38.96.38 - - [01/Apr/2025:17:31:24 +0800] "POST /wp-login.php HTTP/1.1" 200 4004 "-" "Mozilla/4.0 (compatible; MSIE 6.0; Windows NT 5.0)" "0.699 Seconds"
199.7.159.74,199.7.159.74 - - [01/Apr/2025:17:31:25 +0800] "GET /products/antminer-s17-pro-56th-59th-bt-miners/ HTTP/1.1" 200 117173 "https://www.google.com/" "Mozilla/5.0 (Linux; Android 10; K) AppleWebKit/537.36 (KHTML, like Gecko) Chrome/126.0.0.0 Mobile Safari/537.36" "1.184 Seconds"
3.222.106.115 - - [01/Apr/2025:17:31:27 +0800] "POST /wp-cron.php?doing_wp_cron=1743499887.2057459354400634765625 HTTP/1.1" 200 31 "-" "WordPress/6.7.1; https://bt-miners.com" "0.000 Seconds"
83.99.151.71,83.99.151.71 - - [01/Apr/2025:17:31:27 +0800] "GET /wp-login.php?redirect_to=https%3A%2F%2Fbt-miners.com%2Fwill-cryptocurrency-replace-fiat-currency%2F HTTP/1.1" 200 3876 "-" "Mozilla/5.0 AppleWebKit/537.36 (KHTML, like Gecko; compatible; GeedoProductSearch; +http://www.geedo.com/product-search.html) Chrome/79.0.3945.88 Safari/537.36" "0.377 Seconds"
2600:1700:17f0:d00f:553b:cc6e:6b44:9640,2600:1700:17f0:d00f:553b:cc6e:6b44:9640 - - [01/Apr/2025:17:31:27 +0800] "GET /products/bitmain-antminer-s19j-pro-bitcoin-miner-92th-s-bt-miners/ HTTP/1.1" 200 116976 "https://bt-miners.com/collections/asics-miners/?orderby=price&display_mode=list" "Mozilla/5.0 (iPhone; CPU iPhone OS 17_5_1 like Mac OS X) AppleWebKit/605.1.15 (KHTML, like Gecko) Version/17.5 Mobile/15E148 Safari/604.1" "1.120 Seconds"
2a01:4f8:c013:34c0::1,2a01:4f8:c013:34c0::1 - - [01/Apr/2025:17:31:28 +0800] "HEAD / HTTP/1.1" 200 0 "https://bt-miners.com/" "Mozilla/5.0+(compatible; UptimeRobot/2.0; http://www.uptimerobot.com/)" "0.337 Seconds"
66.249.75.131,66.249.75.131 - - [01/Apr/2025:17:31:31 +0800] "GET /products/iceriver-al3-alephium-miner-15th-s-bt-miners/ HTTP/1.1" 200 656839 "-" "Mozilla/5.0 (Linux; Android 6.0.1; Nexus 5X Build/MMB29P) AppleWebKit/537.36 (KHTML, like Gecko) Chrome/134.0.6998.165 Mobile Safari/537.36 (compatible; Googlebot/2.1; +http://www.google.com/bot.html)" "1.041 Seconds"
2600:1700:17f0:d00f:553b:cc6e:6b44:9640,2600:1700:17f0:d00f:553b:cc6e:6b44:9640 - - [01/Apr/2025:17:31:32 +0800] "GET /collections/asics-miners/?orderby=price&display_mode=list HTTP/1.1" 200 66843 "https://bt-miners.com/collections/asics-miners/?display_mode=list" "Mozilla/5.0 (iPhone; CPU iPhone OS 17_5_1 like Mac OS X) AppleWebKit/605.1.15 (KHTML, like Gecko) Version/17.5 Mobile/15E148 Safari/604.1" "0.864 Seconds"
170.187.181.77 - - [01/Apr/2025:17:31:32 +0800] "POST /wp-admin/admin-ajax.php HTTP/1.1" 200 43 "https://bt-miners.com/wp-admin/admin.php?page=wc-settings&tab=advanced&section=keys" "Mozilla/5.0 (Windows NT 10.0; Win64; x64) AppleWebKit/537.36 (KHTML, like Gecko) Chrome/134.0.0.0 Safari/537.36" "0.427 Seconds"
5.34.216.107,5.34.216.107 - - [01/Apr/2025:17:31:35 +0800] "GET /products/volcminer-d1-litecoin-dogecoin-miners-bt-miners/ HTTP/1.1" 200 79791 "https://bt-miners.com/collections/litecoin-dogecoin-miner/" "Mozilla/5.0 (Windows NT 10.0; Win64; x64) AppleWebKit/537.36 (KHTML, like Gecko) Chrome/134.0.0.0 Safari/537.36" "0.707 Seconds"
212.107.29.89,212.107.29.89 - - [01/Apr/2025:17:31:36 +0800] "GET /wp-admin/ HTTP/1.1" 200 160890 "-" "Mozilla/5.0 (Windows NT 10.0; Win64; x64) AppleWebKit/537.36 (KHTML, like Gecko) Chrome/122.0.0.0 Safari/537.36" "1.993 Seconds"
212.107.29.89 - - [01/Apr/2025:17:31:36 +0800] "GET /wp-content/plugins/woo-advanced-shipment-tracking/zorem-tracking/assets/js/main.js?ver=1743499895 HTTP/1.1" 200 1587 "https://bt-miners.com/wp-admin/" "Mozilla/5.0 (Windows NT 10.0; Win64; x64) AppleWebKit/537.36 (KHTML, like Gecko) Chrome/122.0.0.0 Safari/537.36" "0.000 Seconds"
212.107.29.89 - - [01/Apr/2025:17:31:36 +0800] "GET /wp-content/plugins/dokan-lite/assets/vendors/tinymce/code/plugin.min.js?ver=1743499894 HTTP/1.1" 200 1045 "https://bt-miners.com/wp-admin/" "Mozilla/5.0 (Windows NT 10.0; Win64; x64) AppleWebKit/537.36 (KHTML, like Gecko) Chrome/122.0.0.0 Safari/537.36" "0.000 Seconds"
212.107.29.89 - - [01/Apr/2025:17:31:36 +0800] "GET /wp-content/plugins/woo-advanced-shipment-tracking/zorem-tracking/assets/css/style.css?ver=1743499895 HTTP/1.1" 200 948 "https://bt-miners.com/wp-admin/" "Mozilla/5.0 (Windows NT 10.0; Win64; x64) AppleWebKit/537.36 (KHTML, like Gecko) Chrome/122.0.0.0 Safari/537.36" "0.000 Seconds"
83.99.151.68,83.99.151.68 - - [01/Apr/2025:17:31:37 +0800] "GET /wp-login.php?redirect_to=https%3A%2F%2Fbt-miners.com%2Fa-guide-to-the-types-of-cryptocurrency-wallets%2F HTTP/1.1" 200 3883 "-" "Mozilla/5.0 AppleWebKit/537.36 (KHTML, like Gecko; compatible; GeedoProductSearch; +http://www.geedo.com/product-search.html) Chrome/79.0.3945.88 Safari/537.36" "0.338 Seconds"
5.34.216.107,5.34.216.107 - - [01/Apr/2025:17:31:37 +0800] "GET /products/volcminer-d1-litecoin-dogecoin-miners-bt-miners/ HTTP/1.1" 200 79801 "https://bt-miners.com/collections/litecoin-dogecoin-miner/" "Mozilla/5.0 (Windows NT 10.0; Win64; x64) AppleWebKit/537.36 (KHTML, like Gecko) Chrome/134.0.0.0 Safari/537.36" "0.807 Seconds"
212.107.29.89,212.107.29.89 - - [01/Apr/2025:17:31:37 +0800] "GET /wp-json/dokan/v1/admin/notices/promo HTTP/1.1" 200 12 "https://bt-miners.com/wp-admin/" "Mozilla/5.0 (Windows NT 10.0; Win64; x64) AppleWebKit/537.36 (KHTML, like Gecko) Chrome/122.0.0.0 Safari/537.36" "0.274 Seconds"
212.107.29.89 - - [01/Apr/2025:17:31:38 +0800] "POST /wp-admin/admin-ajax.php HTTP/1.1" 200 31 "https://bt-miners.com/wp-admin/" "Mozilla/5.0 (Windows NT 10.0; Win64; x64) AppleWebKit/537.36 (KHTML, like Gecko) Chrome/122.0.0.0 Safari/537.36" "0.518 Seconds"
240e:3b2:3232:4a70:7058:7862:f44b:6b0 - - [01/Apr/2025:17:31:38 +0800] "POST /wp-admin/admin-ajax.php HTTP/1.1" 200 43 "https://bt-miners.com/wp-admin/" "Mozilla/5.0 (Windows NT 10.0; Win64; x64) AppleWebKit/537.36 (KHTML, like Gecko) Chrome/119.0.0.0 Safari/537.36" "0.412 Seconds"
212.107.29.89,212.107.29.89 - - [01/Apr/2025:17:31:38 +0800] "GET /wp-json/dokan/v1/admin/notices/admin?scope=global HTTP/1.1" 200 12 "https://bt-miners.com/wp-admin/" "Mozilla/5.0 (Windows NT 10.0; Win64; x64) AppleWebKit/537.36 (KHTML, like Gecko) Chrome/122.0.0.0 Safari/537.36" "0.485 Seconds"
54.158.124.156,54.158.124.156 - - [01/Apr/2025:17:31:38 +0800] "GET /?debug=kuma-uptime HTTP/1.1" 200 89373 "-" "Uptime-Kuma/1.23.16" "1.633 Seconds"
27.119.30.203,54.37.215.163 - - [01/Apr/2025:17:31:38 +0800] "POST /wp-login.php HTTP/1.1" 200 4004 "-" "Mozilla/4.0 (compatible; MSIE 6.0; Windows NT 5.0)" "0.630 Seconds"
199.7.159.74 - - [01/Apr/2025:17:31:40 +0800] "POST /wp-admin/admin-ajax.php HTTP/1.1" 200 31 "https://bt-miners.com/products/antminer-s17-pro-56th-59th-bt-miners/" "Mozilla/5.0 (Linux; Android 10; K) AppleWebKit/537.36 (KHTML, like Gecko) Chrome/126.0.0.0 Mobile Safari/537.36" "0.466 Seconds"
5.34.216.107 - - [01/Apr/2025:17:31:41 +0800] "POST /wp-admin/admin-ajax.php HTTP/1.1" 200 31 "https://bt-miners.com/products/volcminer-d1-litecoin-dogecoin-miners-bt-miners/" "Mozilla/5.0 (Windows NT 10.0; Win64; x64) AppleWebKit/537.36 (KHTML, like Gecko) Chrome/134.0.0.0 Safari/537.36" "0.415 Seconds"
3.110.181.55,3.110.181.55 - - [01/Apr/2025:17:31:43 +0800] "GET /products/bitmain-antminer-s21-imm-bitcoin-miner-301th-s-bt-miners/ HTTP/1.1" 301 5 "-" "Mozilla/5.0 (Windows NT 10.0; Win64; x64) AppleWebKit/537.36 (KHTML, like Gecko) Chrome/89.0.4342.0 Safari/537.36" "0.362 Seconds"
3.110.181.55,3.110.181.55 - - [01/Apr/2025:17:31:45 +0800] "GET /products/bitmain-antminer-s21-imm-bitcoin-miner-239th-s-bt-miners/ HTTP/1.1" 200 119413 "https://bt-miners.com/products/bitmain-antminer-s21-imm-bitcoin-miner-301th-s-bt-miners/" "Mozilla/5.0 (Windows NT 10.0; Win64; x64) AppleWebKit/537.36 (KHTML, like Gecko) Chrome/89.0.4342.0 Safari/537.36" "1.251 Seconds"
109.230.55.105,54.38.96.37 - - [01/Apr/2025:17:31:46 +0800] "POST /wp-login.php HTTP/1.1" 200 4004 "-" "Mozilla/4.0 (compatible; MSIE 6.0; Windows NT 5.0)" "0.695 Seconds"
2600:1700:17f0:d00f:553b:cc6e:6b44:9640 - - [01/Apr/2025:17:31:46 +0800] "POST /wp-admin/admin-ajax.php HTTP/1.1" 200 31 "https://bt-miners.com/products/ipollo-v1-mini-classic-etc-coin-miner-130mh-s-bt-miners/" "Mozilla/5.0 (iPhone; CPU iPhone OS 17_5_1 like Mac OS X) AppleWebKit/605.1.15 (KHTML, like Gecko) Version/17.5 Mobile/15E148 Safari/604.1" "0.390 Seconds"
83.99.151.67,83.99.151.67 - - [01/Apr/2025:17:31:47 +0800] "GET /shop/page/5/?display_mode=list HTTP/1.1" 200 67334 "-" "Mozilla/5.0 AppleWebKit/537.36 (KHTML, like Gecko; compatible; GeedoProductSearch; +http://www.geedo.com/product-search.html) Chrome/79.0.3945.88 Safari/537.36" "0.903 Seconds"
170.187.181.77 - - [01/Apr/2025:17:31:47 +0800] "POST /wp-admin/admin-ajax.php HTTP/1.1" 200 43 "https://bt-miners.com/wp-admin/admin.php?page=wc-settings&tab=advanced&section=keys" "Mozilla/5.0 (Windows NT 10.0; Win64; x64) AppleWebKit/537.36 (KHTML, like Gecko) Chrome/134.0.0.0 Safari/537.36" "0.421 Seconds"
212.107.29.89 - - [01/Apr/2025:17:31:51 +0800] "POST /wp-admin/admin-ajax.php HTTP/1.1" 200 43 "https://bt-miners.com/wp-admin/post.php?post=70267&action=edit" "Mozilla/5.0 (Windows NT 10.0; Win64; x64) AppleWebKit/537.36 (KHTML, like Gecko) Chrome/134.0.0.0 Safari/537.36" "0.425 Seconds"
170.187.181.77 - - [01/Apr/2025:17:31:52 +0800] "POST /wp-admin/admin-ajax.php HTTP/1.1" 200 58 "https://bt-miners.com/wp-admin/admin.php?page=wc-settings&tab=advanced&section=keys" "Mozilla/5.0 (Windows NT 10.0; Win64; x64) AppleWebKit/537.36 (KHTML, like Gecko) Chrome/134.0.0.0 Safari/537.36" "0.436 Seconds"
5.34.216.107,5.34.216.107 - - [01/Apr/2025:17:31:52 +0800] "GET /forum/ HTTP/1.1" 200 39358 "https://bt-miners.com/products/volcminer-d1-litecoin-dogecoin-miners-bt-miners/" "Mozilla/5.0 (Windows NT 10.0; Win64; x64) AppleWebKit/537.36 (KHTML, like Gecko) Chrome/134.0.0.0 Safari/537.36" "0.331 Seconds"
5.34.216.107,5.34.216.107 - - [01/Apr/2025:17:31:52 +0800] "GET /repair/ HTTP/1.1" 200 41845 "https://bt-miners.com/products/volcminer-d1-litecoin-dogecoin-miners-bt-miners/" "Mozilla/5.0 (Windows NT 10.0; Win64; x64) AppleWebKit/537.36 (KHTML, like Gecko) Chrome/134.0.0.0 Safari/537.36" "0.463 Seconds"
212.107.29.89 - - [01/Apr/2025:17:31:52 +0800] "POST /wp-admin/admin-ajax.php HTTP/1.1" 200 43 "https://bt-miners.com/wp-admin/" "Mozilla/5.0 (Windows NT 10.0; Win64; x64) AppleWebKit/537.36 (KHTML, like Gecko) Chrome/122.0.0.0 Safari/537.36" "0.383 Seconds"
240e:3b2:3232:4a70:7058:7862:f44b:6b0 - - [01/Apr/2025:17:31:54 +0800] "POST /wp-admin/admin-ajax.php HTTP/1.1" 200 31 "https://bt-miners.com/wp-admin/" "Mozilla/5.0 (Windows NT 10.0; Win64; x64) AppleWebKit/537.36 (KHTML, like Gecko) Chrome/119.0.0.0 Safari/537.36" "0.496 Seconds"
3.222.106.115 - - [01/Apr/2025:17:31:54 +0800] "POST /wp-cron.php?doing_wp_cron=1743499914.5311129093170166015625 HTTP/1.1" 200 31 "-" "WordPress/6.7.1; https://bt-miners.com" "0.000 Seconds"
2600:1700:17f0:d00f:553b:cc6e:6b44:9640,2600:1700:17f0:d00f:553b:cc6e:6b44:9640 - - [01/Apr/2025:17:31:55 +0800] "GET /collections/asics-miners/?orderby=price&display_mode=list HTTP/1.1" 200 66848 "https://bt-miners.com/collections/asics-miners/?display_mode=list" "Mozilla/5.0 (iPhone; CPU iPhone OS 17_5_1 like Mac OS X) AppleWebKit/605.1.15 (KHTML, like Gecko) Version/17.5 Mobile/15E148 Safari/604.1" "0.946 Seconds"
83.99.151.69,83.99.151.69 - - [01/Apr/2025:17:31:56 +0800] "GET /collections/bitcoin-miners/page/1/?display_mode=grid HTTP/1.1" 301 5 "-" "Mozilla/5.0 AppleWebKit/537.36 (KHTML, like Gecko; compatible; GeedoProductSearch; +http://www.geedo.com/product-search.html) Chrome/79.0.3945.88 Safari/537.36" "0.392 Seconds"
83.99.151.69,83.99.151.69 - - [01/Apr/2025:17:31:57 +0800] "GET /collections/bitcoin-miners/?display_mode=grid HTTP/1.1" 200 68146 "-" "Mozilla/5.0 AppleWebKit/537.36 (KHTML, like Gecko; compatible; GeedoProductSearch; +http://www.geedo.com/product-search.html) Chrome/79.0.3945.88 Safari/537.36" "0.783 Seconds"
2600:1700:17f0:d00f:553b:cc6e:6b44:9640,2600:1700:17f0:d00f:553b:cc6e:6b44:9640 - - [01/Apr/2025:17:31:59 +0800] "GET /collections/asics-miners/page/2/?orderby=price&display_mode=list HTTP/1.1" 200 67513 "https://bt-miners.com/collections/asics-miners/?orderby=price&display_mode=list" "Mozilla/5.0 (iPhone; CPU iPhone OS 17_5_1 like Mac OS X) AppleWebKit/605.1.15 (KHTML, like Gecko) Version/17.5 Mobile/15E148 Safari/604.1" "0.965 Seconds"
54.158.124.156,54.158.124.156 - - [01/Apr/2025:17:32:00 +0800] "GET /?debug=kuma-uptime HTTP/1.1" 200 89348 "-" "Uptime-Kuma/1.23.16" "1.526 Seconds"
3.110.181.55,3.110.181.55 - - [01/Apr/2025:17:32:01 +0800] "GET /products/bitmain-antminer-s21-xp-bitcoin-miner-270th-s-bt-miners/ HTTP/1.1" 200 117916 "-" "Mozilla/5.0 (Windows NT 10.0; Win64; x64) AppleWebKit/537.36 (KHTML, like Gecko) Chrome/89.0.4342.0 Safari/537.36" "1.165 Seconds"
170.187.181.77 - - [01/Apr/2025:17:32:02 +0800] "POST /wp-admin/admin-ajax.php HTTP/1.1" 200 43 "https://bt-miners.com/wp-admin/admin.php?page=wc-settings&tab=advanced&section=keys" "Mozilla/5.0 (Windows NT 10.0; Win64; x64) AppleWebKit/537.36 (KHTML, like Gecko) Chrome/134.0.0.0 Safari/537.36" "0.442 Seconds"
212.107.29.89 - - [01/Apr/2025:17:32:07 +0800] "POST /wp-admin/admin-ajax.php HTTP/1.1" 200 43 "https://bt-miners.com/wp-admin/" "Mozilla/5.0 (Windows NT 10.0; Win64; x64) AppleWebKit/537.36 (KHTML, like Gecko) Chrome/122.0.0.0 Safari/537.36" "0.340 Seconds"
83.99.151.70,83.99.151.70 - - [01/Apr/2025:17:32:08 +0800] "GET /shop/page/25/?display_mode=list HTTP/1.1" 200 67547 "-" "Mozilla/5.0 AppleWebKit/537.36 (KHTML, like Gecko; compatible; GeedoProductSearch; +http://www.geedo.com/product-search.html) Chrome/79.0.3945.88 Safari/537.36" "1.582 Seconds"
240e:3b2:3232:4a70:7058:7862:f44b:6b0 - - [01/Apr/2025:17:32:10 +0800] "POST /wp-admin/admin-ajax.php HTTP/1.1" 200 31 "https://bt-miners.com/wp-admin/" "Mozilla/5.0 (Windows NT 10.0; Win64; x64) AppleWebKit/537.36 (KHTML, like Gecko) Chrome/119.0.0.0 Safari/537.36" "0.445 Seconds"
5.34.216.107,5.34.216.107 - - [01/Apr/2025:17:32:11 +0800] "GET /collections/alephium-miner/ HTTP/1.1" 200 47620 "https://bt-miners.com/products/volcminer-d1-litecoin-dogecoin-miners-bt-miners/" "Mozilla/5.0 (Windows NT 10.0; Win64; x64) AppleWebKit/537.36 (KHTML, like Gecko) Chrome/134.0.0.0 Safari/537.36" "0.523 Seconds"
3.222.106.115 - - [01/Apr/2025:17:32:16 +0800] "POST /wp-cron.php?doing_wp_cron=1743499936.2445600032806396484375 HTTP/1.1" 200 31 "-" "WordPress/6.7.1; https://bt-miners.com" "0.001 Seconds"
52.167.144.230,52.167.144.230 - - [01/Apr/2025:17:32:16 +0800] "GET /?s=SOFT+SHIFTING+VALVE HTTP/1.1" 200 56775 "-" "Mozilla/5.0 AppleWebKit/537.36 (KHTML, like Gecko; compatible; bingbot/2.0; +http://www.bing.com/bingbot.htm) Chrome/116.0.1938.76 Safari/537.36" "0.570 Seconds"
83.99.151.68,83.99.151.68 - - [01/Apr/2025:17:32:16 +0800] "GET /collections/asics-miners/page/2/?display_mode=grid HTTP/1.1" 200 67567 "-" "Mozilla/5.0 AppleWebKit/537.36 (KHTML, like Gecko; compatible; GeedoProductSearch; +http://www.geedo.com/product-search.html) Chrome/79.0.3945.88 Safari/537.36" "0.830 Seconds"
5.34.216.107,5.34.216.107 - - [01/Apr/2025:17:32:17 +0800] "GET /wp-admin/ HTTP/1.1" 200 170460 "-" "Mozilla/5.0 (Windows NT 10.0; Win64; x64) AppleWebKit/537.36 (KHTML, like Gecko) Chrome/134.0.0.0 Safari/537.36" "1.205 Seconds"
5.34.216.107 - - [01/Apr/2025:17:32:17 +0800] "GET /wp-content/plugins/redis-cache/assets/css/admin.css?ver=2.5.4 HTTP/1.1" 304 0 "https://bt-miners.com/wp-admin/" "Mozilla/5.0 (Windows NT 10.0; Win64; x64) AppleWebKit/537.36 (KHTML, like Gecko) Chrome/134.0.0.0 Safari/537.36" "0.000 Seconds"
5.34.216.107 - - [01/Apr/2025:17:32:17 +0800] "GET /wp-content/plugins/woo-advanced-shipment-tracking/zorem-tracking/assets/css/style.css?ver=1743499937 HTTP/1.1" 200 948 "https://bt-miners.com/wp-admin/" "Mozilla/5.0 (Windows NT 10.0; Win64; x64) AppleWebKit/537.36 (KHTML, like Gecko) Chrome/134.0.0.0 Safari/537.36" "0.000 Seconds"
5.34.216.107 - - [01/Apr/2025:17:32:17 +0800] "GET /wp-content/plugins/woocommerce/assets/css/dashboard.css?ver=9.7.1 HTTP/1.1" 304 0 "https://bt-miners.com/wp-admin/" "Mozilla/5.0 (Windows NT 10.0; Win64; x64) AppleWebKit/537.36 (KHTML, like Gecko) Chrome/134.0.0.0 Safari/537.36" "0.000 Seconds"
5.34.216.107 - - [01/Apr/2025:17:32:17 +0800] "GET /wp-content/plugins/wpforms/assets/css/dashboard-widget.min.css?ver=1.9.2.3 HTTP/1.1" 304 0 "https://bt-miners.com/wp-admin/" "Mozilla/5.0 (Windows NT 10.0; Win64; x64) AppleWebKit/537.36 (KHTML, like Gecko) Chrome/134.0.0.0 Safari/537.36" "0.000 Seconds"
5.34.216.107 - - [01/Apr/2025:17:32:17 +0800] "GET /wp-content/plugins/woo-advanced-shipment-tracking/zorem-tracking/assets/js/main.js?ver=1743499937 HTTP/1.1" 200 1587 "https://bt-miners.com/wp-admin/" "Mozilla/5.0 (Windows NT 10.0; Win64; x64) AppleWebKit/537.36 (KHTML, like Gecko) Chrome/134.0.0.0 Safari/537.36" "0.000 Seconds"
5.34.216.107 - - [01/Apr/2025:17:32:17 +0800] "GET /wp-content/plugins/wp-mail-smtp-pro/assets/css/dashboard-widget.min.css?ver=4.3.0 HTTP/1.1" 304 0 "https://bt-miners.com/wp-admin/" "Mozilla/5.0 (Windows NT 10.0; Win64; x64) AppleWebKit/537.36 (KHTML, like Gecko) Chrome/134.0.0.0 Safari/537.36" "0.000 Seconds"
170.187.181.77 - - [01/Apr/2025:17:32:17 +0800] "POST /wp-admin/admin-ajax.php HTTP/1.1" 200 43 "https://bt-miners.com/wp-admin/admin.php?page=wc-settings&tab=advanced&section=keys" "Mozilla/5.0 (Windows NT 10.0; Win64; x64) AppleWebKit/537.36 (KHTML, like Gecko) Chrome/134.0.0.0 Safari/537.36" "0.421 Seconds"
5.34.216.107 - - [01/Apr/2025:17:32:18 +0800] "GET /wp-admin/js/site-health.min.js?ver=6.7.1 HTTP/1.1" 304 0 "https://bt-miners.com/wp-admin/" "Mozilla/5.0 (Windows NT 10.0; Win64; x64) AppleWebKit/537.36 (KHTML, like Gecko) Chrome/134.0.0.0 Safari/537.36" "0.000 Seconds"
5.34.216.107 - - [01/Apr/2025:17:32:18 +0800] "GET /wp-admin/js/dashboard.min.js?ver=6.7.1 HTTP/1.1" 304 0 "https://bt-miners.com/wp-admin/" "Mozilla/5.0 (Windows NT 10.0; Win64; x64) AppleWebKit/537.36 (KHTML, like Gecko) Chrome/134.0.0.0 Safari/537.36" "0.000 Seconds"
5.34.216.107,5.34.216.107 - - [01/Apr/2025:17:32:18 +0800] "GET /wp-admin/load-styles.php?c=1&dir=ltr&load%5Bchunk_0%5D=dashicons,admin-bar,site-health,common,forms,admin-menu,dashboard,list-tables,edit,revisions,media,themes,about,nav-menus,wp-poi&load%5Bchunk_1%5D=nter,widgets,site-icon,l10n,buttons,wp-auth-check,media-views,wp-color-picker,wp-jquery-ui-dialog&ver=6.7.1 HTTP/1.1" 200 458910 "https://bt-miners.com/wp-admin/" "Mozilla/5.0 (Windows NT 10.0; Win64; x64) AppleWebKit/537.36 (KHTML, like Gecko) Chrome/134.0.0.0 Safari/537.36" "0.201 Seconds"
2a01:4f8:c013:3b0f::1,2a01:4f8:c013:3b0f::1 - - [01/Apr/2025:17:32:18 +0800] "HEAD /?debug=uptimerobot HTTP/1.1" 200 0 "https://bt-miners.com/?debug=uptimerobot" "Mozilla/5.0+(compatible; UptimeRobot/2.0; http://www.uptimerobot.com/)" "0.302 Seconds"
5.34.216.107 - - [01/Apr/2025:17:32:18 +0800] "GET /wp-admin/js/plugin-install.min.js?ver=6.7.1 HTTP/1.1" 304 0 "https://bt-miners.com/wp-admin/" "Mozilla/5.0 (Windows NT 10.0; Win64; x64) AppleWebKit/537.36 (KHTML, like Gecko) Chrome/134.0.0.0 Safari/537.36" "0.000 Seconds"
5.34.216.107 - - [01/Apr/2025:17:32:18 +0800] "GET /wp-admin/js/updates.min.js?ver=6.7.1 HTTP/1.1" 304 0 "https://bt-miners.com/wp-admin/" "Mozilla/5.0 (Windows NT 10.0; Win64; x64) AppleWebKit/537.36 (KHTML, like Gecko) Chrome/134.0.0.0 Safari/537.36" "0.000 Seconds"
5.34.216.107 - - [01/Apr/2025:17:32:18 +0800] "GET /wp-content/plugins/dokan-lite/assets/vendors/tinymce/code/plugin.min.js?ver=1743499936 HTTP/1.1" 200 1045 "https://bt-miners.com/wp-admin/" "Mozilla/5.0 (Windows NT 10.0; Win64; x64) AppleWebKit/537.36 (KHTML, like Gecko) Chrome/134.0.0.0 Safari/537.36" "0.000 Seconds"
5.34.216.107 - - [01/Apr/2025:17:32:18 +0800] "GET /wp-content/plugins/wpforms/assets/lib/chart.min.js?ver=4.4.4 HTTP/1.1" 304 0 "https://bt-miners.com/wp-admin/" "Mozilla/5.0 (Windows NT 10.0; Win64; x64) AppleWebKit/537.36 (KHTML, like Gecko) Chrome/134.0.0.0 Safari/537.36" "0.000 Seconds"
5.34.216.107 - - [01/Apr/2025:17:32:18 +0800] "GET /wp-content/plugins/redis-cache/assets/js/admin.js?ver=2.5.4 HTTP/1.1" 304 0 "https://bt-miners.com/wp-admin/" "Mozilla/5.0 (Windows NT 10.0; Win64; x64) AppleWebKit/537.36 (KHTML, like Gecko) Chrome/134.0.0.0 Safari/537.36" "0.000 Seconds"
5.34.216.107 - - [01/Apr/2025:17:32:18 +0800] "GET /wp-content/plugins/redis-cache/assets/js/apexcharts.min.js?ver=2.5.4 HTTP/1.1" 304 0 "https://bt-miners.com/wp-admin/" "Mozilla/5.0 (Windows NT 10.0; Win64; x64) AppleWebKit/537.36 (KHTML, like Gecko) Chrome/134.0.0.0 Safari/537.36" "0.000 Seconds"
5.34.216.107 - - [01/Apr/2025:17:32:18 +0800] "GET /wp-content/plugins/wpforms/assets/lib/chartjs-adapter-moment.min.js?ver=1.0.1 HTTP/1.1" 304 0 "https://bt-miners.com/wp-admin/" "Mozilla/5.0 (Windows NT 10.0; Win64; x64) AppleWebKit/537.36 (KHTML, like Gecko) Chrome/134.0.0.0 Safari/537.36" "0.000 Seconds"
5.34.216.107 - - [01/Apr/2025:17:32:18 +0800] "GET /wp-content/plugins/wpforms/assets/pro/js/admin/dashboard-widget.min.js?ver=1.9.2.3 HTTP/1.1" 304 0 "https://bt-miners.com/wp-admin/" "Mozilla/5.0 (Windows NT 10.0; Win64; x64) AppleWebKit/537.36 (KHTML, like Gecko) Chrome/134.0.0.0 Safari/537.36" "0.000 Seconds"
5.34.216.107 - - [01/Apr/2025:17:32:18 +0800] "GET /wp-content/plugins/wp-mail-smtp-pro/assets/js/vendor/chart.min.js?ver=2.9.4.1 HTTP/1.1" 304 0 "https://bt-miners.com/wp-admin/" "Mozilla/5.0 (Windows NT 10.0; Win64; x64) AppleWebKit/537.36 (KHTML, like Gecko) Chrome/134.0.0.0 Safari/537.36" "0.000 Seconds"
5.34.216.107 - - [01/Apr/2025:17:32:18 +0800] "GET /wp-content/plugins/wp-mail-smtp-pro/assets/pro/js/smtp-pro-dashboard-widget.min.js?ver=4.3.0 HTTP/1.1" 304 0 "https://bt-miners.com/wp-admin/" "Mozilla/5.0 (Windows NT 10.0; Win64; x64) AppleWebKit/537.36 (KHTML, like Gecko) Chrome/134.0.0.0 Safari/537.36" "0.000 Seconds"
5.34.216.107 - - [01/Apr/2025:17:32:18 +0800] "GET /wp-content/plugins/yith-woocommerce-customize-myaccount-page/plugin-fw/assets/js/yith-dashboard.min.js?ver=3.9.13 HTTP/1.1" 304 0 "https://bt-miners.com/wp-admin/" "Mozilla/5.0 (Windows NT 10.0; Win64; x64) AppleWebKit/537.36 (KHTML, like Gecko) Chrome/134.0.0.0 Safari/537.36" "0.000 Seconds"
5.34.216.107 - - [01/Apr/2025:17:32:18 +0800] "GET /wp-content/plugins/wp-whatsapp/assets/js/cross.js?ver=1.0 HTTP/1.1" 304 0 "https://bt-miners.com/wp-admin/" "Mozilla/5.0 (Windows NT 10.0; Win64; x64) AppleWebKit/537.36 (KHTML, like Gecko) Chrome/134.0.0.0 Safari/537.36" "0.000 Seconds"
5.34.216.107 - - [01/Apr/2025:17:32:18 +0800] "GET /wp-content/plugins/wp-mail-smtp-pro/assets/images/pattie.svg HTTP/1.1" 304 0 "https://bt-miners.com/wp-admin/" "Mozilla/5.0 (Windows NT 10.0; Win64; x64) AppleWebKit/537.36 (KHTML, like Gecko) Chrome/134.0.0.0 Safari/537.36" "0.000 Seconds"
5.34.216.107 - - [01/Apr/2025:17:32:18 +0800] "GET /wp-content/plugins/trustpilot-reviews/review/assets/images/logo.svg HTTP/1.1" 304 0 "https://bt-miners.com/wp-content/plugins/trustpilot-reviews/review/assets/css/trustpilot.min.css?ver=1.0" "Mozilla/5.0 (Windows NT 10.0; Win64; x64) AppleWebKit/537.36 (KHTML, like Gecko) Chrome/134.0.0.0 Safari/537.36" "0.000 Seconds"
5.34.216.107 - - [01/Apr/2025:17:32:18 +0800] "GET /wp-includes/images/spinner.gif HTTP/1.1" 304 0 "https://bt-miners.com/wp-content/plugins/wpforms/assets/css/dashboard-widget.min.css?ver=1.9.2.3" "Mozilla/5.0 (Windows NT 10.0; Win64; x64) AppleWebKit/537.36 (KHTML, like Gecko) Chrome/134.0.0.0 Safari/537.36" "0.000 Seconds"
5.34.216.107 - - [01/Apr/2025:17:32:18 +0800] "GET /wp-content/plugins/woo-wallet/assets/fonts/woowallet.ttf?tewfy0 HTTP/1.1" 304 0 "https://bt-miners.com/wp-content/plugins/woo-wallet/assets/css/admin.css?ver=1.5.10" "Mozilla/5.0 (Windows NT 10.0; Win64; x64) AppleWebKit/537.36 (KHTML, like Gecko) Chrome/134.0.0.0 Safari/537.36" "0.000 Seconds"
5.34.216.107 - - [01/Apr/2025:17:32:18 +0800] "GET /wp-content/plugins/asgaros-forum/libs/fontawesome/webfonts/fa-solid-900.woff2 HTTP/1.1" 304 0 "https://bt-miners.com/wp-content/plugins/asgaros-forum/libs/fontawesome/css/all.min.css?ver=3.0.0" "Mozilla/5.0 (Windows NT 10.0; Win64; x64) AppleWebKit/537.36 (KHTML, like Gecko) Chrome/134.0.0.0 Safari/537.36" "0.000 Seconds"
5.34.216.107,5.34.216.107 - - [01/Apr/2025:17:32:19 +0800] "GET /wp-json/dokan/v1/admin/notices/promo HTTP/1.1" 200 12 "https://bt-miners.com/wp-admin/" "Mozilla/5.0 (Windows NT 10.0; Win64; x64) AppleWebKit/537.36 (KHTML, like Gecko) Chrome/134.0.0.0 Safari/537.36" "0.307 Seconds"
5.34.216.107,5.34.216.107 - - [01/Apr/2025:17:32:19 +0800] "GET /wp-json/dokan/v1/admin/notices/admin?scope=global HTTP/1.1" 200 12 "https://bt-miners.com/wp-admin/" "Mozilla/5.0 (Windows NT 10.0; Win64; x64) AppleWebKit/537.36 (KHTML, like Gecko) Chrome/134.0.0.0 Safari/537.36" "0.561 Seconds"
5.34.216.107 - - [01/Apr/2025:17:32:19 +0800] "POST /wp-admin/admin-ajax.php HTTP/1.1" 200 43 "https://bt-miners.com/wp-admin/" "Mozilla/5.0 (Windows NT 10.0; Win64; x64) AppleWebKit/537.36 (KHTML, like Gecko) Chrome/134.0.0.0 Safari/537.36" "0.626 Seconds"
2a01:4f8:c013:3c53::1,2a01:4f8:c013:3c53::1 - - [01/Apr/2025:17:32:20 +0800] "HEAD /wp-admin/?debug=uptimerobot HTTP/1.1" 302 0 "https://bt-miners.com/wp-admin/?debug=uptimerobot" "Mozilla/5.0+(compatible; UptimeRobot/2.0; http://www.uptimerobot.com/)" "0.359 Seconds"
2a01:4f8:c013:3c53::1,2a01:4f8:c013:3c53::1 - - [01/Apr/2025:17:32:21 +0800] "HEAD /wp-login.php?redirect_to=https%3A%2F%2Fbt-miners.com%2Fwp-admin%2F%3Fdebug%3Duptimerobot&reauth=1 HTTP/1.1" 200 0 "https://bt-miners.com/wp-admin/?debug=uptimerobot" "Mozilla/5.0+(compatible; UptimeRobot/2.0; http://www.uptimerobot.com/)" "0.345 Seconds"
54.158.124.156,54.158.124.156 - - [01/Apr/2025:17:32:21 +0800] "GET /?debug=kuma-uptime HTTP/1.1" 200 89293 "-" "Uptime-Kuma/1.23.16" "1.550 Seconds"
54.38.96.38,54.38.96.38 - - [01/Apr/2025:17:32:22 +0800] "GET /products/goldshell-combo-get-bonus-miners-aleo-doge-miners/ HTTP/1.1" 301 5 "-" "Mozilla/5.0 (compatible; AhrefsBot/7.0; +http://ahrefs.com/robot/)" "0.317 Seconds"
212.107.29.89 - - [01/Apr/2025:17:32:22 +0800] "POST /wp-admin/admin-ajax.php HTTP/1.1" 200 43 "https://bt-miners.com/wp-admin/" "Mozilla/5.0 (Windows NT 10.0; Win64; x64) AppleWebKit/537.36 (KHTML, like Gecko) Chrome/122.0.0.0 Safari/537.36" "0.426 Seconds"
5.34.216.107,5.34.216.107 - - [01/Apr/2025:17:32:24 +0800] "GET /wp-admin/edit-comments.php HTTP/1.1" 200 93803 "https://bt-miners.com/wp-admin/" "Mozilla/5.0 (Windows NT 10.0; Win64; x64) AppleWebKit/537.36 (KHTML, like Gecko) Chrome/134.0.0.0 Safari/537.36" "0.891 Seconds"
5.34.216.107 - - [01/Apr/2025:17:32:24 +0800] "GET /wp-content/plugins/woo-advanced-shipment-tracking/zorem-tracking/assets/css/style.css?ver=1743499943 HTTP/1.1" 200 948 "https://bt-miners.com/wp-admin/edit-comments.php" "Mozilla/5.0 (Windows NT 10.0; Win64; x64) AppleWebKit/537.36 (KHTML, like Gecko) Chrome/134.0.0.0 Safari/537.36" "0.000 Seconds"
5.34.216.107 - - [01/Apr/2025:17:32:24 +0800] "GET /wp-content/plugins/woo-advanced-shipment-tracking/zorem-tracking/assets/js/main.js?ver=1743499943 HTTP/1.1" 200 1587 "https://bt-miners.com/wp-admin/edit-comments.php" "Mozilla/5.0 (Windows NT 10.0; Win64; x64) AppleWebKit/537.36 (KHTML, like Gecko) Chrome/134.0.0.0 Safari/537.36" "0.000 Seconds"
5.34.216.107 - - [01/Apr/2025:17:32:24 +0800] "GET /wp-content/plugins/dokan-lite/assets/vendors/tinymce/code/plugin.min.js?ver=1743499943 HTTP/1.1" 200 1045 "https://bt-miners.com/wp-admin/edit-comments.php" "Mozilla/5.0 (Windows NT 10.0; Win64; x64) AppleWebKit/537.36 (KHTML, like Gecko) Chrome/134.0.0.0 Safari/537.36" "0.000 Seconds"
67.189.107.113,67.189.107.113 - - [01/Apr/2025:17:32:24 +0800] "GET /collections/miner-category/industrial-miner/ HTTP/1.1" 200 66508 "https://bt-miners.com/collections/litecoin-dogecoin-miner/" "Mozilla/5.0 (Windows NT 10.0; Win64; x64) AppleWebKit/537.36 (KHTML, like Gecko) Chrome/128.0.0.0 Safari/537.36" "0.922 Seconds"
52.167.144.230,52.167.144.230 - - [01/Apr/2025:17:32:25 +0800] "GET /.git/objects/6e/dbf801e8c4f3ea4330f4470fd23b808b141085 HTTP/1.1" 403 195 "-" "Mozilla/5.0 AppleWebKit/537.36 (KHTML, like Gecko; compatible; bingbot/2.0; +http://www.bing.com/bingbot.htm) Chrome/116.0.1938.76 Safari/537.36" "0.000 Seconds"
2401:4900:1c68:53b8:50b5:f0aa:2647:e8d5,54.38.96.38 - - [01/Apr/2025:17:32:25 +0800] "POST /wp-login.php HTTP/1.1" 200 4004 "-" "Mozilla/4.0 (compatible; MSIE 6.0; Windows NT 5.0)" "0.683 Seconds"
3.222.106.115 - - [01/Apr/2025:17:32:25 +0800] "POST /wp-cron.php?doing_wp_cron=1743499945.5631968975067138671875 HTTP/1.1" 200 31 "-" "WordPress/6.7.1; https://bt-miners.com" "0.000 Seconds"
5.34.216.107,5.34.216.107 - - [01/Apr/2025:17:32:25 +0800] "GET /wp-json/dokan/v1/admin/notices/promo HTTP/1.1" 200 12 "https://bt-miners.com/wp-admin/edit-comments.php" "Mozilla/5.0 (Windows NT 10.0; Win64; x64) AppleWebKit/537.36 (KHTML, like Gecko) Chrome/134.0.0.0 Safari/537.36" "0.354 Seconds"
5.34.216.107,5.34.216.107 - - [01/Apr/2025:17:32:25 +0800] "GET /wp-json/dokan/v1/admin/notices/admin?scope=global HTTP/1.1" 200 12 "https://bt-miners.com/wp-admin/edit-comments.php" "Mozilla/5.0 (Windows NT 10.0; Win64; x64) AppleWebKit/537.36 (KHTML, like Gecko) Chrome/134.0.0.0 Safari/537.36" "0.588 Seconds"
213.180.203.71,213.180.203.71 - - [01/Apr/2025:17:32:26 +0800] "GET /products/avalon-backup-psu/ HTTP/1.1" 200 90750 "-" "Mozilla/5.0 (compatible; YandexMarket/2.0; +http://yandex.com/bots)" "1.035 Seconds"
2401:4900:1c80:2453:8c20:7a00:bf19:7d4d,2401:4900:1c80:2453:8c20:7a00:bf19:7d4d - - [01/Apr/2025:17:32:30 +0800] "GET /?s=nano3&post_type=product HTTP/1.1" 200 57469 "https://bt-miners.com/?ref=3yrntphlqn" "Mozilla/5.0 (Windows NT 10.0; Win64; x64) AppleWebKit/537.36 (KHTML, like Gecko) Chrome/134.0.0.0 Safari/537.36" "0.621 Seconds"
170.187.181.77 - - [01/Apr/2025:17:32:32 +0800] "POST /wp-admin/admin-ajax.php HTTP/1.1" 200 31 "https://bt-miners.com/wp-admin/admin.php?page=wc-settings&tab=advanced&section=keys" "Mozilla/5.0 (Windows NT 10.0; Win64; x64) AppleWebKit/537.36 (KHTML, like Gecko) Chrome/134.0.0.0 Safari/537.36" "0.398 Seconds"
2a01:4f8:c17:42e4::1,2a01:4f8:c17:42e4::1 - - [01/Apr/2025:17:32:33 +0800] "HEAD / HTTP/1.1" 200 0 "https://bt-miners.com/" "Mozilla/5.0+(compatible; UptimeRobot/2.0; http://www.uptimerobot.com/)" "0.357 Seconds"
83.99.151.66,83.99.151.66 - - [01/Apr/2025:17:32:35 +0800] "GET /wp-login.php?redirect_to=https%3A%2F%2Fbt-miners.com%2Fafter-bitcoin-halving-is-it-still-profitable-to-mine-in-2025%2F HTTP/1.1" 200 3900 "-" "Mozilla/5.0 AppleWebKit/537.36 (KHTML, like Gecko; compatible; GeedoProductSearch; +http://www.geedo.com/product-search.html) Chrome/79.0.3945.88 Safari/537.36" "0.358 Seconds"
212.107.29.89 - - [01/Apr/2025:17:32:38 +0800] "POST /wp-admin/admin-ajax.php HTTP/1.1" 499 0 "https://bt-miners.com/wp-admin/post.php?post=70804&action=edit" "Mozilla/5.0 (Windows NT 10.0; Win64; x64) AppleWebKit/537.36 (KHTML, like Gecko) Chrome/122.0.0.0 Safari/537.36" "0.361 Seconds"
212.107.29.89 - - [01/Apr/2025:17:32:39 +0800] "POST /wp-admin/admin-ajax.php HTTP/1.1" 499 0 "https://bt-miners.com/wp-admin/post.php?post=70797&action=edit" "Mozilla/5.0 (Windows NT 10.0; Win64; x64) AppleWebKit/537.36 (KHTML, like Gecko) Chrome/122.0.0.0 Safari/537.36" "0.363 Seconds"
212.107.29.89 - - [01/Apr/2025:17:32:39 +0800] "POST /wp-admin/admin-ajax.php HTTP/1.1" 200 43 "https://bt-miners.com/wp-admin/post.php?post=70804&action=edit" "Mozilla/5.0 (Windows NT 10.0; Win64; x64) AppleWebKit/537.36 (KHTML, like Gecko) Chrome/122.0.0.0 Safari/537.36" "0.425 Seconds"
212.107.29.89 - - [01/Apr/2025:17:32:40 +0800] "POST /wp-admin/admin-ajax.php HTTP/1.1" 200 43 "https://bt-miners.com/wp-admin/post.php?post=70797&action=edit" "Mozilla/5.0 (Windows NT 10.0; Win64; x64) AppleWebKit/537.36 (KHTML, like Gecko) Chrome/122.0.0.0 Safari/537.36" "0.361 Seconds"
27.119.30.203,54.37.215.163 - - [01/Apr/2025:17:32:40 +0800] "POST /wp-login.php HTTP/1.1" 200 4004 "-" "Mozilla/4.0 (compatible; MSIE 6.0; Windows NT 5.0)" "0.674 Seconds"
240e:3b2:3232:4a70:7058:7862:f44b:6b0 - - [01/Apr/2025:17:32:41 +0800] "POST /wp-admin/admin-ajax.php HTTP/1.1" 200 43 "https://bt-miners.com/wp-admin/post.php?post=67951&action=edit" "Mozilla/5.0 (Windows NT 10.0; Win64; x64) AppleWebKit/537.36 (KHTML, like Gecko) Chrome/119.0.0.0 Safari/537.36" "0.420 Seconds"
240e:3b2:3232:4a70:7058:7862:f44b:6b0 - - [01/Apr/2025:17:32:41 +0800] "POST /wp-admin/admin-ajax.php HTTP/1.1" 200 43 "https://bt-miners.com/wp-admin/post.php?post=67951&action=edit" "Mozilla/5.0 (Windows NT 10.0; Win64; x64) AppleWebKit/537.36 (KHTML, like Gecko) Chrome/119.0.0.0 Safari/537.36" "0.750 Seconds"
54.158.124.156,54.158.124.156 - - [01/Apr/2025:17:32:43 +0800] "GET /?debug=kuma-uptime HTTP/1.1" 200 89372 "-" "Uptime-Kuma/1.23.16" "1.572 Seconds"
83.99.151.66,83.99.151.66 - - [01/Apr/2025:17:32:45 +0800] "GET /ar/%D8%AD%D8%A7%D8%B3%D8%A8%D8%A9-%D8%A3%D8%B1%D8%A8%D8%A7%D8%AD-hns/ HTTP/1.1" 301 5 "-" "Mozilla/5.0 AppleWebKit/537.36 (KHTML, like Gecko; compatible; GeedoProductSearch; +http://www.geedo.com/product-search.html) Chrome/79.0.3945.88 Safari/537.36" "0.369 Seconds"
2401:4900:1c80:2453:8c20:7a00:bf19:7d4d,2401:4900:1c80:2453:8c20:7a00:bf19:7d4d - - [01/Apr/2025:17:32:46 +0800] "GET /?s=nano&post_type=product HTTP/1.1" 200 64004 "https://bt-miners.com/?s=nano3&post_type=product" "Mozilla/5.0 (Windows NT 10.0; Win64; x64) AppleWebKit/537.36 (KHTML, like Gecko) Chrome/134.0.0.0 Safari/537.36" "0.507 Seconds"
109.230.55.105,54.38.96.37 - - [01/Apr/2025:17:32:46 +0800] "POST /wp-login.php HTTP/1.1" 200 4004 "-" "Mozilla/4.0 (compatible; MSIE 6.0; Windows NT 5.0)" "0.691 Seconds"
67.189.107.113,67.189.107.113 - - [01/Apr/2025:17:32:47 +0800] "GET /collections/eth-miners/ HTTP/1.1" 301 5 "https://bt-miners.com/collections/miner-category/industrial-miner/" "Mozilla/5.0 (Windows NT 10.0; Win64; x64) AppleWebKit/537.36 (KHTML, like Gecko) Chrome/128.0.0.0 Safari/537.36" "0.331 Seconds"
52.167.144.230,52.167.144.230 - - [01/Apr/2025:17:32:47 +0800] "GET /?s=%E4%B8%8B%E9%96%A2%E5%B8%82%E3%80%80%E6%BA%90%E7%BE%A9%E7%B5%8C%E3%80%80%E5%AE%AE%E6%9C%AC%E6%AD%A6%E8%94%B5%E3%80%80%E6%9D%BE%E7%94%B0%E5%84%AA%E4%BD%9C%E3%80%80%E5%88%9D%E4%BB%A3%E3%82%BF%E3%82%A4%E3%82%AC%E3%83%BC%E3%83%9E%E3%82%B9%E3%82%AF HTTP/1.1" 200 57346 "-" "Mozilla/5.0 AppleWebKit/537.36 (KHTML, like Gecko; compatible; bingbot/2.0; +http://www.bing.com/bingbot.htm) Chrome/116.0.1938.76 Safari/537.36" "0.510 Seconds"
52.167.144.230,52.167.144.230 - - [01/Apr/2025:17:32:47 +0800] "GET /?s=%E0%B9%80%E0%B8%97%E0%B8%B5%E0%B9%88%E0%B8%A2%E0%B8%A7%E0%B8%AA%E0%B8%87%E0%B8%81%E0%B8%A3%E0%B8%B2%E0%B8%99%E0%B8%95%E0%B9%8C%E0%B8%94%E0%B9%89%E0%B8%A7%E0%B8%A2%E0%B8%A3%E0%B8%96%E0%B9%84%E0%B8%9F HTTP/1.1" 200 57100 "-" "Mozilla/5.0 AppleWebKit/537.36 (KHTML, like Gecko; compatible; bingbot/2.0; +http://www.bing.com/bingbot.htm) Chrome/116.0.1938.76 Safari/537.36" "0.494 Seconds"
170.187.181.77 - - [01/Apr/2025:17:32:47 +0800] "POST /wp-admin/admin-ajax.php HTTP/1.1" 200 43 "https://bt-miners.com/wp-admin/admin.php?page=wc-settings&tab=advanced&section=keys" "Mozilla/5.0 (Windows NT 10.0; Win64; x64) AppleWebKit/537.36 (KHTML, like Gecko) Chrome/134.0.0.0 Safari/537.36" "0.353 Seconds"
3.110.181.55,3.110.181.55 - - [01/Apr/2025:17:32:49 +0800] "GET /products/bitmain-antminer-s21-xp-imm-bitcoin-miner-301th-s-bt-miners/ HTTP/1.1" 301 5 "-" "Mozilla/5.0 (Windows NT 10.0; Win64; x64) AppleWebKit/537.36 (KHTML, like Gecko) Chrome/89.0.4342.0 Safari/537.36" "0.366 Seconds"
240e:3b2:3232:4a70:7058:7862:f44b:6b0 - - [01/Apr/2025:17:32:50 +0800] "POST /wp-admin/admin-ajax.php HTTP/1.1" 200 58 "https://bt-miners.com/wp-admin/" "Mozilla/5.0 (Windows NT 10.0; Win64; x64) AppleWebKit/537.36 (KHTML, like Gecko) Chrome/119.0.0.0 Safari/537.36" "0.309 Seconds"
3.110.181.55,3.110.181.55 - - [01/Apr/2025:17:32:51 +0800] "GET /products/bitmain-antminer-s21-xp-imm-bitcoin-miner-300th-s-bt-miners/ HTTP/1.1" 200 121196 "https://bt-miners.com/products/bitmain-antminer-s21-xp-imm-bitcoin-miner-301th-s-bt-miners/" "Mozilla/5.0 (Windows NT 10.0; Win64; x64) AppleWebKit/537.36 (KHTML, like Gecko) Chrome/89.0.4342.0 Safari/537.36" "1.184 Seconds"
212.107.29.89 - - [01/Apr/2025:17:32:51 +0800] "POST /wp-admin/admin-ajax.php HTTP/1.1" 200 31 "https://bt-miners.com/wp-admin/post.php?post=70267&action=edit" "Mozilla/5.0 (Windows NT 10.0; Win64; x64) AppleWebKit/537.36 (KHTML, like Gecko) Chrome/134.0.0.0 Safari/537.36" "0.437 Seconds"
240e:3b2:3232:4a70:7058:7862:f44b:6b0 - - [01/Apr/2025:17:32:51 +0800] "POST /wp-admin/admin-ajax.php HTTP/1.1" 400 11 "https://bt-miners.com/wp-admin/" "Mozilla/5.0 (Windows NT 10.0; Win64; x64) AppleWebKit/537.36 (KHTML, like Gecko) Chrome/119.0.0.0 Safari/537.36" "0.343 Seconds"
212.107.29.89 - - [01/Apr/2025:17:32:53 +0800] "POST /wp-admin/admin-ajax.php HTTP/1.1" 200 43 "https://bt-miners.com/wp-admin/options-general.php?page=perfmatters" "Mozilla/5.0 (Windows NT 10.0; Win64; x64) AppleWebKit/537.36 (KHTML, like Gecko) Chrome/122.0.0.0 Safari/537.36" "0.406 Seconds"
212.107.29.89 - - [01/Apr/2025:17:32:54 +0800] "POST /wp-admin/admin-ajax.php HTTP/1.1" 200 43 "https://bt-miners.com/wp-admin/options-general.php?page=cloudflare" "Mozilla/5.0 (Windows NT 10.0; Win64; x64) AppleWebKit/537.36 (KHTML, like Gecko) Chrome/122.0.0.0 Safari/537.36" "0.750 Seconds"
3.222.106.115 - - [01/Apr/2025:17:32:55 +0800] "POST /wp-cron.php?doing_wp_cron=1743499975.0321190357208251953125 HTTP/1.1" 200 31 "-" "WordPress/6.7.1; https://bt-miners.com" "0.000 Seconds"
66.249.75.131,66.249.75.131 - - [01/Apr/2025:17:32:55 +0800] "GET /collections/eth-miners/ HTTP/1.1" 301 5 "-" "Mozilla/5.0 (Linux; Android 6.0.1; Nexus 5X Build/MMB29P) AppleWebKit/537.36 (KHTML, like Gecko) Chrome/134.0.6998.165 Mobile Safari/537.36 (compatible; Googlebot/2.1; +http://www.google.com/bot.html)" "0.393 Seconds"
66.249.75.131,66.249.75.131 - - [01/Apr/2025:17:32:55 +0800] "GET /collections/eth-miners/ HTTP/1.1" 301 5 "-" "Mozilla/5.0 (Linux; Android 6.0.1; Nexus 5X Build/MMB29P) AppleWebKit/537.36 (KHTML, like Gecko) Chrome/134.0.6998.165 Mobile Safari/537.36 (compatible; Googlebot/2.1; +http://www.google.com/bot.html)" "0.286 Seconds"
3.222.106.115 - - [01/Apr/2025:17:32:55 +0800] "POST /wp-cron.php?doing_wp_cron=1743499975.6331169605255126953125 HTTP/1.1" 200 31 "-" "WordPress/6.7.1; https://bt-miners.com" "0.001 Seconds"
83.99.151.66,83.99.151.66 - - [01/Apr/2025:17:32:55 +0800] "GET /collections/hats/page/2/?display_mode=grid HTTP/1.1" 200 64612 "-" "Mozilla/5.0 AppleWebKit/537.36 (KHTML, like Gecko; compatible; GeedoProductSearch; +http://www.geedo.com/product-search.html) Chrome/79.0.3945.88 Safari/537.36" "0.638 Seconds"
2401:4900:1c80:2453:8c20:7a00:bf19:7d4d - - [01/Apr/2025:17:32:56 +0800] "POST /wp-admin/admin-ajax.php HTTP/1.1" 200 31 "https://bt-miners.com/products/canaan-avalon-nano-3s-bitcoin-miner-6th-s-bt-miners/" "Mozilla/5.0 (Windows NT 10.0; Win64; x64) AppleWebKit/537.36 (KHTML, like Gecko) Chrome/134.0.0.0 Safari/537.36" "0.436 Seconds"
240e:3b2:3232:4a70:7058:7862:f44b:6b0 - - [01/Apr/2025:17:32:57 +0800] "POST /wp-admin/admin-ajax.php HTTP/1.1" 200 43 "https://bt-miners.com/wp-admin/post.php?post=67951&action=edit" "Mozilla/5.0 (Windows NT 10.0; Win64; x64) AppleWebKit/537.36 (KHTML, like Gecko) Chrome/119.0.0.0 Safari/537.36" "0.332 Seconds"
5.34.216.107 - - [01/Apr/2025:17:32:57 +0800] "POST /wp-admin/admin-ajax.php HTTP/1.1" 200 43 "https://bt-miners.com/wp-admin/edit-comments.php" "Mozilla/5.0 (Windows NT 10.0; Win64; x64) AppleWebKit/537.36 (KHTML, like Gecko) Chrome/134.0.0.0 Safari/537.36" "1.400 Seconds"
3.222.106.115 - - [01/Apr/2025:17:32:57 +0800] "POST /wp-admin/admin-ajax.php?action=as_async_request_queue_runner&nonce=06167e1255 HTTP/1.1" 499 0 "-" "WordPress/6.7.1; https://bt-miners.com" "0.981 Seconds"
240e:3b2:3232:4a70:7058:7862:f44b:6b0 - - [01/Apr/2025:17:32:57 +0800] "POST /wp-admin/admin-ajax.php HTTP/1.1" 200 43 "https://bt-miners.com/wp-admin/post.php?post=67951&action=edit" "Mozilla/5.0 (Windows NT 10.0; Win64; x64) AppleWebKit/537.36 (KHTML, like Gecko) Chrome/119.0.0.0 Safari/537.36" "0.715 Seconds"
5.34.216.107,5.34.216.107 - - [01/Apr/2025:17:32:57 +0800] "GET /wp-admin/edit-comments.php?paged=2 HTTP/1.1" 200 83535 "https://bt-miners.com/wp-admin/edit-comments.php" "Mozilla/5.0 (Windows NT 10.0; Win64; x64) AppleWebKit/537.36 (KHTML, like Gecko) Chrome/134.0.0.0 Safari/537.36" "2.024 Seconds"
