58.136.167.123 - - [01/Apr/2025:17:25:43 +0800] "GET /wp-content/plugins/dokan-lite/assets/vendors/font-awesome/css/font-awesome.min.css?ver=3.14.9 HTTP/1.1" 304 0 "https://bt-miners.com/products/bitmain-antminer-s21e-xp-hyd-3u-bitcoin-miner-860th-s-bt-miners/" "Mozilla/5.0 (Windows NT 10.0; Win64; x64) AppleWebKit/537.36 (KHTML, like Gecko) Chrome/134.0.0.0 Safari/537.36" "0.000 Seconds"
58.136.167.123 - - [01/Apr/2025:17:25:43 +0800] "GET /wp-content/cache/perfmatters/bt-miners.com/minify/6ceb4463ffbd.template.min.css?ver=1.0 HTTP/1.1" 304 0 "https://bt-miners.com/products/bitmain-antminer-s21e-xp-hyd-3u-bitcoin-miner-860th-s-bt-miners/" "Mozilla/5.0 (Windows NT 10.0; Win64; x64) AppleWebKit/537.36 (KHTML, like Gecko) Chrome/134.0.0.0 Safari/537.36" "0.000 Seconds"
58.136.167.123 - - [01/Apr/2025:17:25:43 +0800] "GET /wp-content/cache/perfmatters/bt-miners.com/minify/5e9d70d72dbb.themify-icons.min.css?ver=1.0.0 HTTP/1.1" 304 0 "https://bt-miners.com/products/bitmain-antminer-s21e-xp-hyd-3u-bitcoin-miner-860th-s-bt-miners/" "Mozilla/5.0 (Windows NT 10.0; Win64; x64) AppleWebKit/537.36 (KHTML, like Gecko) Chrome/134.0.0.0 Safari/537.36" "0.000 Seconds"
58.136.167.123 - - [01/Apr/2025:17:25:43 +0800] "GET /wp-content/plugins/woocommerce/assets/css/brands.css?ver=9.7.1 HTTP/1.1" 304 0 "https://bt-miners.com/products/bitmain-antminer-s21e-xp-hyd-3u-bitcoin-miner-860th-s-bt-miners/" "Mozilla/5.0 (Windows NT 10.0; Win64; x64) AppleWebKit/537.36 (KHTML, like Gecko) Chrome/134.0.0.0 Safari/537.36" "0.000 Seconds"
58.136.167.123 - - [01/Apr/2025:17:25:43 +0800] "GET /wp-content/cache/perfmatters/bt-miners.com/minify/49706804cb75.wc-quantity-increment.min.css?ver=a53d61b19d1e048adadfb3f4c418ba92 HTTP/1.1" 304 0 "https://bt-miners.com/products/bitmain-antminer-s21e-xp-hyd-3u-bitcoin-miner-860th-s-bt-miners/" "Mozilla/5.0 (Windows NT 10.0; Win64; x64) AppleWebKit/537.36 (KHTML, like Gecko) Chrome/134.0.0.0 Safari/537.36" "0.000 Seconds"
58.136.167.123 - - [01/Apr/2025:17:25:43 +0800] "GET /wp-content/plugins/wpforms/assets/pro/css/frontend/modern/wpforms-full.min.css?ver=1.9.2.3 HTTP/1.1" 304 0 "https://bt-miners.com/products/bitmain-antminer-s21e-xp-hyd-3u-bitcoin-miner-860th-s-bt-miners/" "Mozilla/5.0 (Windows NT 10.0; Win64; x64) AppleWebKit/537.36 (KHTML, like Gecko) Chrome/134.0.0.0 Safari/537.36" "0.000 Seconds"
58.136.167.123 - - [01/Apr/2025:17:25:43 +0800] "GET /wp-content/plugins/dokan-lite/assets/vendors/izimodal/iziModal.min.css?ver=1740974858 HTTP/1.1" 304 0 "https://bt-miners.com/products/bitmain-antminer-s21e-xp-hyd-3u-bitcoin-miner-860th-s-bt-miners/" "Mozilla/5.0 (Windows NT 10.0; Win64; x64) AppleWebKit/537.36 (KHTML, like Gecko) Chrome/134.0.0.0 Safari/537.36" "0.000 Seconds"
58.136.167.123 - - [01/Apr/2025:17:25:43 +0800] "GET /wp-content/plugins/woo-product-gallery-slider/assets/css/jquery.fancybox.min.css?ver=2.3.14 HTTP/1.1" 304 0 "https://bt-miners.com/products/bitmain-antminer-s21e-xp-hyd-3u-bitcoin-miner-860th-s-bt-miners/" "Mozilla/5.0 (Windows NT 10.0; Win64; x64) AppleWebKit/537.36 (KHTML, like Gecko) Chrome/134.0.0.0 Safari/537.36" "0.000 Seconds"
58.136.167.123 - - [01/Apr/2025:17:25:43 +0800] "GET /wp-content/cache/perfmatters/bt-miners.com/minify/633d5f473903.style.min.css?ver=a53d61b19d1e048adadfb3f4c418ba92 HTTP/1.1" 304 0 "https://bt-miners.com/products/bitmain-antminer-s21e-xp-hyd-3u-bitcoin-miner-860th-s-bt-miners/" "Mozilla/5.0 (Windows NT 10.0; Win64; x64) AppleWebKit/537.36 (KHTML, like Gecko) Chrome/134.0.0.0 Safari/537.36" "0.000 Seconds"
3.222.106.115 - - [01/Apr/2025:17:25:44 +0800] "POST /wp-admin/admin-ajax.php?action=as_async_request_queue_runner&nonce=a32489e6a4 HTTP/1.1" 499 0 "-" "WordPress/6.7.1; https://bt-miners.com" "0.980 Seconds"
58.136.167.123 - - [01/Apr/2025:17:25:44 +0800] "POST /wp-admin/admin-ajax.php HTTP/1.1" 200 31 "https://bt-miners.com/products/bitmain-antminer-s21e-xp-hyd-3u-bitcoin-miner-860th-s-bt-miners/" "Mozilla/5.0 (Windows NT 10.0; Win64; x64) AppleWebKit/537.36 (KHTML, like Gecko) Chrome/134.0.0.0 Safari/537.36" "1.433 Seconds"
20.15.133.191,20.15.133.191 - - [01/Apr/2025:17:25:45 +0800] "GET /?s=monkey+with+hands+on+head+meme HTTP/1.1" 200 56778 "-" "Mozilla/5.0 AppleWebKit/537.36 (KHTML, like Gecko; compatible; bingbot/2.0; +http://www.bing.com/bingbot.htm) Chrome/116.0.1938.76 Safari/537.36" "0.471 Seconds"
83.99.151.69,83.99.151.69 - - [01/Apr/2025:17:25:45 +0800] "GET /collections/miner-category/page/18/ HTTP/1.1" 200 63022 "-" "Mozilla/5.0 AppleWebKit/537.36 (KHTML, like Gecko; compatible; GeedoProductSearch; +http://www.geedo.com/product-search.html) Chrome/79.0.3945.88 Safari/537.36" "0.740 Seconds"
2a00:fbc:eed8:9eaa::2 - - [01/Apr/2025:17:25:46 +0800] "POST /wp-admin/admin-ajax.php HTTP/1.1" 200 31 "https://bt-miners.com/products/bitmain-antminer-s21-hyd-bitcoin-miner-335th-s-bt-miners-2/" "Mozilla/5.0 (Linux; Android 10; K) AppleWebKit/537.36 (KHTML, like Gecko) Chrome/134.0.0.0 Mobile Safari/537.36" "0.459 Seconds"
5.255.231.87,5.255.231.87 - - [01/Apr/2025:17:25:48 +0800] "GET /products/goldshell-hs5-handshake-siacoin-miner/ HTTP/1.1" 301 5 "-" "Mozilla/5.0 (compatible; YandexMarket/2.0; +http://yandex.com/bots)" "0.373 Seconds"
3.222.106.115 - - [01/Apr/2025:17:25:50 +0800] "POST /wp-cron.php?doing_wp_cron=1743499550.1207759380340576171875 HTTP/1.1" 200 31 "-" "WordPress/6.7.1; https://bt-miners.com" "0.000 Seconds"
2a01:4f8:1c1c:11aa::1,2a01:4f8:1c1c:11aa::1 - - [01/Apr/2025:17:25:50 +0800] "HEAD /?debug=uptimerobot HTTP/1.1" 200 0 "https://bt-miners.com/?debug=uptimerobot" "Mozilla/5.0+(compatible; UptimeRobot/2.0; http://www.uptimerobot.com/)" "0.328 Seconds"
2a01:4f8:1c1b:5b5a::1,2a01:4f8:1c1b:5b5a::1 - - [01/Apr/2025:17:25:51 +0800] "HEAD /wp-admin/?debug=uptimerobot HTTP/1.1" 302 0 "https://bt-miners.com/wp-admin/?debug=uptimerobot" "Mozilla/5.0+(compatible; UptimeRobot/2.0; http://www.uptimerobot.com/)" "0.310 Seconds"
212.107.29.89 - - [01/Apr/2025:17:25:51 +0800] "POST /wp-admin/admin-ajax.php HTTP/1.1" 200 43 "https://bt-miners.com/wp-admin/post.php?post=70267&action=edit" "Mozilla/5.0 (Windows NT 10.0; Win64; x64) AppleWebKit/537.36 (KHTML, like Gecko) Chrome/134.0.0.0 Safari/537.36" "0.429 Seconds"
54.158.124.156,54.158.124.156 - - [01/Apr/2025:17:25:51 +0800] "GET /?debug=kuma-uptime HTTP/1.1" 200 89452 "-" "Uptime-Kuma/1.23.16" "1.741 Seconds"
2a01:4f8:1c1b:5b5a::1,2a01:4f8:1c1b:5b5a::1 - - [01/Apr/2025:17:25:51 +0800] "HEAD /wp-login.php?redirect_to=https%3A%2F%2Fbt-miners.com%2Fwp-admin%2F%3Fdebug%3Duptimerobot&reauth=1 HTTP/1.1" 200 0 "https://bt-miners.com/wp-admin/?debug=uptimerobot" "Mozilla/5.0+(compatible; UptimeRobot/2.0; http://www.uptimerobot.com/)" "0.317 Seconds"
2a00:fbc:eed8:9eaa::2 - - [01/Apr/2025:17:25:51 +0800] "GET /wp-content/themes/azuri/assets/images/play.svg HTTP/1.1" 304 0 "https://bt-miners.com/" "Mozilla/5.0 (Linux; Android 10; K) AppleWebKit/537.36 (KHTML, like Gecko) Chrome/134.0.0.0 Mobile Safari/537.36" "0.000 Seconds"
54.158.124.156,54.158.124.156 - - [01/Apr/2025:17:25:53 +0800] "GET /wp-json/wc/v3/products/65550?BTAPP=0ab500a390125fa362f93b5a7ce1a11b&timestamp=1743499553000&consumer_key=ck_ade8bae15651a682b134a4548eadbbbc1a6b9b32&consumer_secret=cs_153aa96005761ebbf3fa0294cabc7b8a25ce374b HTTP/1.1" 200 17080 "-" "WordPress/6.7.2; https://miner-prof.btpayments.io" "0.467 Seconds"
240e:3b2:3232:4a70:7058:7862:f44b:6b0 - - [01/Apr/2025:17:25:54 +0800] "POST /wp-admin/admin-ajax.php HTTP/1.1" 200 31 "https://bt-miners.com/wp-admin/" "Mozilla/5.0 (Windows NT 10.0; Win64; x64) AppleWebKit/537.36 (KHTML, like Gecko) Chrome/119.0.0.0 Safari/537.36" "0.407 Seconds"
3.222.106.115 - - [01/Apr/2025:17:25:54 +0800] "POST /wp-cron.php?doing_wp_cron=1743499554.5254199504852294921875 HTTP/1.1" 200 31 "-" "WordPress/6.7.1; https://bt-miners.com" "0.000 Seconds"
83.99.151.69,83.99.151.69 - - [01/Apr/2025:17:25:54 +0800] "GET /collections/algo/equihash-hardware/?display_mode=list HTTP/1.1" 200 64702 "-" "Mozilla/5.0 AppleWebKit/537.36 (KHTML, like Gecko; compatible; GeedoProductSearch; +http://www.geedo.com/product-search.html) Chrome/79.0.3945.88 Safari/537.36" "0.570 Seconds"
170.187.181.77,170.187.181.77 - - [01/Apr/2025:17:25:57 +0800] "GET /wp-json/wc/v3/orders?consumer_key=ck_4e1503f04eb840b3b73d9daa3e525278f841aab1&consumer_secret=cs_6254cf6ff8478d7fed5a361d493cb16083052f4a HTTP/1.1" 200 57600 "-" "Mozilla/5.0 (Windows NT 10.0; Win64; x64) AppleWebKit/537.36 (KHTML, like Gecko) Chrome/134.0.0.0 Safari/537.36" "0.528 Seconds"
2a00:fbc:eed8:9eaa::2,2a00:fbc:eed8:9eaa::2 - - [01/Apr/2025:17:25:59 +0800] "GET /products/coolwallet-pro/ HTTP/1.1" 200 89922 "https://bt-miners.com/" "Mozilla/5.0 (Linux; Android 10; K) AppleWebKit/537.36 (KHTML, like Gecko) Chrome/134.0.0.0 Mobile Safari/537.36" "0.749 Seconds"
2a01:4f8:c2c:beae::1,2a01:4f8:c2c:beae::1 - - [01/Apr/2025:17:26:02 +0800] "HEAD / HTTP/1.1" 200 0 "https://bt-miners.com/" "Mozilla/5.0+(compatible; UptimeRobot/2.0; http://www.uptimerobot.com/)" "0.346 Seconds"
170.187.181.77 - - [01/Apr/2025:17:26:02 +0800] "POST /wp-admin/admin-ajax.php HTTP/1.1" 200 43 "https://bt-miners.com/wp-admin/admin.php?page=wc-settings&tab=advanced&section=keys" "Mozilla/5.0 (Windows NT 10.0; Win64; x64) AppleWebKit/537.36 (KHTML, like Gecko) Chrome/134.0.0.0 Safari/537.36" "0.416 Seconds"
193.32.126.226 - - [01/Apr/2025:17:26:03 +0800] "POST /wp-login.php HTTP/1.1" 503 18961 "https://bt-miners.com/wp-admin/" "Mozilla/5.0 (Windows NT 10.0; Win64; x64) AppleWebKit/537.36 (KHTML, like Gecko) Chrome/90.0.4430.85 Safari/537.36" "0.585 Seconds"
193.32.126.226,193.32.126.226 - - [01/Apr/2025:17:26:04 +0800] "GET /wp-admin/ HTTP/1.1" 503 18963 "www.google.com" "Mozilla/5.0 (Windows NT 10.0; Win64; x64) AppleWebKit/537.36 (KHTML, like Gecko) Chrome/90.0.4430.85 Safari/537.36" "0.236 Seconds"
83.99.151.69,83.99.151.69 - - [01/Apr/2025:17:26:04 +0800] "GET /collections/alephium-miner/page/2/?display_mode=grid HTTP/1.1" 200 64511 "-" "Mozilla/5.0 AppleWebKit/537.36 (KHTML, like Gecko; compatible; GeedoProductSearch; +http://www.geedo.com/product-search.html) Chrome/79.0.3945.88 Safari/537.36" "0.518 Seconds"
2a00:fbc:eed8:9eaa::2,2a00:fbc:eed8:9eaa::2 - - [01/Apr/2025:17:26:06 +0800] "GET /new-miner-released-goldshell-byte-versatile-compact-mining-solution/ HTTP/1.1" 200 64520 "https://bt-miners.com/" "Mozilla/5.0 (Linux; Android 10; K) AppleWebKit/537.36 (KHTML, like Gecko) Chrome/134.0.0.0 Mobile Safari/537.36" "0.559 Seconds"
240e:3b2:3232:4a70:7058:7862:f44b:6b0 - - [01/Apr/2025:17:26:10 +0800] "POST /wp-admin/admin-ajax.php HTTP/1.1" 200 31 "https://bt-miners.com/wp-admin/" "Mozilla/5.0 (Windows NT 10.0; Win64; x64) AppleWebKit/537.36 (KHTML, like Gecko) Chrome/119.0.0.0 Safari/537.36" "0.411 Seconds"
54.158.124.156,54.158.124.156 - - [01/Apr/2025:17:26:13 +0800] "GET /?debug=kuma-uptime HTTP/1.1" 200 89382 "-" "Uptime-Kuma/1.23.16" "1.606 Seconds"
2a00:fbc:eed8:9eaa::2,2a00:fbc:eed8:9eaa::2 - - [01/Apr/2025:17:26:13 +0800] "GET /news-dxpool-ae-box-ii-mining-subsidy-event/ HTTP/1.1" 200 60326 "https://bt-miners.com/" "Mozilla/5.0 (Linux; Android 10; K) AppleWebKit/537.36 (KHTML, like Gecko) Chrome/134.0.0.0 Mobile Safari/537.36" "0.552 Seconds"
212.107.29.89 - - [01/Apr/2025:17:26:13 +0800] "POST /wp-admin/admin-ajax.php HTTP/1.1" 200 43 "https://bt-miners.com/wp-admin/post.php?post=70804&action=edit" "Mozilla/5.0 (Windows NT 10.0; Win64; x64) AppleWebKit/537.36 (KHTML, like Gecko) Chrome/122.0.0.0 Safari/537.36" "0.406 Seconds"
212.107.29.89 - - [01/Apr/2025:17:26:14 +0800] "POST /wp-admin/admin-ajax.php HTTP/1.1" 200 43 "https://bt-miners.com/wp-admin/options-general.php?page=perfmatters" "Mozilla/5.0 (Windows NT 10.0; Win64; x64) AppleWebKit/537.36 (KHTML, like Gecko) Chrome/122.0.0.0 Safari/537.36" "0.762 Seconds"
212.107.29.89 - - [01/Apr/2025:17:26:14 +0800] "POST /wp-admin/admin-ajax.php HTTP/1.1" 200 43 "https://bt-miners.com/wp-admin/options-general.php?page=cloudflare" "Mozilla/5.0 (Windows NT 10.0; Win64; x64) AppleWebKit/537.36 (KHTML, like Gecko) Chrome/122.0.0.0 Safari/537.36" "1.101 Seconds"
83.99.151.69,83.99.151.69 - - [01/Apr/2025:17:26:15 +0800] "GET /shop/page/23/?display_mode=list HTTP/1.1" 200 67441 "-" "Mozilla/5.0 AppleWebKit/537.36 (KHTML, like Gecko; compatible; GeedoProductSearch; +http://www.geedo.com/product-search.html) Chrome/79.0.3945.88 Safari/537.36" "0.768 Seconds"
3.222.106.115 - - [01/Apr/2025:17:26:18 +0800] "POST /wp-cron.php?doing_wp_cron=1743499578.7564570903778076171875 HTTP/1.1" 200 31 "-" "WordPress/6.7.1; https://bt-miners.com" "0.000 Seconds"
2401:4900:1c68:53b8:50b5:f0aa:2647:e8d5,54.38.96.38 - - [01/Apr/2025:17:26:19 +0800] "POST /wp-login.php HTTP/1.1" 200 4004 "-" "Mozilla/4.0 (compatible; MSIE 6.0; Windows NT 5.0)" "0.730 Seconds"
3.222.106.115 - - [01/Apr/2025:17:26:20 +0800] "POST /wp-cron.php?doing_wp_cron=1743499580.3388700485229492187500 HTTP/1.1" 200 31 "-" "WordPress/6.7.1; https://bt-miners.com" "0.000 Seconds"
52.167.144.204,52.167.144.204 - - [01/Apr/2025:17:26:20 +0800] "GET /wp-admin/plugins.php HTTP/1.1" 302 5 "-" "Mozilla/5.0 AppleWebKit/537.36 (KHTML, like Gecko; compatible; bingbot/2.0; +http://www.bing.com/bingbot.htm) Chrome/116.0.1938.76 Safari/537.36" "0.431 Seconds"
52.167.144.204,52.167.144.204 - - [01/Apr/2025:17:26:21 +0800] "GET /wp-login.php?redirect_to=https%3A%2F%2Fbt-miners.com%2Fwp-admin%2Fplugins.php&reauth=1 HTTP/1.1" 200 3876 "-" "Mozilla/5.0 AppleWebKit/537.36 (KHTML, like Gecko; compatible; bingbot/2.0; +http://www.bing.com/bingbot.htm) Chrome/116.0.1938.76 Safari/537.36" "0.322 Seconds"
83.99.151.69,83.99.151.69 - - [01/Apr/2025:17:26:24 +0800] "GET /products/ibelink-bm-ks-max-kadena-miner-10-5th-s-3400w-with-power-supply-bt-miners/ HTTP/1.1" 301 5 "-" "Mozilla/5.0 AppleWebKit/537.36 (KHTML, like Gecko; compatible; GeedoProductSearch; +http://www.geedo.com/product-search.html) Chrome/79.0.3945.88 Safari/537.36" "0.374 Seconds"
3.222.106.115 - - [01/Apr/2025:17:26:29 +0800] "POST /wp-cron.php?doing_wp_cron=1743499589.5872390270233154296875 HTTP/1.1" 200 31 "-" "WordPress/6.7.1; https://bt-miners.com" "0.000 Seconds"
212.107.29.89 - - [01/Apr/2025:17:26:29 +0800] "POST /wp-admin/admin-ajax.php HTTP/1.1" 200 31 "https://bt-miners.com/wp-admin/post.php?post=70804&action=edit" "Mozilla/5.0 (Windows NT 10.0; Win64; x64) AppleWebKit/537.36 (KHTML, like Gecko) Chrome/122.0.0.0 Safari/537.36" "0.481 Seconds"
3.222.106.115 - - [01/Apr/2025:17:26:32 +0800] "POST /wp-cron.php?doing_wp_cron=1743499592.6883211135864257812500 HTTP/1.1" 200 31 "-" "WordPress/6.7.1; https://bt-miners.com" "0.000 Seconds"
27.119.30.203,54.37.215.163 - - [01/Apr/2025:17:26:33 +0800] "POST /wp-login.php HTTP/1.1" 200 4004 "-" "Mozilla/4.0 (compatible; MSIE 6.0; Windows NT 5.0)" "0.711 Seconds"
67.189.107.113,67.189.107.113 - - [01/Apr/2025:17:26:34 +0800] "GET /collections/eth-miners/ HTTP/1.1" 301 5 "https://bt-miners.com/collections/altcoin-mining-hardware/" "Mozilla/5.0 (Windows NT 10.0; Win64; x64) AppleWebKit/537.36 (KHTML, like Gecko) Chrome/128.0.0.0 Safari/537.36" "0.315 Seconds"
83.99.151.69,83.99.151.69 - - [01/Apr/2025:17:26:34 +0800] "GET /wp-login.php?redirect_to=https%3A%2F%2Fbt-miners.com%2Fbitcoin-miners-pivot-to-data-center-operations-amid-ai-boom%2F HTTP/1.1" 200 3897 "-" "Mozilla/5.0 AppleWebKit/537.36 (KHTML, like Gecko; compatible; GeedoProductSearch; +http://www.geedo.com/product-search.html) Chrome/79.0.3945.88 Safari/537.36" "0.353 Seconds"
54.158.124.156,54.158.124.156 - - [01/Apr/2025:17:26:34 +0800] "GET /?debug=kuma-uptime HTTP/1.1" 200 89367 "-" "Uptime-Kuma/1.23.16" "1.597 Seconds"
5.34.216.107,5.34.216.107 - - [01/Apr/2025:17:26:38 +0800] "GET /repair/ HTTP/1.1" 200 41841 "https://bt-miners.com/about-bitcoinbtc/" "Mozilla/5.0 (Windows NT 10.0; Win64; x64) AppleWebKit/537.36 (KHTML, like Gecko) Chrome/134.0.0.0 Safari/537.36" "0.344 Seconds"
5.34.216.107,5.34.216.107 - - [01/Apr/2025:17:26:38 +0800] "GET /cost-calculator/ HTTP/1.1" 200 41186 "https://bt-miners.com/about-bitcoinbtc/" "Mozilla/5.0 (Windows NT 10.0; Win64; x64) AppleWebKit/537.36 (KHTML, like Gecko) Chrome/134.0.0.0 Safari/537.36" "0.320 Seconds"
5.34.216.107,5.34.216.107 - - [01/Apr/2025:17:26:39 +0800] "GET /btc-mining-earnings-calculator/ HTTP/1.1" 200 83377 "https://bt-miners.com/about-bitcoinbtc/" "Mozilla/5.0 (Windows NT 10.0; Win64; x64) AppleWebKit/537.36 (KHTML, like Gecko) Chrome/134.0.0.0 Safari/537.36" "0.503 Seconds"
5.34.216.107,5.34.216.107 - - [01/Apr/2025:17:26:40 +0800] "GET /btc-mining-earnings-calculator/ HTTP/1.1" 200 83303 "https://bt-miners.com/about-bitcoinbtc/" "Mozilla/5.0 (Windows NT 10.0; Win64; x64) AppleWebKit/537.36 (KHTML, like Gecko) Chrome/134.0.0.0 Safari/537.36" "0.364 Seconds"
5.34.216.107,5.34.216.107 - - [01/Apr/2025:17:26:40 +0800] "GET /miner-consignment/ HTTP/1.1" 200 43912 "https://bt-miners.com/about-bitcoinbtc/" "Mozilla/5.0 (Windows NT 10.0; Win64; x64) AppleWebKit/537.36 (KHTML, like Gecko) Chrome/134.0.0.0 Safari/537.36" "0.342 Seconds"
5.34.216.107 - - [01/Apr/2025:17:26:40 +0800] "GET /wp-content/cache/perfmatters/bt-miners.com/minify/6f5323d6ef91.new-earnings-calculator.min.css HTTP/1.1" 200 4256 "https://bt-miners.com/btc-mining-earnings-calculator/" "Mozilla/5.0 (Windows NT 10.0; Win64; x64) AppleWebKit/537.36 (KHTML, like Gecko) Chrome/134.0.0.0 Safari/537.36" "0.000 Seconds"
5.34.216.107 - - [01/Apr/2025:17:26:40 +0800] "GET /wp-content/plugins/wp-whatsapp/assets/dist/css/style.css?ver=6.7.1 HTTP/1.1" 304 0 "https://bt-miners.com/btc-mining-earnings-calculator/" "Mozilla/5.0 (Windows NT 10.0; Win64; x64) AppleWebKit/537.36 (KHTML, like Gecko) Chrome/134.0.0.0 Safari/537.36" "0.000 Seconds"
109.230.55.105,54.38.96.37 - - [01/Apr/2025:17:26:40 +0800] "POST /wp-login.php HTTP/1.1" 200 4004 "-" "Mozilla/4.0 (compatible; MSIE 6.0; Windows NT 5.0)" "0.669 Seconds"
5.34.216.107 - - [01/Apr/2025:17:26:40 +0800] "GET /wjcss/bootstrap.4.3.1.min.css HTTP/1.1" 200 126016 "https://bt-miners.com/btc-mining-earnings-calculator/" "Mozilla/5.0 (Windows NT 10.0; Win64; x64) AppleWebKit/537.36 (KHTML, like Gecko) Chrome/134.0.0.0 Safari/537.36" "0.001 Seconds"
240e:3b2:3232:4a70:7058:7862:f44b:6b0 - - [01/Apr/2025:17:26:41 +0800] "POST /wp-admin/admin-ajax.php HTTP/1.1" 200 43 "https://bt-miners.com/wp-admin/post.php?post=67951&action=edit" "Mozilla/5.0 (Windows NT 10.0; Win64; x64) AppleWebKit/537.36 (KHTML, like Gecko) Chrome/119.0.0.0 Safari/537.36" "0.393 Seconds"
5.34.216.107 - - [01/Apr/2025:17:26:41 +0800] "GET /wjjs/popper.min.1.15.js HTTP/1.1" 200 21165 "https://bt-miners.com/btc-mining-earnings-calculator/" "Mozilla/5.0 (Windows NT 10.0; Win64; x64) AppleWebKit/537.36 (KHTML, like Gecko) Chrome/134.0.0.0 Safari/537.36" "0.000 Seconds"
5.34.216.107 - - [01/Apr/2025:17:26:41 +0800] "GET /wjjs/bootstrap.min.4.3.1.js HTTP/1.1" 200 58078 "https://bt-miners.com/btc-mining-earnings-calculator/" "Mozilla/5.0 (Windows NT 10.0; Win64; x64) AppleWebKit/537.36 (KHTML, like Gecko) Chrome/134.0.0.0 Safari/537.36" "0.000 Seconds"
5.34.216.107 - - [01/Apr/2025:17:26:41 +0800] "GET /wjjs/jquery.js HTTP/1.1" 304 0 "https://bt-miners.com/btc-mining-earnings-calculator/" "Mozilla/5.0 (Windows NT 10.0; Win64; x64) AppleWebKit/537.36 (KHTML, like Gecko) Chrome/134.0.0.0 Safari/537.36" "0.000 Seconds"
240e:3b2:3232:4a70:7058:7862:f44b:6b0 - - [01/Apr/2025:17:26:41 +0800] "POST /wp-admin/admin-ajax.php HTTP/1.1" 200 43 "https://bt-miners.com/wp-admin/post.php?post=67951&action=edit" "Mozilla/5.0 (Windows NT 10.0; Win64; x64) AppleWebKit/537.36 (KHTML, like Gecko) Chrome/119.0.0.0 Safari/537.36" "0.702 Seconds"
170.187.181.77 - - [01/Apr/2025:17:26:42 +0800] "POST /wp-admin/admin-ajax.php HTTP/1.1" 200 58 "https://bt-miners.com/wp-admin/admin.php?page=wc-settings&tab=advanced&section=keys" "Mozilla/5.0 (Windows NT 10.0; Win64; x64) AppleWebKit/537.36 (KHTML, like Gecko) Chrome/134.0.0.0 Safari/537.36" "0.391 Seconds"
47.128.16.152,47.128.16.152 - - [01/Apr/2025:17:26:44 +0800] "GET /collections/crypto-merchandis/hats/page/2/ HTTP/1.1" 200 64966 "-" "Mozilla/5.0 (Linux; Android 5.0) AppleWebKit/537.36 (KHTML, like Gecko) Mobile Safari/537.36 (compatible; TikTokSpider; ttspider-feedback@tiktok.com)" "0.686 Seconds"
212.107.29.89 - - [01/Apr/2025:17:26:45 +0800] "POST /wp-admin/admin-ajax.php HTTP/1.1" 200 31 "https://bt-miners.com/wp-admin/post.php?post=70804&action=edit" "Mozilla/5.0 (Windows NT 10.0; Win64; x64) AppleWebKit/537.36 (KHTML, like Gecko) Chrome/122.0.0.0 Safari/537.36" "0.416 Seconds"
240e:3b2:3232:4a70:7058:7862:f44b:6b0 - - [01/Apr/2025:17:26:48 +0800] "POST /wp-admin/admin-ajax.php HTTP/1.1" 200 58 "https://bt-miners.com/wp-admin/" "Mozilla/5.0 (Windows NT 10.0; Win64; x64) AppleWebKit/537.36 (KHTML, like Gecko) Chrome/119.0.0.0 Safari/537.36" "0.428 Seconds"
240e:3b2:3232:4a70:7058:7862:f44b:6b0 - - [01/Apr/2025:17:26:48 +0800] "POST /wp-admin/admin-ajax.php HTTP/1.1" 400 11 "https://bt-miners.com/wp-admin/" "Mozilla/5.0 (Windows NT 10.0; Win64; x64) AppleWebKit/537.36 (KHTML, like Gecko) Chrome/119.0.0.0 Safari/537.36" "0.402 Seconds"
3.222.106.115 - - [01/Apr/2025:17:26:51 +0800] "POST /wp-cron.php?doing_wp_cron=1743499611.2957270145416259765625 HTTP/1.1" 200 31 "-" "WordPress/6.7.1; https://bt-miners.com" "0.000 Seconds"
212.107.29.89 - - [01/Apr/2025:17:26:51 +0800] "POST /wp-admin/admin-ajax.php HTTP/1.1" 200 43 "https://bt-miners.com/wp-admin/post.php?post=70267&action=edit" "Mozilla/5.0 (Windows NT 10.0; Win64; x64) AppleWebKit/537.36 (KHTML, like Gecko) Chrome/134.0.0.0 Safari/537.36" "0.444 Seconds"
83.99.151.64,83.99.151.64 - - [01/Apr/2025:17:26:53 +0800] "GET /daily-income-of-miners HTTP/1.1" 301 5 "-" "Mozilla/5.0 AppleWebKit/537.36 (KHTML, like Gecko; compatible; GeedoProductSearch; +http://www.geedo.com/product-search.html) Chrome/79.0.3945.88 Safari/537.36" "0.344 Seconds"
3.222.106.115 - - [01/Apr/2025:17:26:55 +0800] "POST /wp-cron.php?doing_wp_cron=1743499615.2110168933868408203125 HTTP/1.1" 200 31 "-" "WordPress/6.7.1; https://bt-miners.com" "0.001 Seconds"
54.158.124.156,54.158.124.156 - - [01/Apr/2025:17:26:56 +0800] "GET /?debug=kuma-uptime HTTP/1.1" 200 89374 "-" "Uptime-Kuma/1.23.16" "1.681 Seconds"
2a01:4f8:c013:34c0::1,2a01:4f8:c013:34c0::1 - - [01/Apr/2025:17:26:56 +0800] "HEAD /wp-admin/?debug=uptimerobot HTTP/1.1" 302 0 "https://bt-miners.com/wp-admin/?debug=uptimerobot" "Mozilla/5.0+(compatible; UptimeRobot/2.0; http://www.uptimerobot.com/)" "0.397 Seconds"
2a01:4f8:c0c:83fa::1,2a01:4f8:c0c:83fa::1 - - [01/Apr/2025:17:26:56 +0800] "HEAD /?debug=uptimerobot HTTP/1.1" 200 0 "https://bt-miners.com/?debug=uptimerobot" "Mozilla/5.0+(compatible; UptimeRobot/2.0; http://www.uptimerobot.com/)" "0.309 Seconds"
240e:3b2:3232:4a70:7058:7862:f44b:6b0 - - [01/Apr/2025:17:26:57 +0800] "POST /wp-admin/admin-ajax.php HTTP/1.1" 200 43 "https://bt-miners.com/wp-admin/post.php?post=67951&action=edit" "Mozilla/5.0 (Windows NT 10.0; Win64; x64) AppleWebKit/537.36 (KHTML, like Gecko) Chrome/119.0.0.0 Safari/537.36" "0.337 Seconds"
2a01:4f8:c013:34c0::1,2a01:4f8:c013:34c0::1 - - [01/Apr/2025:17:26:57 +0800] "HEAD /wp-login.php?redirect_to=https%3A%2F%2Fbt-miners.com%2Fwp-admin%2F%3Fdebug%3Duptimerobot&reauth=1 HTTP/1.1" 200 0 "https://bt-miners.com/wp-admin/?debug=uptimerobot" "Mozilla/5.0+(compatible; UptimeRobot/2.0; http://www.uptimerobot.com/)" "0.321 Seconds"
240e:3b2:3232:4a70:7058:7862:f44b:6b0 - - [01/Apr/2025:17:26:57 +0800] "POST /wp-admin/admin-ajax.php HTTP/1.1" 200 43 "https://bt-miners.com/wp-admin/post.php?post=67951&action=edit" "Mozilla/5.0 (Windows NT 10.0; Win64; x64) AppleWebKit/537.36 (KHTML, like Gecko) Chrome/119.0.0.0 Safari/537.36" "0.686 Seconds"
5.34.216.107,5.34.216.107 - - [01/Apr/2025:17:27:00 +0800] "GET /etc-earnings-calculator/ HTTP/1.1" 200 83221 "https://bt-miners.com/btc-mining-earnings-calculator/" "Mozilla/5.0 (Windows NT 10.0; Win64; x64) AppleWebKit/537.36 (KHTML, like Gecko) Chrome/134.0.0.0 Safari/537.36" "0.356 Seconds"
212.107.29.89 - - [01/Apr/2025:17:27:01 +0800] "POST /wp-admin/admin-ajax.php HTTP/1.1" 200 31 "https://bt-miners.com/wp-admin/post.php?post=70804&action=edit" "Mozilla/5.0 (Windows NT 10.0; Win64; x64) AppleWebKit/537.36 (KHTML, like Gecko) Chrome/122.0.0.0 Safari/537.36" "0.435 Seconds"
170.187.181.77 - - [01/Apr/2025:17:27:02 +0800] "POST /wp-admin/admin-ajax.php HTTP/1.1" 200 43 "https://bt-miners.com/wp-admin/admin.php?page=wc-settings&tab=advanced&section=keys" "Mozilla/5.0 (Windows NT 10.0; Win64; x64) AppleWebKit/537.36 (KHTML, like Gecko) Chrome/134.0.0.0 Safari/537.36" "0.375 Seconds"
83.99.151.71,83.99.151.71 - - [01/Apr/2025:17:27:02 +0800] "GET /advantages-of-bitcoin-over-traditional-payment-systems/ HTTP/1.1" 200 60742 "-" "Mozilla/5.0 AppleWebKit/537.36 (KHTML, like Gecko; compatible; GeedoProductSearch; +http://www.geedo.com/product-search.html) Chrome/79.0.3945.88 Safari/537.36" "0.561 Seconds"
67.189.107.113,67.189.107.113 - - [01/Apr/2025:17:27:04 +0800] "GET /collections/litecoin-dogecoin-miner/page/1/ HTTP/1.1" 301 5 "https://bt-miners.com/collections/litecoin-dogecoin-miner/page/2/" "Mozilla/5.0 (Windows NT 10.0; Win64; x64) AppleWebKit/537.36 (KHTML, like Gecko) Chrome/128.0.0.0 Safari/537.36" "0.368 Seconds"
67.189.107.113,67.189.107.113 - - [01/Apr/2025:17:27:05 +0800] "GET /collections/litecoin-dogecoin-miner/page/1/ HTTP/1.1" 301 5 "https://bt-miners.com/collections/litecoin-dogecoin-miner/page/2/" "Mozilla/5.0 (Windows NT 10.0; Win64; x64) AppleWebKit/537.36 (KHTML, like Gecko) Chrome/128.0.0.0 Safari/537.36" "0.351 Seconds"
5.34.216.107,5.34.216.107 - - [01/Apr/2025:17:27:05 +0800] "GET /aleo-mining-calculator/ HTTP/1.1" 200 83657 "https://bt-miners.com/etc-earnings-calculator/" "Mozilla/5.0 (Windows NT 10.0; Win64; x64) AppleWebKit/537.36 (KHTML, like Gecko) Chrome/134.0.0.0 Safari/537.36" "0.348 Seconds"
2a01:4f8:c2c:9fc6::1,2a01:4f8:c2c:9fc6::1 - - [01/Apr/2025:17:27:07 +0800] "HEAD / HTTP/1.1" 200 0 "https://bt-miners.com/" "Mozilla/5.0+(compatible; UptimeRobot/2.0; http://www.uptimerobot.com/)" "0.364 Seconds"
240e:3b2:3232:4a70:7058:7862:f44b:6b0 - - [01/Apr/2025:17:27:13 +0800] "POST /wp-admin/admin-ajax.php HTTP/1.1" 200 43 "https://bt-miners.com/wp-admin/post.php?post=67951&action=edit" "Mozilla/5.0 (Windows NT 10.0; Win64; x64) AppleWebKit/537.36 (KHTML, like Gecko) Chrome/119.0.0.0 Safari/537.36" "0.422 Seconds"
240e:3b2:3232:4a70:7058:7862:f44b:6b0 - - [01/Apr/2025:17:27:13 +0800] "POST /wp-admin/admin-ajax.php HTTP/1.1" 200 43 "https://bt-miners.com/wp-admin/post.php?post=67951&action=edit" "Mozilla/5.0 (Windows NT 10.0; Win64; x64) AppleWebKit/537.36 (KHTML, like Gecko) Chrome/119.0.0.0 Safari/537.36" "0.750 Seconds"
83.99.151.71,83.99.151.71 - - [01/Apr/2025:17:27:13 +0800] "GET /ai-operators-tracking-bitcoin-miners-power-sources/ HTTP/1.1" 200 62236 "-" "Mozilla/5.0 AppleWebKit/537.36 (KHTML, like Gecko; compatible; GeedoProductSearch; +http://www.geedo.com/product-search.html) Chrome/79.0.3945.88 Safari/537.36" "0.517 Seconds"
3.222.106.115 - - [01/Apr/2025:17:27:17 +0800] "POST /wp-cron.php?doing_wp_cron=1743499636.9735720157623291015625 HTTP/1.1" 200 31 "-" "WordPress/6.7.1; https://bt-miners.com" "0.001 Seconds"
3.222.106.115 - - [01/Apr/2025:17:27:17 +0800] "POST /wp-cron.php?doing_wp_cron=1743499637.5160300731658935546875 HTTP/1.1" 200 31 "-" "WordPress/6.7.1; https://bt-miners.com" "0.000 Seconds"
170.187.181.77 - - [01/Apr/2025:17:27:17 +0800] "POST /wp-admin/admin-ajax.php HTTP/1.1" 200 31 "https://bt-miners.com/wp-admin/admin.php?page=wc-settings&tab=advanced&section=keys" "Mozilla/5.0 (Windows NT 10.0; Win64; x64) AppleWebKit/537.36 (KHTML, like Gecko) Chrome/134.0.0.0 Safari/537.36" "0.446 Seconds"
54.158.124.156,54.158.124.156 - - [01/Apr/2025:17:27:18 +0800] "GET /?debug=kuma-uptime HTTP/1.1" 200 89375 "-" "Uptime-Kuma/1.23.16" "1.690 Seconds"
2401:4900:1c68:53b8:50b5:f0aa:2647:e8d5,54.38.96.38 - - [01/Apr/2025:17:27:20 +0800] "POST /wp-login.php HTTP/1.1" 200 4004 "-" "Mozilla/4.0 (compatible; MSIE 6.0; Windows NT 5.0)" "0.691 Seconds"
46.203.85.61 - - [01/Apr/2025:17:27:20 +0800] "GET /wp-content/themes/azuri/assets/images/banner-btn-item.svg HTTP/1.1" 304 0 "https://bt-miners.com/" "Mozilla/5.0 (Windows NT 10.0; Win64; x64) AppleWebKit/537.36 (KHTML, like Gecko) Chrome/133.0.0.0 Safari/537.36" "0.000 Seconds"
46.203.85.61 - - [01/Apr/2025:17:27:23 +0800] "GET /wp-content/themes/azuri/assets/js/swiper.min.js HTTP/1.1" 304 0 "https://bt-miners.com/" "Mozilla/5.0 (Windows NT 10.0; Win64; x64) AppleWebKit/537.36 (KHTML, like Gecko) Chrome/133.0.0.0 Safari/537.36" "0.000 Seconds"
46.203.85.61 - - [01/Apr/2025:17:27:23 +0800] "GET /wp-content/cache/perfmatters/bt-miners.com/minify/2df60b8923d6.home.min.js HTTP/1.1" 304 0 "https://bt-miners.com/" "Mozilla/5.0 (Windows NT 10.0; Win64; x64) AppleWebKit/537.36 (KHTML, like Gecko) Chrome/133.0.0.0 Safari/537.36" "0.000 Seconds"
83.99.151.71,83.99.151.71 - - [01/Apr/2025:17:27:24 +0800] "GET /collections/hoodies/?display_mode=grid HTTP/1.1" 200 65078 "-" "Mozilla/5.0 AppleWebKit/537.36 (KHTML, like Gecko; compatible; GeedoProductSearch; +http://www.geedo.com/product-search.html) Chrome/79.0.3945.88 Safari/537.36" "1.979 Seconds"
52.167.144.230,52.167.144.230 - - [01/Apr/2025:17:27:24 +0800] "GET /?s=frbxgood+investmentx HTTP/1.1" 200 56754 "-" "Mozilla/5.0 AppleWebKit/537.36 (KHTML, like Gecko; compatible; bingbot/2.0; +http://www.bing.com/bingbot.htm) Chrome/116.0.1938.76 Safari/537.36" "0.532 Seconds"
46.203.85.61 - - [01/Apr/2025:17:27:27 +0800] "GET /wp-content/plugins/asgaros-forum/libs/fontawesome/css/all.min.css?ver=3.0.0 HTTP/1.1" 304 0 "https://bt-miners.com/" "Mozilla/5.0 (Windows NT 10.0; Win64; x64) AppleWebKit/537.36 (KHTML, like Gecko) Chrome/133.0.0.0 Safari/537.36" "0.000 Seconds"
46.203.85.61 - - [01/Apr/2025:17:27:27 +0800] "GET /wp-content/cache/perfmatters/bt-miners.com/minify/5eeb5664ac07.new-home.min.css HTTP/1.1" 304 0 "https://bt-miners.com/" "Mozilla/5.0 (Windows NT 10.0; Win64; x64) AppleWebKit/537.36 (KHTML, like Gecko) Chrome/133.0.0.0 Safari/537.36" "0.000 Seconds"
46.203.85.61 - - [01/Apr/2025:17:27:27 +0800] "GET /wp-content/themes/azuri/assets/css/swiper.min.css HTTP/1.1" 304 0 "https://bt-miners.com/" "Mozilla/5.0 (Windows NT 10.0; Win64; x64) AppleWebKit/537.36 (KHTML, like Gecko) Chrome/133.0.0.0 Safari/537.36" "0.000 Seconds"
46.203.85.61 - - [01/Apr/2025:17:27:28 +0800] "GET /wp-content/cache/perfmatters/bt-miners.com/minify/b06073c5a233.slick.min.css?ver=1.8.0 HTTP/1.1" 304 0 "https://bt-miners.com/" "Mozilla/5.0 (Windows NT 10.0; Win64; x64) AppleWebKit/537.36 (KHTML, like Gecko) Chrome/133.0.0.0 Safari/537.36" "0.000 Seconds"
240e:3b2:3232:4a70:7058:7862:f44b:6b0 - - [01/Apr/2025:17:27:29 +0800] "POST /wp-admin/admin-ajax.php HTTP/1.1" 200 43 "https://bt-miners.com/wp-admin/post.php?post=67951&action=edit" "Mozilla/5.0 (Windows NT 10.0; Win64; x64) AppleWebKit/537.36 (KHTML, like Gecko) Chrome/119.0.0.0 Safari/537.36" "0.420 Seconds"
74.125.208.75,74.125.208.75 - - [01/Apr/2025:17:27:29 +0800] "GET /.well-known/traffic-advice HTTP/1.1" 403 134 "-" "Chrome Privacy Preserving Prefetch Proxy" "0.000 Seconds"
240e:3b2:3232:4a70:7058:7862:f44b:6b0 - - [01/Apr/2025:17:27:29 +0800] "POST /wp-admin/admin-ajax.php HTTP/1.1" 200 43 "https://bt-miners.com/wp-admin/post.php?post=67951&action=edit" "Mozilla/5.0 (Windows NT 10.0; Win64; x64) AppleWebKit/537.36 (KHTML, like Gecko) Chrome/119.0.0.0 Safari/537.36" "0.751 Seconds"
212.107.29.89 - - [01/Apr/2025:17:27:32 +0800] "POST /wp-admin/admin-ajax.php HTTP/1.1" 200 31 "https://bt-miners.com/wp-admin/options-general.php?page=perfmatters" "Mozilla/5.0 (Windows NT 10.0; Win64; x64) AppleWebKit/537.36 (KHTML, like Gecko) Chrome/122.0.0.0 Safari/537.36" "0.432 Seconds"
170.187.181.77 - - [01/Apr/2025:17:27:32 +0800] "POST /wp-admin/admin-ajax.php HTTP/1.1" 200 43 "https://bt-miners.com/wp-admin/admin.php?page=wc-settings&tab=advanced&section=keys" "Mozilla/5.0 (Windows NT 10.0; Win64; x64) AppleWebKit/537.36 (KHTML, like Gecko) Chrome/134.0.0.0 Safari/537.36" "0.490 Seconds"
212.107.29.89 - - [01/Apr/2025:17:27:33 +0800] "POST /wp-admin/admin-ajax.php HTTP/1.1" 200 43 "https://bt-miners.com/wp-admin/post.php?post=70797&action=edit" "Mozilla/5.0 (Windows NT 10.0; Win64; x64) AppleWebKit/537.36 (KHTML, like Gecko) Chrome/122.0.0.0 Safari/537.36" "0.775 Seconds"
212.107.29.89 - - [01/Apr/2025:17:27:33 +0800] "POST /wp-admin/admin-ajax.php HTTP/1.1" 200 43 "https://bt-miners.com/wp-admin/options-general.php?page=cloudflare" "Mozilla/5.0 (Windows NT 10.0; Win64; x64) AppleWebKit/537.36 (KHTML, like Gecko) Chrome/122.0.0.0 Safari/537.36" "1.145 Seconds"
83.99.151.71,83.99.151.71 - - [01/Apr/2025:17:27:33 +0800] "GET /store/archinvest/ HTTP/1.1" 200 41557 "-" "Mozilla/5.0 AppleWebKit/537.36 (KHTML, like Gecko; compatible; GeedoProductSearch; +http://www.geedo.com/product-search.html) Chrome/79.0.3945.88 Safari/537.36" "0.431 Seconds"
27.119.30.203,54.37.215.163 - - [01/Apr/2025:17:27:35 +0800] "POST /wp-login.php HTTP/1.1" 200 4004 "-" "Mozilla/4.0 (compatible; MSIE 6.0; Windows NT 5.0)" "0.680 Seconds"
2601:46:c702:92f0:1940:7103:fe7e:b676,2601:46:c702:92f0:1940:7103:fe7e:b676 - - [01/Apr/2025:17:27:37 +0800] "GET /wp-json/wc/v2/list_income_product?GetCache=2&BTAPP=a5bea9605990ee6bb0ea46ce70eb2b8c&timestamp=1743499656715&Coin=All&Ele=0.1&consumer_key=ck_368292ab2d1fc81f564ec5bb31917429689244e7&consumer_secret=cs_8a3d609f77c939aa6f3912e300201e2eb55a5367 HTTP/1.1" 200 222189 "-" "Dart/3.5 (dart:io)" "0.160 Seconds"
76.124.155.30,76.124.155.30 - - [01/Apr/2025:17:27:37 +0800] "GET /wp-json/wc/v2/list_income_product?GetCache=2&BTAPP=92a7ced828a44a78891ccd586ce83c9c&timestamp=1743499656722&Coin=All&Ele=0.1&consumer_key=ck_368292ab2d1fc81f564ec5bb31917429689244e7&consumer_secret=cs_8a3d609f77c939aa6f3912e300201e2eb55a5367 HTTP/1.1" 200 222189 "-" "Dart/3.5 (dart:io)" "0.127 Seconds"
76.124.155.30,76.124.155.30 - - [01/Apr/2025:17:27:37 +0800] "GET /wp-json/api/flutter_forum/index?BTAPP=1bb7da331ba684c516addee855e30387&timestamp=1743499656708 HTTP/1.1" 200 2070 "-" "Dart/3.5 (dart:io)" "0.161 Seconds"
76.124.155.30,76.124.155.30 - - [01/Apr/2025:17:27:37 +0800] "GET /wp-json/api/flutter_forum/topics?BTAPP=36e426eb1e1b119aca6907dccb99bac8&timestamp=1743499657178&topics_id=7 HTTP/1.1" 200 5938 "-" "Dart/3.5 (dart:io)" "0.155 Seconds"
5.34.216.107,5.34.216.107 - - [01/Apr/2025:17:27:39 +0800] "GET /collections/eth-miners/ HTTP/1.1" 404 37279 "-" "Mozilla/5.0 (Windows NT 10.0; Win64; x64) AppleWebKit/537.36 (KHTML, like Gecko) Chrome/134.0.0.0 Safari/537.36" "0.311 Seconds"
54.158.124.156,54.158.124.156 - - [01/Apr/2025:17:27:39 +0800] "GET /?debug=kuma-uptime HTTP/1.1" 200 89393 "-" "Uptime-Kuma/1.23.16" "1.593 Seconds"
109.230.55.105,54.38.96.37 - - [01/Apr/2025:17:27:41 +0800] "POST /wp-login.php HTTP/1.1" 200 4004 "-" "Mozilla/4.0 (compatible; MSIE 6.0; Windows NT 5.0)" "0.708 Seconds"
170.187.181.77 - - [01/Apr/2025:17:27:42 +0800] "POST /wp-admin/admin-ajax.php HTTP/1.1" 200 58 "https://bt-miners.com/wp-admin/admin.php?page=wc-settings&tab=advanced&section=keys" "Mozilla/5.0 (Windows NT 10.0; Win64; x64) AppleWebKit/537.36 (KHTML, like Gecko) Chrome/134.0.0.0 Safari/537.36" "0.365 Seconds"
83.99.151.71,83.99.151.71 - - [01/Apr/2025:17:27:43 +0800] "GET /shop/page/21/?display_mode=list HTTP/1.1" 200 67118 "-" "Mozilla/5.0 AppleWebKit/537.36 (KHTML, like Gecko; compatible; GeedoProductSearch; +http://www.geedo.com/product-search.html) Chrome/79.0.3945.88 Safari/537.36" "0.812 Seconds"
5.34.216.107,5.34.216.107 - - [01/Apr/2025:17:27:44 +0800] "GET /wp-admin/post-new.php HTTP/1.1" 200 301341 "https://bt-miners.com/collections/eth-miners/" "Mozilla/5.0 (Windows NT 10.0; Win64; x64) AppleWebKit/537.36 (KHTML, like Gecko) Chrome/134.0.0.0 Safari/537.36" "1.352 Seconds"
5.34.216.107,5.34.216.107 - - [01/Apr/2025:17:27:45 +0800] "GET /wp-admin/edit-comments.php HTTP/1.1" 200 93880 "https://bt-miners.com/collections/eth-miners/" "Mozilla/5.0 (Windows NT 10.0; Win64; x64) AppleWebKit/537.36 (KHTML, like Gecko) Chrome/134.0.0.0 Safari/537.36" "0.937 Seconds"
170.187.181.77 - - [01/Apr/2025:17:27:47 +0800] "POST /wp-admin/admin-ajax.php HTTP/1.1" 200 31 "https://bt-miners.com/wp-admin/admin.php?page=wc-settings&tab=advanced&section=keys" "Mozilla/5.0 (Windows NT 10.0; Win64; x64) AppleWebKit/537.36 (KHTML, like Gecko) Chrome/134.0.0.0 Safari/537.36" "0.490 Seconds"
5.34.216.107,5.34.216.107 - - [01/Apr/2025:17:27:48 +0800] "GET /wp-admin/update-core.php HTTP/1.1" 200 83801 "https://bt-miners.com/collections/eth-miners/" "Mozilla/5.0 (Windows NT 10.0; Win64; x64) AppleWebKit/537.36 (KHTML, like Gecko) Chrome/134.0.0.0 Safari/537.36" "1.636 Seconds"
5.34.216.107,5.34.216.107 - - [01/Apr/2025:17:27:48 +0800] "GET /miner-consignment/ HTTP/1.1" 200 43926 "https://bt-miners.com/collections/eth-miners/" "Mozilla/5.0 (Windows NT 10.0; Win64; x64) AppleWebKit/537.36 (KHTML, like Gecko) Chrome/134.0.0.0 Safari/537.36" "1.537 Seconds"
212.107.29.89 - - [01/Apr/2025:17:27:48 +0800] "POST /wp-admin/admin-ajax.php HTTP/1.1" 200 43 "https://bt-miners.com/wp-admin/options-general.php?page=cloudflare" "Mozilla/5.0 (Windows NT 10.0; Win64; x64) AppleWebKit/537.36 (KHTML, like Gecko) Chrome/122.0.0.0 Safari/537.36" "0.352 Seconds"
5.34.216.107,5.34.216.107 - - [01/Apr/2025:17:27:49 +0800] "GET /collections/asics-miners/ HTTP/1.1" 200 48495 "https://bt-miners.com/collections/eth-miners/" "Mozilla/5.0 (Windows NT 10.0; Win64; x64) AppleWebKit/537.36 (KHTML, like Gecko) Chrome/134.0.0.0 Safari/537.36" "1.518 Seconds"
5.34.216.107,5.34.216.107 - - [01/Apr/2025:17:27:50 +0800] "GET /collections/ HTTP/1.1" 404 37203 "-" "Mozilla/5.0 (Windows NT 10.0; Win64; x64) AppleWebKit/537.36 (KHTML, like Gecko) Chrome/134.0.0.0 Safari/537.36" "0.355 Seconds"
240e:3b2:3232:4a70:7058:7862:f44b:6b0 - - [01/Apr/2025:17:27:51 +0800] "POST /wp-admin/admin-ajax.php HTTP/1.1" 200 43 "https://bt-miners.com/wp-admin/post.php?post=67951&action=edit" "Mozilla/5.0 (Windows NT 10.0; Win64; x64) AppleWebKit/537.36 (KHTML, like Gecko) Chrome/119.0.0.0 Safari/537.36" "0.365 Seconds"
212.107.29.89 - - [01/Apr/2025:17:27:51 +0800] "POST /wp-admin/admin-ajax.php HTTP/1.1" 200 43 "https://bt-miners.com/wp-admin/post.php?post=70267&action=edit" "Mozilla/5.0 (Windows NT 10.0; Win64; x64) AppleWebKit/537.36 (KHTML, like Gecko) Chrome/134.0.0.0 Safari/537.36" "0.347 Seconds"
240e:3b2:3232:4a70:7058:7862:f44b:6b0 - - [01/Apr/2025:17:27:51 +0800] "POST /wp-admin/admin-ajax.php HTTP/1.1" 200 43 "https://bt-miners.com/wp-admin/post.php?post=67951&action=edit" "Mozilla/5.0 (Windows NT 10.0; Win64; x64) AppleWebKit/537.36 (KHTML, like Gecko) Chrome/119.0.0.0 Safari/537.36" "0.715 Seconds"
5.34.216.107,5.34.216.107 - - [01/Apr/2025:17:27:56 +0800] "GET /collections/asics-miners/ HTTP/1.1" 200 48493 "https://bt-miners.com/collections/" "Mozilla/5.0 (Windows NT 10.0; Win64; x64) AppleWebKit/537.36 (KHTML, like Gecko) Chrome/134.0.0.0 Safari/537.36" "0.589 Seconds"
5.34.216.107,5.34.216.107 - - [01/Apr/2025:17:27:56 +0800] "GET /miner-consignment/ HTTP/1.1" 200 43934 "https://bt-miners.com/collections/" "Mozilla/5.0 (Windows NT 10.0; Win64; x64) AppleWebKit/537.36 (KHTML, like Gecko) Chrome/134.0.0.0 Safari/537.36" "0.706 Seconds"
5.34.216.107,5.34.216.107 - - [01/Apr/2025:17:27:59 +0800] "GET /wp-admin/update-core.php HTTP/1.1" 200 83785 "https://bt-miners.com/collections/" "Mozilla/5.0 (Windows NT 10.0; Win64; x64) AppleWebKit/537.36 (KHTML, like Gecko) Chrome/134.0.0.0 Safari/537.36" "1.375 Seconds"
2a01:4f8:c2c:beae::1,2a01:4f8:c2c:beae::1 - - [01/Apr/2025:17:28:00 +0800] "HEAD /?debug=uptimerobot HTTP/1.1" 200 0 "https://bt-miners.com/?debug=uptimerobot" "Mozilla/5.0+(compatible; UptimeRobot/2.0; http://www.uptimerobot.com/)" "0.423 Seconds"
5.34.216.107,5.34.216.107 - - [01/Apr/2025:17:28:01 +0800] "GET /collections/ HTTP/1.1" 404 37208 "-" "Mozilla/5.0 (Windows NT 10.0; Win64; x64) AppleWebKit/537.36 (KHTML, like Gecko) Chrome/134.0.0.0 Safari/537.36" "0.298 Seconds"
2a01:4f8:c012:c60e::1,2a01:4f8:c012:c60e::1 - - [01/Apr/2025:17:28:01 +0800] "HEAD /wp-admin/?debug=uptimerobot HTTP/1.1" 302 0 "https://bt-miners.com/wp-admin/?debug=uptimerobot" "Mozilla/5.0+(compatible; UptimeRobot/2.0; http://www.uptimerobot.com/)" "0.405 Seconds"
54.158.124.156,54.158.124.156 - - [01/Apr/2025:17:28:02 +0800] "GET /?debug=kuma-uptime HTTP/1.1" 200 89436 "-" "Uptime-Kuma/1.23.16" "2.009 Seconds"
2a01:4f8:c012:c60e::1,2a01:4f8:c012:c60e::1 - - [01/Apr/2025:17:28:02 +0800] "HEAD /wp-login.php?redirect_to=https%3A%2F%2Fbt-miners.com%2Fwp-admin%2F%3Fdebug%3Duptimerobot&reauth=1 HTTP/1.1" 200 0 "https://bt-miners.com/wp-admin/?debug=uptimerobot" "Mozilla/5.0+(compatible; UptimeRobot/2.0; http://www.uptimerobot.com/)" "0.375 Seconds"
170.187.181.77 - - [01/Apr/2025:17:28:02 +0800] "POST /wp-admin/admin-ajax.php HTTP/1.1" 200 43 "https://bt-miners.com/wp-admin/admin.php?page=wc-settings&tab=advanced&section=keys" "Mozilla/5.0 (Windows NT 10.0; Win64; x64) AppleWebKit/537.36 (KHTML, like Gecko) Chrome/134.0.0.0 Safari/537.36" "0.365 Seconds"
212.107.29.89 - - [01/Apr/2025:17:28:04 +0800] "POST /wp-admin/admin-ajax.php HTTP/1.1" 200 31 "https://bt-miners.com/wp-admin/options-general.php?page=cloudflare" "Mozilla/5.0 (Windows NT 10.0; Win64; x64) AppleWebKit/537.36 (KHTML, like Gecko) Chrome/122.0.0.0 Safari/537.36" "0.398 Seconds"
54.37.215.166,54.37.215.166 - - [01/Apr/2025:17:28:04 +0800] "GET /collections/miner-category/page/4/?orderby=profitability_asc HTTP/1.1" 200 66183 "-" "Mozilla/5.0 (Linux; Android 5.0; SM-G900P Build/LRX21T) AppleWebKit/537.36 (KHTML, like Gecko) Chrome/43.0.1465.1453 Mobile Safari/537.36" "1.104 Seconds"
5.34.216.107,5.34.216.107 - - [01/Apr/2025:17:28:09 +0800] "GET / HTTP/1.1" 200 62719 "-" "Mozilla/5.0 (Windows NT 10.0; Win64; x64) AppleWebKit/537.36 (KHTML, like Gecko) Chrome/134.0.0.0 Safari/537.36" "0.974 Seconds"
83.99.151.68,83.99.151.68 - - [01/Apr/2025:17:28:12 +0800] "GET /wp-login.php?redirect_to=https%3A%2F%2Fbt-miners.com%2Fbtc-miners-making-a-mint-on-transaction-fees-amid-ordinals-surge%2F HTTP/1.1" 200 3901 "-" "Mozilla/5.0 AppleWebKit/537.36 (KHTML, like Gecko; compatible; GeedoProductSearch; +http://www.geedo.com/product-search.html) Chrome/79.0.3945.88 Safari/537.36" "0.397 Seconds"
2a01:4f8:c0c:83fa::1,2a01:4f8:c0c:83fa::1 - - [01/Apr/2025:17:28:13 +0800] "HEAD / HTTP/1.1" 200 0 "https://bt-miners.com/" "Mozilla/5.0+(compatible; UptimeRobot/2.0; http://www.uptimerobot.com/)" "0.311 Seconds"
5.34.216.107,5.34.216.107 - - [01/Apr/2025:17:28:13 +0800] "GET /collections/asics-miners/ HTTP/1.1" 200 48496 "https://bt-miners.com/" "Mozilla/5.0 (Windows NT 10.0; Win64; x64) AppleWebKit/537.36 (KHTML, like Gecko) Chrome/134.0.0.0 Safari/537.36" "0.541 Seconds"
5.34.216.107 - - [01/Apr/2025:17:28:14 +0800] "GET /wp-content/themes/azuri/assets/images/header-ropdown-arrow.svg HTTP/1.1" 304 0 "https://bt-miners.com/wp-content/themes/azuri/assets/css/new-products-archive.css" "Mozilla/5.0 (Windows NT 10.0; Win64; x64) AppleWebKit/537.36 (KHTML, like Gecko) Chrome/134.0.0.0 Safari/537.36" "0.000 Seconds"
5.34.216.107,5.34.216.107 - - [01/Apr/2025:17:28:17 +0800] "GET /collections/aleo-miner/ HTTP/1.1" 200 45039 "https://bt-miners.com/collections/asics-miners/" "Mozilla/5.0 (Windows NT 10.0; Win64; x64) AppleWebKit/537.36 (KHTML, like Gecko) Chrome/134.0.0.0 Safari/537.36" "0.507 Seconds"
54.38.96.35,54.38.96.35 - - [01/Apr/2025:17:28:17 +0800] "GET /?s=ANTMINER+S19%2BHYD HTTP/1.1" 200 58214 "https://zh-cn.bt-miners.com/?s=ANTMINER+S19&post_type=product" "Mozilla/5.0 (Windows NT 10.0; Win64; x64) AppleWebKit/537.36 (KHTML, like Gecko) Chrome/134.0.0.0 Safari/537.36 Edg/134.0.0.0" "0.527 Seconds"
170.187.181.77 - - [01/Apr/2025:17:28:17 +0800] "POST /wp-admin/admin-ajax.php HTTP/1.1" 200 43 "https://bt-miners.com/wp-admin/admin.php?page=wc-settings&tab=advanced&section=keys" "Mozilla/5.0 (Windows NT 10.0; Win64; x64) AppleWebKit/537.36 (KHTML, like Gecko) Chrome/134.0.0.0 Safari/537.36" "0.419 Seconds"
5.34.216.107,5.34.216.107 - - [01/Apr/2025:17:28:18 +0800] "GET /collections/ckb-miner/ HTTP/1.1" 200 45216 "https://bt-miners.com/collections/asics-miners/" "Mozilla/5.0 (Windows NT 10.0; Win64; x64) AppleWebKit/537.36 (KHTML, like Gecko) Chrome/134.0.0.0 Safari/537.36" "0.369 Seconds"
5.34.216.107,5.34.216.107 - - [01/Apr/2025:17:28:18 +0800] "GET /collections/hns-miner/ HTTP/1.1" 200 45055 "https://bt-miners.com/collections/asics-miners/" "Mozilla/5.0 (Windows NT 10.0; Win64; x64) AppleWebKit/537.36 (KHTML, like Gecko) Chrome/134.0.0.0 Safari/537.36" "0.405 Seconds"
5.34.216.107,5.34.216.107 - - [01/Apr/2025:17:28:19 +0800] "GET /collections/kaspa-miner/ HTTP/1.1" 200 46197 "https://bt-miners.com/collections/asics-miners/" "Mozilla/5.0 (Windows NT 10.0; Win64; x64) AppleWebKit/537.36 (KHTML, like Gecko) Chrome/134.0.0.0 Safari/537.36" "0.568 Seconds"
5.34.216.107,5.34.216.107 - - [01/Apr/2025:17:28:19 +0800] "GET /collections/eth-miner/ HTTP/1.1" 200 49118 "https://bt-miners.com/collections/asics-miners/" "Mozilla/5.0 (Windows NT 10.0; Win64; x64) AppleWebKit/537.36 (KHTML, like Gecko) Chrome/134.0.0.0 Safari/537.36" "0.739 Seconds"
5.34.216.107,5.34.216.107 - - [01/Apr/2025:17:28:20 +0800] "GET /collections/litecoin-dogecoin-miner/ HTTP/1.1" 200 48500 "https://bt-miners.com/collections/asics-miners/" "Mozilla/5.0 (Windows NT 10.0; Win64; x64) AppleWebKit/537.36 (KHTML, like Gecko) Chrome/134.0.0.0 Safari/537.36" "0.775 Seconds"
52.167.144.204,52.167.144.204 - - [01/Apr/2025:17:28:20 +0800] "GET /?s=Multicomponent+field+theories+and+classical+rotators HTTP/1.1" 200 56810 "-" "Mozilla/5.0 AppleWebKit/537.36 (KHTML, like Gecko; compatible; bingbot/2.0; +http://www.bing.com/bingbot.htm) Chrome/116.0.1938.76 Safari/537.36" "0.488 Seconds"
212.107.29.89 - - [01/Apr/2025:17:28:20 +0800] "POST /wp-admin/admin-ajax.php HTTP/1.1" 200 31 "https://bt-miners.com/wp-admin/options-general.php?page=cloudflare" "Mozilla/5.0 (Windows NT 10.0; Win64; x64) AppleWebKit/537.36 (KHTML, like Gecko) Chrome/122.0.0.0 Safari/537.36" "0.388 Seconds"
2401:4900:1c68:53b8:50b5:f0aa:2647:e8d5,54.38.96.38 - - [01/Apr/2025:17:28:21 +0800] "POST /wp-login.php HTTP/1.1" 200 4004 "-" "Mozilla/4.0 (compatible; MSIE 6.0; Windows NT 5.0)" "0.673 Seconds"
5.34.216.107,5.34.216.107 - - [01/Apr/2025:17:28:21 +0800] "GET /collections/litecoin-dogecoin-miner/ HTTP/1.1" 200 48501 "https://bt-miners.com/collections/asics-miners/" "Mozilla/5.0 (Windows NT 10.0; Win64; x64) AppleWebKit/537.36 (KHTML, like Gecko) Chrome/134.0.0.0 Safari/537.36" "0.534 Seconds"
240e:3b2:3232:4a70:7058:7862:f44b:6b0 - - [01/Apr/2025:17:28:22 +0800] "POST /wp-admin/admin-ajax.php HTTP/1.1" 200 43 "https://bt-miners.com/wp-admin/" "Mozilla/5.0 (Windows NT 10.0; Win64; x64) AppleWebKit/537.36 (KHTML, like Gecko) Chrome/119.0.0.0 Safari/537.36" "0.372 Seconds"
54.158.124.156,54.158.124.156 - - [01/Apr/2025:17:28:22 +0800] "GET /wp-json/wc/v3/products/65550?BTAPP=0ab500a390125fa362f93b5a7ce1a11b&timestamp=1743499701000&consumer_key=ck_ade8bae15651a682b134a4548eadbbbc1a6b9b32&consumer_secret=cs_153aa96005761ebbf3fa0294cabc7b8a25ce374b HTTP/1.1" 200 17079 "-" "WordPress/6.7.2; https://miner-prof.btpayments.io" "0.469 Seconds"
83.99.151.64,83.99.151.64 - - [01/Apr/2025:17:28:23 +0800] "GET /wp-login.php?redirect_to=https%3A%2F%2Fbt-miners.com%2Fheres-how-hash-rate-and-hash-power-are-calculated%2F HTTP/1.1" 200 3893 "-" "Mozilla/5.0 AppleWebKit/537.36 (KHTML, like Gecko; compatible; GeedoProductSearch; +http://www.geedo.com/product-search.html) Chrome/79.0.3945.88 Safari/537.36" "0.356 Seconds"
54.158.124.156,54.158.124.156 - - [01/Apr/2025:17:28:23 +0800] "GET /?debug=kuma-uptime HTTP/1.1" 200 89432 "-" "Uptime-Kuma/1.23.16" "1.610 Seconds"
52.167.144.230,52.167.144.230 - - [01/Apr/2025:17:28:25 +0800] "GET /?s=a+motivational+speech+for+grade+12+learners HTTP/1.1" 200 56829 "-" "Mozilla/5.0 AppleWebKit/537.36 (KHTML, like Gecko; compatible; bingbot/2.0; +http://www.bing.com/bingbot.htm) Chrome/116.0.1938.76 Safari/537.36" "0.510 Seconds"
91.243.81.46 - - [01/Apr/2025:17:28:25 +0800] "POST /wp-admin/admin-ajax.php HTTP/1.1" 200 31 "https://zh-cn.bt-miners.com/" "Mozilla/5.0 (Windows NT 10.0; Win64; x64) AppleWebKit/537.36 (KHTML, like Gecko) Chrome/134.0.0.0 Safari/537.36 Edg/134.0.0.0" "0.440 Seconds"
3.121.184.96,3.121.184.96 - - [01/Apr/2025:17:28:25 +0800] "GET /wp-json/wc/v2/list_income_product?Coin=All&Ele=0.14 HTTP/1.1" 200 223086 "-" "node" "0.709 Seconds"
52.167.144.230,52.167.144.230 - - [01/Apr/2025:17:28:26 +0800] "GET /.git/objects/06/72c9ebd721d8cbbbe9df0653c56b265c348e4a HTTP/1.1" 403 195 "-" "Mozilla/5.0 AppleWebKit/537.36 (KHTML, like Gecko; compatible; bingbot/2.0; +http://www.bing.com/bingbot.htm) Chrome/116.0.1938.76 Safari/537.36" "0.000 Seconds"
5.34.216.107,5.34.216.107 - - [01/Apr/2025:17:28:28 +0800] "GET /collections/litecoin-dogecoin-miner/ HTTP/1.1" 200 48500 "https://bt-miners.com/collections/litecoin-dogecoin-miner/" "Mozilla/5.0 (Windows NT 10.0; Win64; x64) AppleWebKit/537.36 (KHTML, like Gecko) Chrome/134.0.0.0 Safari/537.36" "0.551 Seconds"
5.34.216.107,5.34.216.107 - - [01/Apr/2025:17:28:29 +0800] "GET /collections/kaspa-miner/ HTTP/1.1" 200 46201 "https://bt-miners.com/collections/litecoin-dogecoin-miner/" "Mozilla/5.0 (Windows NT 10.0; Win64; x64) AppleWebKit/537.36 (KHTML, like Gecko) Chrome/134.0.0.0 Safari/537.36" "0.674 Seconds"
66.249.75.132,66.249.75.132 - - [01/Apr/2025:17:28:29 +0800] "GET /products/bitmain-antminer-s21-xp-imm-bitcoin-miner-301th-s-bt-miners/ HTTP/1.1" 301 5 "-" "Mozilla/5.0 (Linux; Android 6.0.1; Nexus 5X Build/MMB29P) AppleWebKit/537.36 (KHTML, like Gecko) Chrome/134.0.6998.165 Mobile Safari/537.36 (compatible; Googlebot/2.1; +http://www.google.com/bot.html)" "0.326 Seconds"
