2a01:4f8:c013:3c53::1,2a01:4f8:c013:3c53::1 - - [01/Apr/2025:16:30:04 +0800] "HEAD /?nocache=1 HTTP/1.1" 200 0 "https://bt-miners.com/?nocache=1" "Mozilla/5.0+(compatible; UptimeRobot/2.0; http://www.uptimerobot.com/)" "0.327 Seconds"
212.107.29.90,212.107.29.90 - - [01/Apr/2025:16:30:05 +0800] "GET /wp-admin/post.php?post=67951&action=edit HTTP/1.1" 200 171970 "https://bt-miners.com/products/canaan-avalon-q-bitcoin-miner-90th-s-bt-miners/" "Mozilla/5.0 (Windows NT 10.0; Win64; x64) AppleWebKit/537.36 (KHTML, like Gecko) Chrome/134.0.0.0 Safari/537.36" "1.079 Seconds"
212.107.29.90 - - [01/Apr/2025:16:30:05 +0800] "GET /wp-content/plugins/woo-advanced-shipment-tracking/zorem-tracking/assets/css/style.css?ver=1743496204 HTTP/1.1" 200 948 "https://bt-miners.com/wp-admin/post.php?post=67951&action=edit" "Mozilla/5.0 (Windows NT 10.0; Win64; x64) AppleWebKit/537.36 (KHTML, like Gecko) Chrome/134.0.0.0 Safari/537.36" "0.000 Seconds"
212.107.29.90 - - [01/Apr/2025:16:30:05 +0800] "GET /wp-content/plugins/dokan-lite/assets/vendors/tinymce/code/plugin.min.js?ver=1743496204 HTTP/1.1" 200 1045 "https://bt-miners.com/wp-admin/post.php?post=67951&action=edit" "Mozilla/5.0 (Windows NT 10.0; Win64; x64) AppleWebKit/537.36 (KHTML, like Gecko) Chrome/134.0.0.0 Safari/537.36" "0.000 Seconds"
212.107.29.90 - - [01/Apr/2025:16:30:05 +0800] "GET /wp-content/plugins/woo-advanced-shipment-tracking/zorem-tracking/assets/js/main.js?ver=1743496204 HTTP/1.1" 200 1587 "https://bt-miners.com/wp-admin/post.php?post=67951&action=edit" "Mozilla/5.0 (Windows NT 10.0; Win64; x64) AppleWebKit/537.36 (KHTML, like Gecko) Chrome/134.0.0.0 Safari/537.36" "0.000 Seconds"
212.107.29.90 - - [01/Apr/2025:16:30:05 +0800] "GET /wp-content/plugins/dokan-lite/assets/css/dokan-admin-product-style.css?ver=1740974858 HTTP/1.1" 200 312 "https://bt-miners.com/wp-admin/post.php?post=67951&action=edit" "Mozilla/5.0 (Windows NT 10.0; Win64; x64) AppleWebKit/537.36 (KHTML, like Gecko) Chrome/134.0.0.0 Safari/537.36" "0.000 Seconds"
212.107.29.90 - - [01/Apr/2025:16:30:05 +0800] "GET /wp-content/plugins/extra-fees-for-woocommerce/assets/js/efw-enhanced.js?ver=4.3.0 HTTP/1.1" 200 4561 "https://bt-miners.com/wp-admin/post.php?post=67951&action=edit" "Mozilla/5.0 (Windows NT 10.0; Win64; x64) AppleWebKit/537.36 (KHTML, like Gecko) Chrome/134.0.0.0 Safari/537.36" "0.000 Seconds"
212.107.29.90 - - [01/Apr/2025:16:30:05 +0800] "GET /wp-content/plugins/dokan-lite/assets/js/dokan-admin-product.js?ver=1740974858 HTTP/1.1" 200 1608 "https://bt-miners.com/wp-admin/post.php?post=67951&action=edit" "Mozilla/5.0 (Windows NT 10.0; Win64; x64) AppleWebKit/537.36 (KHTML, like Gecko) Chrome/134.0.0.0 Safari/537.36" "0.000 Seconds"
212.107.29.90 - - [01/Apr/2025:16:30:05 +0800] "GET /wp-content/plugins/woocommerce/assets/js/admin/meta-boxes-product.min.js?ver=9.7.1 HTTP/1.1" 200 18155 "https://bt-miners.com/wp-admin/post.php?post=67951&action=edit" "Mozilla/5.0 (Windows NT 10.0; Win64; x64) AppleWebKit/537.36 (KHTML, like Gecko) Chrome/134.0.0.0 Safari/537.36" "0.000 Seconds"
212.107.29.90 - - [01/Apr/2025:16:30:05 +0800] "GET /wp-content/plugins/woocommerce/assets/js/admin/product-editor.min.js?ver=9.7.1 HTTP/1.1" 200 240 "https://bt-miners.com/wp-admin/post.php?post=67951&action=edit" "Mozilla/5.0 (Windows NT 10.0; Win64; x64) AppleWebKit/537.36 (KHTML, like Gecko) Chrome/134.0.0.0 Safari/537.36" "0.000 Seconds"
212.107.29.90 - - [01/Apr/2025:16:30:05 +0800] "GET /wp-content/plugins/woo-variation-swatches/assets/js/jquery.serializejson.min.js?ver=3.2.1 HTTP/1.1" 200 15614 "https://bt-miners.com/wp-admin/post.php?post=67951&action=edit" "Mozilla/5.0 (Windows NT 10.0; Win64; x64) AppleWebKit/537.36 (KHTML, like Gecko) Chrome/134.0.0.0 Safari/537.36" "0.000 Seconds"
212.107.29.90 - - [01/Apr/2025:16:30:05 +0800] "GET /wp-content/plugins/extra-fees-for-woocommerce/assets/js/admin.js?ver=4.3.0 HTTP/1.1" 200 47078 "https://bt-miners.com/wp-admin/post.php?post=67951&action=edit" "Mozilla/5.0 (Windows NT 10.0; Win64; x64) AppleWebKit/537.36 (KHTML, like Gecko) Chrome/134.0.0.0 Safari/537.36" "0.000 Seconds"
212.107.29.90 - - [01/Apr/2025:16:30:05 +0800] "GET /wp-content/plugins/woocommerce/assets/js/admin/meta-boxes-product-variation.min.js?ver=9.7.1 HTTP/1.1" 200 22415 "https://bt-miners.com/wp-admin/post.php?post=67951&action=edit" "Mozilla/5.0 (Windows NT 10.0; Win64; x64) AppleWebKit/537.36 (KHTML, like Gecko) Chrome/134.0.0.0 Safari/537.36" "0.000 Seconds"
212.107.29.90 - - [01/Apr/2025:16:30:06 +0800] "GET /wp-content/plugins/woocommerce/assets/images/product_data/no-variation-arrow.svg HTTP/1.1" 200 697 "https://bt-miners.com/wp-admin/post.php?post=67951&action=edit" "Mozilla/5.0 (Windows NT 10.0; Win64; x64) AppleWebKit/537.36 (KHTML, like Gecko) Chrome/134.0.0.0 Safari/537.36" "0.000 Seconds"
212.107.29.90 - - [01/Apr/2025:16:30:06 +0800] "GET /wp-content/plugins/woocommerce/assets/images/icons/info.svg HTTP/1.1" 200 819 "https://bt-miners.com/wp-admin/post.php?post=67951&action=edit" "Mozilla/5.0 (Windows NT 10.0; Win64; x64) AppleWebKit/537.36 (KHTML, like Gecko) Chrome/134.0.0.0 Safari/537.36" "0.000 Seconds"
212.107.29.90 - - [01/Apr/2025:16:30:06 +0800] "GET /wp-content/plugins/woocommerce/assets/images/product_data/no-variation-background-image.svg HTTP/1.1" 200 744 "https://bt-miners.com/wp-admin/post.php?post=67951&action=edit" "Mozilla/5.0 (Windows NT 10.0; Win64; x64) AppleWebKit/537.36 (KHTML, like Gecko) Chrome/134.0.0.0 Safari/537.36" "0.000 Seconds"
212.107.29.90 - - [01/Apr/2025:16:30:06 +0800] "GET /wp-admin/images/spinner.gif HTTP/1.1" 200 3656 "https://bt-miners.com/wp-admin/load-styles.php?c=1&dir=ltr&load%5Bchunk_0%5D=dashicons,admin-bar,buttons,media-views,common,forms,admin-menu,dashboard,list-tables,edit,revisions,media,themes,about,nav-menu&load%5Bchunk_1%5D=s,wp-pointer,widgets,site-icon,l10n,wp-auth-check,wp-color-picker,wp-jquery-ui-dialog,code-editor,wp-components&ver=6.7.1" "Mozilla/5.0 (Windows NT 10.0; Win64; x64) AppleWebKit/537.36 (KHTML, like Gecko) Chrome/134.0.0.0 Safari/537.36" "0.000 Seconds"
212.107.29.90 - - [01/Apr/2025:16:30:06 +0800] "GET /wp-includes/js/autosave.min.js?ver=6.7.1 HTTP/1.1" 200 5807 "https://bt-miners.com/wp-admin/post.php?post=67951&action=edit" "Mozilla/5.0 (Windows NT 10.0; Win64; x64) AppleWebKit/537.36 (KHTML, like Gecko) Chrome/134.0.0.0 Safari/537.36" "0.000 Seconds"
212.107.29.90 - - [01/Apr/2025:16:30:06 +0800] "GET /wp-admin/js/editor-expand.min.js?ver=6.7.1 HTTP/1.1" 200 13451 "https://bt-miners.com/wp-admin/post.php?post=67951&action=edit" "Mozilla/5.0 (Windows NT 10.0; Win64; x64) AppleWebKit/537.36 (KHTML, like Gecko) Chrome/134.0.0.0 Safari/537.36" "0.000 Seconds"
212.107.29.90 - - [01/Apr/2025:16:30:06 +0800] "GET /wp-content/plugins/woo-wallet/assets/js/admin/admin-product.min.js?ver=1.5.10 HTTP/1.1" 200 160 "https://bt-miners.com/wp-admin/post.php?post=67951&action=edit" "Mozilla/5.0 (Windows NT 10.0; Win64; x64) AppleWebKit/537.36 (KHTML, like Gecko) Chrome/134.0.0.0 Safari/537.36" "0.000 Seconds"
212.107.29.90 - - [01/Apr/2025:16:30:06 +0800] "GET /wp-content/plugins/groupby-for-woocommerce/admin//js/wc-groupbuy-admin.js?ver=1.1.24 HTTP/1.1" 200 7469 "https://bt-miners.com/wp-admin/post.php?post=67951&action=edit" "Mozilla/5.0 (Windows NT 10.0; Win64; x64) AppleWebKit/537.36 (KHTML, like Gecko) Chrome/134.0.0.0 Safari/537.36" "0.000 Seconds"
212.107.29.90 - - [01/Apr/2025:16:30:06 +0800] "GET /wp-content/plugins/groupby-for-woocommerce/admin//js/jquery-ui-timepicker-addon.js?ver=1.1.24 HTTP/1.1" 200 37831 "https://bt-miners.com/wp-admin/post.php?post=67951&action=edit" "Mozilla/5.0 (Windows NT 10.0; Win64; x64) AppleWebKit/537.36 (KHTML, like Gecko) Chrome/134.0.0.0 Safari/537.36" "0.000 Seconds"
212.107.29.90 - - [01/Apr/2025:16:30:06 +0800] "GET /wp-content/plugins/woocommerce/assets/client/admin/wp-admin-scripts/variable-product-tour.js?ver=9b8615afecaf73cadcf3 HTTP/1.1" 200 2676 "https://bt-miners.com/wp-admin/post.php?post=67951&action=edit" "Mozilla/5.0 (Windows NT 10.0; Win64; x64) AppleWebKit/537.36 (KHTML, like Gecko) Chrome/134.0.0.0 Safari/537.36" "0.000 Seconds"
212.107.29.90 - - [01/Apr/2025:16:30:06 +0800] "GET /wp-content/plugins/woocommerce/assets/client/admin/wp-admin-scripts/product-tracking.js?ver=675c493b9de1e90d2614 HTTP/1.1" 200 14310 "https://bt-miners.com/wp-admin/post.php?post=67951&action=edit" "Mozilla/5.0 (Windows NT 10.0; Win64; x64) AppleWebKit/537.36 (KHTML, like Gecko) Chrome/134.0.0.0 Safari/537.36" "0.000 Seconds"
212.107.29.90 - - [01/Apr/2025:16:30:06 +0800] "GET /wp-content/plugins/woocommerce-shipping-per-product/assets/js/shipping-per-product.min.js?ver=2.5.7 HTTP/1.1" 200 5552 "https://bt-miners.com/wp-admin/post.php?post=67951&action=edit" "Mozilla/5.0 (Windows NT 10.0; Win64; x64) AppleWebKit/537.36 (KHTML, like Gecko) Chrome/134.0.0.0 Safari/537.36" "0.000 Seconds"
54.158.124.156,54.158.124.156 - - [01/Apr/2025:16:30:06 +0800] "GET /?debug=kuma-uptime HTTP/1.1" 200 89444 "-" "Uptime-Kuma/1.23.16" "1.687 Seconds"
2a01:4f8:1c1c:11aa::1,2a01:4f8:1c1c:11aa::1 - - [01/Apr/2025:16:30:07 +0800] "HEAD / HTTP/1.1" 200 0 "https://bt-miners.com/" "Mozilla/5.0+(compatible; UptimeRobot/2.0; http://www.uptimerobot.com/)" "0.340 Seconds"
188.166.118.38,188.166.118.38 - - [01/Apr/2025:16:30:07 +0800] "GET /wp-admin/network/xmrlpc.php HTTP/1.1" 404 196 "-" "Mozilla/5.0 (Windows NT 10.0; Win64; x64) AppleWebKit/537.36 (KHTML, like Gecko) Chrome/58.0.3029.110 Safari/537.36" "0.000 Seconds"
212.107.29.90,212.107.29.90 - - [01/Apr/2025:16:30:07 +0800] "GET /wp-json/dokan/v1/admin/notices/admin?scope=global HTTP/1.1" 200 12 "https://bt-miners.com/wp-admin/post.php?post=67951&action=edit" "Mozilla/5.0 (Windows NT 10.0; Win64; x64) AppleWebKit/537.36 (KHTML, like Gecko) Chrome/134.0.0.0 Safari/537.36" "0.272 Seconds"
212.107.29.90,212.107.29.90 - - [01/Apr/2025:16:30:07 +0800] "GET /wp-json/dokan/v1/admin/notices/promo HTTP/1.1" 200 12 "https://bt-miners.com/wp-admin/post.php?post=67951&action=edit" "Mozilla/5.0 (Windows NT 10.0; Win64; x64) AppleWebKit/537.36 (KHTML, like Gecko) Chrome/134.0.0.0 Safari/537.36" "0.316 Seconds"
212.107.29.90,212.107.29.90 - - [01/Apr/2025:16:30:07 +0800] "GET /wp-json/wc-admin/onboarding/tasks?_locale=user HTTP/1.1" 200 6224 "https://bt-miners.com/wp-admin/post.php?post=67951&action=edit" "Mozilla/5.0 (Windows NT 10.0; Win64; x64) AppleWebKit/537.36 (KHTML, like Gecko) Chrome/134.0.0.0 Safari/537.36" "0.460 Seconds"
212.107.29.90,212.107.29.90 - - [01/Apr/2025:16:30:08 +0800] "GET /wp-json/wc-analytics/orders?page=1&per_page=1&status%5B0%5D=processing&status%5B1%5D=on-hold&_fields%5B0%5D=id&_locale=user HTTP/1.1" 200 24 "https://bt-miners.com/wp-admin/post.php?post=67951&action=edit" "Mozilla/5.0 (Windows NT 10.0; Win64; x64) AppleWebKit/537.36 (KHTML, like Gecko) Chrome/134.0.0.0 Safari/537.36" "0.651 Seconds"
212.107.29.90 - - [01/Apr/2025:16:30:08 +0800] "GET /wp-content/plugins/woocommerce/assets/images/calendar.png HTTP/1.1" 200 223 "https://bt-miners.com/wp-admin/post.php?post=67951&action=edit" "Mozilla/5.0 (Windows NT 10.0; Win64; x64) AppleWebKit/537.36 (KHTML, like Gecko) Chrome/134.0.0.0 Safari/537.36" "0.000 Seconds"
212.107.29.90 - - [01/Apr/2025:16:30:08 +0800] "GET /wp-includes/js/tinymce/skins/lightgray/fonts/tinymce.woff HTTP/1.1" 200 18824 "https://bt-miners.com/wp-includes/js/tinymce/skins/lightgray/skin.min.css?wp-mce-49110-20201110" "Mozilla/5.0 (Windows NT 10.0; Win64; x64) AppleWebKit/537.36 (KHTML, like Gecko) Chrome/134.0.0.0 Safari/537.36" "0.000 Seconds"
212.107.29.90 - - [01/Apr/2025:16:30:08 +0800] "POST /wp-admin/admin-ajax.php HTTP/1.1" 200 31 "https://bt-miners.com/wp-admin/post.php?post=67951&action=edit" "Mozilla/5.0 (Windows NT 10.0; Win64; x64) AppleWebKit/537.36 (KHTML, like Gecko) Chrome/134.0.0.0 Safari/537.36" "0.856 Seconds"
212.107.29.90,212.107.29.90 - - [01/Apr/2025:16:30:08 +0800] "GET /wp-json/wc-analytics/products/reviews?page=1&per_page=1&status=hold&_embed=1&_fields%5B0%5D=id&_locale=user HTTP/1.1" 200 24 "https://bt-miners.com/wp-admin/post.php?post=67951&action=edit" "Mozilla/5.0 (Windows NT 10.0; Win64; x64) AppleWebKit/537.36 (KHTML, like Gecko) Chrome/134.0.0.0 Safari/537.36" "0.881 Seconds"
212.107.29.90,212.107.29.90 - - [01/Apr/2025:16:30:08 +0800] "GET /wp-json/wc-analytics/products/count-low-in-stock?status=publish&page=1&per_page=1&_locale=user HTTP/1.1" 200 22 "https://bt-miners.com/wp-admin/post.php?post=67951&action=edit" "Mozilla/5.0 (Windows NT 10.0; Win64; x64) AppleWebKit/537.36 (KHTML, like Gecko) Chrome/134.0.0.0 Safari/537.36" "1.081 Seconds"
212.107.29.90,212.107.29.90 - - [01/Apr/2025:16:30:09 +0800] "GET /wp-json/wc-admin/options?options=woocommerce_ces_tracks_queue&_locale=user HTTP/1.1" 200 46 "https://bt-miners.com/wp-admin/post.php?post=67951&action=edit" "Mozilla/5.0 (Windows NT 10.0; Win64; x64) AppleWebKit/537.36 (KHTML, like Gecko) Chrome/134.0.0.0 Safari/537.36" "1.198 Seconds"
2a01:4f8:c2c:beae::1,2a01:4f8:c2c:beae::1 - - [01/Apr/2025:16:30:09 +0800] "HEAD /wp-admin?nocache=1 HTTP/1.1" 301 0 "https://bt-miners.com/wp-admin?nocache=1" "Mozilla/5.0+(compatible; UptimeRobot/2.0; http://www.uptimerobot.com/)" "0.000 Seconds"
212.107.29.90,212.107.29.90 - - [01/Apr/2025:16:30:09 +0800] "GET /wp-json/jetpack/v4/connection/data?_locale=user HTTP/1.1" 200 332 "https://bt-miners.com/wp-admin/post.php?post=67951&action=edit" "Mozilla/5.0 (Windows NT 10.0; Win64; x64) AppleWebKit/537.36 (KHTML, like Gecko) Chrome/134.0.0.0 Safari/537.36" "1.370 Seconds"
212.107.29.90,212.107.29.90 - - [01/Apr/2025:16:30:09 +0800] "GET /wp-json/wc-admin/options?options=woocommerce_admin_transient_notices_queue%2Cwoocommerce_admin_install_timestamp%2Cwoocommerce_allow_tracking&_locale=user HTTP/1.1" 200 148 "https://bt-miners.com/wp-admin/post.php?post=67951&action=edit" "Mozilla/5.0 (Windows NT 10.0; Win64; x64) AppleWebKit/537.36 (KHTML, like Gecko) Chrome/134.0.0.0 Safari/537.36" "1.516 Seconds"
212.107.29.90,212.107.29.90 - - [01/Apr/2025:16:30:09 +0800] "GET /wp-json/wc-analytics/admin/notes?page=1&per_page=25&type=error%2Cupdate&status=unactioned&_locale=user HTTP/1.1" 200 12 "https://bt-miners.com/wp-admin/post.php?post=67951&action=edit" "Mozilla/5.0 (Windows NT 10.0; Win64; x64) AppleWebKit/537.36 (KHTML, like Gecko) Chrome/134.0.0.0 Safari/537.36" "1.556 Seconds"
2a01:4f8:c2c:beae::1,2a01:4f8:c2c:beae::1 - - [01/Apr/2025:16:30:09 +0800] "HEAD /wp-admin/?nocache=1 HTTP/1.1" 302 0 "https://bt-miners.com/wp-admin?nocache=1" "Mozilla/5.0+(compatible; UptimeRobot/2.0; http://www.uptimerobot.com/)" "0.375 Seconds"
212.107.29.90,212.107.29.90 - - [01/Apr/2025:16:30:10 +0800] "GET /wp-json/wp/v2/types?context=view&_locale=user HTTP/1.1" 200 6615 "https://bt-miners.com/wp-admin/post.php?post=67951&action=edit" "Mozilla/5.0 (Windows NT 10.0; Win64; x64) AppleWebKit/537.36 (KHTML, like Gecko) Chrome/134.0.0.0 Safari/537.36" "1.812 Seconds"
212.107.29.90,212.107.29.90 - - [01/Apr/2025:16:30:10 +0800] "GET /wp-json/wc-admin/options?options=woocommerce_task_list_reminder_bar_hidden&_locale=user HTTP/1.1" 200 62 "https://bt-miners.com/wp-admin/post.php?post=67951&action=edit" "Mozilla/5.0 (Windows NT 10.0; Win64; x64) AppleWebKit/537.36 (KHTML, like Gecko) Chrome/134.0.0.0 Safari/537.36" "1.255 Seconds"
2a01:4f8:c2c:beae::1,2a01:4f8:c2c:beae::1 - - [01/Apr/2025:16:30:10 +0800] "HEAD /wp-login.php?redirect_to=https%3A%2F%2Fbt-miners.com%2Fwp-admin%2F%3Fnocache%3D1&reauth=1 HTTP/1.1" 200 0 "https://bt-miners.com/wp-admin?nocache=1" "Mozilla/5.0+(compatible; UptimeRobot/2.0; http://www.uptimerobot.com/)" "0.348 Seconds"
212.107.29.90 - - [01/Apr/2025:16:30:10 +0800] "POST /wp-admin/admin-ajax.php HTTP/1.1" 200 4902 "https://bt-miners.com/wp-admin/post.php?post=67951&action=edit" "Mozilla/5.0 (Windows NT 10.0; Win64; x64) AppleWebKit/537.36 (KHTML, like Gecko) Chrome/134.0.0.0 Safari/537.36" "0.934 Seconds"
43.255.119.10,43.255.119.10 - - [01/Apr/2025:16:30:11 +0800] "GET /daily-income-of-miners/ HTTP/1.1" 200 110049 "https://bt-miners.com/daily-income-of-miners/" "Mozilla/5.0 (Macintosh; Intel Mac OS X 10_15_7) AppleWebKit/537.36 (KHTML, like Gecko) Chrome/130.0.0.0 Safari/537.36" "0.679 Seconds"
178.176.74.243,178.176.74.243 - - [01/Apr/2025:16:30:12 +0800] "GET /challenge/ HTTP/1.1" 301 5 "https://bt-miners.com/challenge/" "Mozilla/5.0 (Windows NT 10.0; Win64; x64) AppleWebKit/537.36 (KHTML, like Gecko) Chrome/130.0.0.0 Safari/537.36 CCleaner/130.0.0.0" "0.372 Seconds"
188.166.118.38,188.166.118.38 - - [01/Apr/2025:16:30:12 +0800] "GET /fm.php HTTP/1.1" 404 196 "-" "Mozilla/5.0 (Windows NT 10.0; Win64; x64) AppleWebKit/537.36 (KHTML, like Gecko) Chrome/58.0.3029.110 Safari/537.36" "0.000 Seconds"
240e:3b2:3232:4a70:7058:7862:f44b:6b0,240e:3b2:3232:4a70:7058:7862:f44b:6b0 - - [01/Apr/2025:16:30:12 +0800] "GET /wp-admin/post.php?post=67951&action=edit HTTP/1.1" 200 171829 "https://bt-miners.com/products/canaan-avalon-q-bitcoin-miner-90th-s-bt-miners/" "Mozilla/5.0 (Windows NT 10.0; Win64; x64) AppleWebKit/537.36 (KHTML, like Gecko) Chrome/119.0.0.0 Safari/537.36" "1.465 Seconds"
240e:3b2:3232:4a70:7058:7862:f44b:6b0 - - [01/Apr/2025:16:30:13 +0800] "GET /wp-content/plugins/woo-advanced-shipment-tracking/zorem-tracking/assets/css/style.css?ver=1743496212 HTTP/1.1" 200 948 "https://bt-miners.com/wp-admin/post.php?post=67951&action=edit" "Mozilla/5.0 (Windows NT 10.0; Win64; x64) AppleWebKit/537.36 (KHTML, like Gecko) Chrome/119.0.0.0 Safari/537.36" "0.000 Seconds"
240e:3b2:3232:4a70:7058:7862:f44b:6b0 - - [01/Apr/2025:16:30:13 +0800] "GET /wp-content/plugins/dokan-lite/assets/vendors/tinymce/code/plugin.min.js?ver=1743496211 HTTP/1.1" 200 1045 "https://bt-miners.com/wp-admin/post.php?post=67951&action=edit" "Mozilla/5.0 (Windows NT 10.0; Win64; x64) AppleWebKit/537.36 (KHTML, like Gecko) Chrome/119.0.0.0 Safari/537.36" "0.000 Seconds"
240e:3b2:3232:4a70:7058:7862:f44b:6b0 - - [01/Apr/2025:16:30:13 +0800] "GET /wp-content/plugins/woo-advanced-shipment-tracking/zorem-tracking/assets/js/main.js?ver=1743496212 HTTP/1.1" 200 1587 "https://bt-miners.com/wp-admin/post.php?post=67951&action=edit" "Mozilla/5.0 (Windows NT 10.0; Win64; x64) AppleWebKit/537.36 (KHTML, like Gecko) Chrome/119.0.0.0 Safari/537.36" "0.000 Seconds"
178.176.74.243 - - [01/Apr/2025:16:30:14 +0800] "POST /my-account/ HTTP/1.1" 302 5 "https://bt-miners.com/my-account/" "Mozilla/5.0 (Windows NT 10.0; Win64; x64) AppleWebKit/537.36 (KHTML, like Gecko) Chrome/130.0.0.0 Safari/537.36 CCleaner/130.0.0.0" "0.926 Seconds"
3.222.106.115 - - [01/Apr/2025:16:30:16 +0800] "POST /wp-cron.php?doing_wp_cron=1743496216.0194559097290039062500 HTTP/1.1" 200 31 "-" "WordPress/6.7.1; https://bt-miners.com" "0.000 Seconds"
178.176.74.243,178.176.74.243 - - [01/Apr/2025:16:30:16 +0800] "GET /my-account/?alg_wc_ev_activate_account_message=1 HTTP/1.1" 200 70054 "https://bt-miners.com/my-account/?alg_wc_ev_activate_account_message=1" "Mozilla/5.0 (Windows NT 10.0; Win64; x64) AppleWebKit/537.36 (KHTML, like Gecko) Chrome/130.0.0.0 Safari/537.36 CCleaner/130.0.0.0" "0.509 Seconds"
178.176.74.243,178.176.74.243 - - [01/Apr/2025:16:30:17 +0800] "GET /my-account/ HTTP/1.1" 200 70015 "https://bt-miners.com/" "Mozilla/5.0 (Windows NT 10.0; Win64; x64) AppleWebKit/537.36 (KHTML, like Gecko) Chrome/130.0.0.0 Safari/537.36 CCleaner/130.0.0.0" "0.466 Seconds"
5.34.216.107 - - [01/Apr/2025:16:30:18 +0800] "POST /wp-admin/admin-ajax.php HTTP/1.1" 200 58 "https://bt-miners.com/wp-admin/edit.php?s=bitcoin&post_status=all&post_type=post&m=0&cat=0&paged=1" "Mozilla/5.0 (Windows NT 10.0; Win64; x64) AppleWebKit/537.36 (KHTML, like Gecko) Chrome/134.0.0.0 Safari/537.36" "0.365 Seconds"
5.34.216.107 - - [01/Apr/2025:16:30:18 +0800] "POST /wp-admin/admin-ajax.php HTTP/1.1" 200 43 "https://bt-miners.com/wp-admin/edit.php?s=bitcoin&post_status=all&post_type=post&m=0&cat=0&paged=1" "Mozilla/5.0 (Windows NT 10.0; Win64; x64) AppleWebKit/537.36 (KHTML, like Gecko) Chrome/134.0.0.0 Safari/537.36" "0.605 Seconds"
188.166.118.38,188.166.118.38 - - [01/Apr/2025:16:30:19 +0800] "GET /sites/all/themes/adminimal_theme/uqPfX5TiZbY.php?action=768776e296b6f286f2a72607e276b62666c6d286 HTTP/1.1" 404 196 "-" "Mozilla/5.0 (Windows NT 10.0; Win64; x64) AppleWebKit/537.36 (KHTML, like Gecko) Chrome/58.0.3029.110 Safari/537.36" "0.000 Seconds"
240e:3b2:3232:4a70:7058:7862:f44b:6b0 - - [01/Apr/2025:16:30:20 +0800] "POST /wp-admin/admin-ajax.php HTTP/1.1" 200 58 "https://bt-miners.com/wp-admin/" "Mozilla/5.0 (Windows NT 10.0; Win64; x64) AppleWebKit/537.36 (KHTML, like Gecko) Chrome/119.0.0.0 Safari/537.36" "0.383 Seconds"
240e:3b2:3232:4a70:7058:7862:f44b:6b0 - - [01/Apr/2025:16:30:21 +0800] "POST /wp-admin/admin-ajax.php HTTP/1.1" 400 11 "https://bt-miners.com/wp-admin/" "Mozilla/5.0 (Windows NT 10.0; Win64; x64) AppleWebKit/537.36 (KHTML, like Gecko) Chrome/119.0.0.0 Safari/537.36" "0.461 Seconds"
240e:3b2:3232:4a70:7058:7862:f44b:6b0,240e:3b2:3232:4a70:7058:7862:f44b:6b0 - - [01/Apr/2025:16:30:21 +0800] "GET /wp-json/dokan/v1/admin/notices/promo HTTP/1.1" 200 12 "https://bt-miners.com/wp-admin/post.php?post=67951&action=edit" "Mozilla/5.0 (Windows NT 10.0; Win64; x64) AppleWebKit/537.36 (KHTML, like Gecko) Chrome/119.0.0.0 Safari/537.36" "0.307 Seconds"
212.107.29.89 - - [01/Apr/2025:16:30:21 +0800] "POST /wp-admin/admin-ajax.php HTTP/1.1" 200 43 "https://bt-miners.com/wp-admin/options-general.php?page=perfmatters" "Mozilla/5.0 (Windows NT 10.0; Win64; x64) AppleWebKit/537.36 (KHTML, like Gecko) Chrome/122.0.0.0 Safari/537.36" "0.318 Seconds"
40.77.167.156,40.77.167.156 - - [01/Apr/2025:16:30:21 +0800] "GET /.git/objects/d6/e7a0ecd8b1edb362061692d177fd43d4572a82 HTTP/1.1" 403 195 "-" "Mozilla/5.0 AppleWebKit/537.36 (KHTML, like Gecko; compatible; bingbot/2.0; +http://www.bing.com/bingbot.htm) Chrome/116.0.1938.76 Safari/537.36" "0.000 Seconds"
240e:3b2:3232:4a70:7058:7862:f44b:6b0,240e:3b2:3232:4a70:7058:7862:f44b:6b0 - - [01/Apr/2025:16:30:21 +0800] "GET /wp-json/dokan/v1/admin/notices/admin?scope=global HTTP/1.1" 200 12 "https://bt-miners.com/wp-admin/post.php?post=67951&action=edit" "Mozilla/5.0 (Windows NT 10.0; Win64; x64) AppleWebKit/537.36 (KHTML, like Gecko) Chrome/119.0.0.0 Safari/537.36" "0.557 Seconds"
240e:3b2:3232:4a70:7058:7862:f44b:6b0 - - [01/Apr/2025:16:30:22 +0800] "POST /wp-admin/admin-ajax.php HTTP/1.1" 200 43 "https://bt-miners.com/wp-admin/" "Mozilla/5.0 (Windows NT 10.0; Win64; x64) AppleWebKit/537.36 (KHTML, like Gecko) Chrome/119.0.0.0 Safari/537.36" "0.478 Seconds"
5.196.175.152,5.196.175.152 - - [01/Apr/2025:16:30:22 +0800] "GET /2024/07/ HTTP/1.1" 200 53002 "-" "GTranslate-Translation-Proxy" "0.484 Seconds"
240e:3b2:3232:4a70:7058:7862:f44b:6b0,240e:3b2:3232:4a70:7058:7862:f44b:6b0 - - [01/Apr/2025:16:30:22 +0800] "GET /wp-json/wc-admin/onboarding/tasks?_locale=user HTTP/1.1" 200 6224 "https://bt-miners.com/wp-admin/post.php?post=67951&action=edit" "Mozilla/5.0 (Windows NT 10.0; Win64; x64) AppleWebKit/537.36 (KHTML, like Gecko) Chrome/119.0.0.0 Safari/537.36" "0.724 Seconds"
240e:3b2:3232:4a70:7058:7862:f44b:6b0,240e:3b2:3232:4a70:7058:7862:f44b:6b0 - - [01/Apr/2025:16:30:22 +0800] "GET /wp-json/wc-analytics/orders?page=1&per_page=1&status%5B0%5D=processing&status%5B1%5D=on-hold&_fields%5B0%5D=id&_locale=user HTTP/1.1" 200 24 "https://bt-miners.com/wp-admin/post.php?post=67951&action=edit" "Mozilla/5.0 (Windows NT 10.0; Win64; x64) AppleWebKit/537.36 (KHTML, like Gecko) Chrome/119.0.0.0 Safari/537.36" "0.874 Seconds"
240e:3b2:3232:4a70:7058:7862:f44b:6b0,240e:3b2:3232:4a70:7058:7862:f44b:6b0 - - [01/Apr/2025:16:30:22 +0800] "GET /wp-json/wc-analytics/products/reviews?page=1&per_page=1&status=hold&_embed=1&_fields%5B0%5D=id&_locale=user HTTP/1.1" 200 24 "https://bt-miners.com/wp-admin/post.php?post=67951&action=edit" "Mozilla/5.0 (Windows NT 10.0; Win64; x64) AppleWebKit/537.36 (KHTML, like Gecko) Chrome/119.0.0.0 Safari/537.36" "1.067 Seconds"
212.107.29.90 - - [01/Apr/2025:16:30:23 +0800] "POST /wp-admin/admin-ajax.php HTTP/1.1" 200 43 "https://bt-miners.com/wp-admin/post.php?post=67951&action=edit" "Mozilla/5.0 (Windows NT 10.0; Win64; x64) AppleWebKit/537.36 (KHTML, like Gecko) Chrome/134.0.0.0 Safari/537.36" "0.416 Seconds"
240e:3b2:3232:4a70:7058:7862:f44b:6b0,240e:3b2:3232:4a70:7058:7862:f44b:6b0 - - [01/Apr/2025:16:30:23 +0800] "GET /wp-json/wc-analytics/products/count-low-in-stock?status=publish&page=1&per_page=1&_locale=user HTTP/1.1" 200 22 "https://bt-miners.com/wp-admin/post.php?post=67951&action=edit" "Mozilla/5.0 (Windows NT 10.0; Win64; x64) AppleWebKit/537.36 (KHTML, like Gecko) Chrome/119.0.0.0 Safari/537.36" "1.289 Seconds"
240e:3b2:3232:4a70:7058:7862:f44b:6b0,240e:3b2:3232:4a70:7058:7862:f44b:6b0 - - [01/Apr/2025:16:30:23 +0800] "GET /wp-json/wc-admin/options?options=woocommerce_ces_tracks_queue&_locale=user HTTP/1.1" 200 46 "https://bt-miners.com/wp-admin/post.php?post=67951&action=edit" "Mozilla/5.0 (Windows NT 10.0; Win64; x64) AppleWebKit/537.36 (KHTML, like Gecko) Chrome/119.0.0.0 Safari/537.36" "1.414 Seconds"
240e:3b2:3232:4a70:7058:7862:f44b:6b0,240e:3b2:3232:4a70:7058:7862:f44b:6b0 - - [01/Apr/2025:16:30:23 +0800] "GET /wp-json/wc-admin/options?options=woocommerce_admin_transient_notices_queue%2Cwoocommerce_admin_install_timestamp%2Cwoocommerce_allow_tracking&_locale=user HTTP/1.1" 200 148 "https://bt-miners.com/wp-admin/post.php?post=67951&action=edit" "Mozilla/5.0 (Windows NT 10.0; Win64; x64) AppleWebKit/537.36 (KHTML, like Gecko) Chrome/119.0.0.0 Safari/537.36" "1.572 Seconds"
240e:3b2:3232:4a70:7058:7862:f44b:6b0,240e:3b2:3232:4a70:7058:7862:f44b:6b0 - - [01/Apr/2025:16:30:23 +0800] "GET /wp-json/wp/v2/types?context=view&_locale=user HTTP/1.1" 200 6615 "https://bt-miners.com/wp-admin/post.php?post=67951&action=edit" "Mozilla/5.0 (Windows NT 10.0; Win64; x64) AppleWebKit/537.36 (KHTML, like Gecko) Chrome/119.0.0.0 Safari/537.36" "1.673 Seconds"
240e:3b2:3232:4a70:7058:7862:f44b:6b0,240e:3b2:3232:4a70:7058:7862:f44b:6b0 - - [01/Apr/2025:16:30:23 +0800] "GET /wp-json/wc-admin/options?options=woocommerce_task_list_reminder_bar_hidden&_locale=user HTTP/1.1" 200 62 "https://bt-miners.com/wp-admin/post.php?post=67951&action=edit" "Mozilla/5.0 (Windows NT 10.0; Win64; x64) AppleWebKit/537.36 (KHTML, like Gecko) Chrome/119.0.0.0 Safari/537.36" "1.088 Seconds"
83.99.151.67,83.99.151.67 - - [01/Apr/2025:16:30:24 +0800] "GET /about-litecoinltc/ HTTP/1.1" 200 59402 "-" "Mozilla/5.0 AppleWebKit/537.36 (KHTML, like Gecko; compatible; GeedoProductSearch; +http://www.geedo.com/product-search.html) Chrome/79.0.3945.88 Safari/537.36" "3.093 Seconds"
240e:3b2:3232:4a70:7058:7862:f44b:6b0,240e:3b2:3232:4a70:7058:7862:f44b:6b0 - - [01/Apr/2025:16:30:24 +0800] "GET /wp-json/jetpack/v4/connection/data?_locale=user HTTP/1.1" 200 339 "https://bt-miners.com/wp-admin/post.php?post=67951&action=edit" "Mozilla/5.0 (Windows NT 10.0; Win64; x64) AppleWebKit/537.36 (KHTML, like Gecko) Chrome/119.0.0.0 Safari/537.36" "0.302 Seconds"
240e:3b2:3232:4a70:7058:7862:f44b:6b0,240e:3b2:3232:4a70:7058:7862:f44b:6b0 - - [01/Apr/2025:16:30:24 +0800] "GET /wp-json/wc-analytics/admin/notes?page=1&per_page=25&type=error%2Cupdate&status=unactioned&_locale=user HTTP/1.1" 200 12 "https://bt-miners.com/wp-admin/post.php?post=67951&action=edit" "Mozilla/5.0 (Windows NT 10.0; Win64; x64) AppleWebKit/537.36 (KHTML, like Gecko) Chrome/119.0.0.0 Safari/537.36" "0.445 Seconds"
3.222.106.115 - - [01/Apr/2025:16:30:27 +0800] "POST /wp-cron.php?doing_wp_cron=1743496227.0587151050567626953125 HTTP/1.1" 200 31 "-" "WordPress/6.7.1; https://bt-miners.com" "0.000 Seconds"
188.166.118.38,188.166.118.38 - - [01/Apr/2025:16:30:27 +0800] "GET /checkbox.php HTTP/1.1" 404 196 "-" "Mozilla/5.0 (Windows NT 10.0; Win64; x64) AppleWebKit/537.36 (KHTML, like Gecko) Chrome/58.0.3029.110 Safari/537.36" "0.000 Seconds"
212.107.29.90 - - [01/Apr/2025:16:30:28 +0800] "POST /wp-admin/admin-ajax.php HTTP/1.1" 200 31 "https://bt-miners.com/wp-admin/post.php?post=67951&action=edit" "Mozilla/5.0 (Windows NT 10.0; Win64; x64) AppleWebKit/537.36 (KHTML, like Gecko) Chrome/134.0.0.0 Safari/537.36" "1.386 Seconds"
66.249.75.130,66.249.75.130 - - [01/Apr/2025:16:30:28 +0800] "GET /products/elphapex-dg-home-1-litecoin-dogecoin-miner-2000mh-s-bt-miners/ HTTP/1.1" 301 5 "-" "Mozilla/5.0 (Linux; Android 6.0.1; Nexus 5X Build/MMB29P) AppleWebKit/537.36 (KHTML, like Gecko) Chrome/134.0.6998.165 Mobile Safari/537.36 (compatible; Googlebot/2.1; +http://www.google.com/bot.html)" "0.650 Seconds"
66.249.75.130,66.249.75.130 - - [01/Apr/2025:16:30:28 +0800] "GET /products/elphapex-dg-home-1-litecoin-dogecoin-miner-2000mh-s-bt-miners/ HTTP/1.1" 301 5 "-" "Mozilla/5.0 (Linux; Android 6.0.1; Nexus 5X Build/MMB29P) AppleWebKit/537.36 (KHTML, like Gecko) Chrome/134.0.6998.165 Mobile Safari/537.36 (compatible; Googlebot/2.1; +http://www.google.com/bot.html)" "0.358 Seconds"
212.107.29.90 - - [01/Apr/2025:16:30:28 +0800] "POST /wp-admin/admin-ajax.php HTTP/1.1" 200 4902 "https://bt-miners.com/wp-admin/post.php?post=67951&action=edit" "Mozilla/5.0 (Windows NT 10.0; Win64; x64) AppleWebKit/537.36 (KHTML, like Gecko) Chrome/134.0.0.0 Safari/537.36" "0.495 Seconds"
54.158.124.156,54.158.124.156 - - [01/Apr/2025:16:30:29 +0800] "GET /?debug=kuma-uptime HTTP/1.1" 200 89446 "-" "Uptime-Kuma/1.23.16" "2.395 Seconds"
240e:3b2:3232:4a70:7058:7862:f44b:6b0,240e:3b2:3232:4a70:7058:7862:f44b:6b0 - - [01/Apr/2025:16:30:32 +0800] "GET /repair/ HTTP/1.1" 200 41812 "https://bt-miners.com/" "Mozilla/5.0 (Windows NT 10.0; Win64; x64) AppleWebKit/537.36 (KHTML, like Gecko) Chrome/119.0.0.0 Safari/537.36" "0.700 Seconds"
188.166.118.38,188.166.118.38 - - [01/Apr/2025:16:30:32 +0800] "GET /ans.php HTTP/1.1" 404 196 "-" "Mozilla/5.0 (Windows NT 10.0; Win64; x64) AppleWebKit/537.36 (KHTML, like Gecko) Chrome/58.0.3029.110 Safari/537.36" "0.000 Seconds"
212.107.29.90 - - [01/Apr/2025:16:30:32 +0800] "POST /wp-admin/admin-ajax.php HTTP/1.1" 200 31 "https://bt-miners.com/wp-admin/post.php?post=67951&action=edit" "Mozilla/5.0 (Windows NT 10.0; Win64; x64) AppleWebKit/537.36 (KHTML, like Gecko) Chrome/134.0.0.0 Safari/537.36" "2.303 Seconds"
3.222.106.115 - - [01/Apr/2025:16:30:32 +0800] "POST /wp-admin/admin-ajax.php?action=as_async_request_queue_runner&nonce=bace5e8105 HTTP/1.1" 499 0 "-" "WordPress/6.7.1; https://bt-miners.com" "0.978 Seconds"
5.34.216.107 - - [01/Apr/2025:16:30:33 +0800] "POST /wp-admin/admin-ajax.php HTTP/1.1" 200 31 "https://bt-miners.com/wp-admin/edit.php?s=bitcoin&post_status=all&post_type=post&m=0&cat=0&paged=1" "Mozilla/5.0 (Windows NT 10.0; Win64; x64) AppleWebKit/537.36 (KHTML, like Gecko) Chrome/134.0.0.0 Safari/537.36" "0.335 Seconds"
212.107.29.90,212.107.29.90 - - [01/Apr/2025:16:30:33 +0800] "GET /products/canaan-avalon-q-bitcoin-miner-90th-s-bt-miners/ HTTP/1.1" 200 77275 "-" "Mozilla/5.0 (Windows NT 10.0; Win64; x64) AppleWebKit/537.36 (KHTML, like Gecko) Chrome/134.0.0.0 Safari/537.36" "0.831 Seconds"
212.107.29.90 - - [01/Apr/2025:16:30:34 +0800] "POST /wp-admin/admin-ajax.php HTTP/1.1" 200 57 "https://bt-miners.com/wp-admin/post.php?post=67951&action=edit" "Mozilla/5.0 (Windows NT 10.0; Win64; x64) AppleWebKit/537.36 (KHTML, like Gecko) Chrome/134.0.0.0 Safari/537.36" "1.186 Seconds"
240e:3b2:3232:4a70:7058:7862:f44b:6b0 - - [01/Apr/2025:16:30:34 +0800] "POST /wp-admin/admin-ajax.php HTTP/1.1" 200 367 "https://bt-miners.com/wp-admin/post.php?post=67951&action=edit" "Mozilla/5.0 (Windows NT 10.0; Win64; x64) AppleWebKit/537.36 (KHTML, like Gecko) Chrome/119.0.0.0 Safari/537.36" "0.368 Seconds"
240e:3b2:3232:4a70:7058:7862:f44b:6b0 - - [01/Apr/2025:16:30:35 +0800] "POST /wp-admin/admin-ajax.php HTTP/1.1" 200 367 "https://bt-miners.com/wp-admin/post.php?post=67951&action=edit" "Mozilla/5.0 (Windows NT 10.0; Win64; x64) AppleWebKit/537.36 (KHTML, like Gecko) Chrome/119.0.0.0 Safari/537.36" "0.363 Seconds"
240e:3b2:3232:4a70:7058:7862:f44b:6b0,240e:3b2:3232:4a70:7058:7862:f44b:6b0 - - [01/Apr/2025:16:30:35 +0800] "GET /wp-json/wc/v2/list_income_product?Coin=All HTTP/1.1" 200 219450 "https://bt-miners.com/daily-income-of-miners/" "Mozilla/5.0 (Windows NT 10.0; Win64; x64) AppleWebKit/537.36 (KHTML, like Gecko) Chrome/119.0.0.0 Safari/537.36" "0.293 Seconds"
2607:fb91:2537:c4d9:ad5a:acf5:f8d5:7dfb,2607:fb91:2537:c4d9:ad5a:acf5:f8d5:7dfb - - [01/Apr/2025:16:30:36 +0800] "GET /products/iceriver-ae0-aleo-miner-50mh-s-bt-miners/?attribute_condition=June+Batch&attribute_power-supply-unit=Including&gad_source=1&gbraid=0AAAAABcf1msMaq61jmB0F-OXZsTMxoXU3&gclid=EAIaIQobChMIyeDI7LS2jAMVHk7_AR02mTRIEAQYASABEgJCbfD_BwE HTTP/1.1" 200 121448 "https://www.google.com/" "Mozilla/5.0 (iPhone; CPU iPhone OS 18_3_2 like Mac OS X) AppleWebKit/605.1.15 (KHTML, like Gecko) Version/18.3.1 Mobile/15E148 Safari/604.1" "1.657 Seconds"
188.166.118.38,188.166.118.38 - - [01/Apr/2025:16:30:37 +0800] "GET /.well-known/acme-challenge/xmrlpc.php HTTP/1.1" 403 195 "-" "Mozilla/5.0 (Windows NT 10.0; Win64; x64) AppleWebKit/537.36 (KHTML, like Gecko) Chrome/58.0.3029.110 Safari/537.36" "0.000 Seconds"
212.107.29.89 - - [01/Apr/2025:16:30:37 +0800] "POST /wp-admin/admin-ajax.php HTTP/1.1" 200 43 "https://bt-miners.com/wp-admin/options-general.php?page=perfmatters" "Mozilla/5.0 (Windows NT 10.0; Win64; x64) AppleWebKit/537.36 (KHTML, like Gecko) Chrome/122.0.0.0 Safari/537.36" "0.442 Seconds"
240e:3b2:3232:4a70:7058:7862:f44b:6b0 - - [01/Apr/2025:16:30:38 +0800] "POST /wp-admin/admin-ajax.php HTTP/1.1" 200 43 "https://bt-miners.com/wp-admin/" "Mozilla/5.0 (Windows NT 10.0; Win64; x64) AppleWebKit/537.36 (KHTML, like Gecko) Chrome/119.0.0.0 Safari/537.36" "0.350 Seconds"
212.107.29.90 - - [01/Apr/2025:16:30:39 +0800] "POST /wp-admin/post.php HTTP/1.1" 302 5 "https://bt-miners.com/wp-admin/post.php?post=67951&action=edit" "Mozilla/5.0 (Windows NT 10.0; Win64; x64) AppleWebKit/537.36 (KHTML, like Gecko) Chrome/134.0.0.0 Safari/537.36" "4.477 Seconds"
47.128.16.16,47.128.16.16 - - [01/Apr/2025:16:30:39 +0800] "GET /products/bitmain-antminer-s21-bitcoin-miner-200th-s-bt-miners/?attribute_condition=Aug+Batch&attribute_miner-hashrate=188T HTTP/1.1" 301 5 "-" "Mozilla/5.0 (Linux; Android 5.0) AppleWebKit/537.36 (KHTML, like Gecko) Mobile Safari/537.36 (compatible; TikTokSpider; ttspider-feedback@tiktok.com)" "1.069 Seconds"
212.107.29.90 - - [01/Apr/2025:16:30:39 +0800] "POST /wp-admin/admin-ajax.php HTTP/1.1" 200 43 "https://bt-miners.com/wp-admin/post.php?post=67951&action=edit" "Mozilla/5.0 (Windows NT 10.0; Win64; x64) AppleWebKit/537.36 (KHTML, like Gecko) Chrome/134.0.0.0 Safari/537.36" "0.905 Seconds"
188.166.118.38,188.166.118.38 - - [01/Apr/2025:16:30:39 +0800] "GET /.tmb/moon.php HTTP/1.1" 403 195 "-" "Mozilla/5.0 (Windows NT 10.0; Win64; x64) AppleWebKit/537.36 (KHTML, like Gecko) Chrome/58.0.3029.110 Safari/537.36" "0.000 Seconds"
47.128.16.16,47.128.16.16 - - [01/Apr/2025:16:30:40 +0800] "GET /products/bitmain-antminer-s21-bitcoin-miner-200th-s-195th-s/ HTTP/1.1" 200 120340 "-" "Mozilla/5.0 (Linux; Android 5.0) AppleWebKit/537.36 (KHTML, like Gecko) Mobile Safari/537.36 (compatible; TikTokSpider; ttspider-feedback@tiktok.com)" "1.265 Seconds"
212.107.29.90,212.107.29.90 - - [01/Apr/2025:16:30:41 +0800] "GET /wp-admin/post.php?post=67951&action=edit&message=6 HTTP/1.1" 200 172179 "https://bt-miners.com/wp-admin/post.php?post=67951&action=edit" "Mozilla/5.0 (Windows NT 10.0; Win64; x64) AppleWebKit/537.36 (KHTML, like Gecko) Chrome/134.0.0.0 Safari/537.36" "1.893 Seconds"
212.107.29.90 - - [01/Apr/2025:16:30:41 +0800] "GET /wp-content/plugins/woo-advanced-shipment-tracking/zorem-tracking/assets/css/style.css?ver=1743496240 HTTP/1.1" 200 948 "https://bt-miners.com/wp-admin/post.php?post=67951&action=edit&message=6" "Mozilla/5.0 (Windows NT 10.0; Win64; x64) AppleWebKit/537.36 (KHTML, like Gecko) Chrome/134.0.0.0 Safari/537.36" "0.000 Seconds"
212.107.29.90 - - [01/Apr/2025:16:30:41 +0800] "GET /wp-content/plugins/dokan-lite/assets/vendors/tinymce/code/plugin.min.js?ver=1743496239 HTTP/1.1" 200 1045 "https://bt-miners.com/wp-admin/post.php?post=67951&action=edit&message=6" "Mozilla/5.0 (Windows NT 10.0; Win64; x64) AppleWebKit/537.36 (KHTML, like Gecko) Chrome/134.0.0.0 Safari/537.36" "0.000 Seconds"
212.107.29.90 - - [01/Apr/2025:16:30:41 +0800] "GET /wp-content/plugins/woo-advanced-shipment-tracking/zorem-tracking/assets/js/main.js?ver=1743496240 HTTP/1.1" 200 1587 "https://bt-miners.com/wp-admin/post.php?post=67951&action=edit&message=6" "Mozilla/5.0 (Windows NT 10.0; Win64; x64) AppleWebKit/537.36 (KHTML, like Gecko) Chrome/134.0.0.0 Safari/537.36" "0.000 Seconds"
212.107.29.90,212.107.29.90 - - [01/Apr/2025:16:30:42 +0800] "GET /wp-json/dokan/v1/admin/notices/promo HTTP/1.1" 200 12 "https://bt-miners.com/wp-admin/post.php?post=67951&action=edit" "Mozilla/5.0 (Windows NT 10.0; Win64; x64) AppleWebKit/537.36 (KHTML, like Gecko) Chrome/134.0.0.0 Safari/537.36" "0.370 Seconds"
212.107.29.90,212.107.29.90 - - [01/Apr/2025:16:30:43 +0800] "GET /wp-json/dokan/v1/admin/notices/admin?scope=global HTTP/1.1" 200 12 "https://bt-miners.com/wp-admin/post.php?post=67951&action=edit" "Mozilla/5.0 (Windows NT 10.0; Win64; x64) AppleWebKit/537.36 (KHTML, like Gecko) Chrome/134.0.0.0 Safari/537.36" "0.261 Seconds"
212.107.29.90,212.107.29.90 - - [01/Apr/2025:16:30:44 +0800] "GET /wp-json/wc-admin/onboarding/tasks?_locale=user HTTP/1.1" 200 6224 "https://bt-miners.com/wp-admin/post.php?post=67951&action=edit" "Mozilla/5.0 (Windows NT 10.0; Win64; x64) AppleWebKit/537.36 (KHTML, like Gecko) Chrome/134.0.0.0 Safari/537.36" "0.265 Seconds"
212.107.29.90,212.107.29.90 - - [01/Apr/2025:16:30:44 +0800] "GET /wp-json/wc-analytics/products/count-low-in-stock?status=publish&page=1&per_page=1&_locale=user HTTP/1.1" 200 22 "https://bt-miners.com/wp-admin/post.php?post=67951&action=edit" "Mozilla/5.0 (Windows NT 10.0; Win64; x64) AppleWebKit/537.36 (KHTML, like Gecko) Chrome/134.0.0.0 Safari/537.36" "0.488 Seconds"
5.196.175.158,5.196.175.158 - - [01/Apr/2025:16:30:44 +0800] "GET /forum/topic/feeling-jaded-and-tired-of-low-effective-miner/?showfeed=rss2 HTTP/1.1" 200 3585 "-" "Mozilla/5.0 (compatible; AhrefsBot/7.0; +http://ahrefs.com/robot/)" "0.303 Seconds"
212.107.29.90,212.107.29.90 - - [01/Apr/2025:16:30:45 +0800] "GET /wp-json/wc-admin/options?options=woocommerce_ces_tracks_queue&_locale=user HTTP/1.1" 200 46 "https://bt-miners.com/wp-admin/post.php?post=67951&action=edit" "Mozilla/5.0 (Windows NT 10.0; Win64; x64) AppleWebKit/537.36 (KHTML, like Gecko) Chrome/134.0.0.0 Safari/537.36" "0.464 Seconds"
212.107.29.90,212.107.29.90 - - [01/Apr/2025:16:30:45 +0800] "GET /wp-json/wc-analytics/orders?page=1&per_page=1&status%5B0%5D=processing&status%5B1%5D=on-hold&_fields%5B0%5D=id&_locale=user HTTP/1.1" 200 24 "https://bt-miners.com/wp-admin/post.php?post=67951&action=edit" "Mozilla/5.0 (Windows NT 10.0; Win64; x64) AppleWebKit/537.36 (KHTML, like Gecko) Chrome/134.0.0.0 Safari/537.36" "0.464 Seconds"
212.107.29.90,212.107.29.90 - - [01/Apr/2025:16:30:45 +0800] "GET /wp-json/wc-analytics/products/reviews?page=1&per_page=1&status=hold&_embed=1&_fields%5B0%5D=id&_locale=user HTTP/1.1" 200 24 "https://bt-miners.com/wp-admin/post.php?post=67951&action=edit" "Mozilla/5.0 (Windows NT 10.0; Win64; x64) AppleWebKit/537.36 (KHTML, like Gecko) Chrome/134.0.0.0 Safari/537.36" "0.691 Seconds"
212.107.29.90,212.107.29.90 - - [01/Apr/2025:16:30:45 +0800] "GET /wp-json/wp/v2/types?context=view&_locale=user HTTP/1.1" 200 6615 "https://bt-miners.com/wp-admin/post.php?post=67951&action=edit" "Mozilla/5.0 (Windows NT 10.0; Win64; x64) AppleWebKit/537.36 (KHTML, like Gecko) Chrome/134.0.0.0 Safari/537.36" "0.331 Seconds"
212.107.29.90,212.107.29.90 - - [01/Apr/2025:16:30:46 +0800] "GET /wp-admin/admin-ajax.php?action=oembed-cache&post=67951 HTTP/1.1" 200 43 "https://bt-miners.com/wp-admin/post.php?post=67951&action=edit" "Mozilla/5.0 (Windows NT 10.0; Win64; x64) AppleWebKit/537.36 (KHTML, like Gecko) Chrome/134.0.0.0 Safari/537.36" "0.500 Seconds"
66.249.75.130,66.249.75.130 - - [01/Apr/2025:16:30:46 +0800] "GET /products/iceriver-ae0-aleo-miner-50mh-s-bt-miners/?attribute_condition=June+Batch&attribute_power-supply-unit=Including HTTP/1.1" 200 683383 "-" "Mozilla/5.0 (Linux; Android 6.0.1; Nexus 5X Build/MMB29P) AppleWebKit/537.36 (KHTML, like Gecko) Chrome/134.0.6998.165 Mobile Safari/537.36 (compatible; Googlebot/2.1; +http://www.google.com/bot.html)" "1.727 Seconds"
212.107.29.90,212.107.29.90 - - [01/Apr/2025:16:30:46 +0800] "GET /wp-json/wc-admin/options?options=woocommerce_admin_transient_notices_queue%2Cwoocommerce_admin_install_timestamp%2Cwoocommerce_allow_tracking&_locale=user HTTP/1.1" 200 148 "https://bt-miners.com/wp-admin/post.php?post=67951&action=edit" "Mozilla/5.0 (Windows NT 10.0; Win64; x64) AppleWebKit/537.36 (KHTML, like Gecko) Chrome/134.0.0.0 Safari/537.36" "0.233 Seconds"
212.107.29.90,212.107.29.90 - - [01/Apr/2025:16:30:46 +0800] "GET /wp-json/jetpack/v4/connection/data?_locale=user HTTP/1.1" 200 332 "https://bt-miners.com/wp-admin/post.php?post=67951&action=edit" "Mozilla/5.0 (Windows NT 10.0; Win64; x64) AppleWebKit/537.36 (KHTML, like Gecko) Chrome/134.0.0.0 Safari/537.36" "0.488 Seconds"
212.107.29.90,212.107.29.90 - - [01/Apr/2025:16:30:46 +0800] "GET /wp-json/wc-analytics/admin/notes?page=1&per_page=25&type=error%2Cupdate&status=unactioned&_locale=user HTTP/1.1" 200 12 "https://bt-miners.com/wp-admin/post.php?post=67951&action=edit" "Mozilla/5.0 (Windows NT 10.0; Win64; x64) AppleWebKit/537.36 (KHTML, like Gecko) Chrome/134.0.0.0 Safari/537.36" "0.394 Seconds"
212.107.29.90,212.107.29.90 - - [01/Apr/2025:16:30:47 +0800] "GET /wp-json/wc-admin/options?options=woocommerce_task_list_reminder_bar_hidden&_locale=user HTTP/1.1" 200 62 "https://bt-miners.com/wp-admin/post.php?post=67951&action=edit" "Mozilla/5.0 (Windows NT 10.0; Win64; x64) AppleWebKit/537.36 (KHTML, like Gecko) Chrome/134.0.0.0 Safari/537.36" "0.225 Seconds"
83.99.151.66,83.99.151.66 - - [01/Apr/2025:16:30:47 +0800] "GET /products/ibelink-serial-replacement-control-board/ HTTP/1.1" 200 90637 "-" "Mozilla/5.0 AppleWebKit/537.36 (KHTML, like Gecko; compatible; GeedoProductSearch; +http://www.geedo.com/product-search.html) Chrome/79.0.3945.88 Safari/537.36" "1.040 Seconds"
66.249.75.130,66.249.75.130 - - [01/Apr/2025:16:30:48 +0800] "GET /products/iceriver-ae0-aleo-miner-50mh-s-bt-miners/?attribute_condition=June+Batch&attribute_power-supply-unit=Including HTTP/1.1" 200 121113 "-" "Mozilla/5.0 (Linux; Android 6.0.1; Nexus 5X Build/MMB29P) AppleWebKit/537.36 (KHTML, like Gecko) Chrome/134.0.6998.165 Mobile Safari/537.36 (compatible; Googlebot/2.1; +http://www.google.com/bot.html)" "1.526 Seconds"
5.34.216.107 - - [01/Apr/2025:16:30:49 +0800] "POST /wp-admin/admin-ajax.php HTTP/1.1" 200 31 "https://bt-miners.com/wp-admin/edit.php?s=bitcoin&post_status=all&post_type=post&m=0&cat=0&paged=1" "Mozilla/5.0 (Windows NT 10.0; Win64; x64) AppleWebKit/537.36 (KHTML, like Gecko) Chrome/134.0.0.0 Safari/537.36" "0.395 Seconds"
66.249.75.132,66.249.75.132 - - [01/Apr/2025:16:30:50 +0800] "GET /products/bitmain-antminer-s21-hyd-bitcoin-miner-335th-s-bt-miners-2/?attribute_miner-hashrate=319T&attribute_condition=Mar+Batch HTTP/1.1" 200 677496 "-" "Mozilla/5.0 (Linux; Android 6.0.1; Nexus 5X Build/MMB29P) AppleWebKit/537.36 (KHTML, like Gecko) Chrome/134.0.6998.165 Mobile Safari/537.36 (compatible; Googlebot/2.1; +http://www.google.com/bot.html)" "1.081 Seconds"
54.158.124.156,54.158.124.156 - - [01/Apr/2025:16:30:50 +0800] "GET /?debug=kuma-uptime HTTP/1.1" 200 89391 "-" "Uptime-Kuma/1.23.16" "1.782 Seconds"
66.249.75.132,66.249.75.132 - - [01/Apr/2025:16:30:51 +0800] "GET /products/bitmain-antminer-s21-hyd-bitcoin-miner-335th-s-bt-miners-2/?attribute_miner-hashrate=319T&attribute_condition=Mar+Batch HTTP/1.1" 200 122221 "-" "Mozilla/5.0 (Linux; Android 6.0.1; Nexus 5X Build/MMB29P) AppleWebKit/537.36 (KHTML, like Gecko) Chrome/134.0.6998.165 Mobile Safari/537.36 (compatible; Googlebot/2.1; +http://www.google.com/bot.html)" "1.081 Seconds"
188.166.118.38,188.166.118.38 - - [01/Apr/2025:16:30:52 +0800] "GET /wp-admin/css/colors/ocean/wp-crons.php HTTP/1.1" 404 196 "-" "Mozilla/5.0 (Windows NT 10.0; Win64; x64) AppleWebKit/537.36 (KHTML, like Gecko) Chrome/58.0.3029.110 Safari/537.36" "0.000 Seconds"
212.107.29.89 - - [01/Apr/2025:16:30:52 +0800] "POST /wp-admin/admin-ajax.php HTTP/1.1" 200 43 "https://bt-miners.com/wp-admin/post.php?post=70267&action=edit" "Mozilla/5.0 (Windows NT 10.0; Win64; x64) AppleWebKit/537.36 (KHTML, like Gecko) Chrome/134.0.0.0 Safari/537.36" "0.437 Seconds"
212.107.29.89 - - [01/Apr/2025:16:30:53 +0800] "POST /wp-admin/admin-ajax.php HTTP/1.1" 200 43 "https://bt-miners.com/wp-admin/options-general.php?page=perfmatters" "Mozilla/5.0 (Windows NT 10.0; Win64; x64) AppleWebKit/537.36 (KHTML, like Gecko) Chrome/122.0.0.0 Safari/537.36" "0.445 Seconds"
240e:3b2:3232:4a70:7058:7862:f44b:6b0 - - [01/Apr/2025:16:30:54 +0800] "POST /wp-admin/admin-ajax.php HTTP/1.1" 200 43 "https://bt-miners.com/wp-admin/" "Mozilla/5.0 (Windows NT 10.0; Win64; x64) AppleWebKit/537.36 (KHTML, like Gecko) Chrome/119.0.0.0 Safari/537.36" "0.404 Seconds"
3.222.106.115 - - [01/Apr/2025:16:30:57 +0800] "POST /wp-cron.php?doing_wp_cron=1743496257.1511321067810058593750 HTTP/1.1" 200 31 "-" "WordPress/6.7.1; https://bt-miners.com" "0.000 Seconds"
188.166.118.38,188.166.118.38 - - [01/Apr/2025:16:30:57 +0800] "GET /BypassBest.php HTTP/1.1" 404 196 "-" "Mozilla/5.0 (Windows NT 10.0; Win64; x64) AppleWebKit/537.36 (KHTML, like Gecko) Chrome/58.0.3029.110 Safari/537.36" "0.000 Seconds"
83.99.151.66,83.99.151.66 - - [01/Apr/2025:16:30:57 +0800] "GET /analyzing-the-impact-of-miners-actions-on-bitcoin-and-market-prices/ HTTP/1.1" 200 67512 "-" "Mozilla/5.0 AppleWebKit/537.36 (KHTML, like Gecko; compatible; GeedoProductSearch; +http://www.geedo.com/product-search.html) Chrome/79.0.3945.88 Safari/537.36" "0.625 Seconds"
66.249.75.132,66.249.75.132 - - [01/Apr/2025:16:30:59 +0800] "GET / HTTP/1.1" 200 630742 "-" "Mozilla/5.0 (Linux; Android 6.0.1; Nexus 5X Build/MMB29P) AppleWebKit/537.36 (KHTML, like Gecko) Chrome/134.0.6998.165 Mobile Safari/537.36 (compatible; Googlebot/2.1; +http://www.google.com/bot.html)" "1.765 Seconds"
2001:4860:7:619::ff,2001:4860:7:619::ff - - [01/Apr/2025:16:31:02 +0800] "GET /products/goldshell-al-box-ii-plus-alephium-miner-1th-s-bt-miners/ HTTP/1.1" 200 118936 "https://www.google.com/" "Mozilla/5.0 (Macintosh; Intel Mac OS X 10_15_7) AppleWebKit/537.36 (KHTML, like Gecko) Chrome/133.0.0.0 Safari/537.36" "1.273 Seconds"
42.114.27.174 - - [01/Apr/2025:16:31:06 +0800] "POST /wp-json/pmw/v1/test/ HTTP/1.1" 200 27 "https://bt-miners.com/products/goldshell-ae-box-ii-aleo-miner-54mh-s-bt-miners/" "Mozilla/5.0 (Windows NT 10.0; Win64; x64) AppleWebKit/537.36 (KHTML, like Gecko) Chrome/133.0.0.0 Safari/537.36" "0.507 Seconds"
42.114.27.174 - - [01/Apr/2025:16:31:06 +0800] "POST /products/goldshell-ae-box-ii-aleo-miner-54mh-s-bt-miners/ HTTP/1.1" 302 5 "https://bt-miners.com/products/goldshell-ae-box-ii-aleo-miner-54mh-s-bt-miners/" "Mozilla/5.0 (Windows NT 10.0; Win64; x64) AppleWebKit/537.36 (KHTML, like Gecko) Chrome/133.0.0.0 Safari/537.36" "0.696 Seconds"
5.34.216.107 - - [01/Apr/2025:16:31:06 +0800] "POST /wp-admin/admin-ajax.php HTTP/1.1" 200 31 "https://bt-miners.com/wp-admin/edit.php?s=bitcoin&post_status=all&post_type=post&m=0&cat=0&paged=1" "Mozilla/5.0 (Windows NT 10.0; Win64; x64) AppleWebKit/537.36 (KHTML, like Gecko) Chrome/134.0.0.0 Safari/537.36" "0.447 Seconds"
42.114.27.174 - - [01/Apr/2025:16:31:06 +0800] "POST /wp-json/pmw/v1/products/ HTTP/1.1" 200 37 "https://bt-miners.com/products/goldshell-ae-box-ii-aleo-miner-54mh-s-bt-miners/" "Mozilla/5.0 (Windows NT 10.0; Win64; x64) AppleWebKit/537.36 (KHTML, like Gecko) Chrome/133.0.0.0 Safari/537.36" "0.433 Seconds"
2a09:bac3:bd7e:1923::281:34,2a09:bac3:bd7e:1923::281:34 - - [01/Apr/2025:16:31:06 +0800] "GET /products/goldshell-ae-box-ii-aleo-miner-54mh-s-bt-miners/ HTTP/1.1" 200 115842 "https://bt-miners.com/?ref=ajootith_t&SUB_ID=fa64c275c960c96686eaca272b26dedf" "Mozilla/5.0 (iPhone; CPU iPhone OS 18_4 like Mac OS X) AppleWebKit/605.1.15 (KHTML, like Gecko) Version/18.4 Mobile/15E148 Safari/604.1" "1.016 Seconds"
42.114.27.174,42.114.27.174 - - [01/Apr/2025:16:31:07 +0800] "GET /cart/?add-to-cart=68993&product_id=68993&variation_id=68999&attribute_miner-hashrate=54Mh%2Fs&attribute_condition=In+Stock&attribute_power-supply-unit=Excluding&quantity=1 HTTP/1.1" 200 66630 "https://bt-miners.com/products/goldshell-ae-box-ii-aleo-miner-54mh-s-bt-miners/" "Mozilla/5.0 (Windows NT 10.0; Win64; x64) AppleWebKit/537.36 (KHTML, like Gecko) Chrome/133.0.0.0 Safari/537.36" "0.660 Seconds"
2a01:4f8:c013:3c54::1,2a01:4f8:c013:3c54::1 - - [01/Apr/2025:16:31:07 +0800] "HEAD /?nocache=1 HTTP/1.1" 200 0 "https://bt-miners.com/?nocache=1" "Mozilla/5.0+(compatible; UptimeRobot/2.0; http://www.uptimerobot.com/)" "0.306 Seconds"
42.114.27.174 - - [01/Apr/2025:16:31:08 +0800] "GET /wp-content/plugins/buy-now-button-for-woocommerce/includes/styles/front_style.css?ver=1.0 HTTP/1.1" 200 1784 "https://bt-miners.com/cart/?add-to-cart=68993&product_id=68993&variation_id=68999&attribute_miner-hashrate=54Mh%2Fs&attribute_condition=In+Stock&attribute_power-supply-unit=Excluding&quantity=1" "Mozilla/5.0 (Windows NT 10.0; Win64; x64) AppleWebKit/537.36 (KHTML, like Gecko) Chrome/133.0.0.0 Safari/537.36" "0.000 Seconds"
42.114.27.174 - - [01/Apr/2025:16:31:08 +0800] "GET /wp-content/plugins/contact-form-7/includes/css/styles.css?ver=6.0.2 HTTP/1.1" 200 2894 "https://bt-miners.com/cart/?add-to-cart=68993&product_id=68993&variation_id=68999&attribute_miner-hashrate=54Mh%2Fs&attribute_condition=In+Stock&attribute_power-supply-unit=Excluding&quantity=1" "Mozilla/5.0 (Windows NT 10.0; Win64; x64) AppleWebKit/537.36 (KHTML, like Gecko) Chrome/133.0.0.0 Safari/537.36" "0.000 Seconds"
