42.114.27.174 - - [01/Apr/2025:16:31:08 +0800] "GET /wp-content/themes/azuri/assets/css/new-common-style-lp.css?ver=1743389785 HTTP/1.1" 200 54099 "https://bt-miners.com/cart/?add-to-cart=68993&product_id=68993&variation_id=68999&attribute_miner-hashrate=54Mh%2Fs&attribute_condition=In+Stock&attribute_power-supply-unit=Excluding&quantity=1" "Mozilla/5.0 (Windows NT 10.0; Win64; x64) AppleWebKit/537.36 (KHTML, like Gecko) Chrome/133.0.0.0 Safari/537.36" "0.000 Seconds"
42.114.27.174 - - [01/Apr/2025:16:31:08 +0800] "GET /wp-content/themes/azuri/css/btminers_global.css?ver=a53d61b19d1e048adadfb3f4c418ba92 HTTP/1.1" 200 370 "https://bt-miners.com/cart/?add-to-cart=68993&product_id=68993&variation_id=68999&attribute_miner-hashrate=54Mh%2Fs&attribute_condition=In+Stock&attribute_power-supply-unit=Excluding&quantity=1" "Mozilla/5.0 (Windows NT 10.0; Win64; x64) AppleWebKit/537.36 (KHTML, like Gecko) Chrome/133.0.0.0 Safari/537.36" "0.000 Seconds"
42.114.27.174 - - [01/Apr/2025:16:31:08 +0800] "GET /wp-content/themes/azuri/assets/css/new-cart.css HTTP/1.1" 200 16645 "https://bt-miners.com/cart/?add-to-cart=68993&product_id=68993&variation_id=68999&attribute_miner-hashrate=54Mh%2Fs&attribute_condition=In+Stock&attribute_power-supply-unit=Excluding&quantity=1" "Mozilla/5.0 (Windows NT 10.0; Win64; x64) AppleWebKit/537.36 (KHTML, like Gecko) Chrome/133.0.0.0 Safari/537.36" "0.000 Seconds"
42.114.27.174 - - [01/Apr/2025:16:31:08 +0800] "GET /wp-content/themes/azuri/assets/css/new-common-style.css?ver=1741940464 HTTP/1.1" 200 91165 "https://bt-miners.com/cart/?add-to-cart=68993&product_id=68993&variation_id=68999&attribute_miner-hashrate=54Mh%2Fs&attribute_condition=In+Stock&attribute_power-supply-unit=Excluding&quantity=1" "Mozilla/5.0 (Windows NT 10.0; Win64; x64) AppleWebKit/537.36 (KHTML, like Gecko) Chrome/133.0.0.0 Safari/537.36" "0.001 Seconds"
42.114.27.174 - - [01/Apr/2025:16:31:08 +0800] "GET /wp-content/plugins/asgaros-forum/skin/widgets.css?ver=3.0.0 HTTP/1.1" 200 1778 "https://bt-miners.com/cart/?add-to-cart=68993&product_id=68993&variation_id=68999&attribute_miner-hashrate=54Mh%2Fs&attribute_condition=In+Stock&attribute_power-supply-unit=Excluding&quantity=1" "Mozilla/5.0 (Windows NT 10.0; Win64; x64) AppleWebKit/537.36 (KHTML, like Gecko) Chrome/133.0.0.0 Safari/537.36" "0.000 Seconds"
42.114.27.174 - - [01/Apr/2025:16:31:08 +0800] "GET /wp-content/plugins/newsletter/style.css?ver=8.6.4 HTTP/1.1" 200 7190 "https://bt-miners.com/cart/?add-to-cart=68993&product_id=68993&variation_id=68999&attribute_miner-hashrate=54Mh%2Fs&attribute_condition=In+Stock&attribute_power-supply-unit=Excluding&quantity=1" "Mozilla/5.0 (Windows NT 10.0; Win64; x64) AppleWebKit/537.36 (KHTML, like Gecko) Chrome/133.0.0.0 Safari/537.36" "0.000 Seconds"
42.114.27.174 - - [01/Apr/2025:16:31:08 +0800] "GET /wp-content/themes/azuri/sass/woocommerce.css?ver=1.0.7 HTTP/1.1" 200 319193 "https://bt-miners.com/cart/?add-to-cart=68993&product_id=68993&variation_id=68999&attribute_miner-hashrate=54Mh%2Fs&attribute_condition=In+Stock&attribute_power-supply-unit=Excluding&quantity=1" "Mozilla/5.0 (Windows NT 10.0; Win64; x64) AppleWebKit/537.36 (KHTML, like Gecko) Chrome/133.0.0.0 Safari/537.36" "0.003 Seconds"
42.114.27.174 - - [01/Apr/2025:16:31:08 +0800] "GET /wp-content/plugins/types/vendor/toolset/toolset-common/res/lib/font-awesome/css/all.css?ver=5.13.0 HTTP/1.1" 200 72670 "https://bt-miners.com/cart/?add-to-cart=68993&product_id=68993&variation_id=68999&attribute_miner-hashrate=54Mh%2Fs&attribute_condition=In+Stock&attribute_power-supply-unit=Excluding&quantity=1" "Mozilla/5.0 (Windows NT 10.0; Win64; x64) AppleWebKit/537.36 (KHTML, like Gecko) Chrome/133.0.0.0 Safari/537.36" "0.000 Seconds"
42.114.27.174 - - [01/Apr/2025:16:31:08 +0800] "GET /wp-content/themes/azuri/css/slick.css?ver=1.8.0 HTTP/1.1" 200 1895 "https://bt-miners.com/cart/?add-to-cart=68993&product_id=68993&variation_id=68999&attribute_miner-hashrate=54Mh%2Fs&attribute_condition=In+Stock&attribute_power-supply-unit=Excluding&quantity=1" "Mozilla/5.0 (Windows NT 10.0; Win64; x64) AppleWebKit/537.36 (KHTML, like Gecko) Chrome/133.0.0.0 Safari/537.36" "0.000 Seconds"
42.114.27.174 - - [01/Apr/2025:16:31:08 +0800] "GET /wp-content/themes/azuri/css/wc-quantity-increment.css?ver=a53d61b19d1e048adadfb3f4c418ba92 HTTP/1.1" 200 2833 "https://bt-miners.com/cart/?add-to-cart=68993&product_id=68993&variation_id=68999&attribute_miner-hashrate=54Mh%2Fs&attribute_condition=In+Stock&attribute_power-supply-unit=Excluding&quantity=1" "Mozilla/5.0 (Windows NT 10.0; Win64; x64) AppleWebKit/537.36 (KHTML, like Gecko) Chrome/133.0.0.0 Safari/537.36" "0.000 Seconds"
42.114.27.174 - - [01/Apr/2025:16:31:08 +0800] "GET /wp-content/themes/azuri/css/themify-icons.css?ver=1.0.0 HTTP/1.1" 200 17501 "https://bt-miners.com/cart/?add-to-cart=68993&product_id=68993&variation_id=68999&attribute_miner-hashrate=54Mh%2Fs&attribute_condition=In+Stock&attribute_power-supply-unit=Excluding&quantity=1" "Mozilla/5.0 (Windows NT 10.0; Win64; x64) AppleWebKit/537.36 (KHTML, like Gecko) Chrome/133.0.0.0 Safari/537.36" "0.000 Seconds"
42.114.27.174 - - [01/Apr/2025:16:31:08 +0800] "GET /wp-content/themes/azuri/sass/bootstrap.css?ver=3.2.0 HTTP/1.1" 200 174287 "https://bt-miners.com/cart/?add-to-cart=68993&product_id=68993&variation_id=68999&attribute_miner-hashrate=54Mh%2Fs&attribute_condition=In+Stock&attribute_power-supply-unit=Excluding&quantity=1" "Mozilla/5.0 (Windows NT 10.0; Win64; x64) AppleWebKit/537.36 (KHTML, like Gecko) Chrome/133.0.0.0 Safari/537.36" "0.002 Seconds"
42.114.27.174 - - [01/Apr/2025:16:31:08 +0800] "GET /wp-content/themes/azuri/css/animate.css?ver=3.6.0 HTTP/1.1" 200 78546 "https://bt-miners.com/cart/?add-to-cart=68993&product_id=68993&variation_id=68999&attribute_miner-hashrate=54Mh%2Fs&attribute_condition=In+Stock&attribute_power-supply-unit=Excluding&quantity=1" "Mozilla/5.0 (Windows NT 10.0; Win64; x64) AppleWebKit/537.36 (KHTML, like Gecko) Chrome/133.0.0.0 Safari/537.36" "0.000 Seconds"
42.114.27.174 - - [01/Apr/2025:16:31:08 +0800] "GET /wp-content/plugins/dokan-lite/assets/css/style.css?ver=1740974858 HTTP/1.1" 200 222830 "https://bt-miners.com/cart/?add-to-cart=68993&product_id=68993&variation_id=68999&attribute_miner-hashrate=54Mh%2Fs&attribute_condition=In+Stock&attribute_power-supply-unit=Excluding&quantity=1" "Mozilla/5.0 (Windows NT 10.0; Win64; x64) AppleWebKit/537.36 (KHTML, like Gecko) Chrome/133.0.0.0 Safari/537.36" "0.002 Seconds"
42.114.27.174 - - [01/Apr/2025:16:31:08 +0800] "GET /wp-content/themes/azuri-child/style.css?ver=a53d61b19d1e048adadfb3f4c418ba92 HTTP/1.1" 200 1349 "https://bt-miners.com/cart/?add-to-cart=68993&product_id=68993&variation_id=68999&attribute_miner-hashrate=54Mh%2Fs&attribute_condition=In+Stock&attribute_power-supply-unit=Excluding&quantity=1" "Mozilla/5.0 (Windows NT 10.0; Win64; x64) AppleWebKit/537.36 (KHTML, like Gecko) Chrome/133.0.0.0 Safari/537.36" "0.000 Seconds"
42.114.27.174 - - [01/Apr/2025:16:31:08 +0800] "GET /wp-content/themes/azuri/sass/template.css?ver=1.0 HTTP/1.1" 200 337371 "https://bt-miners.com/cart/?add-to-cart=68993&product_id=68993&variation_id=68999&attribute_miner-hashrate=54Mh%2Fs&attribute_condition=In+Stock&attribute_power-supply-unit=Excluding&quantity=1" "Mozilla/5.0 (Windows NT 10.0; Win64; x64) AppleWebKit/537.36 (KHTML, like Gecko) Chrome/133.0.0.0 Safari/537.36" "0.003 Seconds"
42.114.27.174 - - [01/Apr/2025:16:31:08 +0800] "GET /wp-content/plugins/buy-now-button-for-woocommerce/includes/scripts/front_script.js?ver=1.0 HTTP/1.1" 200 1129 "https://bt-miners.com/cart/?add-to-cart=68993&product_id=68993&variation_id=68999&attribute_miner-hashrate=54Mh%2Fs&attribute_condition=In+Stock&attribute_power-supply-unit=Excluding&quantity=1" "Mozilla/5.0 (Windows NT 10.0; Win64; x64) AppleWebKit/537.36 (KHTML, like Gecko) Chrome/133.0.0.0 Safari/537.36" "0.000 Seconds"
42.114.27.174 - - [01/Apr/2025:16:31:08 +0800] "GET /wp-content/plugins/types/vendor/toolset/toolset-common/res/lib/font-awesome/css/v4-shims.css?ver=5.13.0 HTTP/1.1" 200 41312 "https://bt-miners.com/cart/?add-to-cart=68993&product_id=68993&variation_id=68999&attribute_miner-hashrate=54Mh%2Fs&attribute_condition=In+Stock&attribute_power-supply-unit=Excluding&quantity=1" "Mozilla/5.0 (Windows NT 10.0; Win64; x64) AppleWebKit/537.36 (KHTML, like Gecko) Chrome/133.0.0.0 Safari/537.36" "0.000 Seconds"
42.114.27.174 - - [01/Apr/2025:16:31:08 +0800] "GET /wp-content/themes/azuri/css/magnific-popup.css?ver=1.1.0 HTTP/1.1" 200 7302 "https://bt-miners.com/cart/?add-to-cart=68993&product_id=68993&variation_id=68999&attribute_miner-hashrate=54Mh%2Fs&attribute_condition=In+Stock&attribute_power-supply-unit=Excluding&quantity=1" "Mozilla/5.0 (Windows NT 10.0; Win64; x64) AppleWebKit/537.36 (KHTML, like Gecko) Chrome/133.0.0.0 Safari/537.36" "0.000 Seconds"
42.114.27.174 - - [01/Apr/2025:16:31:08 +0800] "GET /wp-content/themes/azuri/style.css?ver=1.0 HTTP/1.1" 200 14080 "https://bt-miners.com/cart/?add-to-cart=68993&product_id=68993&variation_id=68999&attribute_miner-hashrate=54Mh%2Fs&attribute_condition=In+Stock&attribute_power-supply-unit=Excluding&quantity=1" "Mozilla/5.0 (Windows NT 10.0; Win64; x64) AppleWebKit/537.36 (KHTML, like Gecko) Chrome/133.0.0.0 Safari/537.36" "0.000 Seconds"
212.107.29.90,212.107.29.90 - - [01/Apr/2025:16:31:08 +0800] "GET /about-bitcoinbtc/ HTTP/1.1" 200 48470 "https://bt-miners.com/products/canaan-avalon-q-bitcoin-miner-90th-s-bt-miners/" "Mozilla/5.0 (Windows NT 10.0; Win64; x64) AppleWebKit/537.36 (KHTML, like Gecko) Chrome/134.0.0.0 Safari/537.36" "0.355 Seconds"
42.114.27.174 - - [01/Apr/2025:16:31:08 +0800] "GET /wp-content/plugins/extra-fees-for-woocommerce/assets/js/frontend/frontend.js?ver=4.3.0 HTTP/1.1" 200 9345 "https://bt-miners.com/cart/?add-to-cart=68993&product_id=68993&variation_id=68999&attribute_miner-hashrate=54Mh%2Fs&attribute_condition=In+Stock&attribute_power-supply-unit=Excluding&quantity=1" "Mozilla/5.0 (Windows NT 10.0; Win64; x64) AppleWebKit/537.36 (KHTML, like Gecko) Chrome/133.0.0.0 Safari/537.36" "0.000 Seconds"
42.114.27.174 - - [01/Apr/2025:16:31:08 +0800] "GET /wp-content/themes/azuri/js/jquery.unveil.js?ver=1.1.0 HTTP/1.1" 200 1930 "https://bt-miners.com/cart/?add-to-cart=68993&product_id=68993&variation_id=68999&attribute_miner-hashrate=54Mh%2Fs&attribute_condition=In+Stock&attribute_power-supply-unit=Excluding&quantity=1" "Mozilla/5.0 (Windows NT 10.0; Win64; x64) AppleWebKit/537.36 (KHTML, like Gecko) Chrome/133.0.0.0 Safari/537.36" "0.000 Seconds"
42.114.27.174 - - [01/Apr/2025:16:31:08 +0800] "GET /wp-content/themes/azuri/js/countdown.js?ver=20150315 HTTP/1.1" 200 2980 "https://bt-miners.com/cart/?add-to-cart=68993&product_id=68993&variation_id=68999&attribute_miner-hashrate=54Mh%2Fs&attribute_condition=In+Stock&attribute_power-supply-unit=Excluding&quantity=1" "Mozilla/5.0 (Windows NT 10.0; Win64; x64) AppleWebKit/537.36 (KHTML, like Gecko) Chrome/133.0.0.0 Safari/537.36" "0.000 Seconds"
188.166.118.38,188.166.118.38 - - [01/Apr/2025:16:31:08 +0800] "GET //as/function.php HTTP/1.1" 404 196 "-" "Mozilla/5.0 (Windows NT 10.0; Win64; x64) AppleWebKit/537.36 (KHTML, like Gecko) Chrome/58.0.3029.110 Safari/537.36" "0.000 Seconds"
212.107.29.90,212.107.29.90 - - [01/Apr/2025:16:31:08 +0800] "GET /miner-selection/ HTTP/1.1" 200 40040 "https://bt-miners.com/products/canaan-avalon-q-bitcoin-miner-90th-s-bt-miners/" "Mozilla/5.0 (Windows NT 10.0; Win64; x64) AppleWebKit/537.36 (KHTML, like Gecko) Chrome/134.0.0.0 Safari/537.36" "0.520 Seconds"
42.114.27.174 - - [01/Apr/2025:16:31:09 +0800] "GET /wp-content/plugins/mstore-api/assets/js/mstore-inspireui.js?ver=1.0.0 HTTP/1.1" 200 3870 "https://bt-miners.com/cart/?add-to-cart=68993&product_id=68993&variation_id=68999&attribute_miner-hashrate=54Mh%2Fs&attribute_condition=In+Stock&attribute_power-supply-unit=Excluding&quantity=1" "Mozilla/5.0 (Windows NT 10.0; Win64; x64) AppleWebKit/537.36 (KHTML, like Gecko) Chrome/133.0.0.0 Safari/537.36" "0.000 Seconds"
42.114.27.174 - - [01/Apr/2025:16:31:09 +0800] "GET /wp-content/themes/azuri/js/functions.js?ver=20150330 HTTP/1.1" 200 25516 "https://bt-miners.com/cart/?add-to-cart=68993&product_id=68993&variation_id=68999&attribute_miner-hashrate=54Mh%2Fs&attribute_condition=In+Stock&attribute_power-supply-unit=Excluding&quantity=1" "Mozilla/5.0 (Windows NT 10.0; Win64; x64) AppleWebKit/537.36 (KHTML, like Gecko) Chrome/133.0.0.0 Safari/537.36" "0.000 Seconds"
42.114.27.174 - - [01/Apr/2025:16:31:09 +0800] "GET /wp-content/plugins/wp-whatsapp/assets/js/whatsapp-button.js?ver=3.6.9 HTTP/1.1" 200 1152 "https://bt-miners.com/cart/?add-to-cart=68993&product_id=68993&variation_id=68999&attribute_miner-hashrate=54Mh%2Fs&attribute_condition=In+Stock&attribute_power-supply-unit=Excluding&quantity=1" "Mozilla/5.0 (Windows NT 10.0; Win64; x64) AppleWebKit/537.36 (KHTML, like Gecko) Chrome/133.0.0.0 Safari/537.36" "0.000 Seconds"
42.114.27.174 - - [01/Apr/2025:16:31:09 +0800] "GET /wp-content/plugins/wp-whatsapp/assets/js/whatsapp-popup.js?ver=3.6.9 HTTP/1.1" 200 922 "https://bt-miners.com/cart/?add-to-cart=68993&product_id=68993&variation_id=68999&attribute_miner-hashrate=54Mh%2Fs&attribute_condition=In+Stock&attribute_power-supply-unit=Excluding&quantity=1" "Mozilla/5.0 (Windows NT 10.0; Win64; x64) AppleWebKit/537.36 (KHTML, like Gecko) Chrome/133.0.0.0 Safari/537.36" "0.000 Seconds"
42.114.27.174 - - [01/Apr/2025:16:31:09 +0800] "GET /wp-content/themes/azuri/js/woocommerce.js?ver=20150330 HTTP/1.1" 200 49369 "https://bt-miners.com/cart/?add-to-cart=68993&product_id=68993&variation_id=68999&attribute_miner-hashrate=54Mh%2Fs&attribute_condition=In+Stock&attribute_power-supply-unit=Excluding&quantity=1" "Mozilla/5.0 (Windows NT 10.0; Win64; x64) AppleWebKit/537.36 (KHTML, like Gecko) Chrome/133.0.0.0 Safari/537.36" "0.000 Seconds"
42.114.27.174 - - [01/Apr/2025:16:31:09 +0800] "GET /wp-content/themes/azuri/assets/js/new-common.js?ver=1735869536 HTTP/1.1" 200 11327 "https://bt-miners.com/cart/?add-to-cart=68993&product_id=68993&variation_id=68999&attribute_miner-hashrate=54Mh%2Fs&attribute_condition=In+Stock&attribute_power-supply-unit=Excluding&quantity=1" "Mozilla/5.0 (Windows NT 10.0; Win64; x64) AppleWebKit/537.36 (KHTML, like Gecko) Chrome/133.0.0.0 Safari/537.36" "0.000 Seconds"
42.114.27.174 - - [01/Apr/2025:16:31:09 +0800] "GET /wp-content/plugins/woocommerce/assets/js/frontend/cart.min.js?ver=9.7.1 HTTP/1.1" 200 9318 "https://bt-miners.com/cart/?add-to-cart=68993&product_id=68993&variation_id=68999&attribute_miner-hashrate=54Mh%2Fs&attribute_condition=In+Stock&attribute_power-supply-unit=Excluding&quantity=1" "Mozilla/5.0 (Windows NT 10.0; Win64; x64) AppleWebKit/537.36 (KHTML, like Gecko) Chrome/133.0.0.0 Safari/537.36" "0.000 Seconds"
42.114.27.174 - - [01/Apr/2025:16:31:09 +0800] "GET /wp-content/themes/azuri/js/wc-quantity-increment.js?ver=20150330 HTTP/1.1" 200 2435 "https://bt-miners.com/cart/?add-to-cart=68993&product_id=68993&variation_id=68999&attribute_miner-hashrate=54Mh%2Fs&attribute_condition=In+Stock&attribute_power-supply-unit=Excluding&quantity=1" "Mozilla/5.0 (Windows NT 10.0; Win64; x64) AppleWebKit/537.36 (KHTML, like Gecko) Chrome/133.0.0.0 Safari/537.36" "0.000 Seconds"
42.114.27.174 - - [01/Apr/2025:16:31:09 +0800] "GET /wp-content/plugins/woocommerce/assets/js/frontend/address-i18n.min.js?ver=9.7.1 HTTP/1.1" 200 2750 "https://bt-miners.com/cart/?add-to-cart=68993&product_id=68993&variation_id=68999&attribute_miner-hashrate=54Mh%2Fs&attribute_condition=In+Stock&attribute_power-supply-unit=Excluding&quantity=1" "Mozilla/5.0 (Windows NT 10.0; Win64; x64) AppleWebKit/537.36 (KHTML, like Gecko) Chrome/133.0.0.0 Safari/537.36" "0.000 Seconds"
42.114.27.174 - - [01/Apr/2025:16:31:09 +0800] "GET /wp-content/plugins/woocommerce/assets/js/frontend/country-select.min.js?ver=9.7.1 HTTP/1.1" 200 3494 "https://bt-miners.com/cart/?add-to-cart=68993&product_id=68993&variation_id=68999&attribute_miner-hashrate=54Mh%2Fs&attribute_condition=In+Stock&attribute_power-supply-unit=Excluding&quantity=1" "Mozilla/5.0 (Windows NT 10.0; Win64; x64) AppleWebKit/537.36 (KHTML, like Gecko) Chrome/133.0.0.0 Safari/537.36" "0.000 Seconds"
42.114.27.174 - - [01/Apr/2025:16:31:09 +0800] "GET /wp-content/plugins/woocommerce/assets/fonts/WooCommerce.woff2 HTTP/1.1" 200 6488 "https://bt-miners.com/wp-content/plugins/woocommerce/assets/css/woocommerce.css?ver=9.7.1" "Mozilla/5.0 (Windows NT 10.0; Win64; x64) AppleWebKit/537.36 (KHTML, like Gecko) Chrome/133.0.0.0 Safari/537.36" "0.000 Seconds"
212.107.29.90,212.107.29.90 - - [01/Apr/2025:16:31:09 +0800] "GET /about-ethereum-classicetc/ HTTP/1.1" 200 45778 "https://bt-miners.com/products/canaan-avalon-q-bitcoin-miner-90th-s-bt-miners/" "Mozilla/5.0 (Windows NT 10.0; Win64; x64) AppleWebKit/537.36 (KHTML, like Gecko) Chrome/134.0.0.0 Safari/537.36" "0.313 Seconds"
212.107.29.89 - - [01/Apr/2025:16:31:09 +0800] "POST /wp-admin/admin-ajax.php HTTP/1.1" 200 43 "https://bt-miners.com/wp-admin/options-general.php?page=perfmatters" "Mozilla/5.0 (Windows NT 10.0; Win64; x64) AppleWebKit/537.36 (KHTML, like Gecko) Chrome/122.0.0.0 Safari/537.36" "0.397 Seconds"
240e:3b2:3232:4a70:7058:7862:f44b:6b0 - - [01/Apr/2025:16:31:10 +0800] "POST /wp-admin/admin-ajax.php HTTP/1.1" 200 43 "https://bt-miners.com/wp-admin/" "Mozilla/5.0 (Windows NT 10.0; Win64; x64) AppleWebKit/537.36 (KHTML, like Gecko) Chrome/119.0.0.0 Safari/537.36" "0.372 Seconds"
2a09:bac3:bd7e:1923::281:34 - - [01/Apr/2025:16:31:11 +0800] "POST /wp-admin/admin-ajax.php HTTP/1.1" 200 31 "https://bt-miners.com/products/goldshell-ae-box-ii-aleo-miner-54mh-s-bt-miners/" "Mozilla/5.0 (iPhone; CPU iPhone OS 18_4 like Mac OS X) AppleWebKit/605.1.15 (KHTML, like Gecko) Version/18.4 Mobile/15E148 Safari/604.1" "0.357 Seconds"
2a09:bac3:bd7e:1923::281:34 - - [01/Apr/2025:16:31:11 +0800] "GET /wp-content/plugins/woocommerce/assets/css/photoswipe/default-skin/default-skin.png HTTP/1.1" 200 547 "https://bt-miners.com/products/goldshell-ae-box-ii-aleo-miner-54mh-s-bt-miners/" "Mozilla/5.0 (iPhone; CPU iPhone OS 18_4 like Mac OS X) AppleWebKit/605.1.15 (KHTML, like Gecko) Version/18.4 Mobile/15E148 Safari/604.1" "0.000 Seconds"
2a01:4f8:c2c:9fc6::1,2a01:4f8:c2c:9fc6::1 - - [01/Apr/2025:16:31:12 +0800] "HEAD / HTTP/1.1" 200 0 "https://bt-miners.com/" "Mozilla/5.0+(compatible; UptimeRobot/2.0; http://www.uptimerobot.com/)" "0.350 Seconds"
54.158.124.156,54.158.124.156 - - [01/Apr/2025:16:31:12 +0800] "GET /?debug=kuma-uptime HTTP/1.1" 200 89379 "-" "Uptime-Kuma/1.23.16" "1.617 Seconds"
52.167.144.21,52.167.144.21 - - [01/Apr/2025:16:31:15 +0800] "GET /collections/algo/page/10/?ref=stacker&display_mode=list HTTP/1.1" 301 5 "-" "Mozilla/5.0 AppleWebKit/537.36 (KHTML, like Gecko; compatible; bingbot/2.0; +http://www.bing.com/bingbot.htm) Chrome/116.0.1938.76 Safari/537.36" "0.346 Seconds"
212.107.29.90 - - [01/Apr/2025:16:31:15 +0800] "POST /wp-admin/admin-ajax.php HTTP/1.1" 200 43 "https://bt-miners.com/wp-admin/post.php?post=67951&action=edit" "Mozilla/5.0 (Windows NT 10.0; Win64; x64) AppleWebKit/537.36 (KHTML, like Gecko) Chrome/134.0.0.0 Safari/537.36" "0.427 Seconds"
2a01:4f8:c013:3c53::1,2a01:4f8:c013:3c53::1 - - [01/Apr/2025:16:31:15 +0800] "HEAD /wp-admin?nocache=1 HTTP/1.1" 301 0 "https://bt-miners.com/wp-admin?nocache=1" "Mozilla/5.0+(compatible; UptimeRobot/2.0; http://www.uptimerobot.com/)" "0.000 Seconds"
5.196.175.156,5.196.175.156 - - [01/Apr/2025:16:31:16 +0800] "GET /forum/topic/good-day/ HTTP/1.1" 200 58090 "-" "GTranslate-Translation-Proxy" "0.470 Seconds"
3.222.106.115 - - [01/Apr/2025:16:31:16 +0800] "POST /wp-cron.php?doing_wp_cron=1743496276.4280560016632080078125 HTTP/1.1" 200 31 "-" "WordPress/6.7.1; https://bt-miners.com" "0.000 Seconds"
2a01:4f8:c013:3c53::1,2a01:4f8:c013:3c53::1 - - [01/Apr/2025:16:31:16 +0800] "HEAD /wp-admin/?nocache=1 HTTP/1.1" 302 0 "https://bt-miners.com/wp-admin?nocache=1" "Mozilla/5.0+(compatible; UptimeRobot/2.0; http://www.uptimerobot.com/)" "0.411 Seconds"
66.102.9.236,66.102.9.236 - - [01/Apr/2025:16:31:16 +0800] "GET /.well-known/assetlinks.json HTTP/1.1" 403 134 "-" "GoogleAssociationService" "0.000 Seconds"
188.166.118.38,188.166.118.38 - - [01/Apr/2025:16:31:16 +0800] "GET /index/function.php HTTP/1.1" 404 196 "-" "Mozilla/5.0 (Windows NT 10.0; Win64; x64) AppleWebKit/537.36 (KHTML, like Gecko) Chrome/58.0.3029.110 Safari/537.36" "0.000 Seconds"
2a01:4f8:c013:3c53::1,2a01:4f8:c013:3c53::1 - - [01/Apr/2025:16:31:17 +0800] "HEAD /wp-login.php?redirect_to=https%3A%2F%2Fbt-miners.com%2Fwp-admin%2F%3Fnocache%3D1&reauth=1 HTTP/1.1" 200 0 "https://bt-miners.com/wp-admin?nocache=1" "Mozilla/5.0+(compatible; UptimeRobot/2.0; http://www.uptimerobot.com/)" "0.328 Seconds"
83.99.151.66,83.99.151.66 - - [01/Apr/2025:16:31:17 +0800] "GET /wp-login.php?redirect_to=https%3A%2F%2Fbt-miners.com%2Fwhat-is-proof-of-work-pow-in-blockchain%2F HTTP/1.1" 200 3887 "-" "Mozilla/5.0 AppleWebKit/537.36 (KHTML, like Gecko; compatible; GeedoProductSearch; +http://www.geedo.com/product-search.html) Chrome/79.0.3945.88 Safari/537.36" "0.353 Seconds"
5.34.216.107 - - [01/Apr/2025:16:31:18 +0800] "POST /wp-admin/admin-ajax.php HTTP/1.1" 200 58 "https://bt-miners.com/wp-admin/edit.php?s=bitcoin&post_status=all&post_type=post&m=0&cat=0&paged=1" "Mozilla/5.0 (Windows NT 10.0; Win64; x64) AppleWebKit/537.36 (KHTML, like Gecko) Chrome/134.0.0.0 Safari/537.36" "0.395 Seconds"
212.107.29.90,212.107.29.90 - - [01/Apr/2025:16:31:20 +0800] "GET /wp-admin/post.php?post=67951&action=edit HTTP/1.1" 200 172031 "https://bt-miners.com/products/canaan-avalon-q-bitcoin-miner-90th-s-bt-miners/" "Mozilla/5.0 (Windows NT 10.0; Win64; x64) AppleWebKit/537.36 (KHTML, like Gecko) Chrome/134.0.0.0 Safari/537.36" "1.286 Seconds"
212.107.29.90 - - [01/Apr/2025:16:31:21 +0800] "GET /wp-content/plugins/woo-advanced-shipment-tracking/zorem-tracking/assets/css/style.css?ver=1743496280 HTTP/1.1" 200 948 "https://bt-miners.com/wp-admin/post.php?post=67951&action=edit" "Mozilla/5.0 (Windows NT 10.0; Win64; x64) AppleWebKit/537.36 (KHTML, like Gecko) Chrome/134.0.0.0 Safari/537.36" "0.000 Seconds"
212.107.29.90 - - [01/Apr/2025:16:31:21 +0800] "GET /wp-content/plugins/dokan-lite/assets/vendors/tinymce/code/plugin.min.js?ver=1743496279 HTTP/1.1" 200 1045 "https://bt-miners.com/wp-admin/post.php?post=67951&action=edit" "Mozilla/5.0 (Windows NT 10.0; Win64; x64) AppleWebKit/537.36 (KHTML, like Gecko) Chrome/134.0.0.0 Safari/537.36" "0.000 Seconds"
212.107.29.90 - - [01/Apr/2025:16:31:21 +0800] "GET /wp-content/plugins/woo-advanced-shipment-tracking/zorem-tracking/assets/js/main.js?ver=1743496280 HTTP/1.1" 200 1587 "https://bt-miners.com/wp-admin/post.php?post=67951&action=edit" "Mozilla/5.0 (Windows NT 10.0; Win64; x64) AppleWebKit/537.36 (KHTML, like Gecko) Chrome/134.0.0.0 Safari/537.36" "0.000 Seconds"
212.107.29.90 - - [01/Apr/2025:16:31:21 +0800] "GET /wp-content/plugins/woocommerce/assets/js/admin/woocommerce_admin.min.js?ver=9.7.1 HTTP/1.1" 200 11577 "https://bt-miners.com/wp-admin/post.php?post=67951&action=edit" "Mozilla/5.0 (Windows NT 10.0; Win64; x64) AppleWebKit/537.36 (KHTML, like Gecko) Chrome/134.0.0.0 Safari/537.36" "0.000 Seconds"
54.37.215.160,54.37.215.160 - - [01/Apr/2025:16:31:21 +0800] "GET /collections/recommended/?display_mode=grid HTTP/1.1" 200 63319 "-" "GTranslate-Translation-Proxy" "0.643 Seconds"
212.107.29.90,212.107.29.90 - - [01/Apr/2025:16:31:22 +0800] "GET /wp-admin/update-core.php HTTP/1.1" 200 77040 "https://bt-miners.com/products/canaan-avalon-q-bitcoin-miner-90th-s-bt-miners/" "Mozilla/5.0 (Windows NT 10.0; Win64; x64) AppleWebKit/537.36 (KHTML, like Gecko) Chrome/134.0.0.0 Safari/537.36" "2.535 Seconds"
212.107.29.90,212.107.29.90 - - [01/Apr/2025:16:31:22 +0800] "GET /wp-json/dokan/v1/admin/notices/admin?scope=global HTTP/1.1" 200 12 "https://bt-miners.com/wp-admin/post.php?post=67951&action=edit" "Mozilla/5.0 (Windows NT 10.0; Win64; x64) AppleWebKit/537.36 (KHTML, like Gecko) Chrome/134.0.0.0 Safari/537.36" "0.407 Seconds"
212.107.29.90,212.107.29.90 - - [01/Apr/2025:16:31:22 +0800] "GET /wp-json/dokan/v1/admin/notices/promo HTTP/1.1" 200 12 "https://bt-miners.com/wp-admin/post.php?post=67951&action=edit" "Mozilla/5.0 (Windows NT 10.0; Win64; x64) AppleWebKit/537.36 (KHTML, like Gecko) Chrome/134.0.0.0 Safari/537.36" "0.285 Seconds"
240e:3b2:3232:4a70:7058:7862:f44b:6b0 - - [01/Apr/2025:16:31:23 +0800] "POST /wp-admin/admin-ajax.php HTTP/1.1" 200 367 "https://bt-miners.com/wp-admin/post.php?post=67951&action=edit" "Mozilla/5.0 (Windows NT 10.0; Win64; x64) AppleWebKit/537.36 (KHTML, like Gecko) Chrome/119.0.0.0 Safari/537.36" "0.370 Seconds"
212.107.29.90,212.107.29.90 - - [01/Apr/2025:16:31:23 +0800] "GET /wp-json/wc-admin/onboarding/tasks?_locale=user HTTP/1.1" 200 6224 "https://bt-miners.com/wp-admin/post.php?post=67951&action=edit" "Mozilla/5.0 (Windows NT 10.0; Win64; x64) AppleWebKit/537.36 (KHTML, like Gecko) Chrome/134.0.0.0 Safari/537.36" "0.497 Seconds"
212.107.29.90,212.107.29.90 - - [01/Apr/2025:16:31:23 +0800] "GET /wp-json/wc-analytics/products/reviews?page=1&per_page=1&status=hold&_embed=1&_fields%5B0%5D=id&_locale=user HTTP/1.1" 200 24 "https://bt-miners.com/wp-admin/post.php?post=67951&action=edit" "Mozilla/5.0 (Windows NT 10.0; Win64; x64) AppleWebKit/537.36 (KHTML, like Gecko) Chrome/134.0.0.0 Safari/537.36" "0.699 Seconds"
212.107.29.90,212.107.29.90 - - [01/Apr/2025:16:31:23 +0800] "GET /wp-json/wc-analytics/orders?page=1&per_page=1&status%5B0%5D=processing&status%5B1%5D=on-hold&_fields%5B0%5D=id&_locale=user HTTP/1.1" 200 24 "https://bt-miners.com/wp-admin/post.php?post=67951&action=edit" "Mozilla/5.0 (Windows NT 10.0; Win64; x64) AppleWebKit/537.36 (KHTML, like Gecko) Chrome/134.0.0.0 Safari/537.36" "0.911 Seconds"
212.107.29.90,212.107.29.90 - - [01/Apr/2025:16:31:23 +0800] "GET /wp-json/jetpack/v4/connection/data?_locale=user HTTP/1.1" 200 332 "https://bt-miners.com/wp-admin/post.php?post=67951&action=edit" "Mozilla/5.0 (Windows NT 10.0; Win64; x64) AppleWebKit/537.36 (KHTML, like Gecko) Chrome/134.0.0.0 Safari/537.36" "0.995 Seconds"
212.107.29.90,212.107.29.90 - - [01/Apr/2025:16:31:24 +0800] "GET /wp-json/wc-analytics/admin/notes?page=1&per_page=25&type=error%2Cupdate&status=unactioned&_locale=user HTTP/1.1" 200 12 "https://bt-miners.com/wp-admin/post.php?post=67951&action=edit" "Mozilla/5.0 (Windows NT 10.0; Win64; x64) AppleWebKit/537.36 (KHTML, like Gecko) Chrome/134.0.0.0 Safari/537.36" "0.984 Seconds"
212.107.29.90,212.107.29.90 - - [01/Apr/2025:16:31:24 +0800] "GET /wp-json/wp/v2/types?context=view&_locale=user HTTP/1.1" 200 6615 "https://bt-miners.com/wp-admin/post.php?post=67951&action=edit" "Mozilla/5.0 (Windows NT 10.0; Win64; x64) AppleWebKit/537.36 (KHTML, like Gecko) Chrome/134.0.0.0 Safari/537.36" "1.260 Seconds"
212.107.29.90,212.107.29.90 - - [01/Apr/2025:16:31:24 +0800] "GET /wp-json/wc-analytics/products/count-low-in-stock?status=publish&page=1&per_page=1&_locale=user HTTP/1.1" 200 22 "https://bt-miners.com/wp-admin/post.php?post=67951&action=edit" "Mozilla/5.0 (Windows NT 10.0; Win64; x64) AppleWebKit/537.36 (KHTML, like Gecko) Chrome/134.0.0.0 Safari/537.36" "1.392 Seconds"
212.107.29.90,212.107.29.90 - - [01/Apr/2025:16:31:24 +0800] "GET /wp-json/wc-admin/options?options=woocommerce_ces_tracks_queue&_locale=user HTTP/1.1" 200 46 "https://bt-miners.com/wp-admin/post.php?post=67951&action=edit" "Mozilla/5.0 (Windows NT 10.0; Win64; x64) AppleWebKit/537.36 (KHTML, like Gecko) Chrome/134.0.0.0 Safari/537.36" "1.482 Seconds"
212.107.29.90,212.107.29.90 - - [01/Apr/2025:16:31:24 +0800] "GET /wp-json/wc-admin/options?options=woocommerce_admin_transient_notices_queue%2Cwoocommerce_admin_install_timestamp%2Cwoocommerce_allow_tracking&_locale=user HTTP/1.1" 200 148 "https://bt-miners.com/wp-admin/post.php?post=67951&action=edit" "Mozilla/5.0 (Windows NT 10.0; Win64; x64) AppleWebKit/537.36 (KHTML, like Gecko) Chrome/134.0.0.0 Safari/537.36" "1.365 Seconds"
3.222.106.115 - - [01/Apr/2025:16:31:25 +0800] "POST /wp-cron.php?doing_wp_cron=1743496285.0541129112243652343750 HTTP/1.1" 200 31 "-" "WordPress/6.7.1; https://bt-miners.com" "0.001 Seconds"
212.107.29.90,212.107.29.90 - - [01/Apr/2025:16:31:25 +0800] "GET /wp-json/wc-admin/options?options=woocommerce_task_list_reminder_bar_hidden&_locale=user HTTP/1.1" 200 62 "https://bt-miners.com/wp-admin/post.php?post=67951&action=edit" "Mozilla/5.0 (Windows NT 10.0; Win64; x64) AppleWebKit/537.36 (KHTML, like Gecko) Chrome/134.0.0.0 Safari/537.36" "0.867 Seconds"
188.166.118.38,188.166.118.38 - - [01/Apr/2025:16:31:25 +0800] "GET /about.php HTTP/1.1" 404 196 "-" "Mozilla/5.0 (Windows NT 10.0; Win64; x64) AppleWebKit/537.36 (KHTML, like Gecko) Chrome/58.0.3029.110 Safari/537.36" "0.000 Seconds"
188.166.118.38,188.166.118.38 - - [01/Apr/2025:16:31:27 +0800] "GET /rx.php HTTP/1.1" 404 196 "-" "Mozilla/5.0 (Windows NT 10.0; Win64; x64) AppleWebKit/537.36 (KHTML, like Gecko) Chrome/58.0.3029.110 Safari/537.36" "0.000 Seconds"
83.99.151.66,83.99.151.66 - - [01/Apr/2025:16:31:27 +0800] "GET /collections/spare-parts/power-supply/?display_mode=list HTTP/1.1" 200 66630 "-" "Mozilla/5.0 AppleWebKit/537.36 (KHTML, like Gecko; compatible; GeedoProductSearch; +http://www.geedo.com/product-search.html) Chrome/79.0.3945.88 Safari/537.36" "0.748 Seconds"
66.249.75.132,66.249.75.132 - - [01/Apr/2025:16:31:28 +0800] "GET / HTTP/1.1" 200 89487 "-" "Mozilla/5.0 (compatible; Googlebot/2.1; +http://www.google.com/bot.html)" "1.596 Seconds"
91.243.81.46 - - [01/Apr/2025:16:31:29 +0800] "POST /wp-admin/admin-ajax.php HTTP/1.1" 200 31 "https://zh-cn.bt-miners.com/" "Mozilla/5.0 (Windows NT 10.0; Win64; x64) AppleWebKit/537.36 (KHTML, like Gecko) Chrome/134.0.0.0 Safari/537.36 Edg/134.0.0.0" "0.479 Seconds"
212.107.29.90 - - [01/Apr/2025:16:31:31 +0800] "POST /wp-admin/admin-ajax.php HTTP/1.1" 200 31 "https://bt-miners.com/wp-admin/post.php?post=67951&action=edit" "Mozilla/5.0 (Windows NT 10.0; Win64; x64) AppleWebKit/537.36 (KHTML, like Gecko) Chrome/134.0.0.0 Safari/537.36" "0.422 Seconds"
219.133.248.83,219.133.248.83 - - [01/Apr/2025:16:31:32 +0800] "GET /wp-json/wc/v3/products/11564?BTAPP=6f985fcd9e2effef1e3930eb6c418dd1&timestamp=1743496291709&currency=USD&consumer_key=ck_368292ab2d1fc81f564ec5bb31917429689244e7&consumer_secret=cs_8a3d609f77c939aa6f3912e300201e2eb55a5367 HTTP/1.1" 200 16661 "-" "Dart/3.5 (dart:io)" "0.163 Seconds"
219.133.248.83,219.133.248.83 - - [01/Apr/2025:16:31:32 +0800] "GET /wp-json/wc/v3/products/55248?BTAPP=5312c2fc6b653afedf0bfab4207ec164&timestamp=1743496291708&currency=USD&consumer_key=ck_368292ab2d1fc81f564ec5bb31917429689244e7&consumer_secret=cs_8a3d609f77c939aa6f3912e300201e2eb55a5367 HTTP/1.1" 200 18276 "-" "Dart/3.5 (dart:io)" "0.183 Seconds"
219.133.248.83,219.133.248.83 - - [01/Apr/2025:16:31:32 +0800] "GET /wp-json/wc/v3/products/55248?BTAPP=5312c2fc6b653afedf0bfab4207ec164&timestamp=1743496291708&currency=USD&consumer_key=ck_368292ab2d1fc81f564ec5bb31917429689244e7&consumer_secret=cs_8a3d609f77c939aa6f3912e300201e2eb55a5367 HTTP/1.1" 200 18279 "-" "Dart/3.5 (dart:io)" "0.189 Seconds"
219.133.248.83,219.133.248.83 - - [01/Apr/2025:16:31:32 +0800] "GET /wp-json/wc/v3/products/48086?BTAPP=6f985fcd9e2effef1e3930eb6c418dd1&timestamp=1743496291709&currency=USD&consumer_key=ck_368292ab2d1fc81f564ec5bb31917429689244e7&consumer_secret=cs_8a3d609f77c939aa6f3912e300201e2eb55a5367 HTTP/1.1" 200 18027 "-" "Dart/3.5 (dart:io)" "0.181 Seconds"
219.133.248.83,219.133.248.83 - - [01/Apr/2025:16:31:32 +0800] "GET /wp-json/wc/v3/products/48086?BTAPP=572c0f334da38092db22b006b9a0259d&timestamp=1743496291710&currency=USD&consumer_key=ck_368292ab2d1fc81f564ec5bb31917429689244e7&consumer_secret=cs_8a3d609f77c939aa6f3912e300201e2eb55a5367 HTTP/1.1" 200 18021 "-" "Dart/3.5 (dart:io)" "0.166 Seconds"
219.133.248.83,219.133.248.83 - - [01/Apr/2025:16:31:32 +0800] "GET /wp-json/wc/v3/products/64862?BTAPP=6f985fcd9e2effef1e3930eb6c418dd1&timestamp=1743496291709&currency=USD&consumer_key=ck_368292ab2d1fc81f564ec5bb31917429689244e7&consumer_secret=cs_8a3d609f77c939aa6f3912e300201e2eb55a5367 HTTP/1.1" 200 23049 "-" "Dart/3.5 (dart:io)" "0.202 Seconds"
54.158.124.156,54.158.124.156 - - [01/Apr/2025:16:31:34 +0800] "GET /?debug=kuma-uptime HTTP/1.1" 200 89413 "-" "Uptime-Kuma/1.23.16" "1.629 Seconds"
188.166.118.38,188.166.118.38 - - [01/Apr/2025:16:31:34 +0800] "GET /plugin.php HTTP/1.1" 404 196 "-" "Mozilla/5.0 (Windows NT 10.0; Win64; x64) AppleWebKit/537.36 (KHTML, like Gecko) Chrome/58.0.3029.110 Safari/537.36" "0.000 Seconds"
219.133.248.83,219.133.248.83 - - [01/Apr/2025:16:31:36 +0800] "GET /wp-json/wc/v3/products/48086?BTAPP=ed1b57272e703587320f6779aa28ad8c&timestamp=1743496295231&currency=USD&consumer_key=ck_368292ab2d1fc81f564ec5bb31917429689244e7&consumer_secret=cs_8a3d609f77c939aa6f3912e300201e2eb55a5367 HTTP/1.1" 200 18027 "-" "Dart/3.5 (dart:io)" "0.171 Seconds"
219.133.248.83,219.133.248.83 - - [01/Apr/2025:16:31:36 +0800] "GET /wp-json/wc/v3/products/55248?BTAPP=50691f1267483397aa457c1be086df23&timestamp=1743496295229&currency=USD&consumer_key=ck_368292ab2d1fc81f564ec5bb31917429689244e7&consumer_secret=cs_8a3d609f77c939aa6f3912e300201e2eb55a5367 HTTP/1.1" 200 18277 "-" "Dart/3.5 (dart:io)" "0.188 Seconds"
219.133.248.83,219.133.248.83 - - [01/Apr/2025:16:31:36 +0800] "GET /wp-json/wc/v3/products/11564?BTAPP=134268168ee1b8e5f866e8e6abfbfc31&timestamp=1743496295230&currency=USD&consumer_key=ck_368292ab2d1fc81f564ec5bb31917429689244e7&consumer_secret=cs_8a3d609f77c939aa6f3912e300201e2eb55a5367 HTTP/1.1" 200 16668 "-" "Dart/3.5 (dart:io)" "0.187 Seconds"
219.133.248.83,219.133.248.83 - - [01/Apr/2025:16:31:36 +0800] "GET /wp-json/wc/v3/products/55248?BTAPP=134268168ee1b8e5f866e8e6abfbfc31&timestamp=1743496295230&currency=USD&consumer_key=ck_368292ab2d1fc81f564ec5bb31917429689244e7&consumer_secret=cs_8a3d609f77c939aa6f3912e300201e2eb55a5367 HTTP/1.1" 200 18275 "-" "Dart/3.5 (dart:io)" "0.186 Seconds"
219.133.248.83,219.133.248.83 - - [01/Apr/2025:16:31:36 +0800] "GET /wp-json/wc/v3/products/48086?BTAPP=ed1b57272e703587320f6779aa28ad8c&timestamp=1743496295231&currency=USD&consumer_key=ck_368292ab2d1fc81f564ec5bb31917429689244e7&consumer_secret=cs_8a3d609f77c939aa6f3912e300201e2eb55a5367 HTTP/1.1" 200 18021 "-" "Dart/3.5 (dart:io)" "0.217 Seconds"
219.133.248.83,219.133.248.83 - - [01/Apr/2025:16:31:36 +0800] "GET /wp-json/wc/v3/products/64862?BTAPP=134268168ee1b8e5f866e8e6abfbfc31&timestamp=1743496295230&currency=USD&consumer_key=ck_368292ab2d1fc81f564ec5bb31917429689244e7&consumer_secret=cs_8a3d609f77c939aa6f3912e300201e2eb55a5367 HTTP/1.1" 200 23047 "-" "Dart/3.5 (dart:io)" "0.242 Seconds"
219.133.248.83,219.133.248.83 - - [01/Apr/2025:16:31:36 +0800] "GET /wp-json/api/flutter_user/get_states?country_code=CN HTTP/1.1" 200 1606 "-" "Dart/3.5 (dart:io)" "0.511 Seconds"
66.249.75.130,66.249.75.130 - - [01/Apr/2025:16:31:37 +0800] "GET /products/iceriver-ae0-aleo-miner-50mh-s-bt-miners/?attribute_condition=June+Batch&attribute_power-supply-unit=Including HTTP/1.1" 200 682340 "-" "Mozilla/5.0 (compatible; Googlebot/2.1; +http://www.google.com/bot.html)" "1.561 Seconds"
83.99.151.66,83.99.151.66 - - [01/Apr/2025:16:31:37 +0800] "GET /wp-login.php?redirect_to=https%3A%2F%2Fbt-miners.com%2Fwhat-are-the-next-steps-for-the-bitcoin-etf-and-more%2F HTTP/1.1" 200 3895 "-" "Mozilla/5.0 AppleWebKit/537.36 (KHTML, like Gecko; compatible; GeedoProductSearch; +http://www.geedo.com/product-search.html) Chrome/79.0.3945.88 Safari/537.36" "0.365 Seconds"
66.249.75.130,66.249.75.130 - - [01/Apr/2025:16:31:38 +0800] "GET /products/iceriver-ae0-aleo-miner-50mh-s-bt-miners/?attribute_condition=June+Batch&attribute_power-supply-unit=Including HTTP/1.1" 200 120922 "-" "Mozilla/5.0 (compatible; Googlebot/2.1; +http://www.google.com/bot.html)" "1.324 Seconds"
188.166.118.38,188.166.118.38 - - [01/Apr/2025:16:31:40 +0800] "GET /admin/controller/extension/extension/daDTLv3YPn6.php?action=768776e296b6f286f2a72607e276b62666c6d286 HTTP/1.1" 404 196 "-" "Mozilla/5.0 (Windows NT 10.0; Win64; x64) AppleWebKit/537.36 (KHTML, like Gecko) Chrome/58.0.3029.110 Safari/537.36" "0.000 Seconds"
212.107.29.89 - - [01/Apr/2025:16:31:40 +0800] "POST /wp-admin/admin-ajax.php HTTP/1.1" 200 43 "https://bt-miners.com/wp-admin/options-general.php?page=perfmatters" "Mozilla/5.0 (Windows NT 10.0; Win64; x64) AppleWebKit/537.36 (KHTML, like Gecko) Chrome/122.0.0.0 Safari/537.36" "1.478 Seconds"
3.222.106.115 - - [01/Apr/2025:16:31:40 +0800] "POST /wp-admin/admin-ajax.php?action=as_async_request_queue_runner&nonce=9448344d5d HTTP/1.1" 499 0 "-" "WordPress/6.7.1; https://bt-miners.com" "0.976 Seconds"
240e:3b2:3232:4a70:7058:7862:f44b:6b0 - - [01/Apr/2025:16:31:41 +0800] "POST /wp-admin/admin-ajax.php HTTP/1.1" 200 43 "https://bt-miners.com/wp-admin/post.php?post=67951&action=edit" "Mozilla/5.0 (Windows NT 10.0; Win64; x64) AppleWebKit/537.36 (KHTML, like Gecko) Chrome/119.0.0.0 Safari/537.36" "0.382 Seconds"
240e:3b2:3232:4a70:7058:7862:f44b:6b0 - - [01/Apr/2025:16:31:41 +0800] "POST /wp-admin/admin-ajax.php HTTP/1.1" 200 43 "https://bt-miners.com/wp-admin/post.php?post=67951&action=edit" "Mozilla/5.0 (Windows NT 10.0; Win64; x64) AppleWebKit/537.36 (KHTML, like Gecko) Chrome/119.0.0.0 Safari/537.36" "0.717 Seconds"
212.107.29.90 - - [01/Apr/2025:16:31:47 +0800] "POST /wp-admin/admin-ajax.php HTTP/1.1" 200 31 "https://bt-miners.com/wp-admin/post.php?post=67951&action=edit" "Mozilla/5.0 (Windows NT 10.0; Win64; x64) AppleWebKit/537.36 (KHTML, like Gecko) Chrome/134.0.0.0 Safari/537.36" "0.452 Seconds"
212.107.29.89 - - [01/Apr/2025:16:31:47 +0800] "POST /wp-admin/admin-ajax.php HTTP/1.1" 200 58 "https://bt-miners.com/wp-admin/options-general.php?page=perfmatters" "Mozilla/5.0 (Windows NT 10.0; Win64; x64) AppleWebKit/537.36 (KHTML, like Gecko) Chrome/122.0.0.0 Safari/537.36" "0.342 Seconds"
74.125.210.1,74.125.210.1 - - [01/Apr/2025:16:31:51 +0800] "GET /.well-known/assetlinks.json HTTP/1.1" 403 134 "-" "GoogleAssociationService" "0.000 Seconds"
199.188.200.191,199.188.200.191 - - [01/Apr/2025:16:31:51 +0800] "GET /xmlrpc.php HTTP/1.1" 403 64 "http://bt-miners.com" "Mozilla/5.0 (Macintosh; Intel Mac OS X 10_15_7; rv:127.0) Gecko/20100101 Firefox/127.0" "0.304 Seconds"
188.166.118.38,188.166.118.38 - - [01/Apr/2025:16:31:53 +0800] "GET /file.php HTTP/1.1" 404 196 "-" "Mozilla/5.0 (Windows NT 10.0; Win64; x64) AppleWebKit/537.36 (KHTML, like Gecko) Chrome/58.0.3029.110 Safari/537.36" "0.000 Seconds"
3.222.106.115 - - [01/Apr/2025:16:31:54 +0800] "POST /wp-cron.php?doing_wp_cron=1743496314.7249550819396972656250 HTTP/1.1" 200 31 "-" "WordPress/6.7.1; https://bt-miners.com" "0.000 Seconds"
52.167.144.21,52.167.144.21 - - [01/Apr/2025:16:31:55 +0800] "GET /products/bitmain-antminer-s21-bitcoin-miner-200th-s-195th-s/ HTTP/1.1" 200 120077 "-" "Mozilla/5.0 AppleWebKit/537.36 (KHTML, like Gecko; compatible; bingbot/2.0; +http://www.bing.com/bingbot.htm) Chrome/116.0.1938.76 Safari/537.36" "1.134 Seconds"
54.158.124.156,54.158.124.156 - - [01/Apr/2025:16:31:56 +0800] "GET /?debug=kuma-uptime HTTP/1.1" 200 89467 "-" "Uptime-Kuma/1.23.16" "1.675 Seconds"
240e:3b2:3232:4a70:7058:7862:f44b:6b0 - - [01/Apr/2025:16:31:57 +0800] "POST /wp-admin/admin-ajax.php HTTP/1.1" 200 43 "https://bt-miners.com/wp-admin/post.php?post=67951&action=edit" "Mozilla/5.0 (Windows NT 10.0; Win64; x64) AppleWebKit/537.36 (KHTML, like Gecko) Chrome/119.0.0.0 Safari/537.36" "0.386 Seconds"
240e:3b2:3232:4a70:7058:7862:f44b:6b0 - - [01/Apr/2025:16:31:57 +0800] "POST /wp-admin/admin-ajax.php HTTP/1.1" 200 43 "https://bt-miners.com/wp-admin/post.php?post=67951&action=edit" "Mozilla/5.0 (Windows NT 10.0; Win64; x64) AppleWebKit/537.36 (KHTML, like Gecko) Chrome/119.0.0.0 Safari/537.36" "0.728 Seconds"
83.99.151.67,83.99.151.67 - - [01/Apr/2025:16:31:57 +0800] "GET /collections/algo/blake3/?display_mode=list HTTP/1.1" 200 64312 "-" "Mozilla/5.0 AppleWebKit/537.36 (KHTML, like Gecko; compatible; GeedoProductSearch; +http://www.geedo.com/product-search.html) Chrome/79.0.3945.88 Safari/537.36" "0.525 Seconds"
5.34.216.107 - - [01/Apr/2025:16:31:58 +0800] "POST /wp-admin/admin-ajax.php HTTP/1.1" 200 43 "https://bt-miners.com/wp-admin/edit.php?s=bitcoin&post_status=all&post_type=post&m=0&cat=0&paged=1" "Mozilla/5.0 (Windows NT 10.0; Win64; x64) AppleWebKit/537.36 (KHTML, like Gecko) Chrome/134.0.0.0 Safari/537.36" "0.378 Seconds"
240e:3b2:3232:4a70:7058:7862:f44b:6b0,240e:3b2:3232:4a70:7058:7862:f44b:6b0 - - [01/Apr/2025:16:32:02 +0800] "GET /miner-consignment/ HTTP/1.1" 200 43955 "https://bt-miners.com/daily-income-of-miners/" "Mozilla/5.0 (Windows NT 10.0; Win64; x64) AppleWebKit/537.36 (KHTML, like Gecko) Chrome/119.0.0.0 Safari/537.36" "0.351 Seconds"
212.107.29.90 - - [01/Apr/2025:16:32:03 +0800] "POST /wp-admin/admin-ajax.php HTTP/1.1" 200 31 "https://bt-miners.com/wp-admin/post.php?post=67951&action=edit" "Mozilla/5.0 (Windows NT 10.0; Win64; x64) AppleWebKit/537.36 (KHTML, like Gecko) Chrome/134.0.0.0 Safari/537.36" "0.405 Seconds"
188.166.118.38,188.166.118.38 - - [01/Apr/2025:16:32:06 +0800] "GET /ty.php HTTP/1.1" 404 196 "-" "Mozilla/5.0 (Windows NT 10.0; Win64; x64) AppleWebKit/537.36 (KHTML, like Gecko) Chrome/58.0.3029.110 Safari/537.36" "0.000 Seconds"
185.191.171.9,185.191.171.9 - - [01/Apr/2025:16:32:06 +0800] "GET /products/monero-xmr-crypto-aged-symbol-hat-bt-miners/ HTTP/1.1" 200 89799 "-" "Mozilla/5.0 (compatible; SemrushBot/7~bl; +http://www.semrush.com/bot.html)" "0.722 Seconds"
83.99.151.69,83.99.151.69 - - [01/Apr/2025:16:32:06 +0800] "GET /bitcoin-enthusiasm-is-unstoppable-and-more/ HTTP/1.1" 200 64970 "-" "Mozilla/5.0 AppleWebKit/537.36 (KHTML, like Gecko; compatible; GeedoProductSearch; +http://www.geedo.com/product-search.html) Chrome/79.0.3945.88 Safari/537.36" "0.509 Seconds"
74.125.210.5,74.125.210.5 - - [01/Apr/2025:16:32:07 +0800] "GET /.well-known/assetlinks.json HTTP/1.1" 403 134 "-" "GoogleAssociationService" "0.000 Seconds"
54.38.96.38,54.38.96.38 - - [01/Apr/2025:16:32:09 +0800] "GET /forum/topic/delay-al0/?showfeed=rss2 HTTP/1.1" 200 1557 "-" "Mozilla/5.0 (compatible; AhrefsBot/7.0; +http://ahrefs.com/robot/)" "0.357 Seconds"
40.77.167.17,40.77.167.17 - - [01/Apr/2025:16:32:09 +0800] "GET /forum/topic/saghi/ HTTP/1.1" 200 62535 "-" "Mozilla/5.0 AppleWebKit/537.36 (KHTML, like Gecko; compatible; bingbot/2.0; +http://www.bing.com/bingbot.htm) Chrome/116.0.1938.76 Safari/537.36" "0.493 Seconds"
212.107.29.89 - - [01/Apr/2025:16:32:10 +0800] "POST /wp-admin/admin-ajax.php HTTP/1.1" 200 43 "https://bt-miners.com/wp-admin/options-general.php?page=cloudflare" "Mozilla/5.0 (Windows NT 10.0; Win64; x64) AppleWebKit/537.36 (KHTML, like Gecko) Chrome/122.0.0.0 Safari/537.36" "0.402 Seconds"
188.166.118.38,188.166.118.38 - - [01/Apr/2025:16:32:11 +0800] "GET /wp-admin/css/colors/ectoplasm/jsdindex.php HTTP/1.1" 404 196 "-" "Mozilla/5.0 (Windows NT 10.0; Win64; x64) AppleWebKit/537.36 (KHTML, like Gecko) Chrome/58.0.3029.110 Safari/537.36" "0.000 Seconds"
40.77.167.17,40.77.167.17 - - [01/Apr/2025:16:32:11 +0800] "GET /en/return-policy/ HTTP/1.1" 301 5 "-" "Mozilla/5.0 AppleWebKit/537.36 (KHTML, like Gecko; compatible; bingbot/2.0; +http://www.bing.com/bingbot.htm) Chrome/116.0.1938.76 Safari/537.36" "0.387 Seconds"
2a01:4f8:1c1b:7ecc::1,2a01:4f8:1c1b:7ecc::1 - - [01/Apr/2025:16:32:12 +0800] "HEAD /?nocache=1 HTTP/1.1" 200 0 "https://bt-miners.com/?nocache=1" "Mozilla/5.0+(compatible; UptimeRobot/2.0; http://www.uptimerobot.com/)" "0.350 Seconds"
240e:3b2:3232:4a70:7058:7862:f44b:6b0 - - [01/Apr/2025:16:32:13 +0800] "POST /wp-admin/admin-ajax.php HTTP/1.1" 200 43 "https://bt-miners.com/wp-admin/post.php?post=67951&action=edit" "Mozilla/5.0 (Windows NT 10.0; Win64; x64) AppleWebKit/537.36 (KHTML, like Gecko) Chrome/119.0.0.0 Safari/537.36" "0.374 Seconds"
240e:3b2:3232:4a70:7058:7862:f44b:6b0 - - [01/Apr/2025:16:32:13 +0800] "POST /wp-admin/admin-ajax.php HTTP/1.1" 200 43 "https://bt-miners.com/wp-admin/post.php?post=67951&action=edit" "Mozilla/5.0 (Windows NT 10.0; Win64; x64) AppleWebKit/537.36 (KHTML, like Gecko) Chrome/119.0.0.0 Safari/537.36" "0.728 Seconds"
3.222.106.115 - - [01/Apr/2025:16:32:16 +0800] "POST /wp-cron.php?doing_wp_cron=1743496336.4473900794982910156250 HTTP/1.1" 200 31 "-" "WordPress/6.7.1; https://bt-miners.com" "0.001 Seconds"
2a01:4f8:c013:c18::1,2a01:4f8:c013:c18::1 - - [01/Apr/2025:16:32:17 +0800] "HEAD / HTTP/1.1" 200 0 "https://bt-miners.com/" "Mozilla/5.0+(compatible; UptimeRobot/2.0; http://www.uptimerobot.com/)" "0.263 Seconds"
83.99.151.71,83.99.151.71 - - [01/Apr/2025:16:32:18 +0800] "GET /collections/wholesale-station/page/2/ HTTP/1.1" 200 66057 "-" "Mozilla/5.0 AppleWebKit/537.36 (KHTML, like Gecko; compatible; GeedoProductSearch; +http://www.geedo.com/product-search.html) Chrome/79.0.3945.88 Safari/537.36" "0.949 Seconds"
54.158.124.156,54.158.124.156 - - [01/Apr/2025:16:32:18 +0800] "GET /?debug=kuma-uptime HTTP/1.1" 200 89431 "-" "Uptime-Kuma/1.23.16" "2.054 Seconds"
188.166.118.38,188.166.118.38 - - [01/Apr/2025:16:32:19 +0800] "GET /wp-admni/js/index.php HTTP/1.1" 404 196 "-" "Mozilla/5.0 (Windows NT 10.0; Win64; x64) AppleWebKit/537.36 (KHTML, like Gecko) Chrome/58.0.3029.110 Safari/537.36" "0.000 Seconds"
54.38.96.38,54.38.96.38 - - [01/Apr/2025:16:32:20 +0800] "GET /wp-login.php HTTP/1.1" 302 5 "-" "Mozilla/4.0 (compatible; MSIE 6.0; Windows NT 5.0)" "0.352 Seconds"
240e:3b2:3232:4a70:7058:7862:f44b:6b0 - - [01/Apr/2025:16:32:21 +0800] "POST /wp-admin/admin-ajax.php HTTP/1.1" 200 58 "https://bt-miners.com/wp-admin/" "Mozilla/5.0 (Windows NT 10.0; Win64; x64) AppleWebKit/537.36 (KHTML, like Gecko) Chrome/119.0.0.0 Safari/537.36" "0.318 Seconds"
240e:3b2:3232:4a70:7058:7862:f44b:6b0 - - [01/Apr/2025:16:32:21 +0800] "POST /wp-admin/admin-ajax.php HTTP/1.1" 400 11 "https://bt-miners.com/wp-admin/" "Mozilla/5.0 (Windows NT 10.0; Win64; x64) AppleWebKit/537.36 (KHTML, like Gecko) Chrome/119.0.0.0 Safari/537.36" "0.400 Seconds"
2a01:4f8:1c1b:7ecc::1,2a01:4f8:1c1b:7ecc::1 - - [01/Apr/2025:16:32:21 +0800] "HEAD /wp-admin?nocache=1 HTTP/1.1" 301 0 "https://bt-miners.com/wp-admin?nocache=1" "Mozilla/5.0+(compatible; UptimeRobot/2.0; http://www.uptimerobot.com/)" "0.000 Seconds"
2a01:4f8:1c1b:7ecc::1,2a01:4f8:1c1b:7ecc::1 - - [01/Apr/2025:16:32:22 +0800] "HEAD /wp-admin/?nocache=1 HTTP/1.1" 302 0 "https://bt-miners.com/wp-admin?nocache=1" "Mozilla/5.0+(compatible; UptimeRobot/2.0; http://www.uptimerobot.com/)" "0.428 Seconds"
2a01:4f8:1c1b:7ecc::1,2a01:4f8:1c1b:7ecc::1 - - [01/Apr/2025:16:32:23 +0800] "HEAD /wp-login.php?redirect_to=https%3A%2F%2Fbt-miners.com%2Fwp-admin%2F%3Fnocache%3D1&reauth=1 HTTP/1.1" 200 0 "https://bt-miners.com/wp-admin?nocache=1" "Mozilla/5.0+(compatible; UptimeRobot/2.0; http://www.uptimerobot.com/)" "0.340 Seconds"
240e:3b2:3232:4a70:7058:7862:f44b:6b0,240e:3b2:3232:4a70:7058:7862:f44b:6b0 - - [01/Apr/2025:16:32:23 +0800] "GET /forum/ HTTP/1.1" 200 39353 "https://bt-miners.com/daily-income-of-miners/" "Mozilla/5.0 (Windows NT 10.0; Win64; x64) AppleWebKit/537.36 (KHTML, like Gecko) Chrome/119.0.0.0 Safari/537.36" "0.356 Seconds"
212.107.29.90 - - [01/Apr/2025:16:32:23 +0800] "POST /wp-admin/admin-ajax.php HTTP/1.1" 200 31 "https://bt-miners.com/wp-admin/post.php?post=67951&action=edit" "Mozilla/5.0 (Windows NT 10.0; Win64; x64) AppleWebKit/537.36 (KHTML, like Gecko) Chrome/134.0.0.0 Safari/537.36" "0.373 Seconds"
54.38.96.38,54.38.96.38 - - [01/Apr/2025:16:32:23 +0800] "GET /?author=1 HTTP/1.1" 404 32705 "-" "Mozilla/4.0 (compatible; MSIE 6.0; Windows NT 5.0)" "0.458 Seconds"
188.166.118.38,188.166.118.38 - - [01/Apr/2025:16:32:23 +0800] "GET /.well-known/index.php HTTP/1.1" 403 195 "-" "Mozilla/5.0 (Windows NT 10.0; Win64; x64) AppleWebKit/537.36 (KHTML, like Gecko) Chrome/58.0.3029.110 Safari/537.36" "0.000 Seconds"
240e:3b2:3232:4a70:7058:7862:f44b:6b0 - - [01/Apr/2025:16:32:24 +0800] "POST /wp-admin/admin-ajax.php HTTP/1.1" 200 367 "https://bt-miners.com/wp-admin/post.php?post=67951&action=edit" "Mozilla/5.0 (Windows NT 10.0; Win64; x64) AppleWebKit/537.36 (KHTML, like Gecko) Chrome/119.0.0.0 Safari/537.36" "0.319 Seconds"
212.107.29.90 - - [01/Apr/2025:16:32:24 +0800] "POST /wp-admin/admin-ajax.php HTTP/1.1" 200 113 "https://bt-miners.com/wp-admin/post.php?post=67951&action=edit" "Mozilla/5.0 (Windows NT 10.0; Win64; x64) AppleWebKit/537.36 (KHTML, like Gecko) Chrome/134.0.0.0 Safari/537.36" "0.371 Seconds"
42.114.27.174,42.114.27.174 - - [01/Apr/2025:16:32:25 +0800] "GET /products/goldshell-ae-box-ii-aleo-miner-54mh-s-bt-miners/ HTTP/1.1" 200 124582 "https://bt-miners.com/daily-income-of-miners/" "Mozilla/5.0 (Windows NT 10.0; Win64; x64) AppleWebKit/537.36 (KHTML, like Gecko) Chrome/133.0.0.0 Safari/537.36" "1.794 Seconds"
3.222.106.115 - - [01/Apr/2025:16:32:26 +0800] "POST /wp-cron.php?doing_wp_cron=1743496346.5742340087890625000000 HTTP/1.1" 200 31 "-" "WordPress/6.7.1; https://bt-miners.com" "0.000 Seconds"
212.107.29.89 - - [01/Apr/2025:16:32:26 +0800] "POST /wp-admin/admin-ajax.php HTTP/1.1" 200 43 "https://bt-miners.com/wp-admin/options-general.php?page=cloudflare" "Mozilla/5.0 (Windows NT 10.0; Win64; x64) AppleWebKit/537.36 (KHTML, like Gecko) Chrome/122.0.0.0 Safari/537.36" "0.445 Seconds"
188.166.118.38,188.166.118.38 - - [01/Apr/2025:16:32:26 +0800] "GET /gif.php HTTP/1.1" 404 196 "-" "Mozilla/5.0 (Windows NT 10.0; Win64; x64) AppleWebKit/537.36 (KHTML, like Gecko) Chrome/58.0.3029.110 Safari/537.36" "0.000 Seconds"
83.99.151.69,83.99.151.69 - - [01/Apr/2025:16:32:27 +0800] "GET /collections/algo/page/7/ HTTP/1.1" 200 64120 "-" "Mozilla/5.0 AppleWebKit/537.36 (KHTML, like Gecko; compatible; GeedoProductSearch; +http://www.geedo.com/product-search.html) Chrome/79.0.3945.88 Safari/537.36" "0.670 Seconds"
