2a01:4f8:c013:c18::1,2a01:4f8:c013:c18::1 - - [01/Apr/2025:16:59:43 +0800] "HEAD /wp-login.php?redirect_to=https%3A%2F%2Fbt-miners.com%2Fwp-admin%2F%3Fdebug%3Duptimerobot&reauth=1 HTTP/1.1" 200 0 "https://bt-miners.com/wp-admin/?debug=uptimerobot" "Mozilla/5.0+(compatible; UptimeRobot/2.0; http://www.uptimerobot.com/)" "0.325 Seconds"
83.99.151.66,83.99.151.66 - - [01/Apr/2025:16:59:45 +0800] "GET /collections/bitcoin-miners/page/2/?display_mode=grid HTTP/1.1" 200 68126 "-" "Mozilla/5.0 AppleWebKit/537.36 (KHTML, like Gecko; compatible; GeedoProductSearch; +http://www.geedo.com/product-search.html) Chrome/79.0.3945.88 Safari/537.36" "0.856 Seconds"
219.133.248.83,219.133.248.83 - - [01/Apr/2025:16:59:45 +0800] "GET /wp-json/wc/v3/list_income_product?GetCache=2&BTAPP=f5cffd20f2558674512e63ae4452f263&timestamp=1743497985160&Coin=ALEO&Ele=0.1 HTTP/1.1" 200 12037 "-" "Dart/3.5 (dart:io)" "0.134 Seconds"
219.133.248.83,219.133.248.83 - - [01/Apr/2025:16:59:45 +0800] "GET /wp-json/wc/v3/list_income_product?GetCache=2&BTAPP=02ad8f36f3867db4936322a23cadf9a8&timestamp=1743497985159&Coin=ALEO&Ele=0.1 HTTP/1.1" 200 12037 "-" "Dart/3.5 (dart:io)" "0.134 Seconds"
219.133.248.83,219.133.248.83 - - [01/Apr/2025:16:59:47 +0800] "GET /wp-json/wc/v3/products/65535?BTAPP=9519adb9703558b5c59788cd7f76e2f5&timestamp=1743497986419&currency=USD&consumer_key=ck_368292ab2d1fc81f564ec5bb31917429689244e7&consumer_secret=cs_8a3d609f77c939aa6f3912e300201e2eb55a5367 HTTP/1.1" 200 23353 "-" "Dart/3.5 (dart:io)" "0.180 Seconds"
54.38.96.35,54.38.96.35 - - [01/Apr/2025:16:59:49 +0800] "GET /?s=S21%2B HTTP/1.1" 200 60925 "https://zh-cn.bt-miners.com/%E6%94%B6%E8%97%8F/bitmain/" "Mozilla/5.0 (Windows NT 10.0; Win64; x64) AppleWebKit/537.36 (KHTML, like Gecko) Chrome/134.0.0.0 Safari/537.36 Edg/134.0.0.0" "0.522 Seconds"
54.158.124.156,54.158.124.156 - - [01/Apr/2025:16:59:49 +0800] "GET /?debug=kuma-uptime HTTP/1.1" 200 89455 "-" "Uptime-Kuma/1.23.16" "1.657 Seconds"
212.107.29.89 - - [01/Apr/2025:16:59:51 +0800] "POST /wp-admin/admin-ajax.php HTTP/1.1" 200 43 "https://bt-miners.com/wp-admin/post.php?post=70267&action=edit" "Mozilla/5.0 (Windows NT 10.0; Win64; x64) AppleWebKit/537.36 (KHTML, like Gecko) Chrome/134.0.0.0 Safari/537.36" "0.424 Seconds"
2401:4900:1c68:53b8:50b5:f0aa:2647:e8d5,54.38.96.38 - - [01/Apr/2025:16:59:52 +0800] "POST /wp-login.php HTTP/1.1" 200 4004 "-" "Mozilla/4.0 (compatible; MSIE 6.0; Windows NT 5.0)" "0.649 Seconds"
3.222.106.115 - - [01/Apr/2025:16:59:53 +0800] "POST /wp-admin/admin-ajax.php?action=as_async_request_queue_runner&nonce=bace5e8105 HTTP/1.1" 499 0 "-" "WordPress/6.7.1; https://bt-miners.com" "0.946 Seconds"
212.107.29.90 - - [01/Apr/2025:16:59:53 +0800] "POST /wp-admin/admin-ajax.php HTTP/1.1" 200 43 "https://bt-miners.com/wp-admin/edit.php?post_status=wc-processing&post_type=shop_order" "Mozilla/5.0 (Windows NT 10.0; Win64; x64) AppleWebKit/537.36 (KHTML, like Gecko) Chrome/134.0.0.0 Safari/537.36" "1.422 Seconds"
12.8.108.10,12.8.108.10 - - [01/Apr/2025:16:59:53 +0800] "GET /products/goldshell-mini-doge-ii-ltc-dogecoin-miner-bt-miners/?attribute_condition=New&gad_source=1&gclid=Cj0KCQjwna6_BhCbARIsALId2Z29y3zLIiKc7DciL13Nh7lG_KF0fcBvCfvLtLiwVbvpb6NLLkgEQfYaAp7xEALw_wcB HTTP/1.1" 200 123870 "https://www.google.de/" "Mozilla/5.0 (Linux; Android 10; K) AppleWebKit/537.36 (KHTML, like Gecko) SamsungBrowser/27.0 Chrome/125.0.0.0 Mobile Safari/537.36" "1.419 Seconds"
212.107.29.89 - - [01/Apr/2025:16:59:55 +0800] "POST /wp-admin/admin-ajax.php HTTP/1.1" 200 31 "https://bt-miners.com/wp-admin/options-general.php?page=cloudflare" "Mozilla/5.0 (Windows NT 10.0; Win64; x64) AppleWebKit/537.36 (KHTML, like Gecko) Chrome/122.0.0.0 Safari/537.36" "0.398 Seconds"
240e:3b2:3232:4a70:7058:7862:f44b:6b0 - - [01/Apr/2025:16:59:57 +0800] "POST /wp-admin/admin-ajax.php HTTP/1.1" 200 43 "https://bt-miners.com/wp-admin/post.php?post=67951&action=edit" "Mozilla/5.0 (Windows NT 10.0; Win64; x64) AppleWebKit/537.36 (KHTML, like Gecko) Chrome/119.0.0.0 Safari/537.36" "0.396 Seconds"
240e:3b2:3232:4a70:7058:7862:f44b:6b0 - - [01/Apr/2025:16:59:57 +0800] "POST /wp-admin/admin-ajax.php HTTP/1.1" 200 43 "https://bt-miners.com/wp-admin/post.php?post=67951&action=edit" "Mozilla/5.0 (Windows NT 10.0; Win64; x64) AppleWebKit/537.36 (KHTML, like Gecko) Chrome/119.0.0.0 Safari/537.36" "0.721 Seconds"
5.34.216.107 - - [01/Apr/2025:16:59:58 +0800] "POST /wp-admin/admin-ajax.php HTTP/1.1" 200 43 "https://bt-miners.com/wp-admin/edit.php?s=bitcoin&post_status=all&post_type=post&m=0&cat=0&paged=1" "Mozilla/5.0 (Windows NT 10.0; Win64; x64) AppleWebKit/537.36 (KHTML, like Gecko) Chrome/134.0.0.0 Safari/537.36" "0.409 Seconds"
91.243.81.46 - - [01/Apr/2025:16:59:58 +0800] "POST /wp-admin/admin-ajax.php HTTP/1.1" 200 31 "https://zh-cn.bt-miners.com/" "Mozilla/5.0 (Windows NT 10.0; Win64; x64) AppleWebKit/537.36 (KHTML, like Gecko) Chrome/134.0.0.0 Safari/537.36 Edg/134.0.0.0" "0.423 Seconds"
12.8.108.10,12.8.108.10 - - [01/Apr/2025:16:59:59 +0800] "GET /products/iceriver-ks0-ultra-kaspa-miner-400gh-s-bt-miners/?attribute_condition=Used+like+new&gad_source=1&gclid=Cj0KCQjwna6_BhCbARIsALId2Z2pec_WAKddHEbSHAYjAQVmpAzNZGBAdXC64BPKRTXvx1CnPrzTM8QaApdmEALw_wcB HTTP/1.1" 200 119101 "https://www.google.de/" "Mozilla/5.0 (Linux; Android 10; K) AppleWebKit/537.36 (KHTML, like Gecko) SamsungBrowser/27.0 Chrome/125.0.0.0 Mobile Safari/537.36" "1.110 Seconds"
3.222.106.115 - - [01/Apr/2025:17:00:00 +0800] "POST /wp-admin/admin-ajax.php?action=as_async_request_queue_runner&nonce=bace5e8105 HTTP/1.1" 499 0 "-" "WordPress/6.7.1; https://bt-miners.com" "0.980 Seconds"
2a09:bac3:7306:119::1c:205,2a09:bac3:7306:119::1c:205 - - [01/Apr/2025:17:00:00 +0800] "GET /products/iceriver-ks0-ultra-kaspa-miner-400gh-s-bt-miners/?attribute_condition=Used+like+new&gad_source=1&gbraid=0AAAAABcf1msMaq61jmB0F-OXZsTMxoXU3&gclid=Cj0KCQjwna6_BhCbARIsALId2Z1FXST2mmX5IXkm96_FrvJKOv8jIbPYt3to2as8YOWOq2AfEQWDDo8aAnbzEALw_wcB HTTP/1.1" 200 119287 "https://www.google.com/" "Mozilla/5.0 (iPhone; CPU iPhone OS 18_3_2 like Mac OS X) AppleWebKit/605.1.15 (KHTML, like Gecko) Version/18.3.1 Mobile/15E148 Safari/604.1" "1.146 Seconds"
219.133.248.83,219.133.248.83 - - [01/Apr/2025:17:00:03 +0800] "GET /wp-json/wc/v3/products/66734?BTAPP=8a1656b877675d706729c33baa5953f9&timestamp=1743498002309&currency=USD&consumer_key=ck_368292ab2d1fc81f564ec5bb31917429689244e7&consumer_secret=cs_8a3d609f77c939aa6f3912e300201e2eb55a5367 HTTP/1.1" 200 24825 "-" "Dart/3.5 (dart:io)" "0.206 Seconds"
2a00:1851:7:26f0:4492:2bef:ab04:4601 - - [01/Apr/2025:17:00:03 +0800] "POST /wp-admin/admin-ajax.php HTTP/1.1" 200 31 "https://bt-miners.com/products/bitmain-antminer-s19j-pro-bitcoin-miner-117-120th-s-bt-miners/" "Mozilla/5.0 (iPhone; CPU iPhone OS 18_3 like Mac OS X) AppleWebKit/605.1.15 (KHTML, like Gecko) Version/18.3 Mobile/15E148 Safari/604.1" "0.531 Seconds"
12.8.108.10 - - [01/Apr/2025:17:00:03 +0800] "POST /wp-admin/admin-ajax.php HTTP/1.1" 200 31 "https://bt-miners.com/products/iceriver-ks0-ultra-kaspa-miner-400gh-s-bt-miners/?attribute_condition=Used+like+new&gad_source=1&gclid=Cj0KCQjwna6_BhCbARIsALId2Z2pec_WAKddHEbSHAYjAQVmpAzNZGBAdXC64BPKRTXvx1CnPrzTM8QaApdmEALw_wcB" "Mozilla/5.0 (Linux; Android 10; K) AppleWebKit/537.36 (KHTML, like Gecko) SamsungBrowser/27.0 Chrome/125.0.0.0 Mobile Safari/537.36" "0.442 Seconds"
83.99.151.64,83.99.151.64 - - [01/Apr/2025:17:00:05 +0800] "GET /es/calculadora-de-mineria-btc/ HTTP/1.1" 301 5 "-" "Mozilla/5.0 AppleWebKit/537.36 (KHTML, like Gecko; compatible; GeedoProductSearch; +http://www.geedo.com/product-search.html) Chrome/79.0.3945.88 Safari/537.36" "0.375 Seconds"
3.222.106.115 - - [01/Apr/2025:17:00:05 +0800] "POST /wp-admin/admin-ajax.php?action=as_async_request_queue_runner&nonce=bace5e8105 HTTP/1.1" 499 0 "-" "WordPress/6.7.1; https://bt-miners.com" "0.987 Seconds"
212.107.29.90 - - [01/Apr/2025:17:00:07 +0800] "POST /wp-admin/admin-ajax.php HTTP/1.1" 200 58 "https://bt-miners.com/wp-admin/edit.php?post_status=wc-processing&post_type=shop_order" "Mozilla/5.0 (Windows NT 10.0; Win64; x64) AppleWebKit/537.36 (KHTML, like Gecko) Chrome/134.0.0.0 Safari/537.36" "0.391 Seconds"
2a01:4f8:c2c:beae::1,2a01:4f8:c2c:beae::1 - - [01/Apr/2025:17:00:08 +0800] "HEAD /?debug=uptimerobot HTTP/1.1" 200 0 "https://bt-miners.com/?debug=uptimerobot" "Mozilla/5.0+(compatible; UptimeRobot/2.0; http://www.uptimerobot.com/)" "0.351 Seconds"
212.107.29.90 - - [01/Apr/2025:17:00:08 +0800] "POST /wp-admin/admin-ajax.php HTTP/1.1" 200 43 "https://bt-miners.com/wp-admin/edit.php?post_status=wc-processing&post_type=shop_order" "Mozilla/5.0 (Windows NT 10.0; Win64; x64) AppleWebKit/537.36 (KHTML, like Gecko) Chrome/134.0.0.0 Safari/537.36" "0.385 Seconds"
3.222.106.115 - - [01/Apr/2025:17:00:11 +0800] "POST /wp-admin/admin-ajax.php?action=as_async_request_queue_runner&nonce=bace5e8105 HTTP/1.1" 499 0 "-" "WordPress/6.7.1; https://bt-miners.com" "0.969 Seconds"
54.158.124.156,54.158.124.156 - - [01/Apr/2025:17:00:11 +0800] "GET /?debug=kuma-uptime HTTP/1.1" 200 89453 "-" "Uptime-Kuma/1.23.16" "1.626 Seconds"
240e:3b2:3232:4a70:7058:7862:f44b:6b0 - - [01/Apr/2025:17:00:13 +0800] "POST /wp-admin/admin-ajax.php HTTP/1.1" 200 31 "https://bt-miners.com/wp-admin/post.php?post=67951&action=edit" "Mozilla/5.0 (Windows NT 10.0; Win64; x64) AppleWebKit/537.36 (KHTML, like Gecko) Chrome/119.0.0.0 Safari/537.36" "0.434 Seconds"
219.133.248.83,219.133.248.83 - - [01/Apr/2025:17:00:13 +0800] "GET /wp-json/wc/v3/products/70425?BTAPP=f20a2864a42a5921c6475e016fdc6800&timestamp=1743498012339&currency=USD&consumer_key=ck_368292ab2d1fc81f564ec5bb31917429689244e7&consumer_secret=cs_8a3d609f77c939aa6f3912e300201e2eb55a5367 HTTP/1.1" 200 34989 "-" "Dart/3.5 (dart:io)" "0.283 Seconds"
116.203.112.129,116.203.112.129 - - [01/Apr/2025:17:00:13 +0800] "GET /collections/spare-parts/control-board HTTP/1.1" 301 5 "-" "Mozilla/5.0 (Macintosh; Intel Mac OS X 10_15_7) AppleWebKit/537.36 (KHTML, like Gecko) Chrome/108.0.0.0 Safari/537.36" "0.407 Seconds"
240e:3b2:3232:4a70:7058:7862:f44b:6b0 - - [01/Apr/2025:17:00:13 +0800] "POST /wp-admin/admin-ajax.php HTTP/1.1" 200 43 "https://bt-miners.com/wp-admin/post.php?post=67951&action=edit" "Mozilla/5.0 (Windows NT 10.0; Win64; x64) AppleWebKit/537.36 (KHTML, like Gecko) Chrome/119.0.0.0 Safari/537.36" "0.765 Seconds"
116.203.112.129,116.203.112.129 - - [01/Apr/2025:17:00:14 +0800] "GET /collections/spare-parts/control-board/ HTTP/1.1" 200 63926 "-" "Mozilla/5.0 (Macintosh; Intel Mac OS X 10_15_7) AppleWebKit/537.36 (KHTML, like Gecko) Chrome/108.0.0.0 Safari/537.36" "0.826 Seconds"
109.230.55.105,54.38.96.37 - - [01/Apr/2025:17:00:14 +0800] "POST /wp-login.php HTTP/1.1" 200 4004 "-" "Mozilla/4.0 (compatible; MSIE 6.0; Windows NT 5.0)" "0.680 Seconds"
2a09:bac3:7306:119::1c:205 - - [01/Apr/2025:17:00:15 +0800] "POST /wp-admin/admin-ajax.php HTTP/1.1" 200 31 "https://bt-miners.com/products/iceriver-ks0-ultra-kaspa-miner-400gh-s-bt-miners/?attribute_condition=Used+like+new&gad_source=1&gbraid=0AAAAABcf1msMaq61jmB0F-OXZsTMxoXU3&gclid=Cj0KCQjwna6_BhCbARIsALId2Z1FXST2mmX5IXkm96_FrvJKOv8jIbPYt3to2as8YOWOq2AfEQWDDo8aAnbzEALw_wcB" "Mozilla/5.0 (iPhone; CPU iPhone OS 18_3_2 like Mac OS X) AppleWebKit/605.1.15 (KHTML, like Gecko) Version/18.3.1 Mobile/15E148 Safari/604.1" "0.458 Seconds"
3.222.106.115 - - [01/Apr/2025:17:00:16 +0800] "POST /wp-admin/admin-ajax.php?action=as_async_request_queue_runner&nonce=bace5e8105 HTTP/1.1" 499 0 "-" "WordPress/6.7.1; https://bt-miners.com" "0.987 Seconds"
2a01:4f8:c013:3c52::1,2a01:4f8:c013:3c52::1 - - [01/Apr/2025:17:00:18 +0800] "HEAD / HTTP/1.1" 200 0 "https://bt-miners.com/" "Mozilla/5.0+(compatible; UptimeRobot/2.0; http://www.uptimerobot.com/)" "0.359 Seconds"
212.107.29.89 - - [01/Apr/2025:17:00:23 +0800] "POST /wp-admin/admin-ajax.php HTTP/1.1" 200 58 "https://bt-miners.com/wp-admin/edit.php?post_type=shop_order" "Mozilla/5.0 (Windows NT 10.0; Win64; x64) AppleWebKit/537.36 (KHTML, like Gecko) Chrome/122.0.0.0 Safari/537.36" "0.364 Seconds"
49.186.108.18,49.186.108.18 - - [01/Apr/2025:17:00:23 +0800] "GET /wp-json/wc/v3/products/65535?BTAPP=bb43503d02b2be6d56c6b925863c0025&timestamp=1743498022813&currency=USD&consumer_key=ck_368292ab2d1fc81f564ec5bb31917429689244e7&consumer_secret=cs_8a3d609f77c939aa6f3912e300201e2eb55a5367 HTTP/1.1" 200 23353 "-" "Dart/3.5 (dart:io)" "0.168 Seconds"
212.107.29.90 - - [01/Apr/2025:17:00:24 +0800] "POST /wp-admin/admin-ajax.php HTTP/1.1" 200 43 "https://bt-miners.com/wp-admin/edit.php?post_status=wc-processing&post_type=shop_order" "Mozilla/5.0 (Windows NT 10.0; Win64; x64) AppleWebKit/537.36 (KHTML, like Gecko) Chrome/134.0.0.0 Safari/537.36" "0.432 Seconds"
212.107.29.89 - - [01/Apr/2025:17:00:26 +0800] "POST /wp-admin/admin-ajax.php HTTP/1.1" 200 43 "https://bt-miners.com/wp-admin/post.php?post=70797&action=edit" "Mozilla/5.0 (Windows NT 10.0; Win64; x64) AppleWebKit/537.36 (KHTML, like Gecko) Chrome/122.0.0.0 Safari/537.36" "0.412 Seconds"
212.107.29.89 - - [01/Apr/2025:17:00:27 +0800] "POST /wp-admin/admin-ajax.php HTTP/1.1" 200 43 "https://bt-miners.com/wp-admin/edit.php?post_type=shop_order" "Mozilla/5.0 (Windows NT 10.0; Win64; x64) AppleWebKit/537.36 (KHTML, like Gecko) Chrome/122.0.0.0 Safari/537.36" "0.759 Seconds"
212.107.29.89 - - [01/Apr/2025:17:00:27 +0800] "POST /wp-admin/admin-ajax.php HTTP/1.1" 200 43 "https://bt-miners.com/wp-admin/options-general.php?page=perfmatters" "Mozilla/5.0 (Windows NT 10.0; Win64; x64) AppleWebKit/537.36 (KHTML, like Gecko) Chrome/122.0.0.0 Safari/537.36" "1.166 Seconds"
240e:3b2:3232:4a70:7058:7862:f44b:6b0 - - [01/Apr/2025:17:00:29 +0800] "POST /wp-admin/admin-ajax.php HTTP/1.1" 200 31 "https://bt-miners.com/wp-admin/post.php?post=67951&action=edit" "Mozilla/5.0 (Windows NT 10.0; Win64; x64) AppleWebKit/537.36 (KHTML, like Gecko) Chrome/119.0.0.0 Safari/537.36" "0.401 Seconds"
240e:3b2:3232:4a70:7058:7862:f44b:6b0 - - [01/Apr/2025:17:00:29 +0800] "POST /wp-admin/admin-ajax.php HTTP/1.1" 200 43 "https://bt-miners.com/wp-admin/post.php?post=67951&action=edit" "Mozilla/5.0 (Windows NT 10.0; Win64; x64) AppleWebKit/537.36 (KHTML, like Gecko) Chrome/119.0.0.0 Safari/537.36" "0.699 Seconds"
2a09:bac3:7306:119::1c:205,2a09:bac3:7306:119::1c:205 - - [01/Apr/2025:17:00:30 +0800] "GET /products/iceriver-ks0-ultra-kaspa-miner-400gh-s-bt-miners/?attribute_condition=Used+like+new&gad_source=1&gbraid=0AAAAABcf1msMaq61jmB0F-OXZsTMxoXU3&gclid=Cj0KCQjwna6_BhCbARIsALId2Z1FXST2mmX5IXkm96_FrvJKOv8jIbPYt3to2as8YOWOq2AfEQWDDo8aAnbzEALw_wcB HTTP/1.1" 200 119230 "https://www.google.com/" "Mozilla/5.0 (iPhone; CPU iPhone OS 18_3_2 like Mac OS X) AppleWebKit/605.1.15 (KHTML, like Gecko) Version/18.3.1 Mobile/15E148 Safari/604.1" "1.134 Seconds"
54.158.124.156,54.158.124.156 - - [01/Apr/2025:17:00:33 +0800] "GET /?debug=kuma-uptime HTTP/1.1" 200 89393 "-" "Uptime-Kuma/1.23.16" "1.591 Seconds"
240e:3b2:3232:4a70:7058:7862:f44b:6b0 - - [01/Apr/2025:17:00:35 +0800] "POST /wp-admin/admin-ajax.php HTTP/1.1" 200 58 "https://bt-miners.com/wp-admin/" "Mozilla/5.0 (Windows NT 10.0; Win64; x64) AppleWebKit/537.36 (KHTML, like Gecko) Chrome/119.0.0.0 Safari/537.36" "0.359 Seconds"
240e:3b2:3232:4a70:7058:7862:f44b:6b0 - - [01/Apr/2025:17:00:35 +0800] "POST /wp-admin/admin-ajax.php HTTP/1.1" 400 11 "https://bt-miners.com/wp-admin/" "Mozilla/5.0 (Windows NT 10.0; Win64; x64) AppleWebKit/537.36 (KHTML, like Gecko) Chrome/119.0.0.0 Safari/537.36" "0.388 Seconds"
83.99.151.68,83.99.151.68 - - [01/Apr/2025:17:00:36 +0800] "GET /3-best-cryptocurrencies-you-should-mine-in-2024/ HTTP/1.1" 200 60223 "-" "Mozilla/5.0 AppleWebKit/537.36 (KHTML, like Gecko; compatible; GeedoProductSearch; +http://www.geedo.com/product-search.html) Chrome/79.0.3945.88 Safari/537.36" "0.540 Seconds"
212.107.29.89 - - [01/Apr/2025:17:00:37 +0800] "POST /wp-admin/admin-ajax.php HTTP/1.1" 200 113 "https://bt-miners.com/wp-admin/post.php?post=70797&action=edit" "Mozilla/5.0 (Windows NT 10.0; Win64; x64) AppleWebKit/537.36 (KHTML, like Gecko) Chrome/122.0.0.0 Safari/537.36" "0.391 Seconds"
219.133.248.83 - - [01/Apr/2025:17:00:38 +0800] "POST /wp-json/api/flutter_woo/cart HTTP/1.1" 200 291 "-" "Dart/3.5 (dart:io)" "0.672 Seconds"
212.107.29.90 - - [01/Apr/2025:17:00:39 +0800] "POST /wp-admin/admin-ajax.php HTTP/1.1" 200 43 "https://bt-miners.com/wp-admin/edit.php?post_status=wc-processing&post_type=shop_order" "Mozilla/5.0 (Windows NT 10.0; Win64; x64) AppleWebKit/537.36 (KHTML, like Gecko) Chrome/134.0.0.0 Safari/537.36" "0.397 Seconds"
219.133.248.83,219.133.248.83 - - [01/Apr/2025:17:00:40 +0800] "GET /wp-json/wc/v3/products/70425?BTAPP=50fb3aad9882c660fc3a590a623def38&timestamp=1743498039584&currency=USD&consumer_key=ck_368292ab2d1fc81f564ec5bb31917429689244e7&consumer_secret=cs_8a3d609f77c939aa6f3912e300201e2eb55a5367 HTTP/1.1" 200 34989 "-" "Dart/3.5 (dart:io)" "0.272 Seconds"
2a09:bac3:7306:119::1c:205 - - [01/Apr/2025:17:00:41 +0800] "GET /wp-content/plugins/asgaros-forum/libs/fontawesome/webfonts/fa-solid-900.woff2 HTTP/1.1" 200 149908 "https://bt-miners.com/collections/asics-miners/" "Mozilla/5.0 (iPhone; CPU iPhone OS 18_3_2 like Mac OS X) AppleWebKit/605.1.15 (KHTML, like Gecko) Version/18.3.1 Mobile/15E148 Safari/604.1" "0.001 Seconds"
2a09:bac3:7306:119::1c:205 - - [01/Apr/2025:17:00:42 +0800] "GET /wp-content/plugins/asgaros-forum/libs/fontawesome/webfonts/fa-regular-400.woff2 HTTP/1.1" 200 24840 "https://bt-miners.com/collections/asics-miners/" "Mozilla/5.0 (iPhone; CPU iPhone OS 18_3_2 like Mac OS X) AppleWebKit/605.1.15 (KHTML, like Gecko) Version/18.3.1 Mobile/15E148 Safari/604.1" "0.000 Seconds"
212.107.29.89 - - [01/Apr/2025:17:00:42 +0800] "POST /wp-admin/admin-ajax.php HTTP/1.1" 200 43 "https://bt-miners.com/wp-admin/options-general.php?page=perfmatters" "Mozilla/5.0 (Windows NT 10.0; Win64; x64) AppleWebKit/537.36 (KHTML, like Gecko) Chrome/122.0.0.0 Safari/537.36" "0.444 Seconds"
83.99.151.68,83.99.151.68 - - [01/Apr/2025:17:00:46 +0800] "GET /collections/algo/page/4/?display_mode=list HTTP/1.1" 200 67225 "-" "Mozilla/5.0 AppleWebKit/537.36 (KHTML, like Gecko; compatible; GeedoProductSearch; +http://www.geedo.com/product-search.html) Chrome/79.0.3945.88 Safari/537.36" "0.851 Seconds"
2a01:4f8:1c1b:4ef4::1,2a01:4f8:1c1b:4ef4::1 - - [01/Apr/2025:17:00:49 +0800] "HEAD /wp-admin/?debug=uptimerobot HTTP/1.1" 302 0 "https://bt-miners.com/wp-admin/?debug=uptimerobot" "Mozilla/5.0+(compatible; UptimeRobot/2.0; http://www.uptimerobot.com/)" "0.454 Seconds"
219.133.248.83,219.133.248.83 - - [01/Apr/2025:17:00:49 +0800] "GET /wp-json/wc/v3/products/70425?BTAPP=9066375f177db57849861b5929b5e99a&timestamp=1743498048436&currency=USD&consumer_key=ck_368292ab2d1fc81f564ec5bb31917429689244e7&consumer_secret=cs_8a3d609f77c939aa6f3912e300201e2eb55a5367 HTTP/1.1" 200 34995 "-" "Dart/3.5 (dart:io)" "0.273 Seconds"
219.133.248.83,219.133.248.83 - - [01/Apr/2025:17:00:49 +0800] "GET /wp-json/api/flutter_user/get_states?country_code=CN HTTP/1.1" 200 1606 "-" "Dart/3.5 (dart:io)" "0.486 Seconds"
2a01:4f8:1c1b:4ef4::1,2a01:4f8:1c1b:4ef4::1 - - [01/Apr/2025:17:00:50 +0800] "HEAD /wp-login.php?redirect_to=https%3A%2F%2Fbt-miners.com%2Fwp-admin%2F%3Fdebug%3Duptimerobot&reauth=1 HTTP/1.1" 200 0 "https://bt-miners.com/wp-admin/?debug=uptimerobot" "Mozilla/5.0+(compatible; UptimeRobot/2.0; http://www.uptimerobot.com/)" "0.343 Seconds"
212.107.29.89,212.107.29.89 - - [01/Apr/2025:17:00:50 +0800] "GET / HTTP/1.1" 200 63536 "https://es.bt-miners.com/" "Mozilla/5.0 (Windows NT 10.0; Win64; x64) AppleWebKit/537.36 (KHTML, like Gecko) Chrome/122.0.0.0 Safari/537.36" "0.972 Seconds"
240e:3b2:3232:4a70:7058:7862:f44b:6b0 - - [01/Apr/2025:17:00:51 +0800] "POST /wp-admin/admin-ajax.php HTTP/1.1" 200 31 "https://bt-miners.com/wp-admin/post.php?post=67951&action=edit" "Mozilla/5.0 (Windows NT 10.0; Win64; x64) AppleWebKit/537.36 (KHTML, like Gecko) Chrome/119.0.0.0 Safari/537.36" "0.424 Seconds"
240e:3b2:3232:4a70:7058:7862:f44b:6b0 - - [01/Apr/2025:17:00:51 +0800] "POST /wp-admin/admin-ajax.php HTTP/1.1" 200 43 "https://bt-miners.com/wp-admin/post.php?post=67951&action=edit" "Mozilla/5.0 (Windows NT 10.0; Win64; x64) AppleWebKit/537.36 (KHTML, like Gecko) Chrome/119.0.0.0 Safari/537.36" "0.743 Seconds"
212.107.29.89 - - [01/Apr/2025:17:00:51 +0800] "POST /wp-admin/admin-ajax.php HTTP/1.1" 200 43 "https://bt-miners.com/wp-admin/post.php?post=70267&action=edit" "Mozilla/5.0 (Windows NT 10.0; Win64; x64) AppleWebKit/537.36 (KHTML, like Gecko) Chrome/134.0.0.0 Safari/537.36" "0.439 Seconds"
66.249.93.74,66.249.93.74 - - [01/Apr/2025:17:00:52 +0800] "GET /.well-known/assetlinks.json HTTP/1.1" 403 134 "-" "GoogleAssociationService" "0.000 Seconds"
212.107.29.89,212.107.29.89 - - [01/Apr/2025:17:00:52 +0800] "GET / HTTP/1.1" 200 63515 "https://fr.bt-miners.com/" "Mozilla/5.0 (Windows NT 10.0; Win64; x64) AppleWebKit/537.36 (KHTML, like Gecko) Chrome/122.0.0.0 Safari/537.36" "0.911 Seconds"
2401:4900:1c68:53b8:50b5:f0aa:2647:e8d5,54.38.96.38 - - [01/Apr/2025:17:00:53 +0800] "POST /wp-login.php HTTP/1.1" 200 4004 "-" "Mozilla/4.0 (compatible; MSIE 6.0; Windows NT 5.0)" "0.715 Seconds"
51.222.253.19,51.222.253.19 - - [01/Apr/2025:17:00:54 +0800] "GET /forum/topic/nil/ HTTP/1.1" 200 58126 "-" "Mozilla/5.0 (compatible; AhrefsBot/7.0; +http://ahrefs.com/robot/)" "0.467 Seconds"
54.158.124.156,54.158.124.156 - - [01/Apr/2025:17:00:54 +0800] "GET /?debug=kuma-uptime HTTP/1.1" 200 89433 "-" "Uptime-Kuma/1.23.16" "1.565 Seconds"
83.99.151.68,83.99.151.68 - - [01/Apr/2025:17:00:55 +0800] "GET /collections/spare-parts/water-cooling/?display_mode=grid HTTP/1.1" 200 62553 "-" "Mozilla/5.0 AppleWebKit/537.36 (KHTML, like Gecko; compatible; GeedoProductSearch; +http://www.geedo.com/product-search.html) Chrome/79.0.3945.88 Safari/537.36" "0.459 Seconds"
219.133.248.83 - - [01/Apr/2025:17:00:55 +0800] "POST /wp-json/api/flutter_woo/shipping_methods?lang=en HTTP/1.1" 200 145 "-" "Dart/3.5 (dart:io)" "0.666 Seconds"
212.107.29.89 - - [01/Apr/2025:17:00:58 +0800] "POST /wp-admin/admin-ajax.php HTTP/1.1" 200 43 "https://bt-miners.com/wp-admin/options-general.php?page=perfmatters" "Mozilla/5.0 (Windows NT 10.0; Win64; x64) AppleWebKit/537.36 (KHTML, like Gecko) Chrome/122.0.0.0 Safari/537.36" "0.406 Seconds"
5.34.216.107 - - [01/Apr/2025:17:00:58 +0800] "POST /wp-admin/admin-ajax.php HTTP/1.1" 200 43 "https://bt-miners.com/wp-admin/edit.php?s=bitcoin&post_status=all&post_type=post&m=0&cat=0&paged=1" "Mozilla/5.0 (Windows NT 10.0; Win64; x64) AppleWebKit/537.36 (KHTML, like Gecko) Chrome/134.0.0.0 Safari/537.36" "1.407 Seconds"
3.222.106.115 - - [01/Apr/2025:17:00:58 +0800] "POST /wp-admin/admin-ajax.php?action=as_async_request_queue_runner&nonce=06167e1255 HTTP/1.1" 499 0 "-" "WordPress/6.7.1; https://bt-miners.com" "0.982 Seconds"
66.102.9.234,66.102.9.234 - - [01/Apr/2025:17:01:00 +0800] "GET /.well-known/assetlinks.json HTTP/1.1" 403 134 "-" "GoogleAssociationService" "0.000 Seconds"
219.133.248.83 - - [01/Apr/2025:17:01:02 +0800] "POST /wp-json/api/flutter_woo/taxes HTTP/1.1" 200 120 "-" "Dart/3.5 (dart:io)" "0.668 Seconds"
2a09:bac3:7306:119::1c:205 - - [01/Apr/2025:17:01:03 +0800] "POST /wp-admin/admin-ajax.php HTTP/1.1" 200 31 "https://bt-miners.com/products/iceriver-ae0-aleo-miner-50mh-s-bt-miners/" "Mozilla/5.0 (iPhone; CPU iPhone OS 18_3_2 like Mac OS X) AppleWebKit/605.1.15 (KHTML, like Gecko) Version/18.3.1 Mobile/15E148 Safari/604.1" "0.457 Seconds"
219.133.248.83 - - [01/Apr/2025:17:01:04 +0800] "POST /wp-json/api/flutter_woo/payment_methods?lang=en HTTP/1.1" 200 218 "-" "Dart/3.5 (dart:io)" "0.469 Seconds"
219.133.248.83,219.133.248.83 - - [01/Apr/2025:17:01:04 +0800] "GET /wp-json/api/flutter_tera_wallet/balance?refresh=1743498063405 HTTP/1.1" 200 21 "-" "Dart/3.5 (dart:io)" "0.461 Seconds"
3.222.106.115 - - [01/Apr/2025:17:01:05 +0800] "POST /wp-admin/admin-ajax.php?action=as_async_request_queue_runner&nonce=06167e1255 HTTP/1.1" 499 0 "-" "WordPress/6.7.1; https://bt-miners.com" "0.971 Seconds"
219.133.248.83,219.133.248.83 - - [01/Apr/2025:17:01:05 +0800] "GET /wp-json/api/flutter_woo/card_fee_rate HTTP/1.1" 200 35 "-" "Dart/3.5 (dart:io)" "0.509 Seconds"
219.133.248.83,219.133.248.83 - - [01/Apr/2025:17:01:06 +0800] "GET /wp-json/wc/v3/products/70425?BTAPP=cf13ead5f069268fd988b9a49cddfcf6&timestamp=1743498065513&currency=USD&consumer_key=ck_368292ab2d1fc81f564ec5bb31917429689244e7&consumer_secret=cs_8a3d609f77c939aa6f3912e300201e2eb55a5367 HTTP/1.1" 200 34989 "-" "Dart/3.5 (dart:io)" "0.308 Seconds"
219.133.248.83,219.133.248.83 - - [01/Apr/2025:17:01:06 +0800] "GET /wp-json/wc/v3/products/70425?BTAPP=b262b9a0ea7565356adea7d9e72d2d7c&timestamp=1743498065672&currency=USD&consumer_key=ck_368292ab2d1fc81f564ec5bb31917429689244e7&consumer_secret=cs_8a3d609f77c939aa6f3912e300201e2eb55a5367 HTTP/1.1" 200 34995 "-" "Dart/3.5 (dart:io)" "0.275 Seconds"
83.99.151.65,83.99.151.65 - - [01/Apr/2025:17:01:06 +0800] "GET /wp-login.php?redirect_to=https%3A%2F%2Fbt-miners.com%2Fassessing-bitcoin-miners-ahead-of-2024-halving-and-more%2F HTTP/1.1" 200 3893 "-" "Mozilla/5.0 AppleWebKit/537.36 (KHTML, like Gecko; compatible; GeedoProductSearch; +http://www.geedo.com/product-search.html) Chrome/79.0.3945.88 Safari/537.36" "0.373 Seconds"
219.133.248.83,219.133.248.83 - - [01/Apr/2025:17:01:06 +0800] "GET /wp-json/wc/v3/products/70425?BTAPP=8e799c0c0129b2458f85d4b784ec90fc&timestamp=1743498065732&currency=USD&consumer_key=ck_368292ab2d1fc81f564ec5bb31917429689244e7&consumer_secret=cs_8a3d609f77c939aa6f3912e300201e2eb55a5367 HTTP/1.1" 200 34989 "-" "Dart/3.5 (dart:io)" "0.278 Seconds"
219.133.248.83,219.133.248.83 - - [01/Apr/2025:17:01:06 +0800] "GET /wp-json/wc/v3/products/70425?BTAPP=4111f4d2eb618cdd25d8bcf998e89b99&timestamp=1743498065777&currency=USD&consumer_key=ck_368292ab2d1fc81f564ec5bb31917429689244e7&consumer_secret=cs_8a3d609f77c939aa6f3912e300201e2eb55a5367 HTTP/1.1" 200 34995 "-" "Dart/3.5 (dart:io)" "0.268 Seconds"
219.133.248.83,219.133.248.83 - - [01/Apr/2025:17:01:06 +0800] "GET /wp-json/wc/v3/products/70425?BTAPP=5dc96f3d2e894a00373e4a70af2a844e&timestamp=1743498065832&currency=USD&consumer_key=ck_368292ab2d1fc81f564ec5bb31917429689244e7&consumer_secret=cs_8a3d609f77c939aa6f3912e300201e2eb55a5367 HTTP/1.1" 200 34993 "-" "Dart/3.5 (dart:io)" "0.296 Seconds"
219.133.248.83,219.133.248.83 - - [01/Apr/2025:17:01:06 +0800] "GET /wp-json/wc/v3/products/70425?BTAPP=c33d7fe25ae2806b8d50a94ab2992e2f&timestamp=1743498065878&currency=USD&consumer_key=ck_368292ab2d1fc81f564ec5bb31917429689244e7&consumer_secret=cs_8a3d609f77c939aa6f3912e300201e2eb55a5367 HTTP/1.1" 200 34996 "-" "Dart/3.5 (dart:io)" "0.258 Seconds"
219.133.248.83,219.133.248.83 - - [01/Apr/2025:17:01:06 +0800] "GET /wp-json/wc/v3/products/70425?BTAPP=37e119739f7c7c0f723c10858ebddc35&timestamp=1743498065945&currency=USD&consumer_key=ck_368292ab2d1fc81f564ec5bb31917429689244e7&consumer_secret=cs_8a3d609f77c939aa6f3912e300201e2eb55a5367 HTTP/1.1" 200 34995 "-" "Dart/3.5 (dart:io)" "0.260 Seconds"
219.133.248.83,219.133.248.83 - - [01/Apr/2025:17:01:06 +0800] "GET /wp-json/wc/v3/products/70425?BTAPP=1bedff6c71019599cb9501961f79db09&timestamp=1743498065910&currency=USD&consumer_key=ck_368292ab2d1fc81f564ec5bb31917429689244e7&consumer_secret=cs_8a3d609f77c939aa6f3912e300201e2eb55a5367 HTTP/1.1" 200 34993 "-" "Dart/3.5 (dart:io)" "0.301 Seconds"
219.133.248.83,219.133.248.83 - - [01/Apr/2025:17:01:06 +0800] "GET /wp-json/wc/v3/products/70425?BTAPP=16794baab65c8dc24aceafa398986c24&timestamp=1743498065976&currency=USD&consumer_key=ck_368292ab2d1fc81f564ec5bb31917429689244e7&consumer_secret=cs_8a3d609f77c939aa6f3912e300201e2eb55a5367 HTTP/1.1" 200 34989 "-" "Dart/3.5 (dart:io)" "0.267 Seconds"
212.107.29.89,212.107.29.89 - - [01/Apr/2025:17:01:07 +0800] "GET / HTTP/1.1" 200 63515 "https://it.bt-miners.com/" "Mozilla/5.0 (Windows NT 10.0; Win64; x64) AppleWebKit/537.36 (KHTML, like Gecko) Chrome/122.0.0.0 Safari/537.36" "1.080 Seconds"
3.222.106.115 - - [01/Apr/2025:17:01:14 +0800] "POST /wp-cron.php?doing_wp_cron=1743498073.9748160839080810546875 HTTP/1.1" 200 31 "-" "WordPress/6.7.1; https://bt-miners.com" "0.001 Seconds"
2a01:4f8:1c1b:4ef4::1,2a01:4f8:1c1b:4ef4::1 - - [01/Apr/2025:17:01:14 +0800] "HEAD /?debug=uptimerobot HTTP/1.1" 200 0 "https://bt-miners.com/?debug=uptimerobot" "Mozilla/5.0+(compatible; UptimeRobot/2.0; http://www.uptimerobot.com/)" "0.401 Seconds"
212.107.29.89 - - [01/Apr/2025:17:01:14 +0800] "POST /wp-admin/admin-ajax.php HTTP/1.1" 200 31 "https://bt-miners.com/wp-admin/options-general.php?page=perfmatters" "Mozilla/5.0 (Windows NT 10.0; Win64; x64) AppleWebKit/537.36 (KHTML, like Gecko) Chrome/122.0.0.0 Safari/537.36" "0.403 Seconds"
109.230.55.105,54.38.96.37 - - [01/Apr/2025:17:01:15 +0800] "POST /wp-login.php HTTP/1.1" 200 4004 "-" "Mozilla/4.0 (compatible; MSIE 6.0; Windows NT 5.0)" "0.682 Seconds"
83.99.151.66,83.99.151.66 - - [01/Apr/2025:17:01:16 +0800] "GET /es/descripcion-de-las-luces-indicadoras-de-goldshell/ HTTP/1.1" 301 5 "-" "Mozilla/5.0 AppleWebKit/537.36 (KHTML, like Gecko; compatible; GeedoProductSearch; +http://www.geedo.com/product-search.html) Chrome/79.0.3945.88 Safari/537.36" "0.339 Seconds"
54.158.124.156,54.158.124.156 - - [01/Apr/2025:17:01:16 +0800] "GET /?debug=kuma-uptime HTTP/1.1" 200 89389 "-" "Uptime-Kuma/1.23.16" "1.652 Seconds"
3.222.106.115 - - [01/Apr/2025:17:01:17 +0800] "POST /wp-cron.php?doing_wp_cron=1743498077.9337511062622070312500 HTTP/1.1" 200 31 "-" "WordPress/6.7.1; https://bt-miners.com" "0.000 Seconds"
219.133.248.83,219.133.248.83 - - [01/Apr/2025:17:01:19 +0800] "GET /wp-json/wc/v3/products/70425?BTAPP=fa45697ec8fb1559f5c4892adfb45a1f&timestamp=1743498078153&currency=USD&consumer_key=ck_368292ab2d1fc81f564ec5bb31917429689244e7&consumer_secret=cs_8a3d609f77c939aa6f3912e300201e2eb55a5367 HTTP/1.1" 200 34989 "-" "Dart/3.5 (dart:io)" "0.298 Seconds"
219.133.248.83,219.133.248.83 - - [01/Apr/2025:17:01:19 +0800] "GET /wp-json/wc/v3/products/70425?BTAPP=524f53e1dd91eba8bfe981bd3d8d821e&timestamp=1743498078257&currency=USD&consumer_key=ck_368292ab2d1fc81f564ec5bb31917429689244e7&consumer_secret=cs_8a3d609f77c939aa6f3912e300201e2eb55a5367 HTTP/1.1" 200 34995 "-" "Dart/3.5 (dart:io)" "0.287 Seconds"
219.133.248.83,219.133.248.83 - - [01/Apr/2025:17:01:19 +0800] "GET /wp-json/wc/v3/products/70425?BTAPP=725baa4e6faf17d6d61e4d4a9ea5e948&timestamp=1743498078208&currency=USD&consumer_key=ck_368292ab2d1fc81f564ec5bb31917429689244e7&consumer_secret=cs_8a3d609f77c939aa6f3912e300201e2eb55a5367 HTTP/1.1" 200 34993 "-" "Dart/3.5 (dart:io)" "0.319 Seconds"
219.133.248.83,219.133.248.83 - - [01/Apr/2025:17:01:19 +0800] "GET /wp-json/wc/v3/products/70425?BTAPP=ae9258c3053cb1f8292154a0add4eb26&timestamp=1743498078290&currency=USD&consumer_key=ck_368292ab2d1fc81f564ec5bb31917429689244e7&consumer_secret=cs_8a3d609f77c939aa6f3912e300201e2eb55a5367 HTTP/1.1" 200 34989 "-" "Dart/3.5 (dart:io)" "0.288 Seconds"
12.8.108.10,12.8.108.10 - - [01/Apr/2025:17:01:19 +0800] "GET /products/iceriver-ae0-aleo-miner-50mh-s-bt-miners/?attribute_condition=June+Batch&attribute_power-supply-unit=Including&gad_source=1&gclid=Cj0KCQjwna6_BhCbARIsALId2Z1bTQyKJQLqXRfpkdiKk_NaZalQp2Fbazj0zzf5lynOismNLymi8CAaAsxYEALw_wcB HTTP/1.1" 200 121607 "https://www.google.de/" "Mozilla/5.0 (Linux; Android 10; K) AppleWebKit/537.36 (KHTML, like Gecko) SamsungBrowser/27.0 Chrome/125.0.0.0 Mobile Safari/537.36" "1.720 Seconds"
219.133.248.83,219.133.248.83 - - [01/Apr/2025:17:01:19 +0800] "GET /wp-json/wc/v3/products/70425?BTAPP=82e23077c6cf3ac3aa5e8b1017e708a9&timestamp=1743498078374&currency=USD&consumer_key=ck_368292ab2d1fc81f564ec5bb31917429689244e7&consumer_secret=cs_8a3d609f77c939aa6f3912e300201e2eb55a5367 HTTP/1.1" 200 34995 "-" "Dart/3.5 (dart:io)" "0.294 Seconds"
219.133.248.83,219.133.248.83 - - [01/Apr/2025:17:01:19 +0800] "GET /wp-json/wc/v3/products/70425?BTAPP=a6c4598ac6418f15212862c0d73688c5&timestamp=1743498078460&currency=USD&consumer_key=ck_368292ab2d1fc81f564ec5bb31917429689244e7&consumer_secret=cs_8a3d609f77c939aa6f3912e300201e2eb55a5367 HTTP/1.1" 200 34993 "-" "Dart/3.5 (dart:io)" "0.268 Seconds"
219.133.248.83,219.133.248.83 - - [01/Apr/2025:17:01:19 +0800] "GET /wp-json/wc/v3/products/70425?BTAPP=5b6d3c380ffb994fa68f6312507a8c77&timestamp=1743498078539&currency=USD&consumer_key=ck_368292ab2d1fc81f564ec5bb31917429689244e7&consumer_secret=cs_8a3d609f77c939aa6f3912e300201e2eb55a5367 HTTP/1.1" 200 34995 "-" "Dart/3.5 (dart:io)" "0.258 Seconds"
219.133.248.83,219.133.248.83 - - [01/Apr/2025:17:01:19 +0800] "GET /wp-json/wc/v3/products/70425?BTAPP=002cca4346328f1b92e84e43bd40d5f0&timestamp=1743498078612&currency=USD&consumer_key=ck_368292ab2d1fc81f564ec5bb31917429689244e7&consumer_secret=cs_8a3d609f77c939aa6f3912e300201e2eb55a5367 HTTP/1.1" 200 34993 "-" "Dart/3.5 (dart:io)" "0.251 Seconds"
219.133.248.83,219.133.248.83 - - [01/Apr/2025:17:01:19 +0800] "GET /wp-json/wc/v3/products/70425?BTAPP=0628c9ac6f7eb7c44522d985e09a69f0&timestamp=1743498078693&currency=USD&consumer_key=ck_368292ab2d1fc81f564ec5bb31917429689244e7&consumer_secret=cs_8a3d609f77c939aa6f3912e300201e2eb55a5367 HTTP/1.1" 200 34989 "-" "Dart/3.5 (dart:io)" "0.251 Seconds"
240e:3b2:3232:4a70:7058:7862:f44b:6b0 - - [01/Apr/2025:17:01:23 +0800] "POST /wp-admin/admin-ajax.php HTTP/1.1" 200 43 "https://bt-miners.com/wp-admin/" "Mozilla/5.0 (Windows NT 10.0; Win64; x64) AppleWebKit/537.36 (KHTML, like Gecko) Chrome/119.0.0.0 Safari/537.36" "1.291 Seconds"
2a01:4f8:c012:c60e::1,2a01:4f8:c012:c60e::1 - - [01/Apr/2025:17:01:23 +0800] "HEAD / HTTP/1.1" 200 0 "https://bt-miners.com/" "Mozilla/5.0+(compatible; UptimeRobot/2.0; http://www.uptimerobot.com/)" "0.368 Seconds"
219.133.248.83 - - [01/Apr/2025:17:01:23 +0800] "POST /wp-json/api/flutter_order/create HTTP/1.1" 201 43310 "-" "Dart/3.5 (dart:io)" "4.566 Seconds"
212.107.29.89,212.107.29.89 - - [01/Apr/2025:17:01:23 +0800] "GET / HTTP/1.1" 200 63533 "https://ja.bt-miners.com/" "Mozilla/5.0 (Windows NT 10.0; Win64; x64) AppleWebKit/537.36 (KHTML, like Gecko) Chrome/122.0.0.0 Safari/537.36" "1.158 Seconds"
12.8.108.10 - - [01/Apr/2025:17:01:24 +0800] "POST /wp-admin/admin-ajax.php HTTP/1.1" 200 31 "https://bt-miners.com/products/iceriver-ae0-aleo-miner-50mh-s-bt-miners/?attribute_condition=June+Batch&attribute_power-supply-unit=Including&gad_source=1&gclid=Cj0KCQjwna6_BhCbARIsALId2Z1bTQyKJQLqXRfpkdiKk_NaZalQp2Fbazj0zzf5lynOismNLymi8CAaAsxYEALw_wcB" "Mozilla/5.0 (Linux; Android 10; K) AppleWebKit/537.36 (KHTML, like Gecko) SamsungBrowser/27.0 Chrome/125.0.0.0 Mobile Safari/537.36" "0.429 Seconds"
219.133.248.83 - - [01/Apr/2025:17:01:27 +0800] "POST /wp-json/api/flutter_creditcard/pay HTTP/1.1" 200 186 "-" "Dart/3.5 (dart:io)" "3.087 Seconds"
3.222.106.115 - - [01/Apr/2025:17:01:28 +0800] "POST /wp-cron.php?doing_wp_cron=1743498088.3057940006256103515625 HTTP/1.1" 200 31 "-" "WordPress/6.7.1; https://bt-miners.com" "0.001 Seconds"
219.133.248.83 - - [01/Apr/2025:17:01:28 +0800] "POST /wp-json/api/flutter_woo/cart HTTP/1.1" 200 271 "-" "Dart/3.5 (dart:io)" "0.570 Seconds"
212.107.29.89,212.107.29.89 - - [01/Apr/2025:17:01:34 +0800] "GET /sitemap.xml HTTP/1.1" 301 5 "-" "Mozilla/5.0 (Windows NT 10.0; Win64; x64) AppleWebKit/537.36 (KHTML, like Gecko) Chrome/122.0.0.0 Safari/537.36" "0.244 Seconds"
240e:3b2:3232:4a70:7058:7862:f44b:6b0 - - [01/Apr/2025:17:01:38 +0800] "POST /wp-admin/admin-ajax.php HTTP/1.1" 200 31 "https://bt-miners.com/wp-admin/" "Mozilla/5.0 (Windows NT 10.0; Win64; x64) AppleWebKit/537.36 (KHTML, like Gecko) Chrome/119.0.0.0 Safari/537.36" "0.424 Seconds"
54.158.124.156,54.158.124.156 - - [01/Apr/2025:17:01:38 +0800] "GET /?debug=kuma-uptime HTTP/1.1" 200 89429 "-" "Uptime-Kuma/1.23.16" "1.630 Seconds"
212.107.29.89 - - [01/Apr/2025:17:01:39 +0800] "POST /wp-admin/admin-ajax.php HTTP/1.1" 200 113 "https://bt-miners.com/wp-admin/post.php?post=70797&action=edit" "Mozilla/5.0 (Windows NT 10.0; Win64; x64) AppleWebKit/537.36 (KHTML, like Gecko) Chrome/122.0.0.0 Safari/537.36" "0.351 Seconds"
212.107.29.89 - - [01/Apr/2025:17:01:40 +0800] "POST /wp-admin/admin-ajax.php HTTP/1.1" 200 43 "https://bt-miners.com/wp-admin/options-general.php?page=perfmatters" "Mozilla/5.0 (Windows NT 10.0; Win64; x64) AppleWebKit/537.36 (KHTML, like Gecko) Chrome/122.0.0.0 Safari/537.36" "0.427 Seconds"
66.249.75.132,66.249.75.132 - - [01/Apr/2025:17:01:40 +0800] "GET /feed/ HTTP/1.1" 301 5 "-" "Mozilla/5.0 (compatible; Googlebot/2.1; +http://www.google.com/bot.html)" "0.323 Seconds"
212.107.29.90 - - [01/Apr/2025:17:01:40 +0800] "POST /wp-admin/admin-ajax.php HTTP/1.1" 200 43 "https://bt-miners.com/wp-admin/edit.php?post_status=wc-processing&post_type=shop_order" "Mozilla/5.0 (Windows NT 10.0; Win64; x64) AppleWebKit/537.36 (KHTML, like Gecko) Chrome/134.0.0.0 Safari/537.36" "0.368 Seconds"
83.99.151.70,83.99.151.70 - - [01/Apr/2025:17:01:40 +0800] "GET /products/goldshell-ka-box/ HTTP/1.1" 301 5 "-" "Mozilla/5.0 AppleWebKit/537.36 (KHTML, like Gecko; compatible; GeedoProductSearch; +http://www.geedo.com/product-search.html) Chrome/79.0.3945.88 Safari/537.36" "0.311 Seconds"
83.99.151.70,83.99.151.70 - - [01/Apr/2025:17:01:44 +0800] "GET /products/goldshell-ka-box-kaspa-miner-1-18th-s-bt-miners/ HTTP/1.1" 200 117740 "-" "Mozilla/5.0 AppleWebKit/537.36 (KHTML, like Gecko; compatible; GeedoProductSearch; +http://www.geedo.com/product-search.html) Chrome/79.0.3945.88 Safari/537.36" "1.325 Seconds"
3.222.106.115 - - [01/Apr/2025:17:01:45 +0800] "POST /wp-cron.php?doing_wp_cron=1743498105.2632229328155517578125 HTTP/1.1" 200 31 "-" "WordPress/6.7.1; https://bt-miners.com" "0.001 Seconds"
54.37.215.164,54.37.215.164 - - [01/Apr/2025:17:01:45 +0800] "GET /bitcoin-mining-revenue-hits-184-million-in-q2-amid-ordinals-fervor-and-more/ HTTP/1.1" 200 64730 "-" "GTranslate-Translation-Proxy" "0.675 Seconds"
212.107.29.89 - - [01/Apr/2025:17:01:51 +0800] "POST /wp-admin/admin-ajax.php HTTP/1.1" 200 43 "https://bt-miners.com/wp-admin/post.php?post=70267&action=edit" "Mozilla/5.0 (Windows NT 10.0; Win64; x64) AppleWebKit/537.36 (KHTML, like Gecko) Chrome/134.0.0.0 Safari/537.36" "0.393 Seconds"
240e:3b2:3232:4a70:7058:7862:f44b:6b0 - - [01/Apr/2025:17:01:54 +0800] "POST /wp-admin/admin-ajax.php HTTP/1.1" 200 31 "https://bt-miners.com/wp-admin/" "Mozilla/5.0 (Windows NT 10.0; Win64; x64) AppleWebKit/537.36 (KHTML, like Gecko) Chrome/119.0.0.0 Safari/537.36" "0.371 Seconds"
83.99.151.64,83.99.151.64 - - [01/Apr/2025:17:01:54 +0800] "GET /products/hammer-d10-ltc-doge-miner-bt-miners/ HTTP/1.1" 200 116750 "-" "Mozilla/5.0 AppleWebKit/537.36 (KHTML, like Gecko; compatible; GeedoProductSearch; +http://www.geedo.com/product-search.html) Chrome/79.0.3945.88 Safari/537.36" "1.066 Seconds"
3.222.106.115 - - [01/Apr/2025:17:01:54 +0800] "POST /wp-cron.php?doing_wp_cron=1743498114.4241259098052978515625 HTTP/1.1" 200 31 "-" "WordPress/6.7.1; https://bt-miners.com" "0.000 Seconds"
2401:4900:1c68:53b8:50b5:f0aa:2647:e8d5,54.38.96.38 - - [01/Apr/2025:17:01:54 +0800] "POST /wp-login.php HTTP/1.1" 200 4004 "-" "Mozilla/4.0 (compatible; MSIE 6.0; Windows NT 5.0)" "0.745 Seconds"
2a01:4f8:c012:c60e::1,2a01:4f8:c012:c60e::1 - - [01/Apr/2025:17:01:55 +0800] "HEAD /wp-admin/?debug=uptimerobot HTTP/1.1" 302 0 "https://bt-miners.com/wp-admin/?debug=uptimerobot" "Mozilla/5.0+(compatible; UptimeRobot/2.0; http://www.uptimerobot.com/)" "0.411 Seconds"
2a01:4f8:c012:c60e::1,2a01:4f8:c012:c60e::1 - - [01/Apr/2025:17:01:55 +0800] "HEAD /wp-login.php?redirect_to=https%3A%2F%2Fbt-miners.com%2Fwp-admin%2F%3Fdebug%3Duptimerobot&reauth=1 HTTP/1.1" 200 0 "https://bt-miners.com/wp-admin/?debug=uptimerobot" "Mozilla/5.0+(compatible; UptimeRobot/2.0; http://www.uptimerobot.com/)" "0.352 Seconds"
5.34.216.107 - - [01/Apr/2025:17:01:59 +0800] "POST /wp-admin/admin-ajax.php HTTP/1.1" 200 43 "https://bt-miners.com/wp-admin/edit.php?s=bitcoin&post_status=all&post_type=post&m=0&cat=0&paged=1" "Mozilla/5.0 (Windows NT 10.0; Win64; x64) AppleWebKit/537.36 (KHTML, like Gecko) Chrome/134.0.0.0 Safari/537.36" "1.432 Seconds"
3.222.106.115 - - [01/Apr/2025:17:01:59 +0800] "POST /wp-admin/admin-ajax.php?action=as_async_request_queue_runner&nonce=06167e1255 HTTP/1.1" 499 0 "-" "WordPress/6.7.1; https://bt-miners.com" "0.978 Seconds"
54.158.124.156,54.158.124.156 - - [01/Apr/2025:17:01:59 +0800] "GET /?debug=kuma-uptime HTTP/1.1" 200 89383 "-" "Uptime-Kuma/1.23.16" "1.618 Seconds"
168.119.2.99,168.119.2.99 - - [01/Apr/2025:17:02:01 +0800] "GET /wp-json/wc/v3/orders/70804?consumer_key=ck_4e1503f04eb840b3b73d9daa3e525278f841aab1&consumer_secret=cs_6254cf6ff8478d7fed5a361d493cb16083052f4a HTTP/1.1" 200 43576 "-" "axios/1.7.4" "0.687 Seconds"
66.102.9.235,66.102.9.235 - - [01/Apr/2025:17:02:02 +0800] "GET /.well-known/assetlinks.json HTTP/1.1" 403 134 "-" "GoogleAssociationService" "0.000 Seconds"
168.119.2.99,168.119.2.99 - - [01/Apr/2025:17:02:02 +0800] "GET /wp-json/wc/v3/customers/20009?consumer_key=ck_4e1503f04eb840b3b73d9daa3e525278f841aab1&consumer_secret=cs_6254cf6ff8478d7fed5a361d493cb16083052f4a HTTP/1.1" 200 14501 "-" "axios/1.7.4" "0.451 Seconds"
74.125.210.4,74.125.210.4 - - [01/Apr/2025:17:02:02 +0800] "GET /.well-known/assetlinks.json HTTP/1.1" 403 134 "-" "GoogleAssociationService" "0.000 Seconds"
168.119.2.99,168.119.2.99 - - [01/Apr/2025:17:02:03 +0800] "GET /wp-json/wc/v3/orders?consumer_key=ck_4e1503f04eb840b3b73d9daa3e525278f841aab1&consumer_secret=cs_6254cf6ff8478d7fed5a361d493cb16083052f4a&customer=20009&per_page=2 HTTP/1.1" 200 86964 "-" "axios/1.7.4" "0.940 Seconds"
83.99.151.70,83.99.151.70 - - [01/Apr/2025:17:02:03 +0800] "GET /exploring-btcs-path-to-a-renewable-mining-future-and-more/ HTTP/1.1" 200 65874 "-" "Mozilla/5.0 AppleWebKit/537.36 (KHTML, like Gecko; compatible; GeedoProductSearch; +http://www.geedo.com/product-search.html) Chrome/79.0.3945.88 Safari/537.36" "0.513 Seconds"
168.119.2.99,168.119.2.99 - - [01/Apr/2025:17:02:05 +0800] "GET /wp-json/wc/v3/orders/70804?consumer_key=ck_4e1503f04eb840b3b73d9daa3e525278f841aab1&consumer_secret=cs_6254cf6ff8478d7fed5a361d493cb16083052f4a HTTP/1.1" 200 43576 "-" "axios/1.7.4" "0.698 Seconds"
168.119.2.99,168.119.2.99 - - [01/Apr/2025:17:02:06 +0800] "GET /wp-json/wc/v3/customers/20009?consumer_key=ck_4e1503f04eb840b3b73d9daa3e525278f841aab1&consumer_secret=cs_6254cf6ff8478d7fed5a361d493cb16083052f4a HTTP/1.1" 200 14501 "-" "axios/1.7.4" "0.430 Seconds"
168.119.2.99,168.119.2.99 - - [01/Apr/2025:17:02:07 +0800] "GET /wp-json/wc/v3/orders?consumer_key=ck_4e1503f04eb840b3b73d9daa3e525278f841aab1&consumer_secret=cs_6254cf6ff8478d7fed5a361d493cb16083052f4a&customer=20009&per_page=2 HTTP/1.1" 200 86966 "-" "axios/1.7.4" "0.879 Seconds"
40.77.167.46 - - [01/Apr/2025:17:02:07 +0800] "GET /wp-content/plugins/woocommerce/assets/js/frontend/order-attribution.min.js?ver=9.5.2 HTTP/1.1" 200 2356 "-" "Mozilla/5.0 AppleWebKit/537.36 (KHTML, like Gecko; compatible; bingbot/2.0; +http://www.bing.com/bingbot.htm) Chrome/116.0.1938.76 Safari/537.36" "0.000 Seconds"
2a00:1851:7:26f0:4492:2bef:ab04:4601,2a00:1851:7:26f0:4492:2bef:ab04:4601 - - [01/Apr/2025:17:02:07 +0800] "GET /products/goldshell-ck6-ckb-miner-19-3th-s-bt-miners/ HTTP/1.1" 200 119571 "https://bt-miners.com/" "Mozilla/5.0 (iPhone; CPU iPhone OS 18_3 like Mac OS X) AppleWebKit/605.1.15 (KHTML, like Gecko) Version/18.3 Mobile/15E148 Safari/604.1" "1.119 Seconds"
212.107.29.90 - - [01/Apr/2025:17:02:08 +0800] "POST /wp-admin/admin-ajax.php HTTP/1.1" 200 58 "https://bt-miners.com/wp-admin/edit.php?post_status=wc-processing&post_type=shop_order" "Mozilla/5.0 (Windows NT 10.0; Win64; x64) AppleWebKit/537.36 (KHTML, like Gecko) Chrome/134.0.0.0 Safari/537.36" "0.443 Seconds"
40.77.167.46 - - [01/Apr/2025:17:02:08 +0800] "GET /wp-content/themes/azuri/assets/css/new-common-style-lp.css?ver=1742544487 HTTP/1.1" 200 54099 "-" "Mozilla/5.0 AppleWebKit/537.36 (KHTML, like Gecko; compatible; bingbot/2.0; +http://www.bing.com/bingbot.htm) Chrome/116.0.1938.76 Safari/537.36" "0.000 Seconds"
212.107.29.89 - - [01/Apr/2025:17:02:09 +0800] "POST /wp-admin/admin-ajax.php HTTP/1.1" 200 31 "https://bt-miners.com/wp-admin/post.php?post=70797&action=edit" "Mozilla/5.0 (Windows NT 10.0; Win64; x64) AppleWebKit/537.36 (KHTML, like Gecko) Chrome/122.0.0.0 Safari/537.36" "0.405 Seconds"
240e:3b2:3232:4a70:7058:7862:f44b:6b0 - - [01/Apr/2025:17:02:10 +0800] "POST /wp-admin/admin-ajax.php HTTP/1.1" 200 43 "https://bt-miners.com/wp-admin/" "Mozilla/5.0 (Windows NT 10.0; Win64; x64) AppleWebKit/537.36 (KHTML, like Gecko) Chrome/119.0.0.0 Safari/537.36" "0.380 Seconds"
83.99.151.70,83.99.151.70 - - [01/Apr/2025:17:02:10 +0800] "GET /es/collections/refacciones/ HTTP/1.1" 301 5 "-" "Mozilla/5.0 AppleWebKit/537.36 (KHTML, like Gecko; compatible; GeedoProductSearch; +http://www.geedo.com/product-search.html) Chrome/79.0.3945.88 Safari/537.36" "0.324 Seconds"
2a09:bac3:7306:119::1c:205,2a09:bac3:7306:119::1c:205 - - [01/Apr/2025:17:02:11 +0800] "GET /collections/asics-miners/page/2/ HTTP/1.1" 200 67363 "https://bt-miners.com/collections/asics-miners/" "Mozilla/5.0 (iPhone; CPU iPhone OS 18_3_2 like Mac OS X) AppleWebKit/605.1.15 (KHTML, like Gecko) Version/18.3.1 Mobile/15E148 Safari/604.1" "0.832 Seconds"
52.167.144.220 - - [01/Apr/2025:17:02:12 +0800] "GET /wp-content/plugins/woocommerce/assets/js/selectWoo/selectWoo.full.min.js?ver=1.0.9-wc.9.5.2 HTTP/1.1" 200 77915 "-" "Mozilla/5.0 AppleWebKit/537.36 (KHTML, like Gecko; compatible; bingbot/2.0; +http://www.bing.com/bingbot.htm) Chrome/116.0.1938.76 Safari/537.36" "0.000 Seconds"
52.167.144.220 - - [01/Apr/2025:17:02:12 +0800] "GET /wp-content/plugins/woocommerce/assets/js/sourcebuster/sourcebuster.min.js?ver=9.5.2 HTTP/1.1" 200 15315 "-" "Mozilla/5.0 AppleWebKit/537.36 (KHTML, like Gecko; compatible; bingbot/2.0; +http://www.bing.com/bingbot.htm) Chrome/116.0.1938.76 Safari/537.36" "0.000 Seconds"
212.107.29.89,212.107.29.89 - - [01/Apr/2025:17:02:12 +0800] "GET /wp-admin/edit.php?post_type=shop_order HTTP/1.1" 200 152697 "https://bt-miners.com/wp-admin/post.php?post=70797&action=edit" "Mozilla/5.0 (Windows NT 10.0; Win64; x64) AppleWebKit/537.36 (KHTML, like Gecko) Chrome/122.0.0.0 Safari/537.36" "1.628 Seconds"
2a00:1851:7:26f0:4492:2bef:ab04:4601 - - [01/Apr/2025:17:02:14 +0800] "POST /wp-admin/admin-ajax.php HTTP/1.1" 200 31 "https://bt-miners.com/products/goldshell-ck6-ckb-miner-19-3th-s-bt-miners/" "Mozilla/5.0 (iPhone; CPU iPhone OS 18_3 like Mac OS X) AppleWebKit/605.1.15 (KHTML, like Gecko) Version/18.3 Mobile/15E148 Safari/604.1" "0.562 Seconds"
40.77.167.56 - - [01/Apr/2025:17:02:14 +0800] "GET /wp-content/plugins/woocommerce/assets/css/select2.css?ver=9.5.2 HTTP/1.1" 200 14621 "-" "Mozilla/5.0 AppleWebKit/537.36 (KHTML, like Gecko; compatible; bingbot/2.0; +http://www.bing.com/bingbot.htm) Chrome/116.0.1938.76 Safari/537.36" "0.000 Seconds"
3.222.106.115 - - [01/Apr/2025:17:02:15 +0800] "POST /wp-cron.php?doing_wp_cron=1743498135.7768120765686035156250 HTTP/1.1" 200 31 "-" "WordPress/6.7.1; https://bt-miners.com" "0.000 Seconds"
54.38.96.38,54.38.96.38 - - [01/Apr/2025:17:02:16 +0800] "GET /products/neo-cryptocurrency-logo-hat-bt-miners/ HTTP/1.1" 200 90108 "-" "Mozilla/5.0 (compatible; AhrefsBot/7.0; +http://ahrefs.com/robot/)" "0.797 Seconds"
109.230.55.105,54.38.96.37 - - [01/Apr/2025:17:02:17 +0800] "POST /wp-login.php HTTP/1.1" 200 4004 "-" "Mozilla/4.0 (compatible; MSIE 6.0; Windows NT 5.0)" "0.686 Seconds"
111.68.1.242 - - [01/Apr/2025:17:02:18 +0800] "GET /static/images/nopic.png HTTP/1.1" 301 5 "-" "Mozilla/5.0 (Windows NT 10.0; WOW64; rv:48.0) Gecko/20100101 Firefox/48.0" "0.329 Seconds"
2a01:4f8:c013:34c0::1,2a01:4f8:c013:34c0::1 - - [01/Apr/2025:17:02:19 +0800] "HEAD /?debug=uptimerobot HTTP/1.1" 200 0 "https://bt-miners.com/?debug=uptimerobot" "Mozilla/5.0+(compatible; UptimeRobot/2.0; http://www.uptimerobot.com/)" "0.338 Seconds"
66.249.91.197,66.249.91.197 - - [01/Apr/2025:17:02:19 +0800] "GET /products/goldshell-e-ka1m-kaspa-miner-5-5th-s-bt-miners/ HTTP/1.1" 200 117831 "-" "Mozilla/5.0 (Linux; Android 6.0.1; Nexus 5X Build/MMB29P) AppleWebKit/537.36 (KHTML, like Gecko) Chrome/134.0.6998.165 Mobile Safari/537.36 (compatible; AdsBot-Google-Mobile; +http://www.google.com/mobile/adsbot.html)" "1.386 Seconds"
37.231.216.194,37.231.216.194 - - [01/Apr/2025:17:02:20 +0800] "GET /wp-json/api/flutter_forum/index?BTAPP=ffa21609d13feb2e89493aa9e1577aba&timestamp=1743498139403 HTTP/1.1" 200 2070 "-" "Dart/3.5 (dart:io)" "0.230 Seconds"
37.231.216.194,37.231.216.194 - - [01/Apr/2025:17:02:20 +0800] "GET /wp-json/api/flutter_forum/topics?BTAPP=359fb9109d530ec7174d8077f18b94ab&timestamp=1743498139306&topics_id=7 HTTP/1.1" 200 5938 "-" "Dart/3.5 (dart:io)" "0.258 Seconds"
37.231.216.194,37.231.216.194 - - [01/Apr/2025:17:02:20 +0800] "GET /wp-json/wc/v2/list_income_product?GetCache=2&BTAPP=b25ee45b9ae592948b4ce7a553a76623&timestamp=1743498139420&Coin=All&Ele=0.1&consumer_key=ck_368292ab2d1fc81f564ec5bb31917429689244e7&consumer_secret=cs_8a3d609f77c939aa6f3912e300201e2eb55a5367 HTTP/1.1" 200 222215 "-" "Dart/3.5 (dart:io)" "0.341 Seconds"
37.231.216.194,37.231.216.194 - - [01/Apr/2025:17:02:20 +0800] "GET /wp-json/wc/v2/list_income_product?GetCache=2&BTAPP=d99e57068a0c82708a47b4d6d64d0746&timestamp=1743498139418&Coin=All&Ele=0.1&consumer_key=ck_368292ab2d1fc81f564ec5bb31917429689244e7&consumer_secret=cs_8a3d609f77c939aa6f3912e300201e2eb55a5367 HTTP/1.1" 200 222223 "-" "Dart/3.5 (dart:io)" "0.349 Seconds"
37.231.216.194,37.231.216.194 - - [01/Apr/2025:17:02:20 +0800] "GET /wp-json/wc/v2/list_income_product?GetCache=2&BTAPP=724e6c3e9a941012211ebec9e099a7aa&timestamp=1743498139417&Coin=All&Ele=0.1&consumer_key=ck_368292ab2d1fc81f564ec5bb31917429689244e7&consumer_secret=cs_8a3d609f77c939aa6f3912e300201e2eb55a5367 HTTP/1.1" 200 222215 "-" "Dart/3.5 (dart:io)" "0.348 Seconds"
