219.133.248.83,219.133.248.83 - - [01/Apr/2025:16:44:42 +0800] "GET /wp-json/wc/v3/products/48086?BTAPP=ddee5867a8809704478b765c43b5e6d1&timestamp=1743497081022&currency=USD&consumer_key=ck_368292ab2d1fc81f564ec5bb31917429689244e7&consumer_secret=cs_8a3d609f77c939aa6f3912e300201e2eb55a5367 HTTP/1.1" 200 18028 "-" "Dart/3.5 (dart:io)" "0.609 Seconds"
219.133.248.83,219.133.248.83 - - [01/Apr/2025:16:44:42 +0800] "GET /wp-json/wc/v3/products/55248?BTAPP=ddee5867a8809704478b765c43b5e6d1&timestamp=1743497081022&currency=USD&consumer_key=ck_368292ab2d1fc81f564ec5bb31917429689244e7&consumer_secret=cs_8a3d609f77c939aa6f3912e300201e2eb55a5367 HTTP/1.1" 200 18277 "-" "Dart/3.5 (dart:io)" "0.630 Seconds"
219.133.248.83,219.133.248.83 - - [01/Apr/2025:16:44:42 +0800] "GET /wp-json/wc/v3/products/64862?BTAPP=1791576572f094534031d6de8812dba4&timestamp=1743497080941&currency=USD&consumer_key=ck_368292ab2d1fc81f564ec5bb31917429689244e7&consumer_secret=cs_8a3d609f77c939aa6f3912e300201e2eb55a5367 HTTP/1.1" 200 23049 "-" "Dart/3.5 (dart:io)" "0.688 Seconds"
219.133.248.83,219.133.248.83 - - [01/Apr/2025:16:44:42 +0800] "GET /wp-json/wc/v3/products/48086?BTAPP=f0995946857e75c55d37e261c65bf1d9&timestamp=1743497080705&currency=USD&consumer_key=ck_368292ab2d1fc81f564ec5bb31917429689244e7&consumer_secret=cs_8a3d609f77c939aa6f3912e300201e2eb55a5367 HTTP/1.1" 200 18027 "-" "Dart/3.5 (dart:io)" "0.673 Seconds"
219.133.248.83,219.133.248.83 - - [01/Apr/2025:16:44:42 +0800] "GET /wp-json/wc/v3/products/48086?BTAPP=ddee5867a8809704478b765c43b5e6d1&timestamp=1743497081022&currency=USD&consumer_key=ck_368292ab2d1fc81f564ec5bb31917429689244e7&consumer_secret=cs_8a3d609f77c939aa6f3912e300201e2eb55a5367 HTTP/1.1" 200 18028 "-" "Dart/3.5 (dart:io)" "0.709 Seconds"
219.133.248.83,219.133.248.83 - - [01/Apr/2025:16:44:42 +0800] "GET /wp-json/wc/v3/products/64862?BTAPP=ddee5867a8809704478b765c43b5e6d1&timestamp=1743497081022&currency=USD&consumer_key=ck_368292ab2d1fc81f564ec5bb31917429689244e7&consumer_secret=cs_8a3d609f77c939aa6f3912e300201e2eb55a5367 HTTP/1.1" 200 23048 "-" "Dart/3.5 (dart:io)" "0.780 Seconds"
219.133.248.83,219.133.248.83 - - [01/Apr/2025:16:44:42 +0800] "GET /wp-json/wc/v3/products/55248?BTAPP=ddee5867a8809704478b765c43b5e6d1&timestamp=1743497081022&currency=USD&consumer_key=ck_368292ab2d1fc81f564ec5bb31917429689244e7&consumer_secret=cs_8a3d609f77c939aa6f3912e300201e2eb55a5367 HTTP/1.1" 200 18278 "-" "Dart/3.5 (dart:io)" "0.840 Seconds"
219.133.248.83,219.133.248.83 - - [01/Apr/2025:16:44:42 +0800] "GET /wp-json/wc/v3/products/11564?BTAPP=ddee5867a8809704478b765c43b5e6d1&timestamp=1743497081022&currency=USD&consumer_key=ck_368292ab2d1fc81f564ec5bb31917429689244e7&consumer_secret=cs_8a3d609f77c939aa6f3912e300201e2eb55a5367 HTTP/1.1" 200 16667 "-" "Dart/3.5 (dart:io)" "0.968 Seconds"
12.74.220.69,12.74.220.69 - - [01/Apr/2025:16:44:45 +0800] "GET /wp-json/wc/v2/list_income_product?GetCache=2&BTAPP=0597f1e015041929697160cf1acfc45c&timestamp=1743497084077&Coin=BTC&Ele=0.3&consumer_key=ck_368292ab2d1fc81f564ec5bb31917429689244e7&consumer_secret=cs_8a3d609f77c939aa6f3912e300201e2eb55a5367 HTTP/1.1" 200 80408 "-" "Dart/3.5 (dart:io)" "0.198 Seconds"
12.74.220.69,12.74.220.69 - - [01/Apr/2025:16:44:45 +0800] "GET /wp-json/wc/v2/list_income_product?GetCache=2&BTAPP=344efb364d3d4b17e3c553f5550fb280&timestamp=1743497084076&Coin=BTC&Ele=0.3&consumer_key=ck_368292ab2d1fc81f564ec5bb31917429689244e7&consumer_secret=cs_8a3d609f77c939aa6f3912e300201e2eb55a5367 HTTP/1.1" 200 80408 "-" "Dart/3.5 (dart:io)" "0.256 Seconds"
212.107.29.89 - - [01/Apr/2025:16:44:46 +0800] "POST /wp-admin/admin-ajax.php HTTP/1.1" 200 31 "https://bt-miners.com/wp-admin/options-general.php?page=perfmatters" "Mozilla/5.0 (Windows NT 10.0; Win64; x64) AppleWebKit/537.36 (KHTML, like Gecko) Chrome/122.0.0.0 Safari/537.36" "1.344 Seconds"
212.107.29.89 - - [01/Apr/2025:16:44:53 +0800] "POST /wp-admin/admin-ajax.php HTTP/1.1" 200 43 "https://bt-miners.com/wp-admin/post.php?post=70267&action=edit" "Mozilla/5.0 (Windows NT 10.0; Win64; x64) AppleWebKit/537.36 (KHTML, like Gecko) Chrome/134.0.0.0 Safari/537.36" "2.088 Seconds"
12.74.220.69,12.74.220.69 - - [01/Apr/2025:16:44:54 +0800] "GET /wp-json/wc/v2/list_income_product?GetCache=2&BTAPP=1312c285df4548869b3c99b4a7828b15&timestamp=1743497092709&Coin=BTC&Ele=0.1&consumer_key=ck_368292ab2d1fc81f564ec5bb31917429689244e7&consumer_secret=cs_8a3d609f77c939aa6f3912e300201e2eb55a5367 HTTP/1.1" 200 80237 "-" "Dart/3.5 (dart:io)" "0.732 Seconds"
12.74.220.69,12.74.220.69 - - [01/Apr/2025:16:44:54 +0800] "GET /wp-json/wc/v2/list_income_product?GetCache=2&BTAPP=a13ff902d4f371dab5a7a438f90bbe41&timestamp=1743497092711&Coin=BTC&Ele=0.1&consumer_key=ck_368292ab2d1fc81f564ec5bb31917429689244e7&consumer_secret=cs_8a3d609f77c939aa6f3912e300201e2eb55a5367 HTTP/1.1" 200 80237 "-" "Dart/3.5 (dart:io)" "0.719 Seconds"
83.99.151.67,83.99.151.67 - - [01/Apr/2025:16:44:54 +0800] "GET /how-to-invest-10k-and-get-btc-rewards-after-24h-and-more/ HTTP/1.1" 200 67767 "-" "Mozilla/5.0 AppleWebKit/537.36 (KHTML, like Gecko; compatible; GeedoProductSearch; +http://www.geedo.com/product-search.html) Chrome/79.0.3945.88 Safari/537.36" "2.255 Seconds"
240e:3b2:3232:4a70:7058:7862:f44b:6b0 - - [01/Apr/2025:16:44:57 +0800] "POST /wp-admin/admin-ajax.php HTTP/1.1" 200 43 "https://bt-miners.com/wp-admin/post.php?post=67951&action=edit" "Mozilla/5.0 (Windows NT 10.0; Win64; x64) AppleWebKit/537.36 (KHTML, like Gecko) Chrome/119.0.0.0 Safari/537.36" "0.933 Seconds"
5.34.216.107 - - [01/Apr/2025:16:44:57 +0800] "POST /wp-admin/admin-ajax.php HTTP/1.1" 200 43 "https://bt-miners.com/wp-admin/edit.php?s=bitcoin&post_status=all&post_type=post&m=0&cat=0&paged=1" "Mozilla/5.0 (Windows NT 10.0; Win64; x64) AppleWebKit/537.36 (KHTML, like Gecko) Chrome/134.0.0.0 Safari/537.36" "0.467 Seconds"
240e:3b2:3232:4a70:7058:7862:f44b:6b0 - - [01/Apr/2025:16:44:57 +0800] "POST /wp-admin/admin-ajax.php HTTP/1.1" 200 43 "https://bt-miners.com/wp-admin/post.php?post=67951&action=edit" "Mozilla/5.0 (Windows NT 10.0; Win64; x64) AppleWebKit/537.36 (KHTML, like Gecko) Chrome/119.0.0.0 Safari/537.36" "1.285 Seconds"
54.158.124.156,54.158.124.156 - - [01/Apr/2025:16:44:59 +0800] "GET /?debug=kuma-uptime HTTP/1.1" 200 89386 "-" "Uptime-Kuma/1.23.16" "3.966 Seconds"
12.74.220.69,12.74.220.69 - - [01/Apr/2025:16:45:02 +0800] "GET /wp-json/wc/v2/list_income_product?GetCache=2&BTAPP=fc87c92efd2cd4db1eda79ac918d980e&timestamp=1743497100671&Coin=KAS&Ele=0.1&consumer_key=ck_368292ab2d1fc81f564ec5bb31917429689244e7&consumer_secret=cs_8a3d609f77c939aa6f3912e300201e2eb55a5367 HTTP/1.1" 200 26334 "-" "Dart/3.5 (dart:io)" "0.979 Seconds"
12.74.220.69,12.74.220.69 - - [01/Apr/2025:16:45:02 +0800] "GET /wp-json/wc/v2/list_income_product?GetCache=2&BTAPP=fc87c92efd2cd4db1eda79ac918d980e&timestamp=1743497100671&Coin=KAS&Ele=0.1&consumer_key=ck_368292ab2d1fc81f564ec5bb31917429689244e7&consumer_secret=cs_8a3d609f77c939aa6f3912e300201e2eb55a5367 HTTP/1.1" 200 26334 "-" "Dart/3.5 (dart:io)" "1.192 Seconds"
212.107.29.89 - - [01/Apr/2025:16:45:03 +0800] "POST /wp-admin/admin-ajax.php HTTP/1.1" 200 31 "https://bt-miners.com/wp-admin/options-general.php?page=perfmatters" "Mozilla/5.0 (Windows NT 10.0; Win64; x64) AppleWebKit/537.36 (KHTML, like Gecko) Chrome/122.0.0.0 Safari/537.36" "1.614 Seconds"
83.99.151.67,83.99.151.67 - - [01/Apr/2025:16:45:04 +0800] "GET /collections/volcminer/?display_mode=list HTTP/1.1" 200 62893 "-" "Mozilla/5.0 AppleWebKit/537.36 (KHTML, like Gecko; compatible; GeedoProductSearch; +http://www.geedo.com/product-search.html) Chrome/79.0.3945.88 Safari/537.36" "1.934 Seconds"
212.107.29.89,212.107.29.89 - - [01/Apr/2025:16:45:06 +0800] "GET /wp-admin/ HTTP/1.1" 200 168977 "https://bt-miners.com/daily-income-of-miners/" "Mozilla/5.0 (Windows NT 10.0; Win64; x64) AppleWebKit/537.36 (KHTML, like Gecko) Chrome/122.0.0.0 Safari/537.36" "4.044 Seconds"
212.107.29.89,212.107.29.89 - - [01/Apr/2025:16:45:07 +0800] "GET /forum/ HTTP/1.1" 200 40161 "https://bt-miners.com/daily-income-of-miners/" "Mozilla/5.0 (Windows NT 10.0; Win64; x64) AppleWebKit/537.36 (KHTML, like Gecko) Chrome/122.0.0.0 Safari/537.36" "4.009 Seconds"
2a01:4f8:c0c:83fa::1,2a01:4f8:c0c:83fa::1 - - [01/Apr/2025:16:45:07 +0800] "HEAD /?debug=uptimerobot HTTP/1.1" 200 0 "https://bt-miners.com/?debug=uptimerobot" "Mozilla/5.0+(compatible; UptimeRobot/2.0; http://www.uptimerobot.com/)" "1.772 Seconds"
2600:6c48:767f:de3a:a027:b69c:63fc:1a72 - - [01/Apr/2025:16:45:07 +0800] "POST /wp-admin/admin-ajax.php HTTP/1.1" 200 31 "https://bt-miners.com/products/bitmain-antminer-s19j-pro-bitcoin-miner-117-120th-s-bt-miners/" "Mozilla/5.0 (Linux; Android 10; K) AppleWebKit/537.36 (KHTML, like Gecko) Chrome/134.0.0.0 Mobile Safari/537.36" "1.446 Seconds"
212.107.29.89,212.107.29.89 - - [01/Apr/2025:16:45:08 +0800] "GET /repair/ HTTP/1.1" 200 42676 "https://bt-miners.com/daily-income-of-miners/" "Mozilla/5.0 (Windows NT 10.0; Win64; x64) AppleWebKit/537.36 (KHTML, like Gecko) Chrome/122.0.0.0 Safari/537.36" "3.623 Seconds"
212.107.29.89 - - [01/Apr/2025:16:45:11 +0800] "GET /wp-content/plugins/woo-advanced-shipment-tracking/zorem-tracking/assets/css/style.css?ver=1743497110 HTTP/1.1" 200 948 "https://bt-miners.com/wp-admin/" "Mozilla/5.0 (Windows NT 10.0; Win64; x64) AppleWebKit/537.36 (KHTML, like Gecko) Chrome/122.0.0.0 Safari/537.36" "0.000 Seconds"
212.107.29.89 - - [01/Apr/2025:16:45:11 +0800] "GET /wp-content/plugins/woo-advanced-shipment-tracking/zorem-tracking/assets/js/main.js?ver=1743497110 HTTP/1.1" 200 1587 "https://bt-miners.com/wp-admin/" "Mozilla/5.0 (Windows NT 10.0; Win64; x64) AppleWebKit/537.36 (KHTML, like Gecko) Chrome/122.0.0.0 Safari/537.36" "0.000 Seconds"
2a01:4f8:c0c:83fa::1,2a01:4f8:c0c:83fa::1 - - [01/Apr/2025:16:45:11 +0800] "HEAD / HTTP/1.1" 200 0 "https://bt-miners.com/" "Mozilla/5.0+(compatible; UptimeRobot/2.0; http://www.uptimerobot.com/)" "1.636 Seconds"
212.107.29.89 - - [01/Apr/2025:16:45:11 +0800] "GET /wp-content/plugins/dokan-lite/assets/vendors/tinymce/code/plugin.min.js?ver=1743497108 HTTP/1.1" 200 1045 "https://bt-miners.com/wp-admin/" "Mozilla/5.0 (Windows NT 10.0; Win64; x64) AppleWebKit/537.36 (KHTML, like Gecko) Chrome/122.0.0.0 Safari/537.36" "0.000 Seconds"
212.107.29.90 - - [01/Apr/2025:16:45:11 +0800] "POST /wp-admin/admin-ajax.php HTTP/1.1" 200 43 "https://bt-miners.com/wp-admin/edit.php?post_type=shop_order" "Mozilla/5.0 (Windows NT 10.0; Win64; x64) AppleWebKit/537.36 (KHTML, like Gecko) Chrome/134.0.0.0 Safari/537.36" "0.695 Seconds"
2a01:e0a:aaf:9270:1018:7fe3:4b07:30c4 - - [01/Apr/2025:16:45:11 +0800] "POST /wp-admin/admin-ajax.php HTTP/1.1" 200 31 "https://bt-miners.com/products/goldshell-ae-box-ii-aleo-miner-54mh-s-bt-miners/" "Mozilla/5.0 (Windows NT 10.0; Win64; x64) AppleWebKit/537.36 (KHTML, like Gecko) Chrome/134.0.0.0 Safari/537.36" "0.412 Seconds"
212.107.29.89,212.107.29.89 - - [01/Apr/2025:16:45:12 +0800] "GET /wp-admin/ HTTP/1.1" 200 169129 "https://bt-miners.com/daily-income-of-miners/" "Mozilla/5.0 (Windows NT 10.0; Win64; x64) AppleWebKit/537.36 (KHTML, like Gecko) Chrome/122.0.0.0 Safari/537.36" "5.465 Seconds"
3.222.106.115 - - [01/Apr/2025:16:45:12 +0800] "POST /wp-admin/admin-ajax.php?action=as_async_request_queue_runner&nonce=9448344d5d HTTP/1.1" 499 0 "-" "WordPress/6.7.1; https://bt-miners.com" "0.953 Seconds"
219.133.248.83 - - [01/Apr/2025:16:45:12 +0800] "POST /wp-json/api/flutter_order/create HTTP/1.1" 201 124666 "-" "Dart/3.5 (dart:io)" "31.055 Seconds"
212.107.29.89,212.107.29.89 - - [01/Apr/2025:16:45:12 +0800] "GET /miner-consignment/ HTTP/1.1" 200 44605 "https://bt-miners.com/daily-income-of-miners/" "Mozilla/5.0 (Windows NT 10.0; Win64; x64) AppleWebKit/537.36 (KHTML, like Gecko) Chrome/122.0.0.0 Safari/537.36" "2.434 Seconds"
5.34.216.107 - - [01/Apr/2025:16:45:12 +0800] "POST /wp-admin/admin-ajax.php HTTP/1.1" 200 58 "https://bt-miners.com/wp-admin/edit.php?s=bitcoin&post_status=all&post_type=post&m=0&cat=0&paged=1" "Mozilla/5.0 (Windows NT 10.0; Win64; x64) AppleWebKit/537.36 (KHTML, like Gecko) Chrome/134.0.0.0 Safari/537.36" "0.371 Seconds"
5.34.216.107 - - [01/Apr/2025:16:45:12 +0800] "POST /wp-admin/admin-ajax.php HTTP/1.1" 200 43 "https://bt-miners.com/wp-admin/edit.php?s=bitcoin&post_status=all&post_type=post&m=0&cat=0&paged=1" "Mozilla/5.0 (Windows NT 10.0; Win64; x64) AppleWebKit/537.36 (KHTML, like Gecko) Chrome/134.0.0.0 Safari/537.36" "0.332 Seconds"
212.107.29.89,212.107.29.89 - - [01/Apr/2025:16:45:12 +0800] "GET /wp-json/dokan/v1/admin/notices/promo HTTP/1.1" 200 12 "https://bt-miners.com/wp-admin/" "Mozilla/5.0 (Windows NT 10.0; Win64; x64) AppleWebKit/537.36 (KHTML, like Gecko) Chrome/122.0.0.0 Safari/537.36" "0.561 Seconds"
240e:3b2:3232:4a70:7058:7862:f44b:6b0 - - [01/Apr/2025:16:45:13 +0800] "POST /wp-admin/admin-ajax.php HTTP/1.1" 200 43 "https://bt-miners.com/wp-admin/post.php?post=67951&action=edit" "Mozilla/5.0 (Windows NT 10.0; Win64; x64) AppleWebKit/537.36 (KHTML, like Gecko) Chrome/119.0.0.0 Safari/537.36" "0.383 Seconds"
212.107.29.89,212.107.29.89 - - [01/Apr/2025:16:45:13 +0800] "GET /wp-json/dokan/v1/admin/notices/admin?scope=global HTTP/1.1" 200 12 "https://bt-miners.com/wp-admin/" "Mozilla/5.0 (Windows NT 10.0; Win64; x64) AppleWebKit/537.36 (KHTML, like Gecko) Chrome/122.0.0.0 Safari/537.36" "0.849 Seconds"
83.99.151.67,83.99.151.67 - - [01/Apr/2025:16:45:13 +0800] "GET /wp-login.php?redirect_to=https%3A%2F%2Fbt-miners.com%2F__trashed%2F HTTP/1.1" 200 3864 "-" "Mozilla/5.0 AppleWebKit/537.36 (KHTML, like Gecko; compatible; GeedoProductSearch; +http://www.geedo.com/product-search.html) Chrome/79.0.3945.88 Safari/537.36" "0.300 Seconds"
240e:3b2:3232:4a70:7058:7862:f44b:6b0 - - [01/Apr/2025:16:45:13 +0800] "POST /wp-admin/admin-ajax.php HTTP/1.1" 200 43 "https://bt-miners.com/wp-admin/post.php?post=67951&action=edit" "Mozilla/5.0 (Windows NT 10.0; Win64; x64) AppleWebKit/537.36 (KHTML, like Gecko) Chrome/119.0.0.0 Safari/537.36" "0.696 Seconds"
2001:ee0:51fb:9f00:e4e7:f30b:8fbf:7233 - - [01/Apr/2025:16:45:13 +0800] "POST /wp-admin/admin-ajax.php HTTP/1.1" 200 31 "https://bt-miners.com/products/bitmain-antminer-ks5-pro-kaspa-miner-21th-s-bt-miners/" "Mozilla/5.0 (Windows NT 10.0; Win64; x64) AppleWebKit/537.36 (KHTML, like Gecko) Chrome/122.0.0.0 Safari/537.36" "0.440 Seconds"
2a01:4f8:252:4c1::2,2a01:4f8:252:4c1::2 - - [01/Apr/2025:16:45:14 +0800] "GET /wp-json/wc/v3/orders/70797?consumer_key=ck_4e1503f04eb840b3b73d9daa3e525278f841aab1&consumer_secret=cs_6254cf6ff8478d7fed5a361d493cb16083052f4a HTTP/1.1" 200 124693 "-" "axios/1.7.4" "1.105 Seconds"
2a01:4f8:252:4c1::2,2a01:4f8:252:4c1::2 - - [01/Apr/2025:16:45:16 +0800] "GET /wp-json/wc/v3/customers/20009?consumer_key=ck_4e1503f04eb840b3b73d9daa3e525278f841aab1&consumer_secret=cs_6254cf6ff8478d7fed5a361d493cb16083052f4a HTTP/1.1" 200 14501 "-" "axios/1.7.4" "0.727 Seconds"
2a01:4f8:252:4c1::2,2a01:4f8:252:4c1::2 - - [01/Apr/2025:16:45:18 +0800] "GET /wp-json/wc/v3/orders?consumer_key=ck_4e1503f04eb840b3b73d9daa3e525278f841aab1&consumer_secret=cs_6254cf6ff8478d7fed5a361d493cb16083052f4a&customer=20009&per_page=2 HTTP/1.1" 200 65527 "-" "axios/1.7.4" "1.432 Seconds"
212.107.29.89,212.107.29.89 - - [01/Apr/2025:16:45:19 +0800] "GET /wp-admin/edit.php?post_type=shop_order HTTP/1.1" 200 153010 "https://bt-miners.com/wp-admin/" "Mozilla/5.0 (Windows NT 10.0; Win64; x64) AppleWebKit/537.36 (KHTML, like Gecko) Chrome/122.0.0.0 Safari/537.36" "1.980 Seconds"
212.107.29.89 - - [01/Apr/2025:16:45:19 +0800] "GET /wp-content/plugins/woo-advanced-shipment-tracking/zorem-tracking/assets/css/style.css?ver=1743497118 HTTP/1.1" 200 948 "https://bt-miners.com/wp-admin/edit.php?post_type=shop_order" "Mozilla/5.0 (Windows NT 10.0; Win64; x64) AppleWebKit/537.36 (KHTML, like Gecko) Chrome/122.0.0.0 Safari/537.36" "0.000 Seconds"
212.107.29.89 - - [01/Apr/2025:16:45:19 +0800] "GET /wp-content/plugins/woocommerce/assets/client/admin/components/style.css?ver=86d1266ae6d221a1d70a HTTP/1.1" 200 135019 "https://bt-miners.com/wp-admin/edit.php?post_type=shop_order" "Mozilla/5.0 (Windows NT 10.0; Win64; x64) AppleWebKit/537.36 (KHTML, like Gecko) Chrome/122.0.0.0 Safari/537.36" "0.001 Seconds"
212.107.29.89 - - [01/Apr/2025:16:45:19 +0800] "GET /wp-content/plugins/woo-advanced-shipment-tracking/zorem-tracking/assets/js/main.js?ver=1743497118 HTTP/1.1" 200 1587 "https://bt-miners.com/wp-admin/edit.php?post_type=shop_order" "Mozilla/5.0 (Windows NT 10.0; Win64; x64) AppleWebKit/537.36 (KHTML, like Gecko) Chrome/122.0.0.0 Safari/537.36" "0.000 Seconds"
212.107.29.89 - - [01/Apr/2025:16:45:19 +0800] "GET /wp-content/plugins/woocommerce/assets/css/marketplace-suggestions.css?ver=9.7.1 HTTP/1.1" 200 21208 "https://bt-miners.com/wp-admin/edit.php?post_type=shop_order" "Mozilla/5.0 (Windows NT 10.0; Win64; x64) AppleWebKit/537.36 (KHTML, like Gecko) Chrome/122.0.0.0 Safari/537.36" "0.000 Seconds"
212.107.29.89 - - [01/Apr/2025:16:45:19 +0800] "GET /wp-content/plugins/woocommerce/assets/client/admin/app/index.js?ver=0cd23dbb9aaf179ae6e6 HTTP/1.1" 200 651872 "https://bt-miners.com/wp-admin/edit.php?post_type=shop_order" "Mozilla/5.0 (Windows NT 10.0; Win64; x64) AppleWebKit/537.36 (KHTML, like Gecko) Chrome/122.0.0.0 Safari/537.36" "0.002 Seconds"
212.107.29.89 - - [01/Apr/2025:16:45:19 +0800] "GET /wp-content/plugins/woocommerce/assets/client/admin/app/style.css?ver=a5dfe8d1122e18312f76 HTTP/1.1" 200 104326 "https://bt-miners.com/wp-admin/edit.php?post_type=shop_order" "Mozilla/5.0 (Windows NT 10.0; Win64; x64) AppleWebKit/537.36 (KHTML, like Gecko) Chrome/122.0.0.0 Safari/537.36" "0.001 Seconds"
212.107.29.89 - - [01/Apr/2025:16:45:19 +0800] "GET /wp-content/plugins/woocommerce/assets/client/admin/experimental/style.css?ver=4b4284f1e832278df8ce HTTP/1.1" 200 14873 "https://bt-miners.com/wp-admin/edit.php?post_type=shop_order" "Mozilla/5.0 (Windows NT 10.0; Win64; x64) AppleWebKit/537.36 (KHTML, like Gecko) Chrome/122.0.0.0 Safari/537.36" "0.000 Seconds"
212.107.29.89 - - [01/Apr/2025:16:45:19 +0800] "GET /wp-content/plugins/woocommerce/assets/js/admin/meta-boxes.min.js?ver=9.7.1 HTTP/1.1" 200 3040 "https://bt-miners.com/wp-admin/edit.php?post_type=shop_order" "Mozilla/5.0 (Windows NT 10.0; Win64; x64) AppleWebKit/537.36 (KHTML, like Gecko) Chrome/122.0.0.0 Safari/537.36" "0.000 Seconds"
212.107.29.89 - - [01/Apr/2025:16:45:19 +0800] "GET /wp-content/plugins/woocommerce/assets/client/admin/onboarding/style.css?ver=55f245b698fa1db3258c HTTP/1.1" 200 7582 "https://bt-miners.com/wp-admin/edit.php?post_type=shop_order" "Mozilla/5.0 (Windows NT 10.0; Win64; x64) AppleWebKit/537.36 (KHTML, like Gecko) Chrome/122.0.0.0 Safari/537.36" "0.000 Seconds"
212.107.29.89 - - [01/Apr/2025:16:45:19 +0800] "GET /wp-content/plugins/woocommerce/assets/js/admin/meta-boxes-order.min.js?ver=9.7.1 HTTP/1.1" 200 31821 "https://bt-miners.com/wp-admin/edit.php?post_type=shop_order" "Mozilla/5.0 (Windows NT 10.0; Win64; x64) AppleWebKit/537.36 (KHTML, like Gecko) Chrome/122.0.0.0 Safari/537.36" "0.000 Seconds"
212.107.29.89 - - [01/Apr/2025:16:45:19 +0800] "GET /wp-content/plugins/woocommerce/assets/js/stupidtable/stupidtable.min.js?ver=9.7.1 HTTP/1.1" 200 1480 "https://bt-miners.com/wp-admin/edit.php?post_type=shop_order" "Mozilla/5.0 (Windows NT 10.0; Win64; x64) AppleWebKit/537.36 (KHTML, like Gecko) Chrome/122.0.0.0 Safari/537.36" "0.000 Seconds"
212.107.29.89 - - [01/Apr/2025:16:45:19 +0800] "GET /wp-content/plugins/woocommerce/assets/client/admin/admin-layout/style.css?ver=6f8f9d67673f1cab456f HTTP/1.1" 200 482 "https://bt-miners.com/wp-admin/edit.php?post_type=shop_order" "Mozilla/5.0 (Windows NT 10.0; Win64; x64) AppleWebKit/537.36 (KHTML, like Gecko) Chrome/122.0.0.0 Safari/537.36" "0.000 Seconds"
212.107.29.89 - - [01/Apr/2025:16:45:19 +0800] "GET /wp-content/plugins/woocommerce/assets/js/admin/wc-clipboard.min.js?ver=9.7.1 HTTP/1.1" 200 336 "https://bt-miners.com/wp-admin/edit.php?post_type=shop_order" "Mozilla/5.0 (Windows NT 10.0; Win64; x64) AppleWebKit/537.36 (KHTML, like Gecko) Chrome/122.0.0.0 Safari/537.36" "0.000 Seconds"
212.107.29.89 - - [01/Apr/2025:16:45:19 +0800] "GET /wp-content/plugins/woocommerce/assets/js/round/round.min.js?ver=9.7.1 HTTP/1.1" 200 311 "https://bt-miners.com/wp-admin/edit.php?post_type=shop_order" "Mozilla/5.0 (Windows NT 10.0; Win64; x64) AppleWebKit/537.36 (KHTML, like Gecko) Chrome/122.0.0.0 Safari/537.36" "0.000 Seconds"
212.107.29.89 - - [01/Apr/2025:16:45:19 +0800] "GET /wp-content/plugins/dokan-lite/assets/vendors/tinymce/code/plugin.min.js?ver=1743497117 HTTP/1.1" 200 1045 "https://bt-miners.com/wp-admin/edit.php?post_type=shop_order" "Mozilla/5.0 (Windows NT 10.0; Win64; x64) AppleWebKit/537.36 (KHTML, like Gecko) Chrome/122.0.0.0 Safari/537.36" "0.000 Seconds"
212.107.29.89 - - [01/Apr/2025:16:45:19 +0800] "GET /wp-content/plugins/woo-advanced-shipment-tracking/assets/js/admin.js?ver=1743497118 HTTP/1.1" 200 19182 "https://bt-miners.com/wp-admin/edit.php?post_type=shop_order" "Mozilla/5.0 (Windows NT 10.0; Win64; x64) AppleWebKit/537.36 (KHTML, like Gecko) Chrome/122.0.0.0 Safari/537.36" "0.000 Seconds"
212.107.29.89 - - [01/Apr/2025:16:45:19 +0800] "GET /wp-content/plugins/woocommerce/assets/client/admin/explat/index.js?ver=905d5d5b0f90753d5639 HTTP/1.1" 200 46861 "https://bt-miners.com/wp-admin/edit.php?post_type=shop_order" "Mozilla/5.0 (Windows NT 10.0; Win64; x64) AppleWebKit/537.36 (KHTML, like Gecko) Chrome/122.0.0.0 Safari/537.36" "0.000 Seconds"
212.107.29.89 - - [01/Apr/2025:16:45:20 +0800] "GET /wp-content/plugins/woocommerce/assets/js/admin/marketplace-suggestions.min.js?ver=9.7.1 HTTP/1.1" 200 6440 "https://bt-miners.com/wp-admin/edit.php?post_type=shop_order" "Mozilla/5.0 (Windows NT 10.0; Win64; x64) AppleWebKit/537.36 (KHTML, like Gecko) Chrome/122.0.0.0 Safari/537.36" "0.000 Seconds"
212.107.29.89 - - [01/Apr/2025:16:45:20 +0800] "GET /wp-content/plugins/woocommerce/assets/client/admin/csv-export/index.js?ver=f884e772de8de6343f08 HTTP/1.1" 200 4844 "https://bt-miners.com/wp-admin/edit.php?post_type=shop_order" "Mozilla/5.0 (Windows NT 10.0; Win64; x64) AppleWebKit/537.36 (KHTML, like Gecko) Chrome/122.0.0.0 Safari/537.36" "0.000 Seconds"
212.107.29.89 - - [01/Apr/2025:16:45:20 +0800] "GET /wp-content/plugins/woocommerce/assets/client/admin/product-editor/index.js?ver=24f7cddeb35d18d9d62f HTTP/1.1" 200 650877 "https://bt-miners.com/wp-admin/edit.php?post_type=shop_order" "Mozilla/5.0 (Windows NT 10.0; Win64; x64) AppleWebKit/537.36 (KHTML, like Gecko) Chrome/122.0.0.0 Safari/537.36" "0.003 Seconds"
212.107.29.89 - - [01/Apr/2025:16:45:20 +0800] "GET /wp-content/plugins/woocommerce/assets/client/admin/block-templates/index.js?ver=281591d534b4849d5926 HTTP/1.1" 200 126312 "https://bt-miners.com/wp-admin/edit.php?post_type=shop_order" "Mozilla/5.0 (Windows NT 10.0; Win64; x64) AppleWebKit/537.36 (KHTML, like Gecko) Chrome/122.0.0.0 Safari/537.36" "0.001 Seconds"
212.107.29.89 - - [01/Apr/2025:16:45:20 +0800] "GET /wp-content/plugins/woocommerce/assets/js/admin/wc-orders.min.js?ver=9.7.1 HTTP/1.1" 200 1195 "https://bt-miners.com/wp-admin/edit.php?post_type=shop_order" "Mozilla/5.0 (Windows NT 10.0; Win64; x64) AppleWebKit/537.36 (KHTML, like Gecko) Chrome/122.0.0.0 Safari/537.36" "0.000 Seconds"
2a01:4f8:252:4c1::2,2a01:4f8:252:4c1::2 - - [01/Apr/2025:16:45:20 +0800] "GET /wp-json/wc/v3/orders/70797?consumer_key=ck_4e1503f04eb840b3b73d9daa3e525278f841aab1&consumer_secret=cs_6254cf6ff8478d7fed5a361d493cb16083052f4a HTTP/1.1" 200 124695 "-" "axios/1.7.4" "1.247 Seconds"
212.107.29.89 - - [01/Apr/2025:16:45:20 +0800] "GET /wp-content/plugins/woocommerce/assets/client/admin/chunks/6262.js?ver=601fe5196b4a9d0a642d HTTP/1.1" 200 16782 "https://bt-miners.com/wp-admin/edit.php?post_type=shop_order" "Mozilla/5.0 (Windows NT 10.0; Win64; x64) AppleWebKit/537.36 (KHTML, like Gecko) Chrome/122.0.0.0 Safari/537.36" "0.000 Seconds"
212.107.29.89 - - [01/Apr/2025:16:45:20 +0800] "GET /wp-content/plugins/woocommerce/assets/client/admin/chunks/823.style.css?ver=c9ded390715fe2152e3f HTTP/1.1" 200 7720 "https://bt-miners.com/wp-admin/edit.php?post_type=shop_order" "Mozilla/5.0 (Windows NT 10.0; Win64; x64) AppleWebKit/537.36 (KHTML, like Gecko) Chrome/122.0.0.0 Safari/537.36" "0.000 Seconds"
212.107.29.89 - - [01/Apr/2025:16:45:20 +0800] "GET /wp-content/plugins/woocommerce/assets/client/admin/chunks/9956.js?ver=0fe0d645e4ee52292aae HTTP/1.1" 200 18650 "https://bt-miners.com/wp-admin/edit.php?post_type=shop_order" "Mozilla/5.0 (Windows NT 10.0; Win64; x64) AppleWebKit/537.36 (KHTML, like Gecko) Chrome/122.0.0.0 Safari/537.36" "0.000 Seconds"
212.107.29.89 - - [01/Apr/2025:16:45:20 +0800] "GET /wp-content/plugins/woocommerce/assets/client/admin/chunks/823.js?ver=fd5737946a0c3c705946 HTTP/1.1" 200 2477 "https://bt-miners.com/wp-admin/edit.php?post_type=shop_order" "Mozilla/5.0 (Windows NT 10.0; Win64; x64) AppleWebKit/537.36 (KHTML, like Gecko) Chrome/122.0.0.0 Safari/537.36" "0.000 Seconds"
212.107.29.89 - - [01/Apr/2025:16:45:20 +0800] "GET /wp-content/plugins/woocommerce/assets/client/admin/chunks/4457.style.css?ver=cf27a4e2eba0691db8be HTTP/1.1" 200 58837 "https://bt-miners.com/wp-admin/edit.php?post_type=shop_order" "Mozilla/5.0 (Windows NT 10.0; Win64; x64) AppleWebKit/537.36 (KHTML, like Gecko) Chrome/122.0.0.0 Safari/537.36" "0.000 Seconds"
212.107.29.89 - - [01/Apr/2025:16:45:20 +0800] "GET /wp-content/plugins/woocommerce/assets/client/admin/chunks/4397.js?ver=87d9b2edd445930701d7 HTTP/1.1" 200 19914 "https://bt-miners.com/wp-admin/edit.php?post_type=shop_order" "Mozilla/5.0 (Windows NT 10.0; Win64; x64) AppleWebKit/537.36 (KHTML, like Gecko) Chrome/122.0.0.0 Safari/537.36" "0.000 Seconds"
212.107.29.89 - - [01/Apr/2025:16:45:20 +0800] "GET /wp-content/plugins/woocommerce/assets/client/admin/chunks/6990.js?ver=0b183aee176181c80f96 HTTP/1.1" 200 740 "https://bt-miners.com/wp-admin/edit.php?post_type=shop_order" "Mozilla/5.0 (Windows NT 10.0; Win64; x64) AppleWebKit/537.36 (KHTML, like Gecko) Chrome/122.0.0.0 Safari/537.36" "0.000 Seconds"
212.107.29.89 - - [01/Apr/2025:16:45:20 +0800] "GET /wp-content/plugins/woocommerce/assets/client/admin/chunks/4457.js?ver=5a3497aefcca4e69c121 HTTP/1.1" 200 72506 "https://bt-miners.com/wp-admin/edit.php?post_type=shop_order" "Mozilla/5.0 (Windows NT 10.0; Win64; x64) AppleWebKit/537.36 (KHTML, like Gecko) Chrome/122.0.0.0 Safari/537.36" "0.000 Seconds"
212.107.29.89 - - [01/Apr/2025:16:45:20 +0800] "GET /wp-content/plugins/woocommerce/assets/client/admin/chunks/8597.style.css?ver=1a0ef7160a89435a3a20 HTTP/1.1" 200 5181 "https://bt-miners.com/wp-admin/edit.php?post_type=shop_order" "Mozilla/5.0 (Windows NT 10.0; Win64; x64) AppleWebKit/537.36 (KHTML, like Gecko) Chrome/122.0.0.0 Safari/537.36" "0.000 Seconds"
212.107.29.89 - - [01/Apr/2025:16:45:20 +0800] "GET /wp-content/plugins/woocommerce/assets/client/admin/chunks/5479.js?ver=b873ab538b233baae9dd HTTP/1.1" 200 11024 "https://bt-miners.com/wp-admin/edit.php?post_type=shop_order" "Mozilla/5.0 (Windows NT 10.0; Win64; x64) AppleWebKit/537.36 (KHTML, like Gecko) Chrome/122.0.0.0 Safari/537.36" "0.000 Seconds"
212.107.29.89 - - [01/Apr/2025:16:45:20 +0800] "GET /wp-content/plugins/woocommerce/assets/client/admin/chunks/store-alerts.js?ver=f329aa423c2f33577d08 HTTP/1.1" 200 5937 "https://bt-miners.com/wp-admin/edit.php?post_type=shop_order" "Mozilla/5.0 (Windows NT 10.0; Win64; x64) AppleWebKit/537.36 (KHTML, like Gecko) Chrome/122.0.0.0 Safari/537.36" "0.000 Seconds"
219.133.248.83 - - [01/Apr/2025:16:45:21 +0800] "POST /wp-json/api/flutter_creditcard/pay HTTP/1.1" 200 186 "-" "Dart/3.5 (dart:io)" "8.269 Seconds"
212.107.29.89,212.107.29.89 - - [01/Apr/2025:16:45:21 +0800] "GET /wp-json/dokan/v1/admin/notices/promo HTTP/1.1" 200 12 "https://bt-miners.com/wp-admin/edit.php?post_type=shop_order" "Mozilla/5.0 (Windows NT 10.0; Win64; x64) AppleWebKit/537.36 (KHTML, like Gecko) Chrome/122.0.0.0 Safari/537.36" "1.054 Seconds"
2a01:4f8:252:4c1::2,2a01:4f8:252:4c1::2 - - [01/Apr/2025:16:45:21 +0800] "GET /wp-json/wc/v3/customers/20009?consumer_key=ck_4e1503f04eb840b3b73d9daa3e525278f841aab1&consumer_secret=cs_6254cf6ff8478d7fed5a361d493cb16083052f4a HTTP/1.1" 200 14501 "-" "axios/1.7.4" "0.773 Seconds"
212.107.29.89,212.107.29.89 - - [01/Apr/2025:16:45:21 +0800] "GET /wp-json/dokan/v1/admin/notices/admin?scope=global HTTP/1.1" 200 12 "https://bt-miners.com/wp-admin/edit.php?post_type=shop_order" "Mozilla/5.0 (Windows NT 10.0; Win64; x64) AppleWebKit/537.36 (KHTML, like Gecko) Chrome/122.0.0.0 Safari/537.36" "0.910 Seconds"
54.158.124.156,54.158.124.156 - - [01/Apr/2025:16:45:21 +0800] "GET /?debug=kuma-uptime HTTP/1.1" 200 89386 "-" "Uptime-Kuma/1.23.16" "2.366 Seconds"
212.107.29.89 - - [01/Apr/2025:16:45:21 +0800] "POST /wp-admin/admin-ajax.php HTTP/1.1" 200 31 "https://bt-miners.com/wp-admin/edit.php?post_type=shop_order" "Mozilla/5.0 (Windows NT 10.0; Win64; x64) AppleWebKit/537.36 (KHTML, like Gecko) Chrome/122.0.0.0 Safari/537.36" "1.192 Seconds"
212.107.29.89,212.107.29.89 - - [01/Apr/2025:16:45:22 +0800] "GET /wp-json/wc-analytics/orders?page=1&per_page=1&status%5B0%5D=processing&status%5B1%5D=on-hold&_fields%5B0%5D=id&_locale=user HTTP/1.1" 200 24 "https://bt-miners.com/wp-admin/edit.php?post_type=shop_order" "Mozilla/5.0 (Windows NT 10.0; Win64; x64) AppleWebKit/537.36 (KHTML, like Gecko) Chrome/122.0.0.0 Safari/537.36" "1.455 Seconds"
212.107.29.89,212.107.29.89 - - [01/Apr/2025:16:45:22 +0800] "GET /wp-json/wc-admin/onboarding/tasks?_locale=user HTTP/1.1" 200 6224 "https://bt-miners.com/wp-admin/edit.php?post_type=shop_order" "Mozilla/5.0 (Windows NT 10.0; Win64; x64) AppleWebKit/537.36 (KHTML, like Gecko) Chrome/122.0.0.0 Safari/537.36" "1.679 Seconds"
212.107.29.89,212.107.29.89 - - [01/Apr/2025:16:45:22 +0800] "GET /wp-json/wc-admin/options?options=woocommerce_admin_transient_notices_queue%2Cwoocommerce_admin_install_timestamp&_locale=user HTTP/1.1" 200 113 "https://bt-miners.com/wp-admin/edit.php?post_type=shop_order" "Mozilla/5.0 (Windows NT 10.0; Win64; x64) AppleWebKit/537.36 (KHTML, like Gecko) Chrome/122.0.0.0 Safari/537.36" "1.731 Seconds"
2a01:4f8:252:4c1::2,2a01:4f8:252:4c1::2 - - [01/Apr/2025:16:45:22 +0800] "GET /wp-json/wc/v3/orders?consumer_key=ck_4e1503f04eb840b3b73d9daa3e525278f841aab1&consumer_secret=cs_6254cf6ff8478d7fed5a361d493cb16083052f4a&customer=20009&per_page=2 HTTP/1.1" 200 65523 "-" "axios/1.7.4" "0.714 Seconds"
212.107.29.89,212.107.29.89 - - [01/Apr/2025:16:45:22 +0800] "GET /wp-json/wc-analytics/products/reviews?page=1&per_page=1&status=hold&_embed=1&_fields%5B0%5D=id&_locale=user HTTP/1.1" 200 24 "https://bt-miners.com/wp-admin/edit.php?post_type=shop_order" "Mozilla/5.0 (Windows NT 10.0; Win64; x64) AppleWebKit/537.36 (KHTML, like Gecko) Chrome/122.0.0.0 Safari/537.36" "1.602 Seconds"
83.99.151.66,83.99.151.66 - - [01/Apr/2025:16:45:23 +0800] "GET /tag/india/ HTTP/1.1" 200 52407 "-" "Mozilla/5.0 AppleWebKit/537.36 (KHTML, like Gecko; compatible; GeedoProductSearch; +http://www.geedo.com/product-search.html) Chrome/79.0.3945.88 Safari/537.36" "0.549 Seconds"
212.107.29.89,212.107.29.89 - - [01/Apr/2025:16:45:23 +0800] "GET /wp-json/wc-analytics/products/count-low-in-stock?status=publish&page=1&per_page=1&_locale=user HTTP/1.1" 200 22 "https://bt-miners.com/wp-admin/edit.php?post_type=shop_order" "Mozilla/5.0 (Windows NT 10.0; Win64; x64) AppleWebKit/537.36 (KHTML, like Gecko) Chrome/122.0.0.0 Safari/537.36" "1.838 Seconds"
212.107.29.89,212.107.29.89 - - [01/Apr/2025:16:45:23 +0800] "GET /wp-json/wc-admin/options?options=woocommerce_ces_tracks_queue&_locale=user HTTP/1.1" 200 46 "https://bt-miners.com/wp-admin/edit.php?post_type=shop_order" "Mozilla/5.0 (Windows NT 10.0; Win64; x64) AppleWebKit/537.36 (KHTML, like Gecko) Chrome/122.0.0.0 Safari/537.36" "1.929 Seconds"
219.133.248.83 - - [01/Apr/2025:16:45:23 +0800] "POST /wp-json/api/flutter_woo/cart HTTP/1.1" 200 271 "-" "Dart/3.5 (dart:io)" "0.499 Seconds"
212.107.29.89,212.107.29.89 - - [01/Apr/2025:16:45:23 +0800] "GET /wp-json/jetpack/v4/connection/data?_locale=user HTTP/1.1" 200 331 "https://bt-miners.com/wp-admin/edit.php?post_type=shop_order" "Mozilla/5.0 (Windows NT 10.0; Win64; x64) AppleWebKit/537.36 (KHTML, like Gecko) Chrome/122.0.0.0 Safari/537.36" "2.022 Seconds"
212.107.29.89,212.107.29.89 - - [01/Apr/2025:16:45:23 +0800] "GET /wp-json/wc-analytics/admin/notes?page=1&per_page=25&type=error%2Cupdate&status=unactioned&_locale=user HTTP/1.1" 200 12 "https://bt-miners.com/wp-admin/edit.php?post_type=shop_order" "Mozilla/5.0 (Windows NT 10.0; Win64; x64) AppleWebKit/537.36 (KHTML, like Gecko) Chrome/122.0.0.0 Safari/537.36" "2.214 Seconds"
212.107.29.89,212.107.29.89 - - [01/Apr/2025:16:45:25 +0800] "GET /wp-json/wc-admin/options?options=woocommerce_task_list_reminder_bar_hidden&_locale=user HTTP/1.1" 200 62 "https://bt-miners.com/wp-admin/edit.php?post_type=shop_order" "Mozilla/5.0 (Windows NT 10.0; Win64; x64) AppleWebKit/537.36 (KHTML, like Gecko) Chrome/122.0.0.0 Safari/537.36" "2.273 Seconds"
212.107.29.89,212.107.29.89 - - [01/Apr/2025:16:45:25 +0800] "GET /wp-admin/post.php?post=70797&action=edit HTTP/1.1" 200 195329 "https://bt-miners.com/wp-admin/edit.php?post_type=shop_order" "Mozilla/5.0 (Windows NT 10.0; Win64; x64) AppleWebKit/537.36 (KHTML, like Gecko) Chrome/122.0.0.0 Safari/537.36" "2.793 Seconds"
212.107.29.89 - - [01/Apr/2025:16:45:25 +0800] "GET /wp-content/plugins/woo-advanced-shipment-tracking/zorem-tracking/assets/css/style.css?ver=1743497124 HTTP/1.1" 200 948 "https://bt-miners.com/wp-admin/post.php?post=70797&action=edit" "Mozilla/5.0 (Windows NT 10.0; Win64; x64) AppleWebKit/537.36 (KHTML, like Gecko) Chrome/122.0.0.0 Safari/537.36" "0.000 Seconds"
168.119.2.99,168.119.2.99 - - [01/Apr/2025:16:45:25 +0800] "GET /wp-json/wc/v3/orders/70801?consumer_key=ck_4e1503f04eb840b3b73d9daa3e525278f841aab1&consumer_secret=cs_6254cf6ff8478d7fed5a361d493cb16083052f4a HTTP/1.1" 200 70478 "-" "axios/1.7.4" "0.786 Seconds"
212.107.29.89 - - [01/Apr/2025:16:45:25 +0800] "GET /wp-content/plugins/woocommerce/assets/js/admin/order-attribution-admin.min.js?ver=9.7.1 HTTP/1.1" 200 730 "https://bt-miners.com/wp-admin/post.php?post=70797&action=edit" "Mozilla/5.0 (Windows NT 10.0; Win64; x64) AppleWebKit/537.36 (KHTML, like Gecko) Chrome/122.0.0.0 Safari/537.36" "0.000 Seconds"
212.107.29.89 - - [01/Apr/2025:16:45:25 +0800] "GET /wp-content/plugins/woo-advanced-shipment-tracking/zorem-tracking/assets/js/main.js?ver=1743497124 HTTP/1.1" 200 1587 "https://bt-miners.com/wp-admin/post.php?post=70797&action=edit" "Mozilla/5.0 (Windows NT 10.0; Win64; x64) AppleWebKit/537.36 (KHTML, like Gecko) Chrome/122.0.0.0 Safari/537.36" "0.000 Seconds"
212.107.29.89 - - [01/Apr/2025:16:45:25 +0800] "GET /wp-content/plugins/taxjar-simplified-taxes-for-woocommerce/includes//js/wc-taxjar-order.js?ver=6.7.1 HTTP/1.1" 200 1062 "https://bt-miners.com/wp-admin/post.php?post=70797&action=edit" "Mozilla/5.0 (Windows NT 10.0; Win64; x64) AppleWebKit/537.36 (KHTML, like Gecko) Chrome/122.0.0.0 Safari/537.36" "0.000 Seconds"
212.107.29.89 - - [01/Apr/2025:16:45:25 +0800] "GET /wp-content/plugins/dokan-lite/assets/vendors/tinymce/code/plugin.min.js?ver=1743497123 HTTP/1.1" 200 1045 "https://bt-miners.com/wp-admin/post.php?post=70797&action=edit" "Mozilla/5.0 (Windows NT 10.0; Win64; x64) AppleWebKit/537.36 (KHTML, like Gecko) Chrome/122.0.0.0 Safari/537.36" "0.000 Seconds"
212.107.29.89 - - [01/Apr/2025:16:45:25 +0800] "GET /wp-content/plugins/woo-advanced-shipment-tracking/assets/css/slideout.css?ver=1743497124 HTTP/1.1" 200 7010 "https://bt-miners.com/wp-admin/post.php?post=70797&action=edit" "Mozilla/5.0 (Windows NT 10.0; Win64; x64) AppleWebKit/537.36 (KHTML, like Gecko) Chrome/122.0.0.0 Safari/537.36" "0.000 Seconds"
212.107.29.89 - - [01/Apr/2025:16:45:26 +0800] "GET /wp-content/plugins/woo-advanced-shipment-tracking/assets/css/admin.css?ver=1743497124 HTTP/1.1" 200 62625 "https://bt-miners.com/wp-admin/post.php?post=70797&action=edit" "Mozilla/5.0 (Windows NT 10.0; Win64; x64) AppleWebKit/537.36 (KHTML, like Gecko) Chrome/122.0.0.0 Safari/537.36" "0.000 Seconds"
212.107.29.89 - - [01/Apr/2025:16:45:26 +0800] "GET /wp-content/plugins/woo-wallet/assets/js/admin/admin-order.min.js?ver=1.5.10 HTTP/1.1" 200 3328 "https://bt-miners.com/wp-admin/post.php?post=70797&action=edit" "Mozilla/5.0 (Windows NT 10.0; Win64; x64) AppleWebKit/537.36 (KHTML, like Gecko) Chrome/122.0.0.0 Safari/537.36" "0.000 Seconds"
212.107.29.89 - - [01/Apr/2025:16:45:26 +0800] "GET /wp-admin/js/accordion.min.js?ver=6.7.1 HTTP/1.1" 200 758 "https://bt-miners.com/wp-admin/post.php?post=70797&action=edit" "Mozilla/5.0 (Windows NT 10.0; Win64; x64) AppleWebKit/537.36 (KHTML, like Gecko) Chrome/122.0.0.0 Safari/537.36" "0.000 Seconds"
212.107.29.89 - - [01/Apr/2025:16:45:26 +0800] "GET /wp-content/plugins/woo-advanced-shipment-tracking/assets/js/admin.js?ver=1743497124 HTTP/1.1" 200 19182 "https://bt-miners.com/wp-admin/post.php?post=70797&action=edit" "Mozilla/5.0 (Windows NT 10.0; Win64; x64) AppleWebKit/537.36 (KHTML, like Gecko) Chrome/122.0.0.0 Safari/537.36" "0.000 Seconds"
168.119.2.99,168.119.2.99 - - [01/Apr/2025:16:45:26 +0800] "GET /wp-json/wc/v3/customers/20009?consumer_key=ck_4e1503f04eb840b3b73d9daa3e525278f841aab1&consumer_secret=cs_6254cf6ff8478d7fed5a361d493cb16083052f4a HTTP/1.1" 200 14501 "-" "axios/1.7.4" "0.422 Seconds"
66.249.93.74,66.249.93.74 - - [01/Apr/2025:16:45:26 +0800] "GET /.well-known/assetlinks.json HTTP/1.1" 403 134 "-" "GoogleAssociationService" "0.000 Seconds"
212.107.29.89,212.107.29.89 - - [01/Apr/2025:16:45:26 +0800] "GET /wp-json/wc-admin/onboarding/tasks?_locale=user HTTP/1.1" 200 6224 "https://bt-miners.com/wp-admin/post.php?post=70797&action=edit" "Mozilla/5.0 (Windows NT 10.0; Win64; x64) AppleWebKit/537.36 (KHTML, like Gecko) Chrome/122.0.0.0 Safari/537.36" "0.272 Seconds"
212.107.29.89,212.107.29.89 - - [01/Apr/2025:16:45:27 +0800] "GET /wp-json/wc-analytics/products/count-low-in-stock?status=publish&page=1&per_page=1&_locale=user HTTP/1.1" 200 22 "https://bt-miners.com/wp-admin/post.php?post=70797&action=edit" "Mozilla/5.0 (Windows NT 10.0; Win64; x64) AppleWebKit/537.36 (KHTML, like Gecko) Chrome/122.0.0.0 Safari/537.36" "0.564 Seconds"
212.107.29.90 - - [01/Apr/2025:16:45:27 +0800] "POST /wp-admin/admin-ajax.php HTTP/1.1" 200 43 "https://bt-miners.com/wp-admin/edit.php?post_type=shop_order" "Mozilla/5.0 (Windows NT 10.0; Win64; x64) AppleWebKit/537.36 (KHTML, like Gecko) Chrome/134.0.0.0 Safari/537.36" "0.383 Seconds"
212.107.29.89,212.107.29.89 - - [01/Apr/2025:16:45:27 +0800] "GET /wp-json/wc-analytics/products/reviews?page=1&per_page=1&status=hold&_embed=1&_fields%5B0%5D=id&_locale=user HTTP/1.1" 200 24 "https://bt-miners.com/wp-admin/post.php?post=70797&action=edit" "Mozilla/5.0 (Windows NT 10.0; Win64; x64) AppleWebKit/537.36 (KHTML, like Gecko) Chrome/122.0.0.0 Safari/537.36" "0.812 Seconds"
168.119.2.99,168.119.2.99 - - [01/Apr/2025:16:45:27 +0800] "GET /wp-json/wc/v3/orders?consumer_key=ck_4e1503f04eb840b3b73d9daa3e525278f841aab1&consumer_secret=cs_6254cf6ff8478d7fed5a361d493cb16083052f4a&customer=20009&per_page=2 HTTP/1.1" 200 65524 "-" "axios/1.7.4" "0.722 Seconds"
212.107.29.89,212.107.29.89 - - [01/Apr/2025:16:45:27 +0800] "GET /wp-json/dokan/v1/admin/notices/promo HTTP/1.1" 200 12 "https://bt-miners.com/wp-admin/post.php?post=70797&action=edit" "Mozilla/5.0 (Windows NT 10.0; Win64; x64) AppleWebKit/537.36 (KHTML, like Gecko) Chrome/122.0.0.0 Safari/537.36" "1.013 Seconds"
212.107.29.89,212.107.29.89 - - [01/Apr/2025:16:45:28 +0800] "GET /wp-json/dokan/v1/admin/notices/admin?scope=global HTTP/1.1" 200 12 "https://bt-miners.com/wp-admin/post.php?post=70797&action=edit" "Mozilla/5.0 (Windows NT 10.0; Win64; x64) AppleWebKit/537.36 (KHTML, like Gecko) Chrome/122.0.0.0 Safari/537.36" "1.265 Seconds"
212.107.29.89,212.107.29.89 - - [01/Apr/2025:16:45:28 +0800] "GET /wp-json/wp/v2/types?context=view&_locale=user HTTP/1.1" 200 6615 "https://bt-miners.com/wp-admin/post.php?post=70797&action=edit" "Mozilla/5.0 (Windows NT 10.0; Win64; x64) AppleWebKit/537.36 (KHTML, like Gecko) Chrome/122.0.0.0 Safari/537.36" "1.544 Seconds"
212.107.29.89,212.107.29.89 - - [01/Apr/2025:16:45:28 +0800] "GET /wp-json/wc-admin/options?options=woocommerce_ces_tracks_queue&_locale=user HTTP/1.1" 200 46 "https://bt-miners.com/wp-admin/post.php?post=70797&action=edit" "Mozilla/5.0 (Windows NT 10.0; Win64; x64) AppleWebKit/537.36 (KHTML, like Gecko) Chrome/122.0.0.0 Safari/537.36" "1.718 Seconds"
212.107.29.89,212.107.29.89 - - [01/Apr/2025:16:45:28 +0800] "GET /wp-json/wc-admin/marketing/misc-recommendations?_locale=user HTTP/1.1" 200 118 "https://bt-miners.com/wp-admin/post.php?post=70797&action=edit" "Mozilla/5.0 (Windows NT 10.0; Win64; x64) AppleWebKit/537.36 (KHTML, like Gecko) Chrome/122.0.0.0 Safari/537.36" "1.896 Seconds"
212.107.29.89,212.107.29.89 - - [01/Apr/2025:16:45:28 +0800] "GET /wp-json/wc-analytics/orders?page=1&per_page=1&status%5B0%5D=processing&status%5B1%5D=on-hold&_fields%5B0%5D=id&_locale=user HTTP/1.1" 200 24 "https://bt-miners.com/wp-admin/post.php?post=70797&action=edit" "Mozilla/5.0 (Windows NT 10.0; Win64; x64) AppleWebKit/537.36 (KHTML, like Gecko) Chrome/122.0.0.0 Safari/537.36" "1.778 Seconds"
5.34.216.107 - - [01/Apr/2025:16:45:28 +0800] "POST /wp-admin/admin-ajax.php HTTP/1.1" 200 43 "https://bt-miners.com/wp-admin/edit.php?s=bitcoin&post_status=all&post_type=post&m=0&cat=0&paged=1" "Mozilla/5.0 (Windows NT 10.0; Win64; x64) AppleWebKit/537.36 (KHTML, like Gecko) Chrome/134.0.0.0 Safari/537.36" "0.436 Seconds"
2a01:4f8:252:4c1::2,2a01:4f8:252:4c1::2 - - [01/Apr/2025:16:45:29 +0800] "GET /wp-json/wc/v3/orders/70801?consumer_key=ck_4e1503f04eb840b3b73d9daa3e525278f841aab1&consumer_secret=cs_6254cf6ff8478d7fed5a361d493cb16083052f4a HTTP/1.1" 200 70485 "-" "axios/1.7.4" "0.666 Seconds"
240e:3b2:3232:4a70:7058:7862:f44b:6b0 - - [01/Apr/2025:16:45:29 +0800] "POST /wp-admin/admin-ajax.php HTTP/1.1" 200 43 "https://bt-miners.com/wp-admin/post.php?post=67951&action=edit" "Mozilla/5.0 (Windows NT 10.0; Win64; x64) AppleWebKit/537.36 (KHTML, like Gecko) Chrome/119.0.0.0 Safari/537.36" "0.361 Seconds"
212.107.29.89,212.107.29.89 - - [01/Apr/2025:16:45:29 +0800] "GET /wp-json/wc-admin/options?options=woocommerce_task_list_reminder_bar_hidden&_locale=user HTTP/1.1" 200 62 "https://bt-miners.com/wp-admin/post.php?post=70797&action=edit" "Mozilla/5.0 (Windows NT 10.0; Win64; x64) AppleWebKit/537.36 (KHTML, like Gecko) Chrome/122.0.0.0 Safari/537.36" "1.750 Seconds"
212.107.29.89,212.107.29.89 - - [01/Apr/2025:16:45:29 +0800] "GET /wp-json/wc-admin/options?options=woocommerce_admin_transient_notices_queue%2Cwoocommerce_admin_install_timestamp%2Cwoocommerce_allow_tracking%2Cwoocommerce_order_attribution_install_banner_dismissed%2Cwoocommerce_remote_variant_assignment&_locale=user HTTP/1.1" 200 257 "https://bt-miners.com/wp-admin/post.php?post=70797&action=edit" "Mozilla/5.0 (Windows NT 10.0; Win64; x64) AppleWebKit/537.36 (KHTML, like Gecko) Chrome/122.0.0.0 Safari/537.36" "1.747 Seconds"
240e:3b2:3232:4a70:7058:7862:f44b:6b0 - - [01/Apr/2025:16:45:29 +0800] "POST /wp-admin/admin-ajax.php HTTP/1.1" 200 43 "https://bt-miners.com/wp-admin/post.php?post=67951&action=edit" "Mozilla/5.0 (Windows NT 10.0; Win64; x64) AppleWebKit/537.36 (KHTML, like Gecko) Chrome/119.0.0.0 Safari/537.36" "0.730 Seconds"
212.107.29.89,212.107.29.89 - - [01/Apr/2025:16:45:29 +0800] "GET /wp-json/wc-analytics/admin/notes?page=1&per_page=25&type=error%2Cupdate&status=unactioned&_locale=user HTTP/1.1" 200 12 "https://bt-miners.com/wp-admin/post.php?post=70797&action=edit" "Mozilla/5.0 (Windows NT 10.0; Win64; x64) AppleWebKit/537.36 (KHTML, like Gecko) Chrome/122.0.0.0 Safari/537.36" "1.901 Seconds"
212.107.29.89,212.107.29.89 - - [01/Apr/2025:16:45:29 +0800] "GET /wp-json/jetpack/v4/connection/data?_locale=user HTTP/1.1" 200 331 "https://bt-miners.com/wp-admin/post.php?post=70797&action=edit" "Mozilla/5.0 (Windows NT 10.0; Win64; x64) AppleWebKit/537.36 (KHTML, like Gecko) Chrome/122.0.0.0 Safari/537.36" "2.135 Seconds"
2a01:4f8:252:4c1::2,2a01:4f8:252:4c1::2 - - [01/Apr/2025:16:45:29 +0800] "GET /wp-json/wc/v3/customers/20009?consumer_key=ck_4e1503f04eb840b3b73d9daa3e525278f841aab1&consumer_secret=cs_6254cf6ff8478d7fed5a361d493cb16083052f4a HTTP/1.1" 200 14501 "-" "axios/1.7.4" "0.408 Seconds"
212.107.29.89 - - [01/Apr/2025:16:45:30 +0800] "POST /wp-admin/admin-ajax.php HTTP/1.1" 200 58 "https://bt-miners.com/wp-admin/options-general.php?page=perfmatters" "Mozilla/5.0 (Windows NT 10.0; Win64; x64) AppleWebKit/537.36 (KHTML, like Gecko) Chrome/122.0.0.0 Safari/537.36" "1.672 Seconds"
2a01:4f8:252:4c1::2,2a01:4f8:252:4c1::2 - - [01/Apr/2025:16:45:31 +0800] "GET /wp-json/wc/v3/orders?consumer_key=ck_4e1503f04eb840b3b73d9daa3e525278f841aab1&consumer_secret=cs_6254cf6ff8478d7fed5a361d493cb16083052f4a&customer=20009&per_page=2 HTTP/1.1" 200 65523 "-" "axios/1.7.4" "0.633 Seconds"
5.196.175.156,5.196.175.156 - - [01/Apr/2025:16:45:31 +0800] "GET /collections/algo/Blake2B:-O-que-%C3%A9-BlakeXNUMXB?/ HTTP/1.1" 301 5 "-" "GTranslate-Translation-Proxy" "0.370 Seconds"
2a01:4f8:1c1c:7240::1,2a01:4f8:1c1c:7240::1 - - [01/Apr/2025:16:45:31 +0800] "HEAD /wp-admin/?debug=uptimerobot HTTP/1.1" 302 0 "https://bt-miners.com/wp-admin/?debug=uptimerobot" "Mozilla/5.0+(compatible; UptimeRobot/2.0; http://www.uptimerobot.com/)" "0.349 Seconds"
2a01:4f8:1c1c:7240::1,2a01:4f8:1c1c:7240::1 - - [01/Apr/2025:16:45:32 +0800] "HEAD /wp-login.php?redirect_to=https%3A%2F%2Fbt-miners.com%2Fwp-admin%2F%3Fdebug%3Duptimerobot&reauth=1 HTTP/1.1" 200 0 "https://bt-miners.com/wp-admin/?debug=uptimerobot" "Mozilla/5.0+(compatible; UptimeRobot/2.0; http://www.uptimerobot.com/)" "0.367 Seconds"
2a01:4f8:252:4c1::2,2a01:4f8:252:4c1::2 - - [01/Apr/2025:16:45:32 +0800] "GET /wp-json/wc/v3/orders/70802?consumer_key=ck_4e1503f04eb840b3b73d9daa3e525278f841aab1&consumer_secret=cs_6254cf6ff8478d7fed5a361d493cb16083052f4a HTTP/1.1" 200 22134 "-" "axios/1.7.4" "0.547 Seconds"
83.99.151.67,83.99.151.67 - - [01/Apr/2025:16:45:32 +0800] "GET /page/3/?s=kaspa HTTP/1.1" 200 59165 "-" "Mozilla/5.0 AppleWebKit/537.36 (KHTML, like Gecko; compatible; GeedoProductSearch; +http://www.geedo.com/product-search.html) Chrome/79.0.3945.88 Safari/537.36" "0.526 Seconds"
2a01:4f8:252:4c1::2,2a01:4f8:252:4c1::2 - - [01/Apr/2025:16:45:33 +0800] "GET /wp-json/wc/v3/customers/20009?consumer_key=ck_4e1503f04eb840b3b73d9daa3e525278f841aab1&consumer_secret=cs_6254cf6ff8478d7fed5a361d493cb16083052f4a HTTP/1.1" 200 14501 "-" "axios/1.7.4" "0.388 Seconds"
2a01:4f8:252:4c1::2,2a01:4f8:252:4c1::2 - - [01/Apr/2025:16:45:34 +0800] "GET /wp-json/wc/v3/orders?consumer_key=ck_4e1503f04eb840b3b73d9daa3e525278f841aab1&consumer_secret=cs_6254cf6ff8478d7fed5a361d493cb16083052f4a&customer=20009&per_page=2 HTTP/1.1" 200 65523 "-" "axios/1.7.4" "0.629 Seconds"
168.119.2.99,168.119.2.99 - - [01/Apr/2025:16:45:35 +0800] "GET /wp-json/wc/v3/orders/70802?consumer_key=ck_4e1503f04eb840b3b73d9daa3e525278f841aab1&consumer_secret=cs_6254cf6ff8478d7fed5a361d493cb16083052f4a HTTP/1.1" 200 22135 "-" "axios/1.7.4" "0.521 Seconds"
168.119.2.99,168.119.2.99 - - [01/Apr/2025:16:45:36 +0800] "GET /wp-json/wc/v3/customers/20009?consumer_key=ck_4e1503f04eb840b3b73d9daa3e525278f841aab1&consumer_secret=cs_6254cf6ff8478d7fed5a361d493cb16083052f4a HTTP/1.1" 200 14501 "-" "axios/1.7.4" "0.385 Seconds"
168.119.2.99,168.119.2.99 - - [01/Apr/2025:16:45:37 +0800] "GET /wp-json/wc/v3/orders?consumer_key=ck_4e1503f04eb840b3b73d9daa3e525278f841aab1&consumer_secret=cs_6254cf6ff8478d7fed5a361d493cb16083052f4a&customer=20009&per_page=2 HTTP/1.1" 200 65526 "-" "axios/1.7.4" "0.633 Seconds"
168.119.2.99,168.119.2.99 - - [01/Apr/2025:16:45:38 +0800] "GET /wp-json/wc/v3/orders/70803?consumer_key=ck_4e1503f04eb840b3b73d9daa3e525278f841aab1&consumer_secret=cs_6254cf6ff8478d7fed5a361d493cb16083052f4a HTTP/1.1" 200 43406 "-" "axios/1.7.4" "0.599 Seconds"
2401:4900:1c68:53b8:50b5:f0aa:2647:e8d5,54.38.96.38 - - [01/Apr/2025:16:45:38 +0800] "POST /wp-login.php HTTP/1.1" 200 4004 "-" "Mozilla/4.0 (compatible; MSIE 6.0; Windows NT 5.0)" "0.645 Seconds"
168.119.2.99,168.119.2.99 - - [01/Apr/2025:16:45:39 +0800] "GET /wp-json/wc/v3/customers/20009?consumer_key=ck_4e1503f04eb840b3b73d9daa3e525278f841aab1&consumer_secret=cs_6254cf6ff8478d7fed5a361d493cb16083052f4a HTTP/1.1" 200 14501 "-" "axios/1.7.4" "0.429 Seconds"
168.119.2.99,168.119.2.99 - - [01/Apr/2025:16:45:40 +0800] "GET /wp-json/wc/v3/orders?consumer_key=ck_4e1503f04eb840b3b73d9daa3e525278f841aab1&consumer_secret=cs_6254cf6ff8478d7fed5a361d493cb16083052f4a&customer=20009&per_page=2 HTTP/1.1" 200 65526 "-" "axios/1.7.4" "0.626 Seconds"
66.249.93.74,66.249.93.74 - - [01/Apr/2025:16:45:42 +0800] "GET /.well-known/assetlinks.json HTTP/1.1" 403 134 "-" "GoogleAssociationService" "0.000 Seconds"
54.158.124.156,54.158.124.156 - - [01/Apr/2025:16:45:43 +0800] "GET /?debug=kuma-uptime HTTP/1.1" 200 89375 "-" "Uptime-Kuma/1.23.16" "1.659 Seconds"
212.107.29.90 - - [01/Apr/2025:16:45:43 +0800] "POST /wp-admin/admin-ajax.php HTTP/1.1" 200 31 "https://bt-miners.com/wp-admin/edit.php?post_type=shop_order" "Mozilla/5.0 (Windows NT 10.0; Win64; x64) AppleWebKit/537.36 (KHTML, like Gecko) Chrome/134.0.0.0 Safari/537.36" "0.428 Seconds"
83.99.151.69,83.99.151.69 - - [01/Apr/2025:16:45:43 +0800] "GET /wp-login.php?redirect_to=https%3A%2F%2Fbt-miners.com%2Fbitcoin-europe-is-the-costliest-btc-mining-hub-and-more%2F HTTP/1.1" 200 3898 "-" "Mozilla/5.0 AppleWebKit/537.36 (KHTML, like Gecko; compatible; GeedoProductSearch; +http://www.geedo.com/product-search.html) Chrome/79.0.3945.88 Safari/537.36" "0.353 Seconds"
