66.249.75.132,66.249.75.132 - - [01/Apr/2025:17:28:29 +0800] "GET /products/bitmain-antminer-s21-xp-imm-bitcoin-miner-301th-s-bt-miners/ HTTP/1.1" 301 5 "-" "Mozilla/5.0 (Linux; Android 6.0.1; Nexus 5X Build/MMB29P) AppleWebKit/537.36 (KHTML, like Gecko) Chrome/134.0.6998.165 Mobile Safari/537.36 (compatible; Googlebot/2.1; +http://www.google.com/bot.html)" "0.311 Seconds"
5.34.216.107,5.34.216.107 - - [01/Apr/2025:17:28:30 +0800] "GET /collections/ckb-miner/ HTTP/1.1" 200 45246 "https://bt-miners.com/collections/litecoin-dogecoin-miner/" "Mozilla/5.0 (Windows NT 10.0; Win64; x64) AppleWebKit/537.36 (KHTML, like Gecko) Chrome/134.0.0.0 Safari/537.36" "0.400 Seconds"
5.34.216.107,5.34.216.107 - - [01/Apr/2025:17:28:31 +0800] "GET /collections/elphapex/ HTTP/1.1" 200 45502 "https://bt-miners.com/collections/litecoin-dogecoin-miner/" "Mozilla/5.0 (Windows NT 10.0; Win64; x64) AppleWebKit/537.36 (KHTML, like Gecko) Chrome/134.0.0.0 Safari/537.36" "0.403 Seconds"
5.34.216.107,5.34.216.107 - - [01/Apr/2025:17:28:32 +0800] "GET /product-tag/blake2s/ HTTP/1.1" 200 44174 "https://bt-miners.com/collections/litecoin-dogecoin-miner/" "Mozilla/5.0 (Windows NT 10.0; Win64; x64) AppleWebKit/537.36 (KHTML, like Gecko) Chrome/134.0.0.0 Safari/537.36" "0.354 Seconds"
5.34.216.107,5.34.216.107 - - [01/Apr/2025:17:28:32 +0800] "GET /collections/spare-parts/pdu/ HTTP/1.1" 200 43662 "https://bt-miners.com/collections/litecoin-dogecoin-miner/" "Mozilla/5.0 (Windows NT 10.0; Win64; x64) AppleWebKit/537.36 (KHTML, like Gecko) Chrome/134.0.0.0 Safari/537.36" "0.311 Seconds"
170.187.181.77 - - [01/Apr/2025:17:28:32 +0800] "POST /wp-admin/admin-ajax.php HTTP/1.1" 200 43 "https://bt-miners.com/wp-admin/admin.php?page=wc-settings&tab=advanced&section=keys" "Mozilla/5.0 (Windows NT 10.0; Win64; x64) AppleWebKit/537.36 (KHTML, like Gecko) Chrome/134.0.0.0 Safari/537.36" "0.392 Seconds"
83.99.151.70,83.99.151.70 - - [01/Apr/2025:17:28:33 +0800] "GET /wp-login.php?redirect_to=https%3A%2F%2Fbt-miners.com%2Fthis-is-how-centralized-btc-mining-has-become-over-the-year-and-more%2F HTTP/1.1" 200 3911 "-" "Mozilla/5.0 AppleWebKit/537.36 (KHTML, like Gecko; compatible; GeedoProductSearch; +http://www.geedo.com/product-search.html) Chrome/79.0.3945.88 Safari/537.36" "0.331 Seconds"
5.34.216.107,5.34.216.107 - - [01/Apr/2025:17:28:34 +0800] "GET /collections/innosilicon/ HTTP/1.1" 200 45508 "https://bt-miners.com/collections/litecoin-dogecoin-miner/" "Mozilla/5.0 (Windows NT 10.0; Win64; x64) AppleWebKit/537.36 (KHTML, like Gecko) Chrome/134.0.0.0 Safari/537.36" "0.357 Seconds"
27.119.30.203,54.37.215.163 - - [01/Apr/2025:17:28:35 +0800] "POST /wp-login.php HTTP/1.1" 200 4004 "-" "Mozilla/4.0 (compatible; MSIE 6.0; Windows NT 5.0)" "0.702 Seconds"
5.34.216.107,5.34.216.107 - - [01/Apr/2025:17:28:36 +0800] "GET /collections/eth-miner/ HTTP/1.1" 200 49099 "https://bt-miners.com/collections/litecoin-dogecoin-miner/" "Mozilla/5.0 (Windows NT 10.0; Win64; x64) AppleWebKit/537.36 (KHTML, like Gecko) Chrome/134.0.0.0 Safari/537.36" "0.496 Seconds"
74.125.210.1,74.125.210.1 - - [01/Apr/2025:17:28:37 +0800] "GET /.well-known/assetlinks.json HTTP/1.1" 403 134 "-" "GoogleAssociationService" "0.000 Seconds"
240e:3b2:3232:4a70:7058:7862:f44b:6b0 - - [01/Apr/2025:17:28:38 +0800] "POST /wp-admin/admin-ajax.php HTTP/1.1" 200 31 "https://bt-miners.com/wp-admin/" "Mozilla/5.0 (Windows NT 10.0; Win64; x64) AppleWebKit/537.36 (KHTML, like Gecko) Chrome/119.0.0.0 Safari/537.36" "0.398 Seconds"
5.34.216.107,5.34.216.107 - - [01/Apr/2025:17:28:39 +0800] "GET /daily-income-of-miners/ HTTP/1.1" 200 88394 "https://bt-miners.com/collections/litecoin-dogecoin-miner/" "Mozilla/5.0 (Windows NT 10.0; Win64; x64) AppleWebKit/537.36 (KHTML, like Gecko) Chrome/134.0.0.0 Safari/537.36" "0.359 Seconds"
170.187.181.77 - - [01/Apr/2025:17:28:42 +0800] "POST /wp-admin/admin-ajax.php HTTP/1.1" 200 58 "https://bt-miners.com/wp-admin/admin.php?page=wc-settings&tab=advanced&section=keys" "Mozilla/5.0 (Windows NT 10.0; Win64; x64) AppleWebKit/537.36 (KHTML, like Gecko) Chrome/134.0.0.0 Safari/537.36" "0.336 Seconds"
212.107.29.89 - - [01/Apr/2025:17:28:42 +0800] "POST /wp-admin/admin-ajax.php HTTP/1.1" 200 43 "https://bt-miners.com/wp-admin/options-general.php?page=cloudflare" "Mozilla/5.0 (Windows NT 10.0; Win64; x64) AppleWebKit/537.36 (KHTML, like Gecko) Chrome/122.0.0.0 Safari/537.36" "0.368 Seconds"
109.230.55.105,54.38.96.37 - - [01/Apr/2025:17:28:42 +0800] "POST /wp-login.php HTTP/1.1" 200 4004 "-" "Mozilla/4.0 (compatible; MSIE 6.0; Windows NT 5.0)" "0.701 Seconds"
54.158.124.156,54.158.124.156 - - [01/Apr/2025:17:28:45 +0800] "GET /?debug=kuma-uptime HTTP/1.1" 200 89373 "-" "Uptime-Kuma/1.23.16" "1.628 Seconds"
170.187.181.77 - - [01/Apr/2025:17:28:47 +0800] "POST /wp-admin/admin-ajax.php HTTP/1.1" 200 43 "https://bt-miners.com/wp-admin/admin.php?page=wc-settings&tab=advanced&section=keys" "Mozilla/5.0 (Windows NT 10.0; Win64; x64) AppleWebKit/537.36 (KHTML, like Gecko) Chrome/134.0.0.0 Safari/537.36" "0.427 Seconds"
240e:3b2:3232:4a70:7058:7862:f44b:6b0 - - [01/Apr/2025:17:28:49 +0800] "POST /wp-admin/admin-ajax.php HTTP/1.1" 200 58 "https://bt-miners.com/wp-admin/" "Mozilla/5.0 (Windows NT 10.0; Win64; x64) AppleWebKit/537.36 (KHTML, like Gecko) Chrome/119.0.0.0 Safari/537.36" "0.345 Seconds"
3.222.106.115 - - [01/Apr/2025:17:28:49 +0800] "POST /wp-admin/admin-ajax.php?action=as_async_request_queue_runner&nonce=a32489e6a4 HTTP/1.1" 499 0 "-" "WordPress/6.7.1; https://bt-miners.com" "0.981 Seconds"
2401:4900:47f0:152c:4898:55ff:fe40:7ba7 - - [01/Apr/2025:17:28:49 +0800] "POST /wp-admin/admin-ajax.php HTTP/1.1" 200 31 "https://bt-miners.com/products/volcminer-d1-hydro-litecoin-dogecoin-miner-30-4-gh-s-bt-miners/?ref=3yrntphlqn" "Mozilla/5.0 (Linux; Android 10; K) AppleWebKit/537.36 (KHTML, like Gecko) Chrome/134.0.0.0 Mobile Safari/537.36" "1.446 Seconds"
240e:3b2:3232:4a70:7058:7862:f44b:6b0 - - [01/Apr/2025:17:28:49 +0800] "POST /wp-admin/admin-ajax.php HTTP/1.1" 400 11 "https://bt-miners.com/wp-admin/" "Mozilla/5.0 (Windows NT 10.0; Win64; x64) AppleWebKit/537.36 (KHTML, like Gecko) Chrome/119.0.0.0 Safari/537.36" "0.384 Seconds"
212.107.29.89 - - [01/Apr/2025:17:28:51 +0800] "POST /wp-admin/admin-ajax.php HTTP/1.1" 200 43 "https://bt-miners.com/wp-admin/post.php?post=70267&action=edit" "Mozilla/5.0 (Windows NT 10.0; Win64; x64) AppleWebKit/537.36 (KHTML, like Gecko) Chrome/134.0.0.0 Safari/537.36" "0.408 Seconds"
83.99.151.70,83.99.151.70 - - [01/Apr/2025:17:28:53 +0800] "GET /collections/miner-category/hydro/page/1/ HTTP/1.1" 301 5 "-" "Mozilla/5.0 AppleWebKit/537.36 (KHTML, like Gecko; compatible; GeedoProductSearch; +http://www.geedo.com/product-search.html) Chrome/79.0.3945.88 Safari/537.36" "0.362 Seconds"
240e:3b2:3232:4a70:7058:7862:f44b:6b0 - - [01/Apr/2025:17:28:54 +0800] "POST /wp-admin/admin-ajax.php HTTP/1.1" 200 31 "https://bt-miners.com/wp-admin/" "Mozilla/5.0 (Windows NT 10.0; Win64; x64) AppleWebKit/537.36 (KHTML, like Gecko) Chrome/119.0.0.0 Safari/537.36" "0.412 Seconds"
66.102.9.228,66.102.9.228 - - [01/Apr/2025:17:28:59 +0800] "GET /.well-known/assetlinks.json HTTP/1.1" 403 134 "-" "GoogleAssociationService" "0.000 Seconds"
54.37.215.164,54.37.215.164 - - [01/Apr/2025:17:28:59 +0800] "GET /page/27/?post_type=product&s HTTP/1.1" 200 66677 "-" "GTranslate-Translation-Proxy" "0.816 Seconds"
54.38.96.35,54.38.96.35 - - [01/Apr/2025:17:28:59 +0800] "GET /?s=ANTMINER+S19%2BHYD HTTP/1.1" 200 58196 "https://zh-cn.bt-miners.com/?s=ANTMINER+S19&post_type=product" "Mozilla/5.0 (Windows NT 10.0; Win64; x64) AppleWebKit/537.36 (KHTML, like Gecko) Chrome/134.0.0.0 Safari/537.36 Edg/134.0.0.0" "0.509 Seconds"
67.189.107.113,67.189.107.113 - - [01/Apr/2025:17:29:00 +0800] "GET /collections/kaspa-miners/ HTTP/1.1" 301 5 "https://bt-miners.com/collections/litecoin-dogecoin-miner/" "Mozilla/5.0 (Windows NT 10.0; Win64; x64) AppleWebKit/537.36 (KHTML, like Gecko) Chrome/128.0.0.0 Safari/537.36" "0.353 Seconds"
67.189.107.113,67.189.107.113 - - [01/Apr/2025:17:29:01 +0800] "GET /collections/kaspa-miners/ HTTP/1.1" 301 5 "https://bt-miners.com/collections/litecoin-dogecoin-miner/" "Mozilla/5.0 (Windows NT 10.0; Win64; x64) AppleWebKit/537.36 (KHTML, like Gecko) Chrome/128.0.0.0 Safari/537.36" "0.322 Seconds"
170.187.181.77 - - [01/Apr/2025:17:29:02 +0800] "POST /wp-admin/admin-ajax.php HTTP/1.1" 200 43 "https://bt-miners.com/wp-admin/admin.php?page=wc-settings&tab=advanced&section=keys" "Mozilla/5.0 (Windows NT 10.0; Win64; x64) AppleWebKit/537.36 (KHTML, like Gecko) Chrome/134.0.0.0 Safari/537.36" "0.398 Seconds"
67.189.107.113 - - [01/Apr/2025:17:29:03 +0800] "GET /wp-content/themes/azuri/assets/images/view-more-item.svg HTTP/1.1" 304 0 "https://bt-miners.com/" "Mozilla/5.0 (Windows NT 10.0; Win64; x64) AppleWebKit/537.36 (KHTML, like Gecko) Chrome/128.0.0.0 Safari/537.36" "0.000 Seconds"
2a01:4f8:c013:3c53::1,2a01:4f8:c013:3c53::1 - - [01/Apr/2025:17:29:05 +0800] "HEAD /?debug=uptimerobot HTTP/1.1" 200 0 "https://bt-miners.com/?debug=uptimerobot" "Mozilla/5.0+(compatible; UptimeRobot/2.0; http://www.uptimerobot.com/)" "0.367 Seconds"
2a01:4f8:1c1c:7240::1,2a01:4f8:1c1c:7240::1 - - [01/Apr/2025:17:29:05 +0800] "HEAD /wp-admin/?debug=uptimerobot HTTP/1.1" 302 0 "https://bt-miners.com/wp-admin/?debug=uptimerobot" "Mozilla/5.0+(compatible; UptimeRobot/2.0; http://www.uptimerobot.com/)" "0.311 Seconds"
2a01:4f8:1c1c:7240::1,2a01:4f8:1c1c:7240::1 - - [01/Apr/2025:17:29:06 +0800] "HEAD /wp-login.php?redirect_to=https%3A%2F%2Fbt-miners.com%2Fwp-admin%2F%3Fdebug%3Duptimerobot&reauth=1 HTTP/1.1" 200 0 "https://bt-miners.com/wp-admin/?debug=uptimerobot" "Mozilla/5.0+(compatible; UptimeRobot/2.0; http://www.uptimerobot.com/)" "0.350 Seconds"
54.158.124.156,54.158.124.156 - - [01/Apr/2025:17:29:07 +0800] "GET /?debug=kuma-uptime HTTP/1.1" 200 89322 "-" "Uptime-Kuma/1.23.16" "1.615 Seconds"
66.249.75.132,66.249.75.132 - - [01/Apr/2025:17:29:07 +0800] "GET /products/bitmain-antminer-ks5-pro-kaspa-miner-21th-s-bt-miners/ HTTP/1.1" 200 659388 "-" "Mozilla/5.0 (Linux; Android 6.0.1; Nexus 5X Build/MMB29P) AppleWebKit/537.36 (KHTML, like Gecko) Chrome/134.0.6998.165 Mobile Safari/537.36 (compatible; Googlebot/2.1; +http://www.google.com/bot.html)" "1.093 Seconds"
240e:3b2:3232:4a70:7058:7862:f44b:6b0 - - [01/Apr/2025:17:29:10 +0800] "POST /wp-admin/admin-ajax.php HTTP/1.1" 200 31 "https://bt-miners.com/wp-admin/" "Mozilla/5.0 (Windows NT 10.0; Win64; x64) AppleWebKit/537.36 (KHTML, like Gecko) Chrome/119.0.0.0 Safari/537.36" "0.442 Seconds"
83.99.151.68,83.99.151.68 - - [01/Apr/2025:17:29:11 +0800] "GET /wp-login.php?redirect_to=https%3A%2F%2Fbt-miners.com%2Fproof-of-stake-vs-proof-of-work-the-differences-explained%2F HTTP/1.1" 200 3896 "-" "Mozilla/5.0 AppleWebKit/537.36 (KHTML, like Gecko; compatible; GeedoProductSearch; +http://www.geedo.com/product-search.html) Chrome/79.0.3945.88 Safari/537.36" "0.365 Seconds"
212.107.29.89 - - [01/Apr/2025:17:29:13 +0800] "POST /wp-admin/admin-ajax.php HTTP/1.1" 200 43 "https://bt-miners.com/wp-admin/post.php?post=70804&action=edit" "Mozilla/5.0 (Windows NT 10.0; Win64; x64) AppleWebKit/537.36 (KHTML, like Gecko) Chrome/122.0.0.0 Safari/537.36" "0.393 Seconds"
212.107.29.89 - - [01/Apr/2025:17:29:14 +0800] "POST /wp-admin/admin-ajax.php HTTP/1.1" 200 43 "https://bt-miners.com/wp-admin/post.php?post=70797&action=edit" "Mozilla/5.0 (Windows NT 10.0; Win64; x64) AppleWebKit/537.36 (KHTML, like Gecko) Chrome/122.0.0.0 Safari/537.36" "0.736 Seconds"
212.107.29.89 - - [01/Apr/2025:17:29:14 +0800] "POST /wp-admin/admin-ajax.php HTTP/1.1" 200 43 "https://bt-miners.com/wp-admin/options-general.php?page=perfmatters" "Mozilla/5.0 (Windows NT 10.0; Win64; x64) AppleWebKit/537.36 (KHTML, like Gecko) Chrome/122.0.0.0 Safari/537.36" "1.090 Seconds"
54.38.96.35,54.38.96.35 - - [01/Apr/2025:17:29:15 +0800] "GET /?s=S19K&post_type=product HTTP/1.1" 302 5 "https://zh-cn.bt-miners.com/?s=ANTMINER+S19%2BHYD" "Mozilla/5.0 (Windows NT 10.0; Win64; x64) AppleWebKit/537.36 (KHTML, like Gecko) Chrome/134.0.0.0 Safari/537.36 Edg/134.0.0.0" "0.363 Seconds"
3.222.106.115 - - [01/Apr/2025:17:29:17 +0800] "POST /wp-cron.php?doing_wp_cron=1743499757.6130180358886718750000 HTTP/1.1" 200 31 "-" "WordPress/6.7.1; https://bt-miners.com" "0.000 Seconds"
170.187.181.77 - - [01/Apr/2025:17:29:17 +0800] "POST /wp-admin/admin-ajax.php HTTP/1.1" 200 43 "https://bt-miners.com/wp-admin/admin.php?page=wc-settings&tab=advanced&section=keys" "Mozilla/5.0 (Windows NT 10.0; Win64; x64) AppleWebKit/537.36 (KHTML, like Gecko) Chrome/134.0.0.0 Safari/537.36" "0.457 Seconds"
2a01:4f8:c013:3c55::1,2a01:4f8:c013:3c55::1 - - [01/Apr/2025:17:29:18 +0800] "HEAD / HTTP/1.1" 200 0 "https://bt-miners.com/" "Mozilla/5.0+(compatible; UptimeRobot/2.0; http://www.uptimerobot.com/)" "0.316 Seconds"
91.243.81.46 - - [01/Apr/2025:17:29:19 +0800] "POST /wp-admin/admin-ajax.php HTTP/1.1" 200 31 "https://zh-cn.bt-miners.com/" "Mozilla/5.0 (Windows NT 10.0; Win64; x64) AppleWebKit/537.36 (KHTML, like Gecko) Chrome/134.0.0.0 Safari/537.36 Edg/134.0.0.0" "0.462 Seconds"
83.99.151.66,83.99.151.66 - - [01/Apr/2025:17:29:20 +0800] "GET /wp-login.php?action=lostpassword HTTP/1.1" 200 3089 "-" "Mozilla/5.0 AppleWebKit/537.36 (KHTML, like Gecko; compatible; GeedoProductSearch; +http://www.geedo.com/product-search.html) Chrome/79.0.3945.88 Safari/537.36" "0.364 Seconds"
2401:4900:1c68:53b8:50b5:f0aa:2647:e8d5,54.38.96.38 - - [01/Apr/2025:17:29:22 +0800] "POST /wp-login.php HTTP/1.1" 200 4004 "-" "Mozilla/4.0 (compatible; MSIE 6.0; Windows NT 5.0)" "0.741 Seconds"
174.226.36.29,174.226.36.29 - - [01/Apr/2025:17:29:23 +0800] "GET /wp-json/api/flutter_forum/topics?BTAPP=a4aec44949406e2fcc6f2613efc9a8fe&timestamp=1743499763394&topics_id=7 HTTP/1.1" 200 5938 "-" "Dart/3.5 (dart:io)" "0.218 Seconds"
174.226.36.29,174.226.36.29 - - [01/Apr/2025:17:29:23 +0800] "GET /wp-json/api/flutter_forum/index?BTAPP=57b8704cdce4d03b1c6bc43214dcf00f&timestamp=1743499763458 HTTP/1.1" 200 2070 "-" "Dart/3.5 (dart:io)" "0.250 Seconds"
174.226.36.29,174.226.36.29 - - [01/Apr/2025:17:29:24 +0800] "GET /wp-json/wc/v2/list_income_product?GetCache=2&BTAPP=7e002ac2a3245caa85cf174f0849258f&timestamp=1743499763484&Coin=All&Ele=0.5&consumer_key=ck_368292ab2d1fc81f564ec5bb31917429689244e7&consumer_secret=cs_8a3d609f77c939aa6f3912e300201e2eb55a5367 HTTP/1.1" 200 223303 "-" "Dart/3.5 (dart:io)" "0.400 Seconds"
174.226.36.29,174.226.36.29 - - [01/Apr/2025:17:29:24 +0800] "GET /wp-json/wc/v2/list_income_product?GetCache=2&BTAPP=3fe27b8cca42139e1fc74704d7dc59ae&timestamp=1743499763482&Coin=All&Ele=0.5&consumer_key=ck_368292ab2d1fc81f564ec5bb31917429689244e7&consumer_secret=cs_8a3d609f77c939aa6f3912e300201e2eb55a5367 HTTP/1.1" 200 223303 "-" "Dart/3.5 (dart:io)" "0.446 Seconds"
174.226.36.29,174.226.36.29 - - [01/Apr/2025:17:29:24 +0800] "GET /wp-json/wc/v2/list_icon?consumer_key=ck_368292ab2d1fc81f564ec5bb31917429689244e7&consumer_secret=cs_8a3d609f77c939aa6f3912e300201e2eb55a5367 HTTP/1.1" 200 175 "-" "Dart/3.5 (dart:io)" "0.518 Seconds"
174.226.36.29,174.226.36.29 - - [01/Apr/2025:17:29:24 +0800] "GET /wp-json/wc/v2/list_income_product?GetCache=2&BTAPP=9dbb9205f4342081c537f9a57ee85317&timestamp=1743499763480&Coin=All&Ele=0.5&consumer_key=ck_368292ab2d1fc81f564ec5bb31917429689244e7&consumer_secret=cs_8a3d609f77c939aa6f3912e300201e2eb55a5367 HTTP/1.1" 200 223303 "-" "Dart/3.5 (dart:io)" "0.502 Seconds"
174.226.36.29,174.226.36.29 - - [01/Apr/2025:17:29:24 +0800] "GET /wp-json/api/flutter_user/get_currency_rates?timestamp=1743499763475 HTTP/1.1" 404 128 "-" "Dart/3.5 (dart:io)" "0.527 Seconds"
174.226.36.29,174.226.36.29 - - [01/Apr/2025:17:29:24 +0800] "GET /wp-json/wc/v2/list_icon?consumer_key=ck_368292ab2d1fc81f564ec5bb31917429689244e7&consumer_secret=cs_8a3d609f77c939aa6f3912e300201e2eb55a5367 HTTP/1.1" 200 175 "-" "Dart/3.5 (dart:io)" "0.556 Seconds"
174.226.36.29,174.226.36.29 - - [01/Apr/2025:17:29:24 +0800] "GET /wp-json/api/flutter_user/get_countries HTTP/1.1" 200 8524 "-" "Dart/3.5 (dart:io)" "0.533 Seconds"
174.226.36.29,174.226.36.29 - - [01/Apr/2025:17:29:24 +0800] "GET /wp-json/api/flutter_version/get_version?timestamp=1743499763488 HTTP/1.1" 200 446 "-" "Dart/3.5 (dart:io)" "0.554 Seconds"
174.226.36.29,174.226.36.29 - - [01/Apr/2025:17:29:24 +0800] "GET /wp-json/api/flutter_forum/topics?BTAPP=46b4d2b274ee2af2da7f0886c5682210&timestamp=1743499764021&topics_id=7 HTTP/1.1" 200 5938 "-" "Dart/3.5 (dart:io)" "0.196 Seconds"
174.226.36.29,174.226.36.29 - - [01/Apr/2025:17:29:25 +0800] "GET /wp-json/api/flutter_user/get_currencies HTTP/1.1" 200 248 "-" "Dart/3.5 (dart:io)" "0.457 Seconds"
174.226.36.29,174.226.36.29 - - [01/Apr/2025:17:29:25 +0800] "GET /wp-json/api/flutter_activity/get_activity?timestamp=1743499764376 HTTP/1.1" 200 418 "-" "Dart/3.5 (dart:io)" "0.449 Seconds"
3.222.106.115 - - [01/Apr/2025:17:29:25 +0800] "POST /wp-cron.php?doing_wp_cron=1743499765.6901040077209472656250 HTTP/1.1" 200 31 "-" "WordPress/6.7.1; https://bt-miners.com" "0.001 Seconds"
174.226.36.29,174.226.36.29 - - [01/Apr/2025:17:29:25 +0800] "GET /wp-json/wc/v2/list_icon?consumer_key=ck_368292ab2d1fc81f564ec5bb31917429689244e7&consumer_secret=cs_8a3d609f77c939aa6f3912e300201e2eb55a5367 HTTP/1.1" 200 175 "-" "Dart/3.5 (dart:io)" "0.441 Seconds"
174.226.36.29,174.226.36.29 - - [01/Apr/2025:17:29:26 +0800] "GET /wp-json/api/flutter_charts/get_ahr999_new?BTAPP=499a509d2e5225157c3670d451a4f923&timestamp=1743499765830 HTTP/1.1" 200 187574 "-" "Dart/3.5 (dart:io)" "0.219 Seconds"
174.226.36.29,174.226.36.29 - - [01/Apr/2025:17:29:26 +0800] "GET /wp-json/api/flutter_charts/get_ahr999x?BTAPP=1897700972e07c79bd94dc9f57a8fddd&timestamp=1743499766390 HTTP/1.1" 200 109721 "-" "Dart/3.5 (dart:io)" "0.166 Seconds"
174.226.36.29,174.226.36.29 - - [01/Apr/2025:17:29:27 +0800] "GET /wp-json/api/flutter_secials/get_gas_fee?BTAPP=692b97ed0694b4e7f192c083e9d6fbb8 HTTP/1.1" 200 164666 "-" "Dart/3.5 (dart:io)" "0.572 Seconds"
174.226.36.29,174.226.36.29 - - [01/Apr/2025:17:29:27 +0800] "GET /wp-json/api/flutter_secials/get_pool_rank?BTAPP=b5039aeefdbd2c9e7b41c021a6cbc34c&timestamp=1743499767625 HTTP/1.1" 200 2077 "-" "Dart/3.5 (dart:io)" "0.146 Seconds"
54.158.124.156,54.158.124.156 - - [01/Apr/2025:17:29:28 +0800] "GET /?debug=kuma-uptime HTTP/1.1" 200 89381 "-" "Uptime-Kuma/1.23.16" "1.605 Seconds"
54.38.96.36,54.38.96.36 - - [01/Apr/2025:17:29:29 +0800] "GET /btc-mining-difficulty-and-hash-rate-spike-amid-eth-etf-buzz/ HTTP/1.1" 200 61804 "-" "Mozilla/5.0 (iPhone; CPU iPhone OS 11_0 like Mac OS X) AppleWebKit/537.36 (KHTML, like Gecko) Chrome/45.0.3118.1734 Mobile Safari/537.36" "0.623 Seconds"
212.107.29.89 - - [01/Apr/2025:17:29:29 +0800] "POST /wp-admin/admin-ajax.php HTTP/1.1" 200 31 "https://bt-miners.com/wp-admin/options-general.php?page=perfmatters" "Mozilla/5.0 (Windows NT 10.0; Win64; x64) AppleWebKit/537.36 (KHTML, like Gecko) Chrome/122.0.0.0 Safari/537.36" "0.369 Seconds"
83.99.151.66,83.99.151.66 - - [01/Apr/2025:17:29:31 +0800] "GET /collections/algo/blake256r14/?display_mode=grid HTTP/1.1" 200 64241 "-" "Mozilla/5.0 AppleWebKit/537.36 (KHTML, like Gecko; compatible; GeedoProductSearch; +http://www.geedo.com/product-search.html) Chrome/79.0.3945.88 Safari/537.36" "0.541 Seconds"
69.7.65.206,69.7.65.206 - - [01/Apr/2025:17:29:31 +0800] "GET /products/ipollo-g1-grin-miner-36gps/ HTTP/1.1" 301 5 "https://whattomine.com/" "Mozilla/5.0 (Linux; Android 10; K) AppleWebKit/537.36 (KHTML, like Gecko) Chrome/134.0.0.0 Mobile Safari/537.36" "0.328 Seconds"
170.187.181.77 - - [01/Apr/2025:17:29:32 +0800] "POST /wp-admin/admin-ajax.php HTTP/1.1" 200 43 "https://bt-miners.com/wp-admin/admin.php?page=wc-settings&tab=advanced&section=keys" "Mozilla/5.0 (Windows NT 10.0; Win64; x64) AppleWebKit/537.36 (KHTML, like Gecko) Chrome/134.0.0.0 Safari/537.36" "0.455 Seconds"
3.222.106.115 - - [01/Apr/2025:17:29:35 +0800] "POST /wp-cron.php?doing_wp_cron=1743499775.0875198841094970703125 HTTP/1.1" 200 31 "-" "WordPress/6.7.1; https://bt-miners.com" "0.000 Seconds"
2601:681:8d80:a5b0:58b4:b386:5ab8:3bbe,2601:681:8d80:a5b0:58b4:b386:5ab8:3bbe - - [01/Apr/2025:17:29:35 +0800] "GET /products/goldshell-byte-aleo-doge-coin-miner-bt-miners/?ref=3yrntphlqn HTTP/1.1" 200 113870 "https://www.asicminervalue.com/" "Mozilla/5.0 (Windows NT 10.0; Win64; x64) AppleWebKit/537.36 (KHTML, like Gecko) Chrome/134.0.0.0 Safari/537.36" "1.114 Seconds"
69.7.65.206 - - [01/Apr/2025:17:29:36 +0800] "POST /wp-admin/admin-ajax.php HTTP/1.1" 200 31 "https://bt-miners.com/products/ipollo-g1-grin-coin-miner-36gh-s-bt-miners/" "Mozilla/5.0 (Linux; Android 10; K) AppleWebKit/537.36 (KHTML, like Gecko) Chrome/134.0.0.0 Mobile Safari/537.36" "0.433 Seconds"
27.119.30.203,54.37.215.163 - - [01/Apr/2025:17:29:36 +0800] "POST /wp-login.php HTTP/1.1" 200 4004 "-" "Mozilla/4.0 (compatible; MSIE 6.0; Windows NT 5.0)" "0.693 Seconds"
174.226.36.29,174.226.36.29 - - [01/Apr/2025:17:29:40 +0800] "GET /wp-json/api/flutter_charts/get_ahr999_new?BTAPP=4cb2bbdc1039a7490114eb779728ccd5&timestamp=1743499780472 HTTP/1.1" 200 187583 "-" "Dart/3.5 (dart:io)" "0.179 Seconds"
83.99.151.66,83.99.151.66 - - [01/Apr/2025:17:29:41 +0800] "GET /products/ibelink-bm-s3-siacoin-miner-19th-s-3100w-with-power-supply-bt-miners/ HTTP/1.1" 301 5 "-" "Mozilla/5.0 AppleWebKit/537.36 (KHTML, like Gecko; compatible; GeedoProductSearch; +http://www.geedo.com/product-search.html) Chrome/79.0.3945.88 Safari/537.36" "0.386 Seconds"
240e:3b2:3232:4a70:7058:7862:f44b:6b0 - - [01/Apr/2025:17:29:41 +0800] "POST /wp-admin/admin-ajax.php HTTP/1.1" 200 43 "https://bt-miners.com/wp-admin/post.php?post=67951&action=edit" "Mozilla/5.0 (Windows NT 10.0; Win64; x64) AppleWebKit/537.36 (KHTML, like Gecko) Chrome/119.0.0.0 Safari/537.36" "0.436 Seconds"
240e:3b2:3232:4a70:7058:7862:f44b:6b0 - - [01/Apr/2025:17:29:41 +0800] "POST /wp-admin/admin-ajax.php HTTP/1.1" 200 43 "https://bt-miners.com/wp-admin/post.php?post=67951&action=edit" "Mozilla/5.0 (Windows NT 10.0; Win64; x64) AppleWebKit/537.36 (KHTML, like Gecko) Chrome/119.0.0.0 Safari/537.36" "0.753 Seconds"
83.99.151.66,83.99.151.66 - - [01/Apr/2025:17:29:42 +0800] "GET /products/ibelink-bm-s3-siacoin-miner-19th-s-bt-miners/ HTTP/1.1" 200 119041 "-" "Mozilla/5.0 AppleWebKit/537.36 (KHTML, like Gecko; compatible; GeedoProductSearch; +http://www.geedo.com/product-search.html) Chrome/79.0.3945.88 Safari/537.36" "1.113 Seconds"
109.230.55.105,54.38.96.37 - - [01/Apr/2025:17:29:43 +0800] "POST /wp-login.php HTTP/1.1" 200 4004 "-" "Mozilla/4.0 (compatible; MSIE 6.0; Windows NT 5.0)" "0.690 Seconds"
2601:681:8d80:a5b0:58b4:b386:5ab8:3bbe - - [01/Apr/2025:17:29:44 +0800] "GET /wp-content/cache/perfmatters/bt-miners.com/minify/f7eb62ba0996.wc-groupbuy-public.min.css HTTP/1.1" 304 0 "https://bt-miners.com/products/goldshell-byte-aleo-doge-coin-miner-bt-miners/?ref=3yrntphlqn" "Mozilla/5.0 (Windows NT 10.0; Win64; x64) AppleWebKit/537.36 (KHTML, like Gecko) Chrome/134.0.0.0 Safari/537.36" "0.000 Seconds"
2601:681:8d80:a5b0:58b4:b386:5ab8:3bbe - - [01/Apr/2025:17:29:44 +0800] "GET /wp-content/plugins/yith-woocommerce-customize-myaccount-page/plugin-fw/assets/fonts/font-awesome/fontawesome-webfont.woff2?v=4.7.0 HTTP/1.1" 304 0 "https://bt-miners.com/wp-content/plugins/yith-woocommerce-customize-myaccount-page/plugin-fw/assets/fonts/font-awesome/font-awesome.min.css?ver=4.7.0" "Mozilla/5.0 (Windows NT 10.0; Win64; x64) AppleWebKit/537.36 (KHTML, like Gecko) Chrome/134.0.0.0 Safari/537.36" "0.000 Seconds"
2601:681:8d80:a5b0:58b4:b386:5ab8:3bbe - - [01/Apr/2025:17:29:45 +0800] "POST /wp-admin/admin-ajax.php HTTP/1.1" 200 31 "https://bt-miners.com/products/goldshell-byte-aleo-doge-coin-miner-bt-miners/?ref=3yrntphlqn" "Mozilla/5.0 (Windows NT 10.0; Win64; x64) AppleWebKit/537.36 (KHTML, like Gecko) Chrome/134.0.0.0 Safari/537.36" "0.420 Seconds"
212.107.29.89 - - [01/Apr/2025:17:29:45 +0800] "POST /wp-admin/admin-ajax.php HTTP/1.1" 200 31 "https://bt-miners.com/wp-admin/options-general.php?page=perfmatters" "Mozilla/5.0 (Windows NT 10.0; Win64; x64) AppleWebKit/537.36 (KHTML, like Gecko) Chrome/122.0.0.0 Safari/537.36" "0.375 Seconds"
2601:681:8d80:a5b0:58b4:b386:5ab8:3bbe,2601:681:8d80:a5b0:58b4:b386:5ab8:3bbe - - [01/Apr/2025:17:29:45 +0800] "GET /repair/ HTTP/1.1" 200 57740 "https://bt-miners.com/products/goldshell-byte-aleo-doge-coin-miner-bt-miners/?ref=3yrntphlqn" "Mozilla/5.0 (Windows NT 10.0; Win64; x64) AppleWebKit/537.36 (KHTML, like Gecko) Chrome/134.0.0.0 Safari/537.36" "0.305 Seconds"
2601:681:8d80:a5b0:58b4:b386:5ab8:3bbe,2601:681:8d80:a5b0:58b4:b386:5ab8:3bbe - - [01/Apr/2025:17:29:46 +0800] "GET /miner-consignment/ HTTP/1.1" 200 59221 "https://bt-miners.com/products/goldshell-byte-aleo-doge-coin-miner-bt-miners/?ref=3yrntphlqn" "Mozilla/5.0 (Windows NT 10.0; Win64; x64) AppleWebKit/537.36 (KHTML, like Gecko) Chrome/134.0.0.0 Safari/537.36" "0.305 Seconds"
2601:681:8d80:a5b0:58b4:b386:5ab8:3bbe,2601:681:8d80:a5b0:58b4:b386:5ab8:3bbe - - [01/Apr/2025:17:29:47 +0800] "GET /forum/ HTTP/1.1" 200 54017 "https://bt-miners.com/products/goldshell-byte-aleo-doge-coin-miner-bt-miners/?ref=3yrntphlqn" "Mozilla/5.0 (Windows NT 10.0; Win64; x64) AppleWebKit/537.36 (KHTML, like Gecko) Chrome/134.0.0.0 Safari/537.36" "0.369 Seconds"
170.187.181.77 - - [01/Apr/2025:17:29:47 +0800] "POST /wp-admin/admin-ajax.php HTTP/1.1" 200 43 "https://bt-miners.com/wp-admin/admin.php?page=wc-settings&tab=advanced&section=keys" "Mozilla/5.0 (Windows NT 10.0; Win64; x64) AppleWebKit/537.36 (KHTML, like Gecko) Chrome/134.0.0.0 Safari/537.36" "0.359 Seconds"
2601:681:8d80:a5b0:58b4:b386:5ab8:3bbe,2601:681:8d80:a5b0:58b4:b386:5ab8:3bbe - - [01/Apr/2025:17:29:50 +0800] "GET /collections/asics-miners/ HTTP/1.1" 200 62941 "https://bt-miners.com/products/goldshell-byte-aleo-doge-coin-miner-bt-miners/?ref=3yrntphlqn" "Mozilla/5.0 (Windows NT 10.0; Win64; x64) AppleWebKit/537.36 (KHTML, like Gecko) Chrome/134.0.0.0 Safari/537.36" "0.584 Seconds"
54.158.124.156,54.158.124.156 - - [01/Apr/2025:17:29:50 +0800] "GET /?debug=kuma-uptime HTTP/1.1" 200 89420 "-" "Uptime-Kuma/1.23.16" "1.686 Seconds"
2601:681:8d80:a5b0:58b4:b386:5ab8:3bbe,2601:681:8d80:a5b0:58b4:b386:5ab8:3bbe - - [01/Apr/2025:17:29:50 +0800] "GET /daily-income-of-miners/ HTTP/1.1" 200 105251 "https://bt-miners.com/products/goldshell-byte-aleo-doge-coin-miner-bt-miners/?ref=3yrntphlqn" "Mozilla/5.0 (Windows NT 10.0; Win64; x64) AppleWebKit/537.36 (KHTML, like Gecko) Chrome/134.0.0.0 Safari/537.36" "0.655 Seconds"
83.99.151.71,83.99.151.71 - - [01/Apr/2025:17:29:50 +0800] "GET /shop/page/20/ HTTP/1.1" 200 67445 "-" "Mozilla/5.0 AppleWebKit/537.36 (KHTML, like Gecko; compatible; GeedoProductSearch; +http://www.geedo.com/product-search.html) Chrome/79.0.3945.88 Safari/537.36" "0.720 Seconds"
2601:681:8d80:a5b0:58b4:b386:5ab8:3bbe,2601:681:8d80:a5b0:58b4:b386:5ab8:3bbe - - [01/Apr/2025:17:29:50 +0800] "GET /daily-income-of-miners/ HTTP/1.1" 200 105261 "https://bt-miners.com/products/goldshell-byte-aleo-doge-coin-miner-bt-miners/?ref=3yrntphlqn" "Mozilla/5.0 (Windows NT 10.0; Win64; x64) AppleWebKit/537.36 (KHTML, like Gecko) Chrome/134.0.0.0 Safari/537.36" "0.337 Seconds"
2601:681:8d80:a5b0:58b4:b386:5ab8:3bbe - - [01/Apr/2025:17:29:51 +0800] "GET /wp-content/plugins/woocommerce/assets/images/icons/loader.svg HTTP/1.1" 304 0 "https://bt-miners.com/daily-income-of-miners/" "Mozilla/5.0 (Windows NT 10.0; Win64; x64) AppleWebKit/537.36 (KHTML, like Gecko) Chrome/134.0.0.0 Safari/537.36" "0.000 Seconds"
2601:681:8d80:a5b0:58b4:b386:5ab8:3bbe - - [01/Apr/2025:17:29:51 +0800] "GET /wp-content/cache/perfmatters/bt-miners.com/minify/d3cee26794e1.jquery-cookie-1.4.1.min.js HTTP/1.1" 304 0 "https://bt-miners.com/daily-income-of-miners/" "Mozilla/5.0 (Windows NT 10.0; Win64; x64) AppleWebKit/537.36 (KHTML, like Gecko) Chrome/134.0.0.0 Safari/537.36" "0.000 Seconds"
2601:681:8d80:a5b0:58b4:b386:5ab8:3bbe - - [01/Apr/2025:17:29:51 +0800] "GET /wjjs/bootstrap-table-1.20.2.min.js HTTP/1.1" 304 0 "https://bt-miners.com/daily-income-of-miners/" "Mozilla/5.0 (Windows NT 10.0; Win64; x64) AppleWebKit/537.36 (KHTML, like Gecko) Chrome/134.0.0.0 Safari/537.36" "0.000 Seconds"
2601:681:8d80:a5b0:58b4:b386:5ab8:3bbe - - [01/Apr/2025:17:29:51 +0800] "GET /wp-content/cache/perfmatters/bt-miners.com/minify/ba117f74e1e4.bootstrap-table-filter-control.min.js HTTP/1.1" 304 0 "https://bt-miners.com/daily-income-of-miners/" "Mozilla/5.0 (Windows NT 10.0; Win64; x64) AppleWebKit/537.36 (KHTML, like Gecko) Chrome/134.0.0.0 Safari/537.36" "0.000 Seconds"
212.107.29.89 - - [01/Apr/2025:17:29:51 +0800] "POST /wp-admin/admin-ajax.php HTTP/1.1" 200 43 "https://bt-miners.com/wp-admin/post.php?post=70267&action=edit" "Mozilla/5.0 (Windows NT 10.0; Win64; x64) AppleWebKit/537.36 (KHTML, like Gecko) Chrome/134.0.0.0 Safari/537.36" "0.397 Seconds"
170.187.181.77 - - [01/Apr/2025:17:29:52 +0800] "POST /wp-admin/admin-ajax.php HTTP/1.1" 200 58 "https://bt-miners.com/wp-admin/admin.php?page=wc-settings&tab=advanced&section=keys" "Mozilla/5.0 (Windows NT 10.0; Win64; x64) AppleWebKit/537.36 (KHTML, like Gecko) Chrome/134.0.0.0 Safari/537.36" "0.415 Seconds"
3.222.106.115 - - [01/Apr/2025:17:29:52 +0800] "POST /wp-cron.php?doing_wp_cron=1743499792.8698999881744384765625 HTTP/1.1" 200 31 "-" "WordPress/6.7.1; https://bt-miners.com" "0.000 Seconds"
2601:681:8d80:a5b0:58b4:b386:5ab8:3bbe,2601:681:8d80:a5b0:58b4:b386:5ab8:3bbe - - [01/Apr/2025:17:29:53 +0800] "GET /wp-json/wc/v2/list_income_product?Coin=All HTTP/1.1" 200 222197 "https://bt-miners.com/daily-income-of-miners/" "Mozilla/5.0 (Windows NT 10.0; Win64; x64) AppleWebKit/537.36 (KHTML, like Gecko) Chrome/134.0.0.0 Safari/537.36" "0.367 Seconds"
3.222.106.115 - - [01/Apr/2025:17:29:55 +0800] "POST /wp-cron.php?doing_wp_cron=1743499795.1241049766540527343750 HTTP/1.1" 200 31 "-" "WordPress/6.7.1; https://bt-miners.com" "0.001 Seconds"
2600:1700:17f0:d00f:553b:cc6e:6b44:9640,2600:1700:17f0:d00f:553b:cc6e:6b44:9640 - - [01/Apr/2025:17:29:56 +0800] "GET /products/goldshell-mini-doge-ii-ltc-dogecoin-miner-bt-miners/?attribute_condition=New&gad_source=1&gbraid=0AAAAABcf1msMtMjgKfP4GWFwcvemxmyeB&gclid=EAIaIQobChMI1tH07cK2jAMV1qhaBR19xwsCEAQYASABEgJE0_D_BwE HTTP/1.1" 200 124063 "https://www.google.com/" "Mozilla/5.0 (iPhone; CPU iPhone OS 17_5_1 like Mac OS X) AppleWebKit/605.1.15 (KHTML, like Gecko) Version/17.5 Mobile/15E148 Safari/604.1" "1.494 Seconds"
2600:1700:17f0:d00f:553b:cc6e:6b44:9640 - - [01/Apr/2025:17:29:56 +0800] "GET /wp-content/cache/perfmatters/bt-miners.com/fonts/UcC73FwrK3iLTeHuS_nVMrMxCp50SjIa1ZL7W0Q5nw.woff2 HTTP/1.1" 304 0 "https://bt-miners.com/products/goldshell-mini-doge-ii-ltc-dogecoin-miner-bt-miners/?attribute_condition=New&gad_source=1&gbraid=0AAAAABcf1msMtMjgKfP4GWFwcvemxmyeB&gclid=EAIaIQobChMI1tH07cK2jAMV1qhaBR19xwsCEAQYASABEgJE0_D_BwE" "Mozilla/5.0 (iPhone; CPU iPhone OS 17_5_1 like Mac OS X) AppleWebKit/605.1.15 (KHTML, like Gecko) Version/17.5 Mobile/15E148 Safari/604.1" "0.000 Seconds"
3.222.106.115 - - [01/Apr/2025:17:29:56 +0800] "POST /wp-cron.php?doing_wp_cron=1743499796.8856339454650878906250 HTTP/1.1" 200 31 "-" "WordPress/6.7.1; https://bt-miners.com" "0.001 Seconds"
240e:3b2:3232:4a70:7058:7862:f44b:6b0 - - [01/Apr/2025:17:29:57 +0800] "POST /wp-admin/admin-ajax.php HTTP/1.1" 200 43 "https://bt-miners.com/wp-admin/post.php?post=67951&action=edit" "Mozilla/5.0 (Windows NT 10.0; Win64; x64) AppleWebKit/537.36 (KHTML, like Gecko) Chrome/119.0.0.0 Safari/537.36" "0.438 Seconds"
240e:3b2:3232:4a70:7058:7862:f44b:6b0 - - [01/Apr/2025:17:29:57 +0800] "POST /wp-admin/admin-ajax.php HTTP/1.1" 200 43 "https://bt-miners.com/wp-admin/post.php?post=67951&action=edit" "Mozilla/5.0 (Windows NT 10.0; Win64; x64) AppleWebKit/537.36 (KHTML, like Gecko) Chrome/119.0.0.0 Safari/537.36" "0.811 Seconds"
3.222.106.115 - - [01/Apr/2025:17:30:01 +0800] "POST /wp-cron.php?doing_wp_cron=1743499801.5254499912261962890625 HTTP/1.1" 200 31 "-" "WordPress/6.7.1; https://bt-miners.com" "0.000 Seconds"
83.99.151.66,83.99.151.66 - - [01/Apr/2025:17:30:01 +0800] "GET /collections/spare-parts/power-supply/page/1/?display_mode=list HTTP/1.1" 301 5 "-" "Mozilla/5.0 AppleWebKit/537.36 (KHTML, like Gecko; compatible; GeedoProductSearch; +http://www.geedo.com/product-search.html) Chrome/79.0.3945.88 Safari/537.36" "0.366 Seconds"
212.107.29.89 - - [01/Apr/2025:17:30:01 +0800] "POST /wp-admin/admin-ajax.php HTTP/1.1" 200 31 "https://bt-miners.com/wp-admin/options-general.php?page=perfmatters" "Mozilla/5.0 (Windows NT 10.0; Win64; x64) AppleWebKit/537.36 (KHTML, like Gecko) Chrome/122.0.0.0 Safari/537.36" "0.472 Seconds"
83.99.151.66,83.99.151.66 - - [01/Apr/2025:17:30:02 +0800] "GET /collections/spare-parts/power-supply/?display_mode=list HTTP/1.1" 200 66628 "-" "Mozilla/5.0 AppleWebKit/537.36 (KHTML, like Gecko; compatible; GeedoProductSearch; +http://www.geedo.com/product-search.html) Chrome/79.0.3945.88 Safari/537.36" "0.727 Seconds"
212.107.29.90,212.107.29.90 - - [01/Apr/2025:17:30:04 +0800] "GET /products/antminer-replacement-gullpower-power-supply-gpw20-for-s21-s21pro/ HTTP/1.1" 200 54174 "https://bt-miners.com/products/bitmain-antminer-s21-pro-bitcoin-miner-234th-s-bt-miners/" "Mozilla/5.0 (Windows NT 10.0; Win64; x64) AppleWebKit/537.36 (KHTML, like Gecko) Chrome/134.0.0.0 Safari/537.36" "0.434 Seconds"
2600:1700:17f0:d00f:553b:cc6e:6b44:9640 - - [01/Apr/2025:17:30:05 +0800] "POST /wp-admin/admin-ajax.php HTTP/1.1" 200 31 "https://bt-miners.com/products/goldshell-mini-doge-ii-ltc-dogecoin-miner-bt-miners/?attribute_condition=New&gad_source=1&gbraid=0AAAAABcf1msMtMjgKfP4GWFwcvemxmyeB&gclid=EAIaIQobChMI1tH07cK2jAMV1qhaBR19xwsCEAQYASABEgJE0_D_BwE" "Mozilla/5.0 (iPhone; CPU iPhone OS 17_5_1 like Mac OS X) AppleWebKit/605.1.15 (KHTML, like Gecko) Version/17.5 Mobile/15E148 Safari/604.1" "0.461 Seconds"
64.233.173.166,64.233.173.166 - - [01/Apr/2025:17:30:06 +0800] "GET /.well-known/assetlinks.json HTTP/1.1" 403 134 "-" "GoogleAssociationService" "0.000 Seconds"
2a01:4f8:c013:34c0::1,2a01:4f8:c013:34c0::1 - - [01/Apr/2025:17:30:08 +0800] "HEAD /?debug=uptimerobot HTTP/1.1" 200 0 "https://bt-miners.com/?debug=uptimerobot" "Mozilla/5.0+(compatible; UptimeRobot/2.0; http://www.uptimerobot.com/)" "0.359 Seconds"
31.173.84.184,31.173.84.184 - - [01/Apr/2025:17:30:09 +0800] "GET /challenge/ HTTP/1.1" 301 5 "https://bt-miners.com/challenge/" "Mozilla/5.0 (Windows NT 10.0; Win64; x64) AppleWebKit/537.36 (KHTML, like Gecko) Chrome/131.0.0.0 Safari/537.36 Avast/131.0.0.0" "0.365 Seconds"
2a01:4f8:c013:3c56::1,2a01:4f8:c013:3c56::1 - - [01/Apr/2025:17:30:11 +0800] "HEAD /wp-admin/?debug=uptimerobot HTTP/1.1" 302 0 "https://bt-miners.com/wp-admin/?debug=uptimerobot" "Mozilla/5.0+(compatible; UptimeRobot/2.0; http://www.uptimerobot.com/)" "0.377 Seconds"
54.158.124.156,54.158.124.156 - - [01/Apr/2025:17:30:12 +0800] "GET /?debug=kuma-uptime HTTP/1.1" 200 89376 "-" "Uptime-Kuma/1.23.16" "1.629 Seconds"
2a01:4f8:c013:3c56::1,2a01:4f8:c013:3c56::1 - - [01/Apr/2025:17:30:12 +0800] "HEAD /wp-login.php?redirect_to=https%3A%2F%2Fbt-miners.com%2Fwp-admin%2F%3Fdebug%3Duptimerobot&reauth=1 HTTP/1.1" 200 0 "https://bt-miners.com/wp-admin/?debug=uptimerobot" "Mozilla/5.0+(compatible; UptimeRobot/2.0; http://www.uptimerobot.com/)" "0.332 Seconds"
31.173.84.184 - - [01/Apr/2025:17:30:12 +0800] "POST /my-account/ HTTP/1.1" 302 5 "https://bt-miners.com/my-account/" "Mozilla/5.0 (Windows NT 10.0; Win64; x64) AppleWebKit/537.36 (KHTML, like Gecko) Chrome/131.0.0.0 Safari/537.36 Avast/131.0.0.0" "0.794 Seconds"
2600:1700:17f0:d00f:553b:cc6e:6b44:9640 - - [01/Apr/2025:17:30:12 +0800] "GET /wp-content/themes/azuri/assets/js/swiper.min.js HTTP/1.1" 304 0 "https://bt-miners.com/" "Mozilla/5.0 (iPhone; CPU iPhone OS 17_5_1 like Mac OS X) AppleWebKit/605.1.15 (KHTML, like Gecko) Version/17.5 Mobile/15E148 Safari/604.1" "0.000 Seconds"
2600:1700:17f0:d00f:553b:cc6e:6b44:9640 - - [01/Apr/2025:17:30:12 +0800] "GET /wp-content/cache/perfmatters/bt-miners.com/minify/2df60b8923d6.home.min.js HTTP/1.1" 304 0 "https://bt-miners.com/" "Mozilla/5.0 (iPhone; CPU iPhone OS 17_5_1 like Mac OS X) AppleWebKit/605.1.15 (KHTML, like Gecko) Version/17.5 Mobile/15E148 Safari/604.1" "0.000 Seconds"
240e:3b2:3232:4a70:7058:7862:f44b:6b0 - - [01/Apr/2025:17:30:13 +0800] "POST /wp-admin/admin-ajax.php HTTP/1.1" 200 43 "https://bt-miners.com/wp-admin/post.php?post=67951&action=edit" "Mozilla/5.0 (Windows NT 10.0; Win64; x64) AppleWebKit/537.36 (KHTML, like Gecko) Chrome/119.0.0.0 Safari/537.36" "0.368 Seconds"
240e:3b2:3232:4a70:7058:7862:f44b:6b0 - - [01/Apr/2025:17:30:13 +0800] "POST /wp-admin/admin-ajax.php HTTP/1.1" 200 43 "https://bt-miners.com/wp-admin/post.php?post=67951&action=edit" "Mozilla/5.0 (Windows NT 10.0; Win64; x64) AppleWebKit/537.36 (KHTML, like Gecko) Chrome/119.0.0.0 Safari/537.36" "0.758 Seconds"
31.173.84.184,31.173.84.184 - - [01/Apr/2025:17:30:14 +0800] "GET /my-account/?alg_wc_ev_activate_account_message=1 HTTP/1.1" 200 70176 "https://bt-miners.com/my-account/?alg_wc_ev_activate_account_message=1" "Mozilla/5.0 (Windows NT 10.0; Win64; x64) AppleWebKit/537.36 (KHTML, like Gecko) Chrome/131.0.0.0 Safari/537.36 Avast/131.0.0.0" "0.494 Seconds"
31.173.84.184,31.173.84.184 - - [01/Apr/2025:17:30:15 +0800] "GET /my-account/ HTTP/1.1" 200 69963 "https://bt-miners.com/" "Mozilla/5.0 (Windows NT 10.0; Win64; x64) AppleWebKit/537.36 (KHTML, like Gecko) Chrome/131.0.0.0 Safari/537.36 Avast/131.0.0.0" "0.489 Seconds"
3.222.106.115 - - [01/Apr/2025:17:30:16 +0800] "POST /wp-cron.php?doing_wp_cron=1743499816.1832270622253417968750 HTTP/1.1" 200 31 "-" "WordPress/6.7.1; https://bt-miners.com" "0.000 Seconds"
174.226.36.29,174.226.36.29 - - [01/Apr/2025:17:30:16 +0800] "GET /wp-json/api/flutter_video/get_video?BTAPP=623207c9d88d2f2c84841605cd67565e&timestamp=1743499815841 HTTP/1.1" 200 13613 "-" "Dart/3.5 (dart:io)" "0.212 Seconds"
2600:1700:17f0:d00f:553b:cc6e:6b44:9640 - - [01/Apr/2025:17:30:16 +0800] "GET /wp-content/cache/perfmatters/bt-miners.com/minify/b06073c5a233.slick.min.css?ver=1.8.0 HTTP/1.1" 304 0 "https://bt-miners.com/" "Mozilla/5.0 (iPhone; CPU iPhone OS 17_5_1 like Mac OS X) AppleWebKit/605.1.15 (KHTML, like Gecko) Version/17.5 Mobile/15E148 Safari/604.1" "0.000 Seconds"
2600:1700:17f0:d00f:553b:cc6e:6b44:9640 - - [01/Apr/2025:17:30:16 +0800] "GET /wp-content/themes/azuri/assets/css/swiper.min.css HTTP/1.1" 304 0 "https://bt-miners.com/" "Mozilla/5.0 (iPhone; CPU iPhone OS 17_5_1 like Mac OS X) AppleWebKit/605.1.15 (KHTML, like Gecko) Version/17.5 Mobile/15E148 Safari/604.1" "0.000 Seconds"
2600:1700:17f0:d00f:553b:cc6e:6b44:9640 - - [01/Apr/2025:17:30:16 +0800] "GET /wp-content/cache/perfmatters/bt-miners.com/minify/5eeb5664ac07.new-home.min.css HTTP/1.1" 304 0 "https://bt-miners.com/" "Mozilla/5.0 (iPhone; CPU iPhone OS 17_5_1 like Mac OS X) AppleWebKit/605.1.15 (KHTML, like Gecko) Version/17.5 Mobile/15E148 Safari/604.1" "0.000 Seconds"
2600:1700:17f0:d00f:553b:cc6e:6b44:9640 - - [01/Apr/2025:17:30:16 +0800] "GET /wp-content/plugins/asgaros-forum/libs/fontawesome/css/all.min.css?ver=3.0.0 HTTP/1.1" 304 0 "https://bt-miners.com/" "Mozilla/5.0 (iPhone; CPU iPhone OS 17_5_1 like Mac OS X) AppleWebKit/605.1.15 (KHTML, like Gecko) Version/17.5 Mobile/15E148 Safari/604.1" "0.000 Seconds"
170.187.181.77 - - [01/Apr/2025:17:30:18 +0800] "POST /wp-admin/admin-ajax.php HTTP/1.1" 200 31 "https://bt-miners.com/wp-admin/admin.php?page=wc-settings&tab=advanced&section=keys" "Mozilla/5.0 (Windows NT 10.0; Win64; x64) AppleWebKit/537.36 (KHTML, like Gecko) Chrome/134.0.0.0 Safari/537.36" "0.508 Seconds"
83.99.151.71,83.99.151.71 - - [01/Apr/2025:17:30:20 +0800] "GET /store/hangjie-zhang-2/ HTTP/1.1" 200 41489 "-" "Mozilla/5.0 AppleWebKit/537.36 (KHTML, like Gecko; compatible; GeedoProductSearch; +http://www.geedo.com/product-search.html) Chrome/79.0.3945.88 Safari/537.36" "0.493 Seconds"
67.189.107.113,67.189.107.113 - - [01/Apr/2025:17:30:21 +0800] "GET /collections/eth-miners/ HTTP/1.1" 301 5 "https://bt-miners.com/collections/lbry-miners/" "Mozilla/5.0 (Windows NT 10.0; Win64; x64) AppleWebKit/537.36 (KHTML, like Gecko) Chrome/128.0.0.0 Safari/537.36" "0.325 Seconds"
2600:1700:17f0:d00f:553b:cc6e:6b44:9640 - - [01/Apr/2025:17:30:22 +0800] "GET /wp-content/themes/azuri/assets/images/banner-btn-item.svg HTTP/1.1" 304 0 "https://bt-miners.com/" "Mozilla/5.0 (iPhone; CPU iPhone OS 17_5_1 like Mac OS X) AppleWebKit/605.1.15 (KHTML, like Gecko) Version/17.5 Mobile/15E148 Safari/604.1" "0.000 Seconds"
2401:4900:1c68:53b8:50b5:f0aa:2647:e8d5,54.38.96.38 - - [01/Apr/2025:17:30:23 +0800] "POST /wp-login.php HTTP/1.1" 200 4004 "-" "Mozilla/4.0 (compatible; MSIE 6.0; Windows NT 5.0)" "0.674 Seconds"
3.222.106.115 - - [01/Apr/2025:17:30:23 +0800] "POST /wp-cron.php?doing_wp_cron=1743499823.2052950859069824218750 HTTP/1.1" 200 31 "-" "WordPress/6.7.1; https://bt-miners.com" "0.001 Seconds"
2a01:4f8:1c1b:5b5a::1,2a01:4f8:1c1b:5b5a::1 - - [01/Apr/2025:17:30:23 +0800] "HEAD / HTTP/1.1" 200 0 "https://bt-miners.com/" "Mozilla/5.0+(compatible; UptimeRobot/2.0; http://www.uptimerobot.com/)" "0.341 Seconds"
66.249.75.131,66.249.75.131 - - [01/Apr/2025:17:30:25 +0800] "GET /products/iceriver-ae0-aleo-miner-50mh-s-bt-miners/?attribute_condition=June+Batch&attribute_power-supply-unit=Including HTTP/1.1" 200 682493 "-" "Mozilla/5.0 (compatible; Googlebot/2.1; +http://www.google.com/bot.html)" "1.471 Seconds"
3.222.106.115 - - [01/Apr/2025:17:30:26 +0800] "POST /wp-cron.php?doing_wp_cron=1743499826.5034298896789550781250 HTTP/1.1" 200 31 "-" "WordPress/6.7.1; https://bt-miners.com" "0.000 Seconds"
66.249.75.131,66.249.75.131 - - [01/Apr/2025:17:30:27 +0800] "GET /products/iceriver-ae0-aleo-miner-50mh-s-bt-miners/?attribute_condition=June+Batch&attribute_power-supply-unit=Including HTTP/1.1" 200 121143 "-" "Mozilla/5.0 (compatible; Googlebot/2.1; +http://www.google.com/bot.html)" "1.421 Seconds"
240e:3b2:3232:4a70:7058:7862:f44b:6b0 - - [01/Apr/2025:17:30:29 +0800] "POST /wp-admin/admin-ajax.php HTTP/1.1" 200 43 "https://bt-miners.com/wp-admin/post.php?post=67951&action=edit" "Mozilla/5.0 (Windows NT 10.0; Win64; x64) AppleWebKit/537.36 (KHTML, like Gecko) Chrome/119.0.0.0 Safari/537.36" "0.443 Seconds"
240e:3b2:3232:4a70:7058:7862:f44b:6b0 - - [01/Apr/2025:17:30:29 +0800] "POST /wp-admin/admin-ajax.php HTTP/1.1" 200 43 "https://bt-miners.com/wp-admin/post.php?post=67951&action=edit" "Mozilla/5.0 (Windows NT 10.0; Win64; x64) AppleWebKit/537.36 (KHTML, like Gecko) Chrome/119.0.0.0 Safari/537.36" "0.836 Seconds"
83.99.151.71,83.99.151.71 - - [01/Apr/2025:17:30:30 +0800] "GET /collections/spare-parts/page/2/?display_mode=list HTTP/1.1" 200 67016 "-" "Mozilla/5.0 AppleWebKit/537.36 (KHTML, like Gecko; compatible; GeedoProductSearch; +http://www.geedo.com/product-search.html) Chrome/79.0.3945.88 Safari/537.36" "0.921 Seconds"
212.107.29.89 - - [01/Apr/2025:17:30:32 +0800] "POST /wp-admin/admin-ajax.php HTTP/1.1" 200 43 "https://bt-miners.com/wp-admin/post.php?post=70797&action=edit" "Mozilla/5.0 (Windows NT 10.0; Win64; x64) AppleWebKit/537.36 (KHTML, like Gecko) Chrome/122.0.0.0 Safari/537.36" "0.405 Seconds"
170.187.181.77 - - [01/Apr/2025:17:30:32 +0800] "POST /wp-admin/admin-ajax.php HTTP/1.1" 200 43 "https://bt-miners.com/wp-admin/admin.php?page=wc-settings&tab=advanced&section=keys" "Mozilla/5.0 (Windows NT 10.0; Win64; x64) AppleWebKit/537.36 (KHTML, like Gecko) Chrome/134.0.0.0 Safari/537.36" "0.372 Seconds"
174.226.36.29,174.226.36.29 - - [01/Apr/2025:17:30:33 +0800] "GET /wp-json/api/flutter_secials/get_pow_halving?timestamp=1743499831803 HTTP/1.1" 200 738 "-" "Dart/3.5 (dart:io)" "0.833 Seconds"
212.107.29.89 - - [01/Apr/2025:17:30:33 +0800] "POST /wp-admin/admin-ajax.php HTTP/1.1" 200 43 "https://bt-miners.com/wp-admin/post.php?post=70804&action=edit" "Mozilla/5.0 (Windows NT 10.0; Win64; x64) AppleWebKit/537.36 (KHTML, like Gecko) Chrome/122.0.0.0 Safari/537.36" "0.797 Seconds"
212.107.29.89 - - [01/Apr/2025:17:30:33 +0800] "POST /wp-admin/admin-ajax.php HTTP/1.1" 200 43 "https://bt-miners.com/wp-admin/options-general.php?page=cloudflare" "Mozilla/5.0 (Windows NT 10.0; Win64; x64) AppleWebKit/537.36 (KHTML, like Gecko) Chrome/122.0.0.0 Safari/537.36" "1.150 Seconds"
54.158.124.156,54.158.124.156 - - [01/Apr/2025:17:30:33 +0800] "GET /?debug=kuma-uptime HTTP/1.1" 200 89367 "-" "Uptime-Kuma/1.23.16" "1.611 Seconds"
212.107.29.90,212.107.29.90 - - [01/Apr/2025:17:30:35 +0800] "GET /about-bitcoinbtc/ HTTP/1.1" 200 48434 "https://bt-miners.com/products/bitmain-antminer-s21-pro-bitcoin-miner-234th-s-bt-miners/" "Mozilla/5.0 (Windows NT 10.0; Win64; x64) AppleWebKit/537.36 (KHTML, like Gecko) Chrome/134.0.0.0 Safari/537.36" "0.361 Seconds"
2600:1700:17f0:d00f:553b:cc6e:6b44:9640 - - [01/Apr/2025:17:30:37 +0800] "GET /wp-content/themes/azuri/assets/images/purple-dropdown-arrow.svg HTTP/1.1" 304 0 "https://bt-miners.com/collections/asics-miners/" "Mozilla/5.0 (iPhone; CPU iPhone OS 17_5_1 like Mac OS X) AppleWebKit/605.1.15 (KHTML, like Gecko) Version/17.5 Mobile/15E148 Safari/604.1" "0.000 Seconds"
2600:1700:17f0:d00f:553b:cc6e:6b44:9640 - - [01/Apr/2025:17:30:37 +0800] "GET /wp-content/themes/azuri/fonts/themify.woff HTTP/1.1" 304 0 "https://bt-miners.com/products/goldshell-mini-doge-ii-ltc-dogecoin-miner-bt-miners/?attribute_condition=New&gad_source=1&gbraid=0AAAAABcf1msMtMjgKfP4GWFwcvemxmyeB&gclid=EAIaIQobChMI1tH07cK2jAMV1qhaBR19xwsCEAQYASABEgJE0_D_BwE" "Mozilla/5.0 (iPhone; CPU iPhone OS 17_5_1 like Mac OS X) AppleWebKit/605.1.15 (KHTML, like Gecko) Version/17.5 Mobile/15E148 Safari/604.1" "0.000 Seconds"
2600:1700:17f0:d00f:553b:cc6e:6b44:9640 - - [01/Apr/2025:17:30:37 +0800] "GET /wp-content/themes/azuri/assets/images/header-ropdown-arrow.svg HTTP/1.1" 304 0 "https://bt-miners.com/collections/asics-miners/" "Mozilla/5.0 (iPhone; CPU iPhone OS 17_5_1 like Mac OS X) AppleWebKit/605.1.15 (KHTML, like Gecko) Version/17.5 Mobile/15E148 Safari/604.1" "0.000 Seconds"
3.222.106.115 - - [01/Apr/2025:17:30:37 +0800] "POST /wp-cron.php?doing_wp_cron=1743499837.8525140285491943359375 HTTP/1.1" 200 31 "-" "WordPress/6.7.1; https://bt-miners.com" "0.001 Seconds"
27.119.30.203,54.37.215.163 - - [01/Apr/2025:17:30:38 +0800] "POST /wp-login.php HTTP/1.1" 200 4004 "-" "Mozilla/4.0 (compatible; MSIE 6.0; Windows NT 5.0)" "0.721 Seconds"
212.107.29.90 - - [01/Apr/2025:17:30:39 +0800] "POST /wp-admin/admin-ajax.php HTTP/1.1" 400 0 "https://bt-miners.com/products/canaan-avalon-nano-3s-bitcoin-miner-6th-s-bt-miners/" "Mozilla/5.0 (Windows NT 10.0; Win64; x64) AppleWebKit/537.36 (KHTML, like Gecko) Chrome/134.0.0.0 Safari/537.36" "0.000 Seconds"
83.99.151.71,83.99.151.71 - - [01/Apr/2025:17:30:40 +0800] "GET /this-btc-mining-project-attracts-users-with-new-tokenomics-and-defi-opportunities-and-more/ HTTP/1.1" 200 65336 "-" "Mozilla/5.0 AppleWebKit/537.36 (KHTML, like Gecko; compatible; GeedoProductSearch; +http://www.geedo.com/product-search.html) Chrome/79.0.3945.88 Safari/537.36" "0.573 Seconds"
109.230.55.105,54.38.96.37 - - [01/Apr/2025:17:30:44 +0800] "POST /wp-login.php HTTP/1.1" 200 4004 "-" "Mozilla/4.0 (compatible; MSIE 6.0; Windows NT 5.0)" "0.696 Seconds"
170.187.181.77 - - [01/Apr/2025:17:30:47 +0800] "POST /wp-admin/admin-ajax.php HTTP/1.1" 200 31 "https://bt-miners.com/wp-admin/admin.php?page=wc-settings&tab=advanced&section=keys" "Mozilla/5.0 (Windows NT 10.0; Win64; x64) AppleWebKit/537.36 (KHTML, like Gecko) Chrome/134.0.0.0 Safari/537.36" "0.352 Seconds"
2600:1700:17f0:d00f:553b:cc6e:6b44:9640,2600:1700:17f0:d00f:553b:cc6e:6b44:9640 - - [01/Apr/2025:17:30:48 +0800] "GET /collections/asics-miners/?display_mode=grid HTTP/1.1" 200 67693 "https://bt-miners.com/collections/asics-miners/" "Mozilla/5.0 (iPhone; CPU iPhone OS 17_5_1 like Mac OS X) AppleWebKit/605.1.15 (KHTML, like Gecko) Version/17.5 Mobile/15E148 Safari/604.1" "0.965 Seconds"
212.107.29.89 - - [01/Apr/2025:17:30:48 +0800] "POST /wp-admin/admin-ajax.php HTTP/1.1" 200 43 "https://bt-miners.com/wp-admin/options-general.php?page=cloudflare" "Mozilla/5.0 (Windows NT 10.0; Win64; x64) AppleWebKit/537.36 (KHTML, like Gecko) Chrome/122.0.0.0 Safari/537.36" "0.392 Seconds"
240e:3b2:3232:4a70:7058:7862:f44b:6b0 - - [01/Apr/2025:17:30:50 +0800] "POST /wp-admin/admin-ajax.php HTTP/1.1" 200 58 "https://bt-miners.com/wp-admin/" "Mozilla/5.0 (Windows NT 10.0; Win64; x64) AppleWebKit/537.36 (KHTML, like Gecko) Chrome/119.0.0.0 Safari/537.36" "0.451 Seconds"
54.37.215.166,54.37.215.166 - - [01/Apr/2025:17:30:50 +0800] "GET /forum/topic/commerzbank-and-crypto-finance-offer-digital-assets-in-corporate-banking/ HTTP/1.1" 200 59911 "-" "Mozilla/5.0 (compatible; AhrefsBot/7.0; +http://ahrefs.com/robot/)" "0.525 Seconds"
240e:3b2:3232:4a70:7058:7862:f44b:6b0 - - [01/Apr/2025:17:30:50 +0800] "POST /wp-admin/admin-ajax.php HTTP/1.1" 400 11 "https://bt-miners.com/wp-admin/" "Mozilla/5.0 (Windows NT 10.0; Win64; x64) AppleWebKit/537.36 (KHTML, like Gecko) Chrome/119.0.0.0 Safari/537.36" "0.370 Seconds"
83.99.151.71,83.99.151.71 - - [01/Apr/2025:17:30:50 +0800] "GET /products/ibelink-bm-n3-max-ckb-miner-30th-s-bt-miners/ HTTP/1.1" 200 118807 "-" "Mozilla/5.0 AppleWebKit/537.36 (KHTML, like Gecko; compatible; GeedoProductSearch; +http://www.geedo.com/product-search.html) Chrome/79.0.3945.88 Safari/537.36" "0.997 Seconds"
240e:3b2:3232:4a70:7058:7862:f44b:6b0 - - [01/Apr/2025:17:30:51 +0800] "POST /wp-admin/admin-ajax.php HTTP/1.1" 200 43 "https://bt-miners.com/wp-admin/post.php?post=67951&action=edit" "Mozilla/5.0 (Windows NT 10.0; Win64; x64) AppleWebKit/537.36 (KHTML, like Gecko) Chrome/119.0.0.0 Safari/537.36" "0.457 Seconds"
212.107.29.89 - - [01/Apr/2025:17:30:51 +0800] "POST /wp-admin/admin-ajax.php HTTP/1.1" 200 43 "https://bt-miners.com/wp-admin/post.php?post=70267&action=edit" "Mozilla/5.0 (Windows NT 10.0; Win64; x64) AppleWebKit/537.36 (KHTML, like Gecko) Chrome/134.0.0.0 Safari/537.36" "0.389 Seconds"
