240e:3b2:3232:4a70:7058:7862:f44b:6b0 - - [01/Apr/2025:16:28:41 +0800] "POST /wp-admin/admin-ajax.php HTTP/1.1" 200 43 "https://bt-miners.com/wp-admin/post.php?post=67951&action=edit" "Mozilla/5.0 (Windows NT 10.0; Win64; x64) AppleWebKit/537.36 (KHTML, like Gecko) Chrome/119.0.0.0 Safari/537.36" "0.414 Seconds"
188.166.118.38,188.166.118.38 - - [01/Apr/2025:16:28:41 +0800] "GET /simple.php HTTP/1.1" 404 196 "-" "Mozilla/5.0 (Windows NT 10.0; Win64; x64) AppleWebKit/537.36 (KHTML, like Gecko) Chrome/58.0.3029.110 Safari/537.36" "0.000 Seconds"
40.77.167.156,40.77.167.156 - - [01/Apr/2025:16:28:41 +0800] "GET /collections/asics-miners/?attribute_miner-hashrate=5.3G&attribute_condition=April+Batch&gad_source=5&display_mode=grid HTTP/1.1" 200 67869 "-" "Mozilla/5.0 AppleWebKit/537.36 (KHTML, like Gecko; compatible; bingbot/2.0; +http://www.bing.com/bingbot.htm) Chrome/116.0.1938.76 Safari/537.36" "0.913 Seconds"
2a09:bac3:bd7e:1923::281:34,2a09:bac3:bd7e:1923::281:34 - - [01/Apr/2025:16:28:44 +0800] "GET / HTTP/1.1" 200 81678 "-" "Mozilla/5.0 (iPhone; CPU iPhone OS 18_4 like Mac OS X) AppleWebKit/605.1.15 (KHTML, like Gecko) Version/18.4 Mobile/15E148 Safari/604.1" "1.233 Seconds"
66.102.9.227,66.102.9.227 - - [01/Apr/2025:16:28:44 +0800] "GET /.well-known/assetlinks.json HTTP/1.1" 403 134 "-" "GoogleAssociationService" "0.000 Seconds"
83.99.151.67,83.99.151.67 - - [01/Apr/2025:16:28:46 +0800] "GET /products/antminer-t17-58t-bitcoin-miner/ HTTP/1.1" 200 116067 "-" "Mozilla/5.0 AppleWebKit/537.36 (KHTML, like Gecko; compatible; GeedoProductSearch; +http://www.geedo.com/product-search.html) Chrome/79.0.3945.88 Safari/537.36" "1.064 Seconds"
66.249.75.131,66.249.75.131 - - [01/Apr/2025:16:28:46 +0800] "GET /products/bitmain-antminer-s19j-pro-bitcoin-miner-117-120th-s-bt-miners/?attribute_miner-hashrate=117T&attribute_condition=In+stock HTTP/1.1" 200 644600 "-" "Mozilla/5.0 (Linux; Android 6.0.1; Nexus 5X Build/MMB29P) AppleWebKit/537.36 (KHTML, like Gecko) Chrome/134.0.6998.165 Mobile Safari/537.36 (compatible; Googlebot/2.1; +http://www.google.com/bot.html)" "1.169 Seconds"
188.166.118.38,188.166.118.38 - - [01/Apr/2025:16:28:47 +0800] "GET /text.php HTTP/1.1" 404 196 "-" "Mozilla/5.0 (Windows NT 10.0; Win64; x64) AppleWebKit/537.36 (KHTML, like Gecko) Chrome/58.0.3029.110 Safari/537.36" "0.000 Seconds"
66.249.75.131,66.249.75.131 - - [01/Apr/2025:16:28:48 +0800] "GET /products/bitmain-antminer-s19j-pro-bitcoin-miner-117-120th-s-bt-miners/?attribute_miner-hashrate=117T&attribute_condition=In+stock HTTP/1.1" 200 117638 "-" "Mozilla/5.0 (Linux; Android 6.0.1; Nexus 5X Build/MMB29P) AppleWebKit/537.36 (KHTML, like Gecko) Chrome/134.0.6998.165 Mobile Safari/537.36 (compatible; Googlebot/2.1; +http://www.google.com/bot.html)" "1.126 Seconds"
2a09:bac3:bd7e:1923::281:34,2a09:bac3:bd7e:1923::281:34 - - [01/Apr/2025:16:28:48 +0800] "GET / HTTP/1.1" 200 81701 "-" "Mozilla/5.0 (iPhone; CPU iPhone OS 18_4 like Mac OS X) AppleWebKit/605.1.15 (KHTML, like Gecko) Version/18.4 Mobile/15E148 Safari/604.1" "1.179 Seconds"
66.249.75.130,66.249.75.130 - - [01/Apr/2025:16:28:49 +0800] "GET /products/bitmain-antminer-s19j-pro-bitcoin-miner-117-120th-s-bt-miners/?attribute_miner-hashrate=117T&attribute_condition=In+stock HTTP/1.1" 200 643798 "-" "Mozilla/5.0 (compatible; Googlebot/2.1; +http://www.google.com/bot.html)" "1.167 Seconds"
188.166.118.38,188.166.118.38 - - [01/Apr/2025:16:28:50 +0800] "GET /wp-admin/0x1.php HTTP/1.1" 404 196 "-" "Mozilla/5.0 (Windows NT 10.0; Win64; x64) AppleWebKit/537.36 (KHTML, like Gecko) Chrome/58.0.3029.110 Safari/537.36" "0.000 Seconds"
66.249.75.130,66.249.75.130 - - [01/Apr/2025:16:28:50 +0800] "GET /products/bitmain-antminer-s19j-pro-bitcoin-miner-117-120th-s-bt-miners/?attribute_miner-hashrate=117T&attribute_condition=In+stock HTTP/1.1" 200 117495 "-" "Mozilla/5.0 (compatible; Googlebot/2.1; +http://www.google.com/bot.html)" "1.050 Seconds"
212.107.29.89 - - [01/Apr/2025:16:28:52 +0800] "POST /wp-admin/admin-ajax.php HTTP/1.1" 200 31 "https://bt-miners.com/wp-admin/post.php?post=70267&action=edit" "Mozilla/5.0 (Windows NT 10.0; Win64; x64) AppleWebKit/537.36 (KHTML, like Gecko) Chrome/134.0.0.0 Safari/537.36" "0.428 Seconds"
3.222.106.115 - - [01/Apr/2025:16:28:56 +0800] "POST /wp-cron.php?doing_wp_cron=1743496136.3152530193328857421875 HTTP/1.1" 200 31 "-" "WordPress/6.7.1; https://bt-miners.com" "0.000 Seconds"
83.99.151.67,83.99.151.67 - - [01/Apr/2025:16:28:56 +0800] "GET /collections/alephium-miner/?display_mode=grid HTTP/1.1" 200 67416 "-" "Mozilla/5.0 AppleWebKit/537.36 (KHTML, like Gecko; compatible; GeedoProductSearch; +http://www.geedo.com/product-search.html) Chrome/79.0.3945.88 Safari/537.36" "0.865 Seconds"
5.34.216.107 - - [01/Apr/2025:16:28:58 +0800] "POST /wp-admin/admin-ajax.php HTTP/1.1" 200 43 "https://bt-miners.com/wp-admin/edit.php?s=bitcoin&post_status=all&post_type=post&m=0&cat=0&paged=1" "Mozilla/5.0 (Windows NT 10.0; Win64; x64) AppleWebKit/537.36 (KHTML, like Gecko) Chrome/134.0.0.0 Safari/537.36" "0.408 Seconds"
188.166.118.38,188.166.118.38 - - [01/Apr/2025:16:28:58 +0800] "GET /content.php HTTP/1.1" 404 196 "-" "Mozilla/5.0 (Windows NT 10.0; Win64; x64) AppleWebKit/537.36 (KHTML, like Gecko) Chrome/58.0.3029.110 Safari/537.36" "0.000 Seconds"
240e:3b2:3232:4a70:7058:7862:f44b:6b0 - - [01/Apr/2025:16:28:58 +0800] "POST /wp-admin/admin-ajax.php HTTP/1.1" 200 43 "https://bt-miners.com/wp-admin/post.php?post=67951&action=edit" "Mozilla/5.0 (Windows NT 10.0; Win64; x64) AppleWebKit/537.36 (KHTML, like Gecko) Chrome/119.0.0.0 Safari/537.36" "0.340 Seconds"
2a01:4f8:c013:3c55::1,2a01:4f8:c013:3c55::1 - - [01/Apr/2025:16:28:59 +0800] "HEAD /?nocache=1 HTTP/1.1" 200 0 "https://bt-miners.com/?nocache=1" "Mozilla/5.0+(compatible; UptimeRobot/2.0; http://www.uptimerobot.com/)" "0.356 Seconds"
54.158.124.156,54.158.124.156 - - [01/Apr/2025:16:29:01 +0800] "GET /?debug=kuma-uptime HTTP/1.1" 200 89339 "-" "Uptime-Kuma/1.23.16" "1.578 Seconds"
54.38.96.38,54.38.96.38 - - [01/Apr/2025:16:29:02 +0800] "GET /forum/topic/revolution-mining/ HTTP/1.1" 200 58603 "-" "Mozilla/5.0 (compatible; AhrefsBot/7.0; +http://ahrefs.com/robot/)" "0.503 Seconds"
212.107.29.89 - - [01/Apr/2025:16:29:02 +0800] "POST /wp-admin/admin-ajax.php HTTP/1.1" 200 43 "https://bt-miners.com/wp-admin/options-general.php?page=cloudflare" "Mozilla/5.0 (Windows NT 10.0; Win64; x64) AppleWebKit/537.36 (KHTML, like Gecko) Chrome/122.0.0.0 Safari/537.36" "0.419 Seconds"
2a01:4f8:c013:3c52::1,2a01:4f8:c013:3c52::1 - - [01/Apr/2025:16:29:02 +0800] "HEAD / HTTP/1.1" 200 0 "https://bt-miners.com/" "Mozilla/5.0+(compatible; UptimeRobot/2.0; http://www.uptimerobot.com/)" "0.318 Seconds"
2a01:4f8:c013:3c56::1,2a01:4f8:c013:3c56::1 - - [01/Apr/2025:16:29:02 +0800] "HEAD /wp-admin?nocache=1 HTTP/1.1" 301 0 "https://bt-miners.com/wp-admin?nocache=1" "Mozilla/5.0+(compatible; UptimeRobot/2.0; http://www.uptimerobot.com/)" "0.000 Seconds"
188.166.118.38,188.166.118.38 - - [01/Apr/2025:16:29:03 +0800] "GET /wp-admin/autoload_classmap.php HTTP/1.1" 404 196 "-" "Mozilla/5.0 (Windows NT 10.0; Win64; x64) AppleWebKit/537.36 (KHTML, like Gecko) Chrome/58.0.3029.110 Safari/537.36" "0.000 Seconds"
3.222.106.115 - - [01/Apr/2025:16:29:03 +0800] "POST /wp-cron.php?doing_wp_cron=1743496143.6673860549926757812500 HTTP/1.1" 200 31 "-" "WordPress/6.7.1; https://bt-miners.com" "0.001 Seconds"
2a01:4f8:c013:3c56::1,2a01:4f8:c013:3c56::1 - - [01/Apr/2025:16:29:03 +0800] "HEAD /wp-admin/?nocache=1 HTTP/1.1" 302 0 "https://bt-miners.com/wp-admin?nocache=1" "Mozilla/5.0+(compatible; UptimeRobot/2.0; http://www.uptimerobot.com/)" "0.415 Seconds"
2a01:4f8:c013:3c56::1,2a01:4f8:c013:3c56::1 - - [01/Apr/2025:16:29:04 +0800] "HEAD /wp-login.php?redirect_to=https%3A%2F%2Fbt-miners.com%2Fwp-admin%2F%3Fnocache%3D1&reauth=1 HTTP/1.1" 200 0 "https://bt-miners.com/wp-admin?nocache=1" "Mozilla/5.0+(compatible; UptimeRobot/2.0; http://www.uptimerobot.com/)" "0.366 Seconds"
83.99.151.67,83.99.151.67 - - [01/Apr/2025:16:29:05 +0800] "GET /wp-login.php?redirect_to=https%3A%2F%2Fbt-miners.com%2Frevenue-constraints-will-drive-bitcoin-mining-to-sustainability-and-more%2F HTTP/1.1" 200 3915 "-" "Mozilla/5.0 AppleWebKit/537.36 (KHTML, like Gecko; compatible; GeedoProductSearch; +http://www.geedo.com/product-search.html) Chrome/79.0.3945.88 Safari/537.36" "0.370 Seconds"
188.166.118.38,188.166.118.38 - - [01/Apr/2025:16:29:14 +0800] "GET /ccx/index.php HTTP/1.1" 404 196 "-" "Mozilla/5.0 (Windows NT 10.0; Win64; x64) AppleWebKit/537.36 (KHTML, like Gecko) Chrome/58.0.3029.110 Safari/537.36" "0.000 Seconds"
240e:3b2:3232:4a70:7058:7862:f44b:6b0 - - [01/Apr/2025:16:29:14 +0800] "POST /wp-admin/admin-ajax.php HTTP/1.1" 200 31 "https://bt-miners.com/wp-admin/post.php?post=67951&action=edit" "Mozilla/5.0 (Windows NT 10.0; Win64; x64) AppleWebKit/537.36 (KHTML, like Gecko) Chrome/119.0.0.0 Safari/537.36" "0.438 Seconds"
188.33.2.172 - - [01/Apr/2025:16:29:17 +0800] "GET /wp-content/themes/azuri/css/woocommerce-smallscreen.css HTTP/1.1" 200 7111 "https://bt-miners.com/products/iceriver-ae0-aleo-miner-50mh-s-bt-miners/" "Mozilla/5.0 (Linux; Android 10; K) AppleWebKit/537.36 (KHTML, like Gecko) SamsungBrowser/27.0 Chrome/125.0.0.0 Mobile Safari/537.36" "0.000 Seconds"
188.33.2.172 - - [01/Apr/2025:16:29:17 +0800] "GET /wp-includes/js/jquery/jquery.min.js?debug=20250324 HTTP/1.1" 200 87553 "https://bt-miners.com/products/iceriver-ae0-aleo-miner-50mh-s-bt-miners/" "Mozilla/5.0 (Linux; Android 10; K) AppleWebKit/537.36 (KHTML, like Gecko) SamsungBrowser/27.0 Chrome/125.0.0.0 Mobile Safari/537.36" "0.002 Seconds"
3.222.106.115 - - [01/Apr/2025:16:29:18 +0800] "POST /wp-cron.php?doing_wp_cron=1743496158.5879390239715576171875 HTTP/1.1" 200 31 "-" "WordPress/6.7.1; https://bt-miners.com" "0.001 Seconds"
212.107.29.89 - - [01/Apr/2025:16:29:18 +0800] "POST /wp-admin/admin-ajax.php HTTP/1.1" 200 43 "https://bt-miners.com/wp-admin/options-general.php?page=cloudflare" "Mozilla/5.0 (Windows NT 10.0; Win64; x64) AppleWebKit/537.36 (KHTML, like Gecko) Chrome/122.0.0.0 Safari/537.36" "0.465 Seconds"
188.166.118.38,188.166.118.38 - - [01/Apr/2025:16:29:19 +0800] "GET /wp-admin/images/plugins.php HTTP/1.1" 404 196 "-" "Mozilla/5.0 (Windows NT 10.0; Win64; x64) AppleWebKit/537.36 (KHTML, like Gecko) Chrome/58.0.3029.110 Safari/537.36" "0.000 Seconds"
54.158.124.156,54.158.124.156 - - [01/Apr/2025:16:29:23 +0800] "GET /?debug=kuma-uptime HTTP/1.1" 200 89387 "-" "Uptime-Kuma/1.23.16" "1.600 Seconds"
188.166.118.38,188.166.118.38 - - [01/Apr/2025:16:29:23 +0800] "GET /wp-admin/index.php HTTP/1.1" 302 5 "-" "Mozilla/5.0 (Windows NT 10.0; Win64; x64) AppleWebKit/537.36 (KHTML, like Gecko) Chrome/58.0.3029.110 Safari/537.36" "0.405 Seconds"
188.166.118.38,188.166.118.38 - - [01/Apr/2025:16:29:24 +0800] "GET /wp-login.php?redirect_to=https://bt-miners.com/wp-admin/index.php&reauth=1 HTTP/1.1" 200 3875 "-" "Mozilla/5.0 (Windows NT 10.0; Win64; x64) AppleWebKit/537.36 (KHTML, like Gecko) Chrome/58.0.3029.110 Safari/537.36" "0.378 Seconds"
3.222.106.115 - - [01/Apr/2025:16:29:25 +0800] "POST /wp-cron.php?doing_wp_cron=1743496165.0348069667816162109375 HTTP/1.1" 200 31 "-" "WordPress/6.7.1; https://bt-miners.com" "0.000 Seconds"
42.114.27.174,42.114.27.174 - - [01/Apr/2025:16:29:25 +0800] "GET /wp-json/wc/v2/list_income_product?Coin=All HTTP/1.1" 200 219442 "https://bt-miners.com/daily-income-of-miners/" "Mozilla/5.0 (Windows NT 10.0; Win64; x64) AppleWebKit/537.36 (KHTML, like Gecko) Chrome/133.0.0.0 Safari/537.36" "0.863 Seconds"
188.166.118.38,188.166.118.38 - - [01/Apr/2025:16:29:28 +0800] "GET /wp-admin/css/colors/midnight/wp-admin.php HTTP/1.1" 404 196 "-" "Mozilla/5.0 (Windows NT 10.0; Win64; x64) AppleWebKit/537.36 (KHTML, like Gecko) Chrome/58.0.3029.110 Safari/537.36" "0.000 Seconds"
83.99.151.64,83.99.151.64 - - [01/Apr/2025:16:29:29 +0800] "GET /shop/page/2/ HTTP/1.1" 200 66829 "-" "Mozilla/5.0 AppleWebKit/537.36 (KHTML, like Gecko; compatible; GeedoProductSearch; +http://www.geedo.com/product-search.html) Chrome/79.0.3945.88 Safari/537.36" "0.833 Seconds"
240e:3b2:3232:4a70:7058:7862:f44b:6b0 - - [01/Apr/2025:16:29:30 +0800] "POST /wp-admin/admin-ajax.php HTTP/1.1" 200 31 "https://bt-miners.com/wp-admin/post.php?post=67951&action=edit" "Mozilla/5.0 (Windows NT 10.0; Win64; x64) AppleWebKit/537.36 (KHTML, like Gecko) Chrome/119.0.0.0 Safari/537.36" "0.375 Seconds"
66.249.75.130,66.249.75.130 - - [01/Apr/2025:16:29:30 +0800] "GET /products/lucky-miner-lv08-bitcoin-miner-4-5th-s-bt-miners/?attribute_miner-hashrate=4.5T&attribute_condition=In+Stock HTTP/1.1" 200 625361 "-" "Mozilla/5.0 (compatible; Googlebot/2.1; +http://www.google.com/bot.html)" "0.956 Seconds"
188.166.118.38,188.166.118.38 - - [01/Apr/2025:16:29:30 +0800] "GET /wp-admin/css/wp-login.php HTTP/1.1" 404 196 "-" "Mozilla/5.0 (Windows NT 10.0; Win64; x64) AppleWebKit/537.36 (KHTML, like Gecko) Chrome/58.0.3029.110 Safari/537.36" "0.000 Seconds"
3.222.106.115 - - [01/Apr/2025:16:29:31 +0800] "POST /wp-admin/admin-ajax.php?action=as_async_request_queue_runner&nonce=e275856450 HTTP/1.1" 499 0 "-" "WordPress/6.7.1; https://bt-miners.com" "0.978 Seconds"
66.249.75.130,66.249.75.130 - - [01/Apr/2025:16:29:31 +0800] "GET /products/lucky-miner-lv08-bitcoin-miner-4-5th-s-bt-miners/?attribute_miner-hashrate=4.5T&attribute_condition=In+Stock HTTP/1.1" 200 115835 "-" "Mozilla/5.0 (compatible; Googlebot/2.1; +http://www.google.com/bot.html)" "0.882 Seconds"
66.249.75.130,66.249.75.130 - - [01/Apr/2025:16:29:31 +0800] "GET /about-lbry/ HTTP/1.1" 200 270232 "-" "Mozilla/5.0 (Linux; Android 6.0.1; Nexus 5X Build/MMB29P) AppleWebKit/537.36 (KHTML, like Gecko) Chrome/134.0.6998.165 Mobile Safari/537.36 (compatible; Googlebot/2.1; +http://www.google.com/bot.html)" "0.501 Seconds"
212.107.29.89 - - [01/Apr/2025:16:29:34 +0800] "POST /wp-admin/admin-ajax.php HTTP/1.1" 200 43 "https://bt-miners.com/wp-admin/options-general.php?page=cloudflare" "Mozilla/5.0 (Windows NT 10.0; Win64; x64) AppleWebKit/537.36 (KHTML, like Gecko) Chrome/122.0.0.0 Safari/537.36" "0.455 Seconds"
188.166.118.38,188.166.118.38 - - [01/Apr/2025:16:29:35 +0800] "GET /wp-admin.php HTTP/1.1" 404 196 "-" "Mozilla/5.0 (Windows NT 10.0; Win64; x64) AppleWebKit/537.36 (KHTML, like Gecko) Chrome/58.0.3029.110 Safari/537.36" "0.000 Seconds"
212.107.29.90 - - [01/Apr/2025:16:29:37 +0800] "GET /wp-includes/css/admin-bar.min.css?ver=a53d61b19d1e048adadfb3f4c418ba92 HTTP/1.1" 200 20182 "https://bt-miners.com/products/canaan-avalon-q-bitcoin-miner-90th-s-bt-miners/" "Mozilla/5.0 (Windows NT 10.0; Win64; x64) AppleWebKit/537.36 (KHTML, like Gecko) Chrome/134.0.0.0 Safari/537.36" "0.000 Seconds"
212.107.29.90 - - [01/Apr/2025:16:29:37 +0800] "GET /wp-content/cache/perfmatters/bt-miners.com/minify/0b565b83989b.query-monitor.min.css?ver=3.17.0 HTTP/1.1" 200 44004 "https://bt-miners.com/products/canaan-avalon-q-bitcoin-miner-90th-s-bt-miners/" "Mozilla/5.0 (Windows NT 10.0; Win64; x64) AppleWebKit/537.36 (KHTML, like Gecko) Chrome/134.0.0.0 Safari/537.36" "0.000 Seconds"
212.107.29.90 - - [01/Apr/2025:16:29:37 +0800] "GET /wp-content/plugins/all-in-one-seo-pack-pro/dist/Pro/assets/css/admin-bar.bbffe8bd.css?ver=4.7.8 HTTP/1.1" 200 8019 "https://bt-miners.com/products/canaan-avalon-q-bitcoin-miner-90th-s-bt-miners/" "Mozilla/5.0 (Windows NT 10.0; Win64; x64) AppleWebKit/537.36 (KHTML, like Gecko) Chrome/134.0.0.0 Safari/537.36" "0.000 Seconds"
212.107.29.90 - - [01/Apr/2025:16:29:37 +0800] "GET /wp-content/cache/perfmatters/bt-miners.com/minify/d3acaedcdbdd.admin-bar.min.css?ver=6.9.9 HTTP/1.1" 200 89 "https://bt-miners.com/products/canaan-avalon-q-bitcoin-miner-90th-s-bt-miners/" "Mozilla/5.0 (Windows NT 10.0; Win64; x64) AppleWebKit/537.36 (KHTML, like Gecko) Chrome/134.0.0.0 Safari/537.36" "0.000 Seconds"
212.107.29.90 - - [01/Apr/2025:16:29:37 +0800] "GET /wp-content/plugins/broken-link-checker-seo/dist/assets/css/highlighter.KPFK1gbx.css?ver=1.2.3 HTTP/1.1" 200 220 "https://bt-miners.com/products/canaan-avalon-q-bitcoin-miner-90th-s-bt-miners/" "Mozilla/5.0 (Windows NT 10.0; Win64; x64) AppleWebKit/537.36 (KHTML, like Gecko) Chrome/134.0.0.0 Safari/537.36" "0.000 Seconds"
212.107.29.90,212.107.29.90 - - [01/Apr/2025:16:29:37 +0800] "GET /products/canaan-avalon-q-bitcoin-miner-90th-s-bt-miners/ HTTP/1.1" 200 309367 "-" "Mozilla/5.0 (Windows NT 10.0; Win64; x64) AppleWebKit/537.36 (KHTML, like Gecko) Chrome/134.0.0.0 Safari/537.36" "1.832 Seconds"
212.107.29.90 - - [01/Apr/2025:16:29:37 +0800] "GET /wp-content/plugins/all-in-one-seo-pack-pro/dist/Pro/assets/css/Caret.97928141.css?ver=4.7.8 HTTP/1.1" 200 6460 "https://bt-miners.com/products/canaan-avalon-q-bitcoin-miner-90th-s-bt-miners/" "Mozilla/5.0 (Windows NT 10.0; Win64; x64) AppleWebKit/537.36 (KHTML, like Gecko) Chrome/134.0.0.0 Safari/537.36" "0.000 Seconds"
212.107.29.90 - - [01/Apr/2025:16:29:38 +0800] "GET /wp-content/plugins/all-in-one-seo-pack-pro/dist/Pro/assets/css/Tabs.a9f48f04.css?ver=4.7.8 HTTP/1.1" 200 7439 "https://bt-miners.com/products/canaan-avalon-q-bitcoin-miner-90th-s-bt-miners/" "Mozilla/5.0 (Windows NT 10.0; Win64; x64) AppleWebKit/537.36 (KHTML, like Gecko) Chrome/134.0.0.0 Safari/537.36" "0.000 Seconds"
212.107.29.90 - - [01/Apr/2025:16:29:38 +0800] "GET /wp-content/plugins/all-in-one-seo-pack-pro/dist/Pro/assets/css/GoogleSearchPreview.022beafc.css?ver=4.7.8 HTTP/1.1" 200 5982 "https://bt-miners.com/products/canaan-avalon-q-bitcoin-miner-90th-s-bt-miners/" "Mozilla/5.0 (Windows NT 10.0; Win64; x64) AppleWebKit/537.36 (KHTML, like Gecko) Chrome/134.0.0.0 Safari/537.36" "0.000 Seconds"
212.107.29.90 - - [01/Apr/2025:16:29:38 +0800] "GET /wp-content/plugins/all-in-one-seo-pack-pro/dist/Pro/assets/css/FacebookPreview.a19706d8.css?ver=4.7.8 HTTP/1.1" 200 4088 "https://bt-miners.com/products/canaan-avalon-q-bitcoin-miner-90th-s-bt-miners/" "Mozilla/5.0 (Windows NT 10.0; Win64; x64) AppleWebKit/537.36 (KHTML, like Gecko) Chrome/134.0.0.0 Safari/537.36" "0.000 Seconds"
212.107.29.90 - - [01/Apr/2025:16:29:38 +0800] "GET /wp-content/plugins/all-in-one-seo-pack-pro/dist/Pro/assets/css/seo-preview.202e7eb5.css?ver=4.7.8 HTTP/1.1" 200 16545 "https://bt-miners.com/products/canaan-avalon-q-bitcoin-miner-90th-s-bt-miners/" "Mozilla/5.0 (Windows NT 10.0; Win64; x64) AppleWebKit/537.36 (KHTML, like Gecko) Chrome/134.0.0.0 Safari/537.36" "0.000 Seconds"
212.107.29.90 - - [01/Apr/2025:16:29:38 +0800] "GET /wp-content/plugins/all-in-one-seo-pack-pro/dist/Pro/assets/css/TwitterPreview.171ce642.css?ver=4.7.8 HTTP/1.1" 200 4846 "https://bt-miners.com/products/canaan-avalon-q-bitcoin-miner-90th-s-bt-miners/" "Mozilla/5.0 (Windows NT 10.0; Win64; x64) AppleWebKit/537.36 (KHTML, like Gecko) Chrome/134.0.0.0 Safari/537.36" "0.000 Seconds"
212.107.29.90 - - [01/Apr/2025:16:29:38 +0800] "GET /wp-content/plugins/all-in-one-seo-pack-pro/dist/Pro/assets/css/ProBadge.6500bcec.css?ver=4.7.8 HTTP/1.1" 200 183 "https://bt-miners.com/products/canaan-avalon-q-bitcoin-miner-90th-s-bt-miners/" "Mozilla/5.0 (Windows NT 10.0; Win64; x64) AppleWebKit/537.36 (KHTML, like Gecko) Chrome/134.0.0.0 Safari/537.36" "0.000 Seconds"
212.107.29.90 - - [01/Apr/2025:16:29:38 +0800] "GET /wp-content/plugins/all-in-one-seo-pack-pro/dist/Pro/assets/css/Index.e7e7e5d8.css?ver=4.7.8 HTTP/1.1" 200 4639 "https://bt-miners.com/products/canaan-avalon-q-bitcoin-miner-90th-s-bt-miners/" "Mozilla/5.0 (Windows NT 10.0; Win64; x64) AppleWebKit/537.36 (KHTML, like Gecko) Chrome/134.0.0.0 Safari/537.36" "0.000 Seconds"
212.107.29.90 - - [01/Apr/2025:16:29:38 +0800] "GET /wp-content/plugins/all-in-one-seo-pack-pro/dist/Pro/assets/css/app.c0f6e720.css?ver=4.7.8 HTTP/1.1" 200 21036 "https://bt-miners.com/products/canaan-avalon-q-bitcoin-miner-90th-s-bt-miners/" "Mozilla/5.0 (Windows NT 10.0; Win64; x64) AppleWebKit/537.36 (KHTML, like Gecko) Chrome/134.0.0.0 Safari/537.36" "0.000 Seconds"
212.107.29.90 - - [01/Apr/2025:16:29:38 +0800] "GET /wp-content/cache/perfmatters/bt-miners.com/minify/34293040e5d1.query-monitor.min.js?ver=3.17.0 HTTP/1.1" 200 16577 "https://bt-miners.com/products/canaan-avalon-q-bitcoin-miner-90th-s-bt-miners/" "Mozilla/5.0 (Windows NT 10.0; Win64; x64) AppleWebKit/537.36 (KHTML, like Gecko) Chrome/134.0.0.0 Safari/537.36" "0.000 Seconds"
66.102.9.228,66.102.9.228 - - [01/Apr/2025:16:29:38 +0800] "GET /.well-known/assetlinks.json HTTP/1.1" 403 134 "-" "GoogleAssociationService" "0.000 Seconds"
212.107.29.90 - - [01/Apr/2025:16:29:38 +0800] "GET /wp-content/plugins/broken-link-checker-seo/dist/assets/highlighter-ZgskTT8j.js?ver=1.2.3 HTTP/1.1" 200 618 "-" "Mozilla/5.0 (Windows NT 10.0; Win64; x64) AppleWebKit/537.36 (KHTML, like Gecko) Chrome/134.0.0.0 Safari/537.36" "0.000 Seconds"
212.107.29.90 - - [01/Apr/2025:16:29:38 +0800] "GET /wp-includes/js/admin-bar.min.js?ver=a53d61b19d1e048adadfb3f4c418ba92 HTTP/1.1" 200 3487 "https://bt-miners.com/products/canaan-avalon-q-bitcoin-miner-90th-s-bt-miners/" "Mozilla/5.0 (Windows NT 10.0; Win64; x64) AppleWebKit/537.36 (KHTML, like Gecko) Chrome/134.0.0.0 Safari/537.36" "0.000 Seconds"
212.107.29.90 - - [01/Apr/2025:16:29:38 +0800] "GET /wp-content/plugins/all-in-one-seo-pack-pro/dist/Pro/assets/app.c1ecca2c.js?ver=4.7.8 HTTP/1.1" 200 874 "-" "Mozilla/5.0 (Windows NT 10.0; Win64; x64) AppleWebKit/537.36 (KHTML, like Gecko) Chrome/134.0.0.0 Safari/537.36" "0.000 Seconds"
212.107.29.90 - - [01/Apr/2025:16:29:38 +0800] "GET /wp-content/plugins/all-in-one-seo-pack-pro/dist/Pro/assets/seo-preview.6021798c.js?ver=4.7.8 HTTP/1.1" 200 22729 "-" "Mozilla/5.0 (Windows NT 10.0; Win64; x64) AppleWebKit/537.36 (KHTML, like Gecko) Chrome/134.0.0.0 Safari/537.36" "0.000 Seconds"
83.99.151.67,83.99.151.67 - - [01/Apr/2025:16:29:39 +0800] "GET /products/ethereum-logo-crypto-mug-bt-miners/ HTTP/1.1" 200 90025 "-" "Mozilla/5.0 AppleWebKit/537.36 (KHTML, like Gecko; compatible; GeedoProductSearch; +http://www.geedo.com/product-search.html) Chrome/79.0.3945.88 Safari/537.36" "0.737 Seconds"
212.107.29.90 - - [01/Apr/2025:16:29:41 +0800] "GET /wp-content/plugins/broken-link-checker-seo/dist/assets/js/index.B-fNRxMl.js HTTP/1.1" 200 163196 "https://bt-miners.com/wp-content/plugins/broken-link-checker-seo/dist/assets/highlighter-ZgskTT8j.js?ver=1.2.3" "Mozilla/5.0 (Windows NT 10.0; Win64; x64) AppleWebKit/537.36 (KHTML, like Gecko) Chrome/134.0.0.0 Safari/537.36" "0.001 Seconds"
2a09:bac3:bd7e:1923::281:34,2a09:bac3:bd7e:1923::281:34 - - [01/Apr/2025:16:29:41 +0800] "GET /?ref=ajootith_t&SUB_ID=fa64c275c960c96686eaca272b26dedf HTTP/1.1" 200 81715 "https://btminers.valuecom.com/" "Mozilla/5.0 (iPhone; CPU iPhone OS 18_4 like Mac OS X) AppleWebKit/605.1.15 (KHTML, like Gecko) Version/18.4 Mobile/15E148 Safari/604.1" "1.211 Seconds"
212.107.29.90 - - [01/Apr/2025:16:29:41 +0800] "GET /wp-content/plugins/all-in-one-seo-pack-pro/dist/Pro/assets/js/Tabs.81e03e36.js HTTP/1.1" 200 25001 "https://bt-miners.com/wp-content/plugins/all-in-one-seo-pack-pro/dist/Pro/assets/seo-preview.6021798c.js?ver=4.7.8" "Mozilla/5.0 (Windows NT 10.0; Win64; x64) AppleWebKit/537.36 (KHTML, like Gecko) Chrome/134.0.0.0 Safari/537.36" "0.000 Seconds"
212.107.29.90 - - [01/Apr/2025:16:29:41 +0800] "GET /wp-content/plugins/all-in-one-seo-pack-pro/dist/Pro/assets/js/Index.96e0a774.js HTTP/1.1" 200 2702 "https://bt-miners.com/wp-content/plugins/all-in-one-seo-pack-pro/dist/Pro/assets/seo-preview.6021798c.js?ver=4.7.8" "Mozilla/5.0 (Windows NT 10.0; Win64; x64) AppleWebKit/537.36 (KHTML, like Gecko) Chrome/134.0.0.0 Safari/537.36" "0.000 Seconds"
212.107.29.90 - - [01/Apr/2025:16:29:41 +0800] "GET /wp-content/plugins/all-in-one-seo-pack-pro/dist/Pro/assets/js/vue-router.41329aac.js HTTP/1.1" 200 23282 "https://bt-miners.com/wp-content/plugins/all-in-one-seo-pack-pro/dist/Pro/assets/seo-preview.6021798c.js?ver=4.7.8" "Mozilla/5.0 (Windows NT 10.0; Win64; x64) AppleWebKit/537.36 (KHTML, like Gecko) Chrome/134.0.0.0 Safari/537.36" "0.000 Seconds"
212.107.29.90 - - [01/Apr/2025:16:29:41 +0800] "GET /wp-content/plugins/all-in-one-seo-pack-pro/dist/Pro/assets/js/Caret.35a6ba43.js HTTP/1.1" 200 6104 "https://bt-miners.com/wp-content/plugins/all-in-one-seo-pack-pro/dist/Pro/assets/seo-preview.6021798c.js?ver=4.7.8" "Mozilla/5.0 (Windows NT 10.0; Win64; x64) AppleWebKit/537.36 (KHTML, like Gecko) Chrome/134.0.0.0 Safari/537.36" "0.000 Seconds"
212.107.29.90 - - [01/Apr/2025:16:29:41 +0800] "GET /wp-content/plugins/all-in-one-seo-pack-pro/dist/Pro/assets/js/Twitter.1dac42ad.js HTTP/1.1" 200 762 "https://bt-miners.com/wp-content/plugins/all-in-one-seo-pack-pro/dist/Pro/assets/seo-preview.6021798c.js?ver=4.7.8" "Mozilla/5.0 (Windows NT 10.0; Win64; x64) AppleWebKit/537.36 (KHTML, like Gecko) Chrome/134.0.0.0 Safari/537.36" "0.000 Seconds"
212.107.29.90 - - [01/Apr/2025:16:29:41 +0800] "GET /wp-content/plugins/all-in-one-seo-pack-pro/dist/Pro/assets/js/index.a9e63f42.js HTTP/1.1" 200 170863 "https://bt-miners.com/wp-content/plugins/all-in-one-seo-pack-pro/dist/Pro/assets/seo-preview.6021798c.js?ver=4.7.8" "Mozilla/5.0 (Windows NT 10.0; Win64; x64) AppleWebKit/537.36 (KHTML, like Gecko) Chrome/134.0.0.0 Safari/537.36" "0.002 Seconds"
212.107.29.90 - - [01/Apr/2025:16:29:41 +0800] "GET /wp-content/plugins/all-in-one-seo-pack-pro/dist/Pro/assets/js/Profile.ff403377.js HTTP/1.1" 200 18854 "https://bt-miners.com/wp-content/plugins/all-in-one-seo-pack-pro/dist/Pro/assets/seo-preview.6021798c.js?ver=4.7.8" "Mozilla/5.0 (Windows NT 10.0; Win64; x64) AppleWebKit/537.36 (KHTML, like Gecko) Chrome/134.0.0.0 Safari/537.36" "0.000 Seconds"
212.107.29.90 - - [01/Apr/2025:16:29:41 +0800] "GET /wp-content/plugins/all-in-one-seo-pack-pro/dist/Pro/assets/js/Mobile.5c195a81.js HTTP/1.1" 200 1385 "https://bt-miners.com/wp-content/plugins/all-in-one-seo-pack-pro/dist/Pro/assets/seo-preview.6021798c.js?ver=4.7.8" "Mozilla/5.0 (Windows NT 10.0; Win64; x64) AppleWebKit/537.36 (KHTML, like Gecko) Chrome/134.0.0.0 Safari/537.36" "0.000 Seconds"
212.107.29.90 - - [01/Apr/2025:16:29:41 +0800] "GET /wp-content/plugins/all-in-one-seo-pack-pro/dist/Pro/assets/js/FacebookPreview.c4c1055d.js HTTP/1.1" 200 2067 "https://bt-miners.com/wp-content/plugins/all-in-one-seo-pack-pro/dist/Pro/assets/seo-preview.6021798c.js?ver=4.7.8" "Mozilla/5.0 (Windows NT 10.0; Win64; x64) AppleWebKit/537.36 (KHTML, like Gecko) Chrome/134.0.0.0 Safari/537.36" "0.000 Seconds"
212.107.29.90 - - [01/Apr/2025:16:29:41 +0800] "GET /wp-content/plugins/all-in-one-seo-pack-pro/dist/Pro/assets/js/Settings.79ef83ca.js HTTP/1.1" 200 5425 "https://bt-miners.com/wp-content/plugins/all-in-one-seo-pack-pro/dist/Pro/assets/seo-preview.6021798c.js?ver=4.7.8" "Mozilla/5.0 (Windows NT 10.0; Win64; x64) AppleWebKit/537.36 (KHTML, like Gecko) Chrome/134.0.0.0 Safari/537.36" "0.000 Seconds"
212.107.29.90 - - [01/Apr/2025:16:29:41 +0800] "GET /wp-content/plugins/all-in-one-seo-pack-pro/dist/Pro/assets/js/runtime-dom.esm-bundler.45bfc4c9.js HTTP/1.1" 200 93883 "https://bt-miners.com/wp-content/plugins/all-in-one-seo-pack-pro/dist/Pro/assets/seo-preview.6021798c.js?ver=4.7.8" "Mozilla/5.0 (Windows NT 10.0; Win64; x64) AppleWebKit/537.36 (KHTML, like Gecko) Chrome/134.0.0.0 Safari/537.36" "0.002 Seconds"
212.107.29.90 - - [01/Apr/2025:16:29:41 +0800] "GET /wp-content/plugins/all-in-one-seo-pack-pro/dist/Pro/assets/js/Exclamation.74c379ae.js HTTP/1.1" 200 802 "https://bt-miners.com/wp-content/plugins/all-in-one-seo-pack-pro/dist/Pro/assets/seo-preview.6021798c.js?ver=4.7.8" "Mozilla/5.0 (Windows NT 10.0; Win64; x64) AppleWebKit/537.36 (KHTML, like Gecko) Chrome/134.0.0.0 Safari/537.36" "0.000 Seconds"
212.107.29.90 - - [01/Apr/2025:16:29:41 +0800] "GET /wp-content/plugins/all-in-one-seo-pack-pro/dist/Pro/assets/js/TwitterPreview.8ce6e823.js HTTP/1.1" 200 2320 "https://bt-miners.com/wp-content/plugins/all-in-one-seo-pack-pro/dist/Pro/assets/seo-preview.6021798c.js?ver=4.7.8" "Mozilla/5.0 (Windows NT 10.0; Win64; x64) AppleWebKit/537.36 (KHTML, like Gecko) Chrome/134.0.0.0 Safari/537.36" "0.000 Seconds"
212.107.29.90 - - [01/Apr/2025:16:29:41 +0800] "GET /wp-content/plugins/all-in-one-seo-pack-pro/dist/Pro/assets/js/GoogleSearchPreview.17d29b31.js HTTP/1.1" 200 7073 "https://bt-miners.com/wp-content/plugins/all-in-one-seo-pack-pro/dist/Pro/assets/seo-preview.6021798c.js?ver=4.7.8" "Mozilla/5.0 (Windows NT 10.0; Win64; x64) AppleWebKit/537.36 (KHTML, like Gecko) Chrome/134.0.0.0 Safari/537.36" "0.000 Seconds"
212.107.29.90 - - [01/Apr/2025:16:29:41 +0800] "GET /wp-content/plugins/all-in-one-seo-pack-pro/dist/Pro/assets/js/TruSeoScore.86e5a5e4.js HTTP/1.1" 200 635 "https://bt-miners.com/wp-content/plugins/all-in-one-seo-pack-pro/dist/Pro/assets/seo-preview.6021798c.js?ver=4.7.8" "Mozilla/5.0 (Windows NT 10.0; Win64; x64) AppleWebKit/537.36 (KHTML, like Gecko) Chrome/134.0.0.0 Safari/537.36" "0.000 Seconds"
212.107.29.90 - - [01/Apr/2025:16:29:41 +0800] "GET /wp-content/plugins/all-in-one-seo-pack-pro/dist/Pro/assets/js/helpers.ca428331.js HTTP/1.1" 200 48664 "https://bt-miners.com/wp-content/plugins/all-in-one-seo-pack-pro/dist/Pro/assets/seo-preview.6021798c.js?ver=4.7.8" "Mozilla/5.0 (Windows NT 10.0; Win64; x64) AppleWebKit/537.36 (KHTML, like Gecko) Chrome/134.0.0.0 Safari/537.36" "0.000 Seconds"
212.107.29.90 - - [01/Apr/2025:16:29:41 +0800] "GET /wp-content/plugins/all-in-one-seo-pack-pro/dist/Pro/assets/js/Slide.d7714dd1.js HTTP/1.1" 200 1642 "https://bt-miners.com/wp-content/plugins/all-in-one-seo-pack-pro/dist/Pro/assets/seo-preview.6021798c.js?ver=4.7.8" "Mozilla/5.0 (Windows NT 10.0; Win64; x64) AppleWebKit/537.36 (KHTML, like Gecko) Chrome/134.0.0.0 Safari/537.36" "0.000 Seconds"
212.107.29.90 - - [01/Apr/2025:16:29:41 +0800] "GET /wp-content/plugins/all-in-one-seo-pack-pro/dist/Pro/assets/js/Url.27f4c93d.js HTTP/1.1" 200 1349 "https://bt-miners.com/wp-content/plugins/all-in-one-seo-pack-pro/dist/Pro/assets/seo-preview.6021798c.js?ver=4.7.8" "Mozilla/5.0 (Windows NT 10.0; Win64; x64) AppleWebKit/537.36 (KHTML, like Gecko) Chrome/134.0.0.0 Safari/537.36" "0.000 Seconds"
212.107.29.90 - - [01/Apr/2025:16:29:41 +0800] "GET /wp-content/plugins/all-in-one-seo-pack-pro/dist/Pro/assets/js/regex.8a6101c0.js HTTP/1.1" 200 120 "https://bt-miners.com/wp-content/plugins/all-in-one-seo-pack-pro/dist/Pro/assets/seo-preview.6021798c.js?ver=4.7.8" "Mozilla/5.0 (Windows NT 10.0; Win64; x64) AppleWebKit/537.36 (KHTML, like Gecko) Chrome/134.0.0.0 Safari/537.36" "0.000 Seconds"
212.107.29.90 - - [01/Apr/2025:16:29:41 +0800] "GET /wp-content/plugins/all-in-one-seo-pack-pro/dist/Pro/assets/js/Facebook.2c93a06a.js HTTP/1.1" 200 719 "https://bt-miners.com/wp-content/plugins/all-in-one-seo-pack-pro/dist/Pro/assets/seo-preview.6021798c.js?ver=4.7.8" "Mozilla/5.0 (Windows NT 10.0; Win64; x64) AppleWebKit/537.36 (KHTML, like Gecko) Chrome/134.0.0.0 Safari/537.36" "0.000 Seconds"
212.107.29.90 - - [01/Apr/2025:16:29:41 +0800] "GET /wp-content/plugins/all-in-one-seo-pack-pro/dist/Pro/assets/js/Information.c3e63c6c.js HTTP/1.1" 200 638 "https://bt-miners.com/wp-content/plugins/all-in-one-seo-pack-pro/dist/Pro/assets/seo-preview.6021798c.js?ver=4.7.8" "Mozilla/5.0 (Windows NT 10.0; Win64; x64) AppleWebKit/537.36 (KHTML, like Gecko) Chrome/134.0.0.0 Safari/537.36" "0.000 Seconds"
212.107.29.90 - - [01/Apr/2025:16:29:41 +0800] "GET /wp-content/plugins/all-in-one-seo-pack-pro/dist/Pro/assets/js/translations.d159963e.js HTTP/1.1" 200 348 "https://bt-miners.com/wp-content/plugins/all-in-one-seo-pack-pro/dist/Pro/assets/seo-preview.6021798c.js?ver=4.7.8" "Mozilla/5.0 (Windows NT 10.0; Win64; x64) AppleWebKit/537.36 (KHTML, like Gecko) Chrome/134.0.0.0 Safari/537.36" "0.000 Seconds"
212.107.29.90 - - [01/Apr/2025:16:29:41 +0800] "GET /wp-content/plugins/all-in-one-seo-pack-pro/dist/Pro/assets/js/html.c7ff2f3f.js HTTP/1.1" 200 1898 "https://bt-miners.com/wp-content/plugins/all-in-one-seo-pack-pro/dist/Pro/assets/seo-preview.6021798c.js?ver=4.7.8" "Mozilla/5.0 (Windows NT 10.0; Win64; x64) AppleWebKit/537.36 (KHTML, like Gecko) Chrome/134.0.0.0 Safari/537.36" "0.000 Seconds"
212.107.29.90 - - [01/Apr/2025:16:29:41 +0800] "GET /wp-content/plugins/all-in-one-seo-pack-pro/dist/Pro/assets/js/_stringToArray.f9ddb970.js HTTP/1.1" 200 970 "https://bt-miners.com/wp-content/plugins/all-in-one-seo-pack-pro/dist/Pro/assets/seo-preview.6021798c.js?ver=4.7.8" "Mozilla/5.0 (Windows NT 10.0; Win64; x64) AppleWebKit/537.36 (KHTML, like Gecko) Chrome/134.0.0.0 Safari/537.36" "0.000 Seconds"
212.107.29.90 - - [01/Apr/2025:16:29:41 +0800] "GET /wp-content/plugins/all-in-one-seo-pack-pro/dist/Pro/assets/js/Img.9612b551.js HTTP/1.1" 200 1082 "https://bt-miners.com/wp-content/plugins/all-in-one-seo-pack-pro/dist/Pro/assets/seo-preview.6021798c.js?ver=4.7.8" "Mozilla/5.0 (Windows NT 10.0; Win64; x64) AppleWebKit/537.36 (KHTML, like Gecko) Chrome/134.0.0.0 Safari/537.36" "0.000 Seconds"
212.107.29.90 - - [01/Apr/2025:16:29:41 +0800] "GET /wp-content/plugins/all-in-one-seo-pack-pro/dist/Pro/assets/js/_plugin-vue_export-helper.eefbdd86.js HTTP/1.1" 200 91 "https://bt-miners.com/wp-content/plugins/all-in-one-seo-pack-pro/dist/Pro/assets/seo-preview.6021798c.js?ver=4.7.8" "Mozilla/5.0 (Windows NT 10.0; Win64; x64) AppleWebKit/537.36 (KHTML, like Gecko) Chrome/134.0.0.0 Safari/537.36" "0.000 Seconds"
212.107.29.90 - - [01/Apr/2025:16:29:41 +0800] "GET /wp-content/plugins/all-in-one-seo-pack-pro/dist/Pro/assets/js/ProBadge.ea7e4756.js HTTP/1.1" 200 305 "https://bt-miners.com/wp-content/plugins/all-in-one-seo-pack-pro/dist/Pro/assets/seo-preview.6021798c.js?ver=4.7.8" "Mozilla/5.0 (Windows NT 10.0; Win64; x64) AppleWebKit/537.36 (KHTML, like Gecko) Chrome/134.0.0.0 Safari/537.36" "0.000 Seconds"
212.107.29.90 - - [01/Apr/2025:16:29:41 +0800] "GET /wp-content/plugins/all-in-one-seo-pack-pro/dist/Pro/assets/js/deburr.b9ce2666.js HTTP/1.1" 200 1679 "https://bt-miners.com/wp-content/plugins/all-in-one-seo-pack-pro/dist/Pro/assets/seo-preview.6021798c.js?ver=4.7.8" "Mozilla/5.0 (Windows NT 10.0; Win64; x64) AppleWebKit/537.36 (KHTML, like Gecko) Chrome/134.0.0.0 Safari/537.36" "0.000 Seconds"
212.107.29.90 - - [01/Apr/2025:16:29:41 +0800] "GET /wp-content/plugins/all-in-one-seo-pack-pro/dist/Pro/assets/js/default-i18n.20001971.js HTTP/1.1" 200 12301 "https://bt-miners.com/wp-content/plugins/all-in-one-seo-pack-pro/dist/Pro/assets/seo-preview.6021798c.js?ver=4.7.8" "Mozilla/5.0 (Windows NT 10.0; Win64; x64) AppleWebKit/537.36 (KHTML, like Gecko) Chrome/134.0.0.0 Safari/537.36" "0.000 Seconds"
212.107.29.90 - - [01/Apr/2025:16:29:41 +0800] "GET /wp-content/plugins/all-in-one-seo-pack-pro/dist/Pro/assets/js/TableOfContentsStore.e64f19c7.js HTTP/1.1" 200 1348 "https://bt-miners.com/wp-content/plugins/all-in-one-seo-pack-pro/dist/Pro/assets/seo-preview.6021798c.js?ver=4.7.8" "Mozilla/5.0 (Windows NT 10.0; Win64; x64) AppleWebKit/537.36 (KHTML, like Gecko) Chrome/134.0.0.0 Safari/537.36" "0.000 Seconds"
212.107.29.90 - - [01/Apr/2025:16:29:41 +0800] "GET /wp-content/plugins/all-in-one-seo-pack-pro/dist/Pro/assets/js/cleanForSlug.564c7424.js HTTP/1.1" 200 858 "https://bt-miners.com/wp-content/plugins/all-in-one-seo-pack-pro/dist/Pro/assets/seo-preview.6021798c.js?ver=4.7.8" "Mozilla/5.0 (Windows NT 10.0; Win64; x64) AppleWebKit/537.36 (KHTML, like Gecko) Chrome/134.0.0.0 Safari/537.36" "0.000 Seconds"
212.107.29.90 - - [01/Apr/2025:16:29:41 +0800] "GET /wp-content/plugins/all-in-one-seo-pack-pro/dist/Pro/assets/js/toString.630a2279.js HTTP/1.1" 200 506 "https://bt-miners.com/wp-content/plugins/all-in-one-seo-pack-pro/dist/Pro/assets/seo-preview.6021798c.js?ver=4.7.8" "Mozilla/5.0 (Windows NT 10.0; Win64; x64) AppleWebKit/537.36 (KHTML, like Gecko) Chrome/134.0.0.0 Safari/537.36" "0.000 Seconds"
212.107.29.90 - - [01/Apr/2025:16:29:41 +0800] "GET /wp-content/plugins/all-in-one-seo-pack-pro/dist/Pro/assets/js/helpers.edc529bf.js HTTP/1.1" 200 35791 "https://bt-miners.com/wp-content/plugins/all-in-one-seo-pack-pro/dist/Pro/assets/seo-preview.6021798c.js?ver=4.7.8" "Mozilla/5.0 (Windows NT 10.0; Win64; x64) AppleWebKit/537.36 (KHTML, like Gecko) Chrome/134.0.0.0 Safari/537.36" "0.000 Seconds"
212.107.29.90 - - [01/Apr/2025:16:29:41 +0800] "GET /wp-content/plugins/all-in-one-seo-pack-pro/dist/Pro/assets/js/Book.ea7506c9.js HTTP/1.1" 200 2318 "https://bt-miners.com/wp-content/plugins/all-in-one-seo-pack-pro/dist/Pro/assets/seo-preview.6021798c.js?ver=4.7.8" "Mozilla/5.0 (Windows NT 10.0; Win64; x64) AppleWebKit/537.36 (KHTML, like Gecko) Chrome/134.0.0.0 Safari/537.36" "0.000 Seconds"
212.107.29.90 - - [01/Apr/2025:16:29:41 +0800] "GET /wp-content/plugins/all-in-one-seo-pack-pro/dist/Pro/assets/js/metabox.81baec84.js HTTP/1.1" 200 742 "https://bt-miners.com/wp-content/plugins/all-in-one-seo-pack-pro/dist/Pro/assets/seo-preview.6021798c.js?ver=4.7.8" "Mozilla/5.0 (Windows NT 10.0; Win64; x64) AppleWebKit/537.36 (KHTML, like Gecko) Chrome/134.0.0.0 Safari/537.36" "0.000 Seconds"
212.107.29.90 - - [01/Apr/2025:16:29:41 +0800] "GET /wp-content/plugins/all-in-one-seo-pack-pro/dist/Pro/assets/js/constants.754a1301.js HTTP/1.1" 200 57828 "https://bt-miners.com/wp-content/plugins/all-in-one-seo-pack-pro/dist/Pro/assets/seo-preview.6021798c.js?ver=4.7.8" "Mozilla/5.0 (Windows NT 10.0; Win64; x64) AppleWebKit/537.36 (KHTML, like Gecko) Chrome/134.0.0.0 Safari/537.36" "0.000 Seconds"
212.107.29.90 - - [01/Apr/2025:16:29:41 +0800] "GET /wp-content/plugins/all-in-one-seo-pack-pro/dist/Pro/assets/js/_baseTrim.11b89ad9.js HTTP/1.1" 200 165 "https://bt-miners.com/wp-content/plugins/all-in-one-seo-pack-pro/dist/Pro/assets/seo-preview.6021798c.js?ver=4.7.8" "Mozilla/5.0 (Windows NT 10.0; Win64; x64) AppleWebKit/537.36 (KHTML, like Gecko) Chrome/134.0.0.0 Safari/537.36" "0.000 Seconds"
212.107.29.90 - - [01/Apr/2025:16:29:41 +0800] "GET /wp-content/plugins/all-in-one-seo-pack-pro/dist/Pro/assets/js/_baseSet.4f447461.js HTTP/1.1" 200 1662 "https://bt-miners.com/wp-content/plugins/all-in-one-seo-pack-pro/dist/Pro/assets/seo-preview.6021798c.js?ver=4.7.8" "Mozilla/5.0 (Windows NT 10.0; Win64; x64) AppleWebKit/537.36 (KHTML, like Gecko) Chrome/134.0.0.0 Safari/537.36" "0.000 Seconds"
212.107.29.90 - - [01/Apr/2025:16:29:42 +0800] "GET /wp-content/plugins/all-in-one-seo-pack-pro/dist/Pro/assets/js/Google.c848b1a2.js HTTP/1.1" 200 2487 "https://bt-miners.com/wp-content/plugins/all-in-one-seo-pack-pro/dist/Pro/assets/seo-preview.6021798c.js?ver=4.7.8" "Mozilla/5.0 (Windows NT 10.0; Win64; x64) AppleWebKit/537.36 (KHTML, like Gecko) Chrome/134.0.0.0 Safari/537.36" "0.000 Seconds"
66.249.75.131,66.249.75.131 - - [01/Apr/2025:16:29:42 +0800] "GET /products/lucky-miner-lv08-bitcoin-miner-4-5th-s-bt-miners/?attribute_miner-hashrate=4.5T&attribute_condition=In+Stock HTTP/1.1" 200 626617 "-" "Mozilla/5.0 (Linux; Android 6.0.1; Nexus 5X Build/MMB29P) AppleWebKit/537.36 (KHTML, like Gecko) Chrome/134.0.6998.165 Mobile Safari/537.36 (compatible; Googlebot/2.1; +http://www.google.com/bot.html)" "1.106 Seconds"
212.107.29.90 - - [01/Apr/2025:16:29:42 +0800] "GET /wp-content/plugins/all-in-one-seo-pack-pro/dist/Pro/assets/css/TwitterPreview.171ce642.css HTTP/1.1" 200 4846 "https://bt-miners.com/products/canaan-avalon-q-bitcoin-miner-90th-s-bt-miners/" "Mozilla/5.0 (Windows NT 10.0; Win64; x64) AppleWebKit/537.36 (KHTML, like Gecko) Chrome/134.0.0.0 Safari/537.36" "0.000 Seconds"
212.107.29.90 - - [01/Apr/2025:16:29:42 +0800] "GET /wp-content/plugins/all-in-one-seo-pack-pro/dist/Pro/assets/css/Caret.97928141.css HTTP/1.1" 200 6460 "https://bt-miners.com/products/canaan-avalon-q-bitcoin-miner-90th-s-bt-miners/" "Mozilla/5.0 (Windows NT 10.0; Win64; x64) AppleWebKit/537.36 (KHTML, like Gecko) Chrome/134.0.0.0 Safari/537.36" "0.000 Seconds"
212.107.29.90 - - [01/Apr/2025:16:29:42 +0800] "GET /wp-content/plugins/all-in-one-seo-pack-pro/dist/Pro/assets/css/GoogleSearchPreview.022beafc.css HTTP/1.1" 200 5982 "https://bt-miners.com/products/canaan-avalon-q-bitcoin-miner-90th-s-bt-miners/" "Mozilla/5.0 (Windows NT 10.0; Win64; x64) AppleWebKit/537.36 (KHTML, like Gecko) Chrome/134.0.0.0 Safari/537.36" "0.000 Seconds"
212.107.29.90 - - [01/Apr/2025:16:29:42 +0800] "GET /wp-content/plugins/all-in-one-seo-pack-pro/dist/Pro/assets/css/ProBadge.6500bcec.css HTTP/1.1" 200 183 "https://bt-miners.com/products/canaan-avalon-q-bitcoin-miner-90th-s-bt-miners/" "Mozilla/5.0 (Windows NT 10.0; Win64; x64) AppleWebKit/537.36 (KHTML, like Gecko) Chrome/134.0.0.0 Safari/537.36" "0.000 Seconds"
212.107.29.90 - - [01/Apr/2025:16:29:42 +0800] "GET /wp-content/plugins/all-in-one-seo-pack-pro/dist/Pro/assets/css/seo-preview.202e7eb5.css HTTP/1.1" 200 16545 "https://bt-miners.com/products/canaan-avalon-q-bitcoin-miner-90th-s-bt-miners/" "Mozilla/5.0 (Windows NT 10.0; Win64; x64) AppleWebKit/537.36 (KHTML, like Gecko) Chrome/134.0.0.0 Safari/537.36" "0.000 Seconds"
212.107.29.90 - - [01/Apr/2025:16:29:42 +0800] "GET /wp-content/plugins/all-in-one-seo-pack-pro/dist/Pro/assets/css/FacebookPreview.a19706d8.css HTTP/1.1" 200 4088 "https://bt-miners.com/products/canaan-avalon-q-bitcoin-miner-90th-s-bt-miners/" "Mozilla/5.0 (Windows NT 10.0; Win64; x64) AppleWebKit/537.36 (KHTML, like Gecko) Chrome/134.0.0.0 Safari/537.36" "0.000 Seconds"
212.107.29.90 - - [01/Apr/2025:16:29:42 +0800] "GET /wp-content/plugins/all-in-one-seo-pack-pro/dist/Pro/assets/css/Tabs.a9f48f04.css HTTP/1.1" 200 7439 "https://bt-miners.com/products/canaan-avalon-q-bitcoin-miner-90th-s-bt-miners/" "Mozilla/5.0 (Windows NT 10.0; Win64; x64) AppleWebKit/537.36 (KHTML, like Gecko) Chrome/134.0.0.0 Safari/537.36" "0.000 Seconds"
212.107.29.90 - - [01/Apr/2025:16:29:43 +0800] "GET /wp-content/plugins/all-in-one-seo-pack-pro/dist/Pro/assets/css/Index.e7e7e5d8.css HTTP/1.1" 200 4639 "https://bt-miners.com/products/canaan-avalon-q-bitcoin-miner-90th-s-bt-miners/" "Mozilla/5.0 (Windows NT 10.0; Win64; x64) AppleWebKit/537.36 (KHTML, like Gecko) Chrome/134.0.0.0 Safari/537.36" "0.000 Seconds"
66.249.75.131,66.249.75.131 - - [01/Apr/2025:16:29:43 +0800] "GET /products/lucky-miner-lv08-bitcoin-miner-4-5th-s-bt-miners/?attribute_miner-hashrate=4.5T&attribute_condition=In+Stock HTTP/1.1" 200 116048 "-" "Mozilla/5.0 (Linux; Android 6.0.1; Nexus 5X Build/MMB29P) AppleWebKit/537.36 (KHTML, like Gecko) Chrome/134.0.6998.165 Mobile Safari/537.36 (compatible; Googlebot/2.1; +http://www.google.com/bot.html)" "1.009 Seconds"
212.107.29.90 - - [01/Apr/2025:16:29:44 +0800] "POST /wp-admin/admin-ajax.php HTTP/1.1" 200 31 "https://bt-miners.com/products/canaan-avalon-q-bitcoin-miner-90th-s-bt-miners/" "Mozilla/5.0 (Windows NT 10.0; Win64; x64) AppleWebKit/537.36 (KHTML, like Gecko) Chrome/134.0.0.0 Safari/537.36" "0.368 Seconds"
54.158.124.156,54.158.124.156 - - [01/Apr/2025:16:29:44 +0800] "GET /?debug=kuma-uptime HTTP/1.1" 200 89402 "-" "Uptime-Kuma/1.23.16" "1.599 Seconds"
52.167.144.21,52.167.144.21 - - [01/Apr/2025:16:29:45 +0800] "GET /wp-json/wp-mail-smtp/v1/e/ZGF0YSU1QmVtYWlsX2xvZ19pZCU1RD0xOTM3NSZkYXRhJTVCZXZlbnRfdHlwZSU1RD1vcGVuLWVtYWlsJmhhc2g9ZjY4MWQ5NDIzZTE0MWRkMmUxZGQ0NDk3M2QzMDU4MTZmOTA5ODY4NThmYWEyMGMxOGY5NzIwMDZjNWI0ZWQzNg== HTTP/1.1" 200 54 "-" "Mozilla/5.0 AppleWebKit/537.36 (KHTML, like Gecko; compatible; bingbot/2.0; +http://www.bing.com/bingbot.htm) Chrome/116.0.1938.76 Safari/537.36" "0.467 Seconds"
212.107.29.90,212.107.29.90 - - [01/Apr/2025:16:29:45 +0800] "GET /products/canaan-avalon-q-bitcoin-miner-90th-s-bt-miners/ HTTP/1.1" 200 77164 "-" "Mozilla/5.0 (Windows NT 10.0; Win64; x64) AppleWebKit/537.36 (KHTML, like Gecko) Chrome/134.0.0.0 Safari/537.36" "0.636 Seconds"
5.196.175.156,5.196.175.156 - - [01/Apr/2025:16:29:46 +0800] "GET /products/ipollo-v1-mini-se-plus-eth-etc-miner-400mh-s-bt-miners/ HTTP/1.1" 200 116520 "-" "GTranslate-Translation-Proxy" "1.037 Seconds"
212.107.29.89 - - [01/Apr/2025:16:29:46 +0800] "POST /wp-admin/admin-ajax.php HTTP/1.1" 200 58 "https://bt-miners.com/wp-admin/options-general.php?page=perfmatters" "Mozilla/5.0 (Windows NT 10.0; Win64; x64) AppleWebKit/537.36 (KHTML, like Gecko) Chrome/122.0.0.0 Safari/537.36" "0.371 Seconds"
188.166.118.38,188.166.118.38 - - [01/Apr/2025:16:29:47 +0800] "GET //mah/function.php HTTP/1.1" 404 196 "-" "Mozilla/5.0 (Windows NT 10.0; Win64; x64) AppleWebKit/537.36 (KHTML, like Gecko) Chrome/58.0.3029.110 Safari/537.36" "0.000 Seconds"
85.208.96.201,85.208.96.201 - - [01/Apr/2025:16:29:50 +0800] "GET /crypto-mining-gets-its-own-lobbying-voice-in-washington/ HTTP/1.1" 200 63752 "-" "Mozilla/5.0 (compatible; SemrushBot/7~bl; +http://www.semrush.com/bot.html)" "0.557 Seconds"
212.107.29.89 - - [01/Apr/2025:16:29:50 +0800] "POST /wp-admin/admin-ajax.php HTTP/1.1" 200 31 "https://bt-miners.com/wp-admin/options-general.php?page=cloudflare" "Mozilla/5.0 (Windows NT 10.0; Win64; x64) AppleWebKit/537.36 (KHTML, like Gecko) Chrome/122.0.0.0 Safari/537.36" "0.374 Seconds"
240e:3b2:3232:4a70:7058:7862:f44b:6b0 - - [01/Apr/2025:16:29:51 +0800] "POST /wp-admin/admin-ajax.php HTTP/1.1" 200 43 "https://bt-miners.com/wp-admin/post.php?post=67951&action=edit" "Mozilla/5.0 (Windows NT 10.0; Win64; x64) AppleWebKit/537.36 (KHTML, like Gecko) Chrome/119.0.0.0 Safari/537.36" "0.389 Seconds"
83.99.151.69,83.99.151.69 - - [01/Apr/2025:16:29:51 +0800] "GET /about-kadena HTTP/1.1" 301 5 "-" "Mozilla/5.0 AppleWebKit/537.36 (KHTML, like Gecko; compatible; GeedoProductSearch; +http://www.geedo.com/product-search.html) Chrome/79.0.3945.88 Safari/537.36" "0.337 Seconds"
3.222.106.115 - - [01/Apr/2025:16:29:52 +0800] "POST /wp-cron.php?doing_wp_cron=1743496192.1463699340820312500000 HTTP/1.1" 200 31 "-" "WordPress/6.7.1; https://bt-miners.com" "0.000 Seconds"
66.249.75.131,66.249.75.131 - - [01/Apr/2025:16:29:52 +0800] "GET /cryptocurrency-101-how-to-mine-kaspa/ HTTP/1.1" 200 327069 "-" "Mozilla/5.0 (Linux; Android 6.0.1; Nexus 5X Build/MMB29P) AppleWebKit/537.36 (KHTML, like Gecko) Chrome/134.0.6998.165 Mobile Safari/537.36 (compatible; Googlebot/2.1; +http://www.google.com/bot.html)" "0.584 Seconds"
212.107.29.89 - - [01/Apr/2025:16:29:52 +0800] "POST /wp-admin/admin-ajax.php HTTP/1.1" 200 43 "https://bt-miners.com/wp-admin/post.php?post=70267&action=edit" "Mozilla/5.0 (Windows NT 10.0; Win64; x64) AppleWebKit/537.36 (KHTML, like Gecko) Chrome/134.0.0.0 Safari/537.36" "0.478 Seconds"
3.222.106.115 - - [01/Apr/2025:16:29:54 +0800] "POST /wp-cron.php?doing_wp_cron=1743496194.5295159816741943359375 HTTP/1.1" 200 31 "-" "WordPress/6.7.1; https://bt-miners.com" "0.001 Seconds"
209.209.9.152,209.209.9.152 - - [01/Apr/2025:16:29:54 +0800] "GET /products/bitmain-antminer-l7-9160mh-s-litecoin-dogecoin-miner-with-psu-and-cord HTTP/1.1" 301 5 "-" "Mozilla/4.0 (compatible; MSIE 6.0; Windows NT 6.0; .NET CLR 1.5.17745)" "0.418 Seconds"
188.166.118.38,188.166.118.38 - - [01/Apr/2025:16:29:55 +0800] "GET /.well-known/acme-challenge/class_api.php HTTP/1.1" 403 195 "-" "Mozilla/5.0 (Windows NT 10.0; Win64; x64) AppleWebKit/537.36 (KHTML, like Gecko) Chrome/58.0.3029.110 Safari/537.36" "0.000 Seconds"
2a09:bac3:bd7e:1923::281:34 - - [01/Apr/2025:16:29:56 +0800] "POST /?wc-ajax=apply_coupon HTTP/1.1" 200 125 "https://bt-miners.com/cart/?add-to-cart=65535&product_id=65535&variation_id=69632&attribute_condition=April+Second+Batch&attribute_power-supply-unit=Including&quantity=1" "Mozilla/5.0 (iPhone; CPU iPhone OS 18_4 like Mac OS X) AppleWebKit/605.1.15 (KHTML, like Gecko) Version/18.4 Mobile/15E148 Safari/604.1" "0.231 Seconds"
83.99.151.69,83.99.151.69 - - [01/Apr/2025:16:29:57 +0800] "GET /about-kadena/ HTTP/1.1" 200 58914 "-" "Mozilla/5.0 AppleWebKit/537.36 (KHTML, like Gecko; compatible; GeedoProductSearch; +http://www.geedo.com/product-search.html) Chrome/79.0.3945.88 Safari/537.36" "2.966 Seconds"
2a09:bac3:bd7e:1923::281:34 - - [01/Apr/2025:16:29:57 +0800] "POST /cart/ HTTP/1.1" 200 60278 "https://bt-miners.com/cart/?add-to-cart=65535&product_id=65535&variation_id=69632&attribute_condition=April+Second+Batch&attribute_power-supply-unit=Including&quantity=1" "Mozilla/5.0 (iPhone; CPU iPhone OS 18_4 like Mac OS X) AppleWebKit/605.1.15 (KHTML, like Gecko) Version/18.4 Mobile/15E148 Safari/604.1" "0.384 Seconds"
5.34.216.107 - - [01/Apr/2025:16:29:57 +0800] "POST /wp-admin/admin-ajax.php HTTP/1.1" 200 43 "https://bt-miners.com/wp-admin/edit.php?s=bitcoin&post_status=all&post_type=post&m=0&cat=0&paged=1" "Mozilla/5.0 (Windows NT 10.0; Win64; x64) AppleWebKit/537.36 (KHTML, like Gecko) Chrome/134.0.0.0 Safari/537.36" "0.481 Seconds"
188.166.118.38,188.166.118.38 - - [01/Apr/2025:16:29:58 +0800] "GET /admin/index.php HTTP/1.1" 404 196 "-" "Mozilla/5.0 (Windows NT 10.0; Win64; x64) AppleWebKit/537.36 (KHTML, like Gecko) Chrome/58.0.3029.110 Safari/537.36" "0.000 Seconds"
188.166.118.38,188.166.118.38 - - [01/Apr/2025:16:30:00 +0800] "GET /.well-known/pki-validation/shell.php HTTP/1.1" 403 195 "-" "Mozilla/5.0 (Windows NT 10.0; Win64; x64) AppleWebKit/537.36 (KHTML, like Gecko) Chrome/58.0.3029.110 Safari/537.36" "0.000 Seconds"
212.107.29.90,212.107.29.90 - - [01/Apr/2025:16:30:03 +0800] "GET /firmware-download/ HTTP/1.1" 200 42610 "https://bt-miners.com/products/canaan-avalon-q-bitcoin-miner-90th-s-bt-miners/" "Mozilla/5.0 (Windows NT 10.0; Win64; x64) AppleWebKit/537.36 (KHTML, like Gecko) Chrome/134.0.0.0 Safari/537.36" "1.570 Seconds"
212.107.29.90,212.107.29.90 - - [01/Apr/2025:16:30:03 +0800] "GET /wp-admin/post-new.php HTTP/1.1" 200 218156 "https://bt-miners.com/products/canaan-avalon-q-bitcoin-miner-90th-s-bt-miners/" "Mozilla/5.0 (Windows NT 10.0; Win64; x64) AppleWebKit/537.36 (KHTML, like Gecko) Chrome/134.0.0.0 Safari/537.36" "2.208 Seconds"
212.107.29.90,212.107.29.90 - - [01/Apr/2025:16:30:04 +0800] "GET /collections/alephium-miner/ HTTP/1.1" 200 49161 "https://bt-miners.com/products/canaan-avalon-q-bitcoin-miner-90th-s-bt-miners/" "Mozilla/5.0 (Windows NT 10.0; Win64; x64) AppleWebKit/537.36 (KHTML, like Gecko) Chrome/134.0.0.0 Safari/537.36" "1.043 Seconds"
