54.158.124.156,54.158.124.156 - - [01/Apr/2025:17:04:32 +0800] "GET /?debug=kuma-uptime HTTP/1.1" 200 89393 "-" "Uptime-Kuma/1.23.16" "1.599 Seconds"
83.99.151.71,83.99.151.71 - - [01/Apr/2025:17:04:35 +0800] "GET /why-do-you-need-gpu-for-bitcoin-and-more/ HTTP/1.1" 200 62515 "-" "Mozilla/5.0 AppleWebKit/537.36 (KHTML, like Gecko; compatible; GeedoProductSearch; +http://www.geedo.com/product-search.html) Chrome/79.0.3945.88 Safari/537.36" "0.601 Seconds"
2a01:4f8:c012:c60e::1,2a01:4f8:c012:c60e::1 - - [01/Apr/2025:17:04:35 +0800] "HEAD / HTTP/1.1" 200 0 "https://bt-miners.com/" "Mozilla/5.0+(compatible; UptimeRobot/2.0; http://www.uptimerobot.com/)" "0.308 Seconds"
240e:3b2:3232:4a70:7058:7862:f44b:6b0 - - [01/Apr/2025:17:04:37 +0800] "POST /wp-admin/admin-ajax.php HTTP/1.1" 200 58 "https://bt-miners.com/wp-admin/" "Mozilla/5.0 (Windows NT 10.0; Win64; x64) AppleWebKit/537.36 (KHTML, like Gecko) Chrome/119.0.0.0 Safari/537.36" "0.347 Seconds"
240e:3b2:3232:4a70:7058:7862:f44b:6b0 - - [01/Apr/2025:17:04:37 +0800] "POST /wp-admin/admin-ajax.php HTTP/1.1" 400 11 "https://bt-miners.com/wp-admin/" "Mozilla/5.0 (Windows NT 10.0; Win64; x64) AppleWebKit/537.36 (KHTML, like Gecko) Chrome/119.0.0.0 Safari/537.36" "0.450 Seconds"
240e:3b2:3232:4a70:7058:7862:f44b:6b0 - - [01/Apr/2025:17:04:38 +0800] "POST /wp-admin/admin-ajax.php HTTP/1.1" 200 43 "https://bt-miners.com/wp-admin/" "Mozilla/5.0 (Windows NT 10.0; Win64; x64) AppleWebKit/537.36 (KHTML, like Gecko) Chrome/119.0.0.0 Safari/537.36" "0.377 Seconds"
37.231.216.194,37.231.216.194 - - [01/Apr/2025:17:04:38 +0800] "GET /wp-json/api/flutter_secials/get_pow_halving?timestamp=1743498276971 HTTP/1.1" 200 738 "-" "Dart/3.5 (dart:io)" "0.836 Seconds"
212.107.29.90 - - [01/Apr/2025:17:04:40 +0800] "POST /wp-admin/admin-ajax.php HTTP/1.1" 200 43 "https://bt-miners.com/wp-admin/edit.php?post_status=wc-processing&post_type=shop_order" "Mozilla/5.0 (Windows NT 10.0; Win64; x64) AppleWebKit/537.36 (KHTML, like Gecko) Chrome/134.0.0.0 Safari/537.36" "0.447 Seconds"
212.107.29.89 - - [01/Apr/2025:17:04:40 +0800] "POST /wp-admin/admin-ajax.php HTTP/1.1" 200 113 "https://bt-miners.com/wp-admin/post.php?post=70797&action=edit" "Mozilla/5.0 (Windows NT 10.0; Win64; x64) AppleWebKit/537.36 (KHTML, like Gecko) Chrome/122.0.0.0 Safari/537.36" "0.347 Seconds"
212.107.29.89 - - [01/Apr/2025:17:04:45 +0800] "POST /wp-admin/admin-ajax.php HTTP/1.1" 200 31 "https://bt-miners.com/wp-admin/options-general.php?page=cloudflare" "Mozilla/5.0 (Windows NT 10.0; Win64; x64) AppleWebKit/537.36 (KHTML, like Gecko) Chrome/122.0.0.0 Safari/537.36" "0.411 Seconds"
40.77.167.46,40.77.167.46 - - [01/Apr/2025:17:04:48 +0800] "GET /wp-json/wp-mail-smtp/v1/e/ZGF0YSU1QmVtYWlsX2xvZ19pZCU1RD0yMTIwMyZkYXRhJTVCZXZlbnRfdHlwZSU1RD1vcGVuLWVtYWlsJmhhc2g9MDZiNGI5NDU3MTlhNjYwMTQ0ODFiYzAyZmY1ZDRjY2FmNzU3ZDIxNjM5NGE5NGYzOWEyNDYwM2M4Y2Y1NTFjMA== HTTP/1.1" 200 54 "-" "Mozilla/5.0 AppleWebKit/537.36 (KHTML, like Gecko; compatible; bingbot/2.0; +http://www.bing.com/bingbot.htm) Chrome/116.0.1938.76 Safari/537.36" "0.487 Seconds"
37.231.216.194,37.231.216.194 - - [01/Apr/2025:17:04:49 +0800] "GET /wp-json/wc/v3/products?category=142&per_page=25&page=1&consumer_key=ck_368292ab2d1fc81f564ec5bb31917429689244e7&consumer_secret=cs_8a3d609f77c939aa6f3912e300201e2eb55a5367 HTTP/1.1" 200 347736 "-" "Dart/3.5 (dart:io)" "2.087 Seconds"
212.107.29.89 - - [01/Apr/2025:17:04:51 +0800] "POST /wp-admin/admin-ajax.php HTTP/1.1" 200 43 "https://bt-miners.com/wp-admin/post.php?post=70267&action=edit" "Mozilla/5.0 (Windows NT 10.0; Win64; x64) AppleWebKit/537.36 (KHTML, like Gecko) Chrome/134.0.0.0 Safari/537.36" "0.422 Seconds"
54.158.124.156,54.158.124.156 - - [01/Apr/2025:17:04:54 +0800] "GET /?debug=kuma-uptime HTTP/1.1" 200 89385 "-" "Uptime-Kuma/1.23.16" "1.632 Seconds"
240e:3b2:3232:4a70:7058:7862:f44b:6b0 - - [01/Apr/2025:17:04:54 +0800] "POST /wp-admin/admin-ajax.php HTTP/1.1" 200 43 "https://bt-miners.com/wp-admin/" "Mozilla/5.0 (Windows NT 10.0; Win64; x64) AppleWebKit/537.36 (KHTML, like Gecko) Chrome/119.0.0.0 Safari/537.36" "0.392 Seconds"
3.222.106.115 - - [01/Apr/2025:17:04:57 +0800] "POST /wp-cron.php?doing_wp_cron=1743498297.7931840419769287109375 HTTP/1.1" 200 31 "-" "WordPress/6.7.1; https://bt-miners.com" "0.001 Seconds"
2401:4900:1c68:53b8:50b5:f0aa:2647:e8d5,54.38.96.38 - - [01/Apr/2025:17:04:58 +0800] "POST /wp-login.php HTTP/1.1" 200 4004 "-" "Mozilla/4.0 (compatible; MSIE 6.0; Windows NT 5.0)" "0.750 Seconds"
3.222.106.115 - - [01/Apr/2025:17:04:58 +0800] "POST /wp-cron.php?doing_wp_cron=1743498298.2497420310974121093750 HTTP/1.1" 200 31 "-" "WordPress/6.7.1; https://bt-miners.com" "0.001 Seconds"
5.34.216.107 - - [01/Apr/2025:17:04:58 +0800] "POST /wp-admin/admin-ajax.php HTTP/1.1" 200 43 "https://bt-miners.com/wp-admin/edit.php?s=bitcoin&post_status=all&post_type=post&m=0&cat=0&paged=1" "Mozilla/5.0 (Windows NT 10.0; Win64; x64) AppleWebKit/537.36 (KHTML, like Gecko) Chrome/134.0.0.0 Safari/537.36" "0.460 Seconds"
37.231.216.194,37.231.216.194 - - [01/Apr/2025:17:05:01 +0800] "GET /wp-json/api/flutter_forum/topics?BTAPP=07fd90185aa6be4fee332607d6b20863&timestamp=1743498299972&topics_id=9 HTTP/1.1" 200 79892 "-" "Dart/3.5 (dart:io)" "0.164 Seconds"
212.107.29.89 - - [01/Apr/2025:17:05:01 +0800] "POST /wp-admin/admin-ajax.php HTTP/1.1" 200 31 "https://bt-miners.com/wp-admin/options-general.php?page=cloudflare" "Mozilla/5.0 (Windows NT 10.0; Win64; x64) AppleWebKit/537.36 (KHTML, like Gecko) Chrome/122.0.0.0 Safari/537.36" "0.602 Seconds"
212.107.29.90 - - [01/Apr/2025:17:05:04 +0800] "POST /wp-admin/admin-ajax.php HTTP/1.1" 200 43 "https://bt-miners.com/wp-admin/edit.php?post_status=wc-processing&post_type=shop_order" "Mozilla/5.0 (Windows NT 10.0; Win64; x64) AppleWebKit/537.36 (KHTML, like Gecko) Chrome/134.0.0.0 Safari/537.36" "0.416 Seconds"
219.133.248.83 - - [01/Apr/2025:17:05:06 +0800] "POST /wp-json/api/flutter_woo/cart HTTP/1.1" 200 291 "-" "Dart/3.5 (dart:io)" "0.710 Seconds"
37.231.216.194,37.231.216.194 - - [01/Apr/2025:17:05:06 +0800] "GET /wp-json/api/flutter_forum/topics?BTAPP=06378dc7bdf3ad01d3ce4f6441719dbd&timestamp=1743498305342&topics_id=7 HTTP/1.1" 200 5938 "-" "Dart/3.5 (dart:io)" "0.166 Seconds"
66.249.75.132,66.249.75.132 - - [01/Apr/2025:17:05:06 +0800] "GET /goal_megamenu-sitemap.xml HTTP/1.1" 200 938 "-" "Mozilla/5.0 (compatible; Googlebot/2.1; +http://www.google.com/bot.html)" "0.375 Seconds"
219.133.248.83,219.133.248.83 - - [01/Apr/2025:17:05:07 +0800] "GET /wp-json/wc/v3/products/70425?BTAPP=5ab8c4dfffd291eee6c7a957c7cb024a&timestamp=1743498306792&currency=USD&consumer_key=ck_368292ab2d1fc81f564ec5bb31917429689244e7&consumer_secret=cs_8a3d609f77c939aa6f3912e300201e2eb55a5367 HTTP/1.1" 200 34995 "-" "Dart/3.5 (dart:io)" "0.265 Seconds"
2a01:4f8:c013:3c53::1,2a01:4f8:c013:3c53::1 - - [01/Apr/2025:17:05:09 +0800] "HEAD /wp-admin/?debug=uptimerobot HTTP/1.1" 302 0 "https://bt-miners.com/wp-admin/?debug=uptimerobot" "Mozilla/5.0+(compatible; UptimeRobot/2.0; http://www.uptimerobot.com/)" "0.410 Seconds"
212.107.29.90 - - [01/Apr/2025:17:05:09 +0800] "POST /wp-admin/admin-ajax.php HTTP/1.1" 200 58 "https://bt-miners.com/wp-admin/edit.php?post_status=wc-processing&post_type=shop_order" "Mozilla/5.0 (Windows NT 10.0; Win64; x64) AppleWebKit/537.36 (KHTML, like Gecko) Chrome/134.0.0.0 Safari/537.36" "0.354 Seconds"
2a01:4f8:c013:3c53::1,2a01:4f8:c013:3c53::1 - - [01/Apr/2025:17:05:10 +0800] "HEAD /wp-login.php?redirect_to=https%3A%2F%2Fbt-miners.com%2Fwp-admin%2F%3Fdebug%3Duptimerobot&reauth=1 HTTP/1.1" 200 0 "https://bt-miners.com/wp-admin/?debug=uptimerobot" "Mozilla/5.0+(compatible; UptimeRobot/2.0; http://www.uptimerobot.com/)" "0.323 Seconds"
240e:3b2:3232:4a70:7058:7862:f44b:6b0 - - [01/Apr/2025:17:05:10 +0800] "POST /wp-admin/admin-ajax.php HTTP/1.1" 200 43 "https://bt-miners.com/wp-admin/" "Mozilla/5.0 (Windows NT 10.0; Win64; x64) AppleWebKit/537.36 (KHTML, like Gecko) Chrome/119.0.0.0 Safari/537.36" "0.388 Seconds"
219.133.248.83,219.133.248.83 - - [01/Apr/2025:17:05:10 +0800] "GET /wp-json/wc/v3/products/70425?BTAPP=91fac3c957a9980695058ce88b32e93a&timestamp=1743498309730&currency=USD&consumer_key=ck_368292ab2d1fc81f564ec5bb31917429689244e7&consumer_secret=cs_8a3d609f77c939aa6f3912e300201e2eb55a5367 HTTP/1.1" 200 34995 "-" "Dart/3.5 (dart:io)" "0.262 Seconds"
219.133.248.83,219.133.248.83 - - [01/Apr/2025:17:05:10 +0800] "GET /wp-json/api/flutter_user/get_states?country_code=CN HTTP/1.1" 200 1606 "-" "Dart/3.5 (dart:io)" "0.485 Seconds"
219.133.248.83 - - [01/Apr/2025:17:05:12 +0800] "POST /wp-json/api/flutter_woo/shipping_methods?lang=en HTTP/1.1" 200 145 "-" "Dart/3.5 (dart:io)" "0.707 Seconds"
37.231.216.194,37.231.216.194 - - [01/Apr/2025:17:05:13 +0800] "GET /wp-json/wc/v2/list_income_product?GetCache=2&BTAPP=fb3cd6580f557d4d777f53b71b023332&timestamp=1743498312730&Coin=BTC&Ele=0.1&consumer_key=ck_368292ab2d1fc81f564ec5bb31917429689244e7&consumer_secret=cs_8a3d609f77c939aa6f3912e300201e2eb55a5367 HTTP/1.1" 200 80237 "-" "Dart/3.5 (dart:io)" "0.270 Seconds"
54.158.124.156,54.158.124.156 - - [01/Apr/2025:17:05:15 +0800] "GET /?debug=kuma-uptime HTTP/1.1" 200 89375 "-" "Uptime-Kuma/1.23.16" "1.599 Seconds"
83.99.151.70,83.99.151.70 - - [01/Apr/2025:17:05:18 +0800] "GET /goal_header/header-6/ HTTP/1.1" 200 42328 "-" "Mozilla/5.0 AppleWebKit/537.36 (KHTML, like Gecko; compatible; GeedoProductSearch; +http://www.geedo.com/product-search.html) Chrome/79.0.3945.88 Safari/537.36" "0.415 Seconds"
212.107.29.90 - - [01/Apr/2025:17:05:18 +0800] "POST /wp-admin/admin-ajax.php HTTP/1.1" 200 31 "https://bt-miners.com/wp-admin/edit.php?post_status=wc-processing&post_type=shop_order" "Mozilla/5.0 (Windows NT 10.0; Win64; x64) AppleWebKit/537.36 (KHTML, like Gecko) Chrome/134.0.0.0 Safari/537.36" "0.511 Seconds"
219.133.248.83 - - [01/Apr/2025:17:05:19 +0800] "POST /wp-json/api/flutter_woo/taxes HTTP/1.1" 200 120 "-" "Dart/3.5 (dart:io)" "0.686 Seconds"
109.230.55.105,54.38.96.37 - - [01/Apr/2025:17:05:19 +0800] "POST /wp-login.php HTTP/1.1" 200 4004 "-" "Mozilla/4.0 (compatible; MSIE 6.0; Windows NT 5.0)" "0.683 Seconds"
219.133.248.83,219.133.248.83 - - [01/Apr/2025:17:05:21 +0800] "GET /wp-json/api/flutter_tera_wallet/balance?refresh=1743498320430 HTTP/1.1" 200 21 "-" "Dart/3.5 (dart:io)" "0.458 Seconds"
219.133.248.83 - - [01/Apr/2025:17:05:21 +0800] "POST /wp-json/api/flutter_woo/payment_methods?lang=en HTTP/1.1" 200 218 "-" "Dart/3.5 (dart:io)" "0.484 Seconds"
212.107.29.90,212.107.29.90 - - [01/Apr/2025:17:05:22 +0800] "GET /wp-admin/edit.php?post_status=wc-processing&post_type=shop_order HTTP/1.1" 200 152050 "https://bt-miners.com/wp-admin/edit.php?post_status=wc-processing&post_type=shop_order" "Mozilla/5.0 (Windows NT 10.0; Win64; x64) AppleWebKit/537.36 (KHTML, like Gecko) Chrome/134.0.0.0 Safari/537.36" "1.514 Seconds"
212.107.29.90 - - [01/Apr/2025:17:05:22 +0800] "GET /wp-content/plugins/woo-advanced-shipment-tracking/zorem-tracking/assets/js/main.js?ver=1743498321 HTTP/1.1" 200 1587 "https://bt-miners.com/wp-admin/edit.php?post_status=wc-processing&post_type=shop_order" "Mozilla/5.0 (Windows NT 10.0; Win64; x64) AppleWebKit/537.36 (KHTML, like Gecko) Chrome/134.0.0.0 Safari/537.36" "0.000 Seconds"
212.107.29.90 - - [01/Apr/2025:17:05:22 +0800] "GET /wp-content/plugins/woo-advanced-shipment-tracking/zorem-tracking/assets/css/style.css?ver=1743498321 HTTP/1.1" 200 948 "https://bt-miners.com/wp-admin/edit.php?post_status=wc-processing&post_type=shop_order" "Mozilla/5.0 (Windows NT 10.0; Win64; x64) AppleWebKit/537.36 (KHTML, like Gecko) Chrome/134.0.0.0 Safari/537.36" "0.000 Seconds"
219.133.248.83,219.133.248.83 - - [01/Apr/2025:17:05:22 +0800] "GET /wp-json/api/flutter_woo/card_fee_rate HTTP/1.1" 200 35 "-" "Dart/3.5 (dart:io)" "0.546 Seconds"
212.107.29.90 - - [01/Apr/2025:17:05:22 +0800] "GET /wp-content/plugins/dokan-lite/assets/vendors/tinymce/code/plugin.min.js?ver=1743498320 HTTP/1.1" 200 1045 "https://bt-miners.com/wp-admin/edit.php?post_status=wc-processing&post_type=shop_order" "Mozilla/5.0 (Windows NT 10.0; Win64; x64) AppleWebKit/537.36 (KHTML, like Gecko) Chrome/134.0.0.0 Safari/537.36" "0.000 Seconds"
212.107.29.90 - - [01/Apr/2025:17:05:22 +0800] "GET /wp-content/plugins/woo-advanced-shipment-tracking/assets/js/admin.js?ver=1743498321 HTTP/1.1" 200 19182 "https://bt-miners.com/wp-admin/edit.php?post_status=wc-processing&post_type=shop_order" "Mozilla/5.0 (Windows NT 10.0; Win64; x64) AppleWebKit/537.36 (KHTML, like Gecko) Chrome/134.0.0.0 Safari/537.36" "0.000 Seconds"
219.133.248.83,219.133.248.83 - - [01/Apr/2025:17:05:23 +0800] "GET /wp-json/wc/v3/products/70425?BTAPP=587d997556ab7aedf620085e3c2c1c19&timestamp=1743498322347&currency=USD&consumer_key=ck_368292ab2d1fc81f564ec5bb31917429689244e7&consumer_secret=cs_8a3d609f77c939aa6f3912e300201e2eb55a5367 HTTP/1.1" 200 34996 "-" "Dart/3.5 (dart:io)" "0.272 Seconds"
219.133.248.83,219.133.248.83 - - [01/Apr/2025:17:05:23 +0800] "GET /wp-json/wc/v3/products/70425?BTAPP=4aafb9b66129f5411e0f21fde17a5bc7&timestamp=1743498322460&currency=USD&consumer_key=ck_368292ab2d1fc81f564ec5bb31917429689244e7&consumer_secret=cs_8a3d609f77c939aa6f3912e300201e2eb55a5367 HTTP/1.1" 200 34997 "-" "Dart/3.5 (dart:io)" "0.260 Seconds"
219.133.248.83,219.133.248.83 - - [01/Apr/2025:17:05:23 +0800] "GET /wp-json/wc/v3/products/70425?BTAPP=7f8de3a58366f83d032fabb6e7dd5af5&timestamp=1743498322526&currency=USD&consumer_key=ck_368292ab2d1fc81f564ec5bb31917429689244e7&consumer_secret=cs_8a3d609f77c939aa6f3912e300201e2eb55a5367 HTTP/1.1" 200 34995 "-" "Dart/3.5 (dart:io)" "0.283 Seconds"
219.133.248.83,219.133.248.83 - - [01/Apr/2025:17:05:23 +0800] "GET /wp-json/wc/v3/products/70425?BTAPP=62434ba151c21cccbcace03116743a99&timestamp=1743498322561&currency=USD&consumer_key=ck_368292ab2d1fc81f564ec5bb31917429689244e7&consumer_secret=cs_8a3d609f77c939aa6f3912e300201e2eb55a5367 HTTP/1.1" 200 34989 "-" "Dart/3.5 (dart:io)" "0.267 Seconds"
219.133.248.83,219.133.248.83 - - [01/Apr/2025:17:05:23 +0800] "GET /wp-json/wc/v3/products/70425?BTAPP=59739f449d51f6967e8d41254dff3d91&timestamp=1743498322594&currency=USD&consumer_key=ck_368292ab2d1fc81f564ec5bb31917429689244e7&consumer_secret=cs_8a3d609f77c939aa6f3912e300201e2eb55a5367 HTTP/1.1" 200 34989 "-" "Dart/3.5 (dart:io)" "0.289 Seconds"
219.133.248.83,219.133.248.83 - - [01/Apr/2025:17:05:23 +0800] "GET /wp-json/wc/v3/products/70425?BTAPP=98b98e73834d03a020538522dee8af71&timestamp=1743498322626&currency=USD&consumer_key=ck_368292ab2d1fc81f564ec5bb31917429689244e7&consumer_secret=cs_8a3d609f77c939aa6f3912e300201e2eb55a5367 HTTP/1.1" 200 34995 "-" "Dart/3.5 (dart:io)" "0.297 Seconds"
219.133.248.83,219.133.248.83 - - [01/Apr/2025:17:05:23 +0800] "GET /wp-json/wc/v3/products/70425?BTAPP=36a2c802b5e281b74bf4b47ac976cb03&timestamp=1743498322659&currency=USD&consumer_key=ck_368292ab2d1fc81f564ec5bb31917429689244e7&consumer_secret=cs_8a3d609f77c939aa6f3912e300201e2eb55a5367 HTTP/1.1" 200 34989 "-" "Dart/3.5 (dart:io)" "0.284 Seconds"
219.133.248.83,219.133.248.83 - - [01/Apr/2025:17:05:23 +0800] "GET /wp-json/wc/v3/products/70425?BTAPP=afcfd4eb9dee1ba355ba0e52184edff0&timestamp=1743498322694&currency=USD&consumer_key=ck_368292ab2d1fc81f564ec5bb31917429689244e7&consumer_secret=cs_8a3d609f77c939aa6f3912e300201e2eb55a5367 HTTP/1.1" 200 34989 "-" "Dart/3.5 (dart:io)" "0.263 Seconds"
219.133.248.83,219.133.248.83 - - [01/Apr/2025:17:05:23 +0800] "GET /wp-json/wc/v3/products/70425?BTAPP=0c1f1122821af823d832e426b157822a&timestamp=1743498322760&currency=USD&consumer_key=ck_368292ab2d1fc81f564ec5bb31917429689244e7&consumer_secret=cs_8a3d609f77c939aa6f3912e300201e2eb55a5367 HTTP/1.1" 200 34996 "-" "Dart/3.5 (dart:io)" "0.279 Seconds"
219.133.248.83,219.133.248.83 - - [01/Apr/2025:17:05:23 +0800] "GET /wp-json/wc/v3/products/70425?BTAPP=2d74ab660300d493338ecc44eacf25aa&timestamp=1743498322794&currency=USD&consumer_key=ck_368292ab2d1fc81f564ec5bb31917429689244e7&consumer_secret=cs_8a3d609f77c939aa6f3912e300201e2eb55a5367 HTTP/1.1" 200 34995 "-" "Dart/3.5 (dart:io)" "0.262 Seconds"
219.133.248.83,219.133.248.83 - - [01/Apr/2025:17:05:23 +0800] "GET /wp-json/wc/v3/products/70425?BTAPP=fbd2e7187592ba8d9ac1eb1d771f0b4a&timestamp=1743498322860&currency=USD&consumer_key=ck_368292ab2d1fc81f564ec5bb31917429689244e7&consumer_secret=cs_8a3d609f77c939aa6f3912e300201e2eb55a5367 HTTP/1.1" 200 34995 "-" "Dart/3.5 (dart:io)" "0.259 Seconds"
219.133.248.83,219.133.248.83 - - [01/Apr/2025:17:05:23 +0800] "GET /wp-json/wc/v3/products/70425?BTAPP=7c401299531f237e9dc4f8d8735b9c6a&timestamp=1743498322826&currency=USD&consumer_key=ck_368292ab2d1fc81f564ec5bb31917429689244e7&consumer_secret=cs_8a3d609f77c939aa6f3912e300201e2eb55a5367 HTTP/1.1" 200 34995 "-" "Dart/3.5 (dart:io)" "0.276 Seconds"
219.133.248.83,219.133.248.83 - - [01/Apr/2025:17:05:23 +0800] "GET /wp-json/wc/v3/products/70425?BTAPP=f9a997ceab3e9906b1c2df36ac03802f&timestamp=1743498322427&currency=USD&consumer_key=ck_368292ab2d1fc81f564ec5bb31917429689244e7&consumer_secret=cs_8a3d609f77c939aa6f3912e300201e2eb55a5367 HTTP/1.1" 200 34995 "-" "Dart/3.5 (dart:io)" "0.255 Seconds"
219.133.248.83,219.133.248.83 - - [01/Apr/2025:17:05:24 +0800] "GET /wp-json/wc/v3/products/70425?BTAPP=4aca12aafd0bc766d51cdb10c9450587&timestamp=1743498322495&currency=USD&consumer_key=ck_368292ab2d1fc81f564ec5bb31917429689244e7&consumer_secret=cs_8a3d609f77c939aa6f3912e300201e2eb55a5367 HTTP/1.1" 200 34995 "-" "Dart/3.5 (dart:io)" "0.250 Seconds"
219.133.248.83,219.133.248.83 - - [01/Apr/2025:17:05:24 +0800] "GET /wp-json/wc/v3/products/70425?BTAPP=3a2472ac300885db309d0ba8982ce201&timestamp=1743498322727&currency=USD&consumer_key=ck_368292ab2d1fc81f564ec5bb31917429689244e7&consumer_secret=cs_8a3d609f77c939aa6f3912e300201e2eb55a5367 HTTP/1.1" 200 34995 "-" "Dart/3.5 (dart:io)" "0.264 Seconds"
212.107.29.90,212.107.29.90 - - [01/Apr/2025:17:05:24 +0800] "GET /wp-json/dokan/v1/admin/notices/promo HTTP/1.1" 200 12 "https://bt-miners.com/wp-admin/edit.php?post_status=wc-processing&post_type=shop_order" "Mozilla/5.0 (Windows NT 10.0; Win64; x64) AppleWebKit/537.36 (KHTML, like Gecko) Chrome/134.0.0.0 Safari/537.36" "0.317 Seconds"
212.107.29.90,212.107.29.90 - - [01/Apr/2025:17:05:24 +0800] "GET /wp-json/dokan/v1/admin/notices/admin?scope=global HTTP/1.1" 200 12 "https://bt-miners.com/wp-admin/edit.php?post_status=wc-processing&post_type=shop_order" "Mozilla/5.0 (Windows NT 10.0; Win64; x64) AppleWebKit/537.36 (KHTML, like Gecko) Chrome/134.0.0.0 Safari/537.36" "0.563 Seconds"
212.107.29.90,212.107.29.90 - - [01/Apr/2025:17:05:24 +0800] "GET /wp-json/wc-admin/onboarding/tasks?_locale=user HTTP/1.1" 200 6224 "https://bt-miners.com/wp-admin/edit.php?post_status=wc-processing&post_type=shop_order" "Mozilla/5.0 (Windows NT 10.0; Win64; x64) AppleWebKit/537.36 (KHTML, like Gecko) Chrome/134.0.0.0 Safari/537.36" "0.507 Seconds"
212.107.29.90,212.107.29.90 - - [01/Apr/2025:17:05:25 +0800] "GET /wp-json/wc-analytics/orders?page=1&per_page=1&status%5B0%5D=processing&status%5B1%5D=on-hold&_fields%5B0%5D=id&_locale=user HTTP/1.1" 200 24 "https://bt-miners.com/wp-admin/edit.php?post_status=wc-processing&post_type=shop_order" "Mozilla/5.0 (Windows NT 10.0; Win64; x64) AppleWebKit/537.36 (KHTML, like Gecko) Chrome/134.0.0.0 Safari/537.36" "0.290 Seconds"
212.107.29.90,212.107.29.90 - - [01/Apr/2025:17:05:25 +0800] "GET /wp-json/wc-analytics/products/count-low-in-stock?status=publish&page=1&per_page=1&_locale=user HTTP/1.1" 200 22 "https://bt-miners.com/wp-admin/edit.php?post_status=wc-processing&post_type=shop_order" "Mozilla/5.0 (Windows NT 10.0; Win64; x64) AppleWebKit/537.36 (KHTML, like Gecko) Chrome/134.0.0.0 Safari/537.36" "0.537 Seconds"
212.107.29.90,212.107.29.90 - - [01/Apr/2025:17:05:25 +0800] "GET /wp-json/wc-analytics/products/reviews?page=1&per_page=1&status=hold&_embed=1&_fields%5B0%5D=id&_locale=user HTTP/1.1" 200 24 "https://bt-miners.com/wp-admin/edit.php?post_status=wc-processing&post_type=shop_order" "Mozilla/5.0 (Windows NT 10.0; Win64; x64) AppleWebKit/537.36 (KHTML, like Gecko) Chrome/134.0.0.0 Safari/537.36" "0.710 Seconds"
212.107.29.90,212.107.29.90 - - [01/Apr/2025:17:05:25 +0800] "GET /wp-json/wc-admin/options?options=woocommerce_admin_transient_notices_queue%2Cwoocommerce_admin_install_timestamp&_locale=user HTTP/1.1" 200 113 "https://bt-miners.com/wp-admin/edit.php?post_status=wc-processing&post_type=shop_order" "Mozilla/5.0 (Windows NT 10.0; Win64; x64) AppleWebKit/537.36 (KHTML, like Gecko) Chrome/134.0.0.0 Safari/537.36" "0.789 Seconds"
212.107.29.90,212.107.29.90 - - [01/Apr/2025:17:05:25 +0800] "GET /wp-json/wc-admin/options?options=woocommerce_ces_tracks_queue&_locale=user HTTP/1.1" 200 46 "https://bt-miners.com/wp-admin/edit.php?post_status=wc-processing&post_type=shop_order" "Mozilla/5.0 (Windows NT 10.0; Win64; x64) AppleWebKit/537.36 (KHTML, like Gecko) Chrome/134.0.0.0 Safari/537.36" "0.959 Seconds"
212.107.29.90,212.107.29.90 - - [01/Apr/2025:17:05:26 +0800] "GET /wp-json/wc-analytics/admin/notes?page=1&per_page=25&type=error%2Cupdate&status=unactioned&_locale=user HTTP/1.1" 200 12 "https://bt-miners.com/wp-admin/edit.php?post_status=wc-processing&post_type=shop_order" "Mozilla/5.0 (Windows NT 10.0; Win64; x64) AppleWebKit/537.36 (KHTML, like Gecko) Chrome/134.0.0.0 Safari/537.36" "1.149 Seconds"
212.107.29.90,212.107.29.90 - - [01/Apr/2025:17:05:26 +0800] "GET /wp-json/jetpack/v4/connection/data?_locale=user HTTP/1.1" 200 332 "https://bt-miners.com/wp-admin/edit.php?post_status=wc-processing&post_type=shop_order" "Mozilla/5.0 (Windows NT 10.0; Win64; x64) AppleWebKit/537.36 (KHTML, like Gecko) Chrome/134.0.0.0 Safari/537.36" "1.432 Seconds"
212.107.29.90,212.107.29.90 - - [01/Apr/2025:17:05:26 +0800] "GET /wp-json/wc-admin/options?options=woocommerce_task_list_reminder_bar_hidden&_locale=user HTTP/1.1" 200 62 "https://bt-miners.com/wp-admin/edit.php?post_status=wc-processing&post_type=shop_order" "Mozilla/5.0 (Windows NT 10.0; Win64; x64) AppleWebKit/537.36 (KHTML, like Gecko) Chrome/134.0.0.0 Safari/537.36" "0.774 Seconds"
83.99.151.69,83.99.151.69 - - [01/Apr/2025:17:05:28 +0800] "GET /tag/about-bitcoin/ HTTP/1.1" 200 53027 "-" "Mozilla/5.0 AppleWebKit/537.36 (KHTML, like Gecko; compatible; GeedoProductSearch; +http://www.geedo.com/product-search.html) Chrome/79.0.3945.88 Safari/537.36" "0.512 Seconds"
2a01:4f8:1c1c:5353::1,2a01:4f8:1c1c:5353::1 - - [01/Apr/2025:17:05:30 +0800] "HEAD /?debug=uptimerobot HTTP/1.1" 200 0 "https://bt-miners.com/?debug=uptimerobot" "Mozilla/5.0+(compatible; UptimeRobot/2.0; http://www.uptimerobot.com/)" "0.364 Seconds"
212.107.29.89 - - [01/Apr/2025:17:05:32 +0800] "POST /wp-admin/admin-ajax.php HTTP/1.1" 200 43 "https://bt-miners.com/wp-admin/post.php?post=70797&action=edit" "Mozilla/5.0 (Windows NT 10.0; Win64; x64) AppleWebKit/537.36 (KHTML, like Gecko) Chrome/122.0.0.0 Safari/537.36" "0.406 Seconds"
212.107.29.89 - - [01/Apr/2025:17:05:33 +0800] "POST /wp-admin/admin-ajax.php HTTP/1.1" 200 43 "https://bt-miners.com/wp-admin/post.php?post=70804&action=edit" "Mozilla/5.0 (Windows NT 10.0; Win64; x64) AppleWebKit/537.36 (KHTML, like Gecko) Chrome/122.0.0.0 Safari/537.36" "0.786 Seconds"
212.107.29.89 - - [01/Apr/2025:17:05:33 +0800] "POST /wp-admin/admin-ajax.php HTTP/1.1" 200 31 "https://bt-miners.com/wp-admin/options-general.php?page=perfmatters" "Mozilla/5.0 (Windows NT 10.0; Win64; x64) AppleWebKit/537.36 (KHTML, like Gecko) Chrome/122.0.0.0 Safari/537.36" "1.151 Seconds"
54.158.124.156,54.158.124.156 - - [01/Apr/2025:17:05:37 +0800] "GET /?debug=kuma-uptime HTTP/1.1" 200 89387 "-" "Uptime-Kuma/1.23.16" "1.596 Seconds"
83.99.151.67,83.99.151.67 - - [01/Apr/2025:17:05:38 +0800] "GET /es/acerca-de-siacoin/ HTTP/1.1" 301 5 "-" "Mozilla/5.0 AppleWebKit/537.36 (KHTML, like Gecko; compatible; GeedoProductSearch; +http://www.geedo.com/product-search.html) Chrome/79.0.3945.88 Safari/537.36" "0.424 Seconds"
212.107.29.90,212.107.29.90 - - [01/Apr/2025:17:05:40 +0800] "GET / HTTP/1.1" 499 0 "-" "Mozilla/5.0 (Windows NT 10.0; Win64; x64) AppleWebKit/537.36 (KHTML, like Gecko) Chrome/134.0.0.0 Safari/537.36" "0.000 Seconds"
2a01:4f8:c013:3c54::1,2a01:4f8:c013:3c54::1 - - [01/Apr/2025:17:05:40 +0800] "HEAD / HTTP/1.1" 200 0 "https://bt-miners.com/" "Mozilla/5.0+(compatible; UptimeRobot/2.0; http://www.uptimerobot.com/)" "0.301 Seconds"
240e:3b2:3232:4a70:7058:7862:f44b:6b0 - - [01/Apr/2025:17:05:41 +0800] "POST /wp-admin/admin-ajax.php HTTP/1.1" 200 43 "https://bt-miners.com/wp-admin/post.php?post=67951&action=edit" "Mozilla/5.0 (Windows NT 10.0; Win64; x64) AppleWebKit/537.36 (KHTML, like Gecko) Chrome/119.0.0.0 Safari/537.36" "0.460 Seconds"
240e:3b2:3232:4a70:7058:7862:f44b:6b0 - - [01/Apr/2025:17:05:41 +0800] "POST /wp-admin/admin-ajax.php HTTP/1.1" 200 43 "https://bt-miners.com/wp-admin/post.php?post=67951&action=edit" "Mozilla/5.0 (Windows NT 10.0; Win64; x64) AppleWebKit/537.36 (KHTML, like Gecko) Chrome/119.0.0.0 Safari/537.36" "0.795 Seconds"
212.107.29.89 - - [01/Apr/2025:17:05:41 +0800] "POST /wp-admin/admin-ajax.php HTTP/1.1" 200 113 "https://bt-miners.com/wp-admin/post.php?post=70804&action=edit" "Mozilla/5.0 (Windows NT 10.0; Win64; x64) AppleWebKit/537.36 (KHTML, like Gecko) Chrome/122.0.0.0 Safari/537.36" "0.399 Seconds"
212.107.29.90,212.107.29.90 - - [01/Apr/2025:17:05:41 +0800] "GET / HTTP/1.1" 200 64098 "-" "Mozilla/5.0 (Windows NT 10.0; Win64; x64) AppleWebKit/537.36 (KHTML, like Gecko) Chrome/134.0.0.0 Safari/537.36" "1.776 Seconds"
38.45.64.74 - - [01/Apr/2025:17:05:43 +0800] "POST /wp-admin/admin-ajax.php HTTP/1.1" 200 31 "https://bt-miners.com/products/bitmain-antminer-e11-9-5gh-s-bt-miners/" "Mozilla/5.0 (Windows NT 10.0; Win64; x64) AppleWebKit/537.36 (KHTML, like Gecko) Chrome/134.0.0.0 Safari/537.36" "0.473 Seconds"
219.133.248.83,219.133.248.83 - - [01/Apr/2025:17:05:43 +0800] "GET /wp-json/wc/v3/products/70425?BTAPP=12bec3501ead8376b702128839c24f69&timestamp=1743498342636&currency=USD&consumer_key=ck_368292ab2d1fc81f564ec5bb31917429689244e7&consumer_secret=cs_8a3d609f77c939aa6f3912e300201e2eb55a5367 HTTP/1.1" 200 34989 "-" "Dart/3.5 (dart:io)" "0.286 Seconds"
219.133.248.83,219.133.248.83 - - [01/Apr/2025:17:05:43 +0800] "GET /wp-json/wc/v3/products/70425?BTAPP=33a3a5b3da68784e3c681e52c25085ad&timestamp=1743498342725&currency=USD&consumer_key=ck_368292ab2d1fc81f564ec5bb31917429689244e7&consumer_secret=cs_8a3d609f77c939aa6f3912e300201e2eb55a5367 HTTP/1.1" 200 34995 "-" "Dart/3.5 (dart:io)" "0.263 Seconds"
219.133.248.83,219.133.248.83 - - [01/Apr/2025:17:05:43 +0800] "GET /wp-json/wc/v3/products/70425?BTAPP=cdb9ee436b2ce8848811b866363106b8&timestamp=1743498342691&currency=USD&consumer_key=ck_368292ab2d1fc81f564ec5bb31917429689244e7&consumer_secret=cs_8a3d609f77c939aa6f3912e300201e2eb55a5367 HTTP/1.1" 200 34989 "-" "Dart/3.5 (dart:io)" "0.304 Seconds"
219.133.248.83,219.133.248.83 - - [01/Apr/2025:17:05:43 +0800] "GET /wp-json/wc/v3/products/70425?BTAPP=4e34b20f1454a2fe2d4799703abe83a8&timestamp=1743498342760&currency=USD&consumer_key=ck_368292ab2d1fc81f564ec5bb31917429689244e7&consumer_secret=cs_8a3d609f77c939aa6f3912e300201e2eb55a5367 HTTP/1.1" 200 34995 "-" "Dart/3.5 (dart:io)" "0.290 Seconds"
219.133.248.83,219.133.248.83 - - [01/Apr/2025:17:05:43 +0800] "GET /wp-json/wc/v3/products/70425?BTAPP=5c791df20bb201e5441910561ed249a8&timestamp=1743498342792&currency=USD&consumer_key=ck_368292ab2d1fc81f564ec5bb31917429689244e7&consumer_secret=cs_8a3d609f77c939aa6f3912e300201e2eb55a5367 HTTP/1.1" 200 34989 "-" "Dart/3.5 (dart:io)" "0.284 Seconds"
219.133.248.83,219.133.248.83 - - [01/Apr/2025:17:05:43 +0800] "GET /wp-json/wc/v3/products/70425?BTAPP=b65ac3b15c1aa6673a05a22c85ae0020&timestamp=1743498342861&currency=USD&consumer_key=ck_368292ab2d1fc81f564ec5bb31917429689244e7&consumer_secret=cs_8a3d609f77c939aa6f3912e300201e2eb55a5367 HTTP/1.1" 200 34995 "-" "Dart/3.5 (dart:io)" "0.320 Seconds"
219.133.248.83,219.133.248.83 - - [01/Apr/2025:17:05:43 +0800] "GET /wp-json/wc/v3/products/70425?BTAPP=be4e6bec6ddc4df0f0cde83617a449a5&timestamp=1743498342928&currency=USD&consumer_key=ck_368292ab2d1fc81f564ec5bb31917429689244e7&consumer_secret=cs_8a3d609f77c939aa6f3912e300201e2eb55a5367 HTTP/1.1" 200 34995 "-" "Dart/3.5 (dart:io)" "0.285 Seconds"
219.133.248.83,219.133.248.83 - - [01/Apr/2025:17:05:43 +0800] "GET /wp-json/wc/v3/products/70425?BTAPP=df2e286f7b47de9125955a3bf7d07c28&timestamp=1743498342992&currency=USD&consumer_key=ck_368292ab2d1fc81f564ec5bb31917429689244e7&consumer_secret=cs_8a3d609f77c939aa6f3912e300201e2eb55a5367 HTTP/1.1" 200 34989 "-" "Dart/3.5 (dart:io)" "0.266 Seconds"
219.133.248.83,219.133.248.83 - - [01/Apr/2025:17:05:44 +0800] "GET /wp-json/wc/v3/products/70425?BTAPP=84ce9ef24f0564606e347023fff441d9&timestamp=1743498343060&currency=USD&consumer_key=ck_368292ab2d1fc81f564ec5bb31917429689244e7&consumer_secret=cs_8a3d609f77c939aa6f3912e300201e2eb55a5367 HTTP/1.1" 200 34995 "-" "Dart/3.5 (dart:io)" "0.274 Seconds"
219.133.248.83,219.133.248.83 - - [01/Apr/2025:17:05:44 +0800] "GET /wp-json/wc/v3/products/70425?BTAPP=d5d45e5fe51d8e2f7fcd9bd3a844c5e8&timestamp=1743498343125&currency=USD&consumer_key=ck_368292ab2d1fc81f564ec5bb31917429689244e7&consumer_secret=cs_8a3d609f77c939aa6f3912e300201e2eb55a5367 HTTP/1.1" 200 34995 "-" "Dart/3.5 (dart:io)" "0.278 Seconds"
219.133.248.83 - - [01/Apr/2025:17:05:47 +0800] "POST /wp-json/api/flutter_order/create HTTP/1.1" 201 43326 "-" "Dart/3.5 (dart:io)" "4.289 Seconds"
83.99.151.67,83.99.151.67 - - [01/Apr/2025:17:05:48 +0800] "GET /products/icon-socks-bt-miners/ HTTP/1.1" 200 88919 "-" "Mozilla/5.0 AppleWebKit/537.36 (KHTML, like Gecko; compatible; GeedoProductSearch; +http://www.geedo.com/product-search.html) Chrome/79.0.3945.88 Safari/537.36" "0.702 Seconds"
212.107.29.89 - - [01/Apr/2025:17:05:48 +0800] "POST /wp-admin/admin-ajax.php HTTP/1.1" 200 31 "https://bt-miners.com/wp-admin/post.php?post=70804&action=edit" "Mozilla/5.0 (Windows NT 10.0; Win64; x64) AppleWebKit/537.36 (KHTML, like Gecko) Chrome/122.0.0.0 Safari/537.36" "0.375 Seconds"
54.37.215.160,54.37.215.160 - - [01/Apr/2025:17:05:48 +0800] "GET /the-economics-and-incentives-behind-bitcoin-mining-and-more/ HTTP/1.1" 200 67334 "-" "GTranslate-Translation-Proxy" "0.573 Seconds"
212.107.29.89 - - [01/Apr/2025:17:05:49 +0800] "POST /wp-admin/admin-ajax.php HTTP/1.1" 200 43 "https://bt-miners.com/wp-admin/options-general.php?page=perfmatters" "Mozilla/5.0 (Windows NT 10.0; Win64; x64) AppleWebKit/537.36 (KHTML, like Gecko) Chrome/122.0.0.0 Safari/537.36" "0.755 Seconds"
219.133.248.83 - - [01/Apr/2025:17:05:51 +0800] "POST /wp-json/api/flutter_creditcard/pay HTTP/1.1" 200 186 "-" "Dart/3.5 (dart:io)" "2.917 Seconds"
212.107.29.89 - - [01/Apr/2025:17:05:51 +0800] "POST /wp-admin/admin-ajax.php HTTP/1.1" 200 43 "https://bt-miners.com/wp-admin/post.php?post=70267&action=edit" "Mozilla/5.0 (Windows NT 10.0; Win64; x64) AppleWebKit/537.36 (KHTML, like Gecko) Chrome/134.0.0.0 Safari/537.36" "0.685 Seconds"
219.133.248.83 - - [01/Apr/2025:17:05:52 +0800] "POST /wp-json/api/flutter_woo/cart HTTP/1.1" 200 271 "-" "Dart/3.5 (dart:io)" "0.537 Seconds"
212.107.29.90 - - [01/Apr/2025:17:05:55 +0800] "POST /wp-admin/admin-ajax.php HTTP/1.1" 200 43 "https://bt-miners.com/wp-admin/edit.php?post_status=wc-processing&post_type=shop_order" "Mozilla/5.0 (Windows NT 10.0; Win64; x64) AppleWebKit/537.36 (KHTML, like Gecko) Chrome/134.0.0.0 Safari/537.36" "0.433 Seconds"
12.8.108.10,12.8.108.10 - - [01/Apr/2025:17:05:56 +0800] "GET /products/goldshell-ae-box-ii-aleo-miner-54mh-s-bt-miners/?_gl=1*1qioz50*_up*MQ..*_gs*MQ..&gclid=Cj0KCQjwna6_BhCbARIsALId2Z1bTQyKJQLqXRfpkdiKk_NaZalQp2Fbazj0zzf5lynOismNLymi8CAaAsxYEALw_wcB HTTP/1.1" 200 124707 "https://bt-miners.com/products/iceriver-ae0-aleo-miner-50mh-s-bt-miners/?attribute_condition=June+Batch&attribute_power-supply-unit=Including&gad_source=1&gclid=Cj0KCQjwna6_BhCbARIsALId2Z1bTQyKJQLqXRfpkdiKk_NaZalQp2Fbazj0zzf5lynOismNLymi8CAaAsxYEALw_wcB" "Mozilla/5.0 (Linux; Android 10; K) AppleWebKit/537.36 (KHTML, like Gecko) SamsungBrowser/27.0 Chrome/125.0.0.0 Mobile Safari/537.36" "1.790 Seconds"
240e:3b2:3232:4a70:7058:7862:f44b:6b0 - - [01/Apr/2025:17:05:57 +0800] "POST /wp-admin/admin-ajax.php HTTP/1.1" 200 43 "https://bt-miners.com/wp-admin/post.php?post=67951&action=edit" "Mozilla/5.0 (Windows NT 10.0; Win64; x64) AppleWebKit/537.36 (KHTML, like Gecko) Chrome/119.0.0.0 Safari/537.36" "0.422 Seconds"
240e:3b2:3232:4a70:7058:7862:f44b:6b0 - - [01/Apr/2025:17:05:57 +0800] "POST /wp-admin/admin-ajax.php HTTP/1.1" 200 43 "https://bt-miners.com/wp-admin/post.php?post=67951&action=edit" "Mozilla/5.0 (Windows NT 10.0; Win64; x64) AppleWebKit/537.36 (KHTML, like Gecko) Chrome/119.0.0.0 Safari/537.36" "0.788 Seconds"
5.34.216.107 - - [01/Apr/2025:17:05:58 +0800] "POST /wp-admin/admin-ajax.php HTTP/1.1" 200 43 "https://bt-miners.com/wp-admin/edit.php?s=bitcoin&post_status=all&post_type=post&m=0&cat=0&paged=1" "Mozilla/5.0 (Windows NT 10.0; Win64; x64) AppleWebKit/537.36 (KHTML, like Gecko) Chrome/134.0.0.0 Safari/537.36" "0.405 Seconds"
83.99.151.69,83.99.151.69 - - [01/Apr/2025:17:05:58 +0800] "GET /es/collections/hardware-de-mineria-de-altcoins/ HTTP/1.1" 301 5 "-" "Mozilla/5.0 AppleWebKit/537.36 (KHTML, like Gecko; compatible; GeedoProductSearch; +http://www.geedo.com/product-search.html) Chrome/79.0.3945.88 Safari/537.36" "0.333 Seconds"
2401:4900:1c68:53b8:50b5:f0aa:2647:e8d5,54.38.96.38 - - [01/Apr/2025:17:05:59 +0800] "POST /wp-login.php HTTP/1.1" 200 4004 "-" "Mozilla/4.0 (compatible; MSIE 6.0; Windows NT 5.0)" "0.649 Seconds"
54.158.124.156,54.158.124.156 - - [01/Apr/2025:17:05:59 +0800] "GET /?debug=kuma-uptime HTTP/1.1" 200 89425 "-" "Uptime-Kuma/1.23.16" "1.657 Seconds"
12.8.108.10 - - [01/Apr/2025:17:06:01 +0800] "POST /wp-admin/admin-ajax.php HTTP/1.1" 200 31 "https://bt-miners.com/products/goldshell-ae-box-ii-aleo-miner-54mh-s-bt-miners/?_gl=1*1qioz50*_up*MQ..*_gs*MQ..&gclid=Cj0KCQjwna6_BhCbARIsALId2Z1bTQyKJQLqXRfpkdiKk_NaZalQp2Fbazj0zzf5lynOismNLymi8CAaAsxYEALw_wcB" "Mozilla/5.0 (Linux; Android 10; K) AppleWebKit/537.36 (KHTML, like Gecko) SamsungBrowser/27.0 Chrome/125.0.0.0 Mobile Safari/537.36" "0.496 Seconds"
40.77.167.24 - - [01/Apr/2025:17:06:02 +0800] "GET /wp-content/plugins/dokan-lite/assets/vendors/font-awesome/webfonts/fa-solid-900.ttf HTTP/1.1" 200 419720 "-" "Mozilla/5.0 AppleWebKit/537.36 (KHTML, like Gecko; compatible; bingbot/2.0; +http://www.bing.com/bingbot.htm) Chrome/116.0.1938.76 Safari/537.36" "0.002 Seconds"
212.107.29.89 - - [01/Apr/2025:17:06:04 +0800] "POST /wp-admin/admin-ajax.php HTTP/1.1" 200 31 "https://bt-miners.com/wp-admin/post.php?post=70804&action=edit" "Mozilla/5.0 (Windows NT 10.0; Win64; x64) AppleWebKit/537.36 (KHTML, like Gecko) Chrome/122.0.0.0 Safari/537.36" "0.432 Seconds"
219.133.248.83,219.133.248.83 - - [01/Apr/2025:17:06:07 +0800] "GET /wp-json/wc/v3/orders?customer=20009&per_page=20&page=1&order=desc&orderby=id&dummy=1743498364170&BTAPP=3cd6724e7d68524785653987fc8a6c20&timestamp=1743498364170&consumer_key=ck_368292ab2d1fc81f564ec5bb31917429689244e7&consumer_secret=cs_8a3d609f77c939aa6f3912e300201e2eb55a5367 HTTP/1.1" 200 907711 "-" "Dart/3.5 (dart:io)" "2.247 Seconds"
83.99.151.69,83.99.151.69 - - [01/Apr/2025:17:06:08 +0800] "GET /collections/siacoin-miners/?display_mode=list HTTP/1.1" 200 64552 "-" "Mozilla/5.0 AppleWebKit/537.36 (KHTML, like Gecko; compatible; GeedoProductSearch; +http://www.geedo.com/product-search.html) Chrome/79.0.3945.88 Safari/537.36" "0.648 Seconds"
54.37.215.166,54.37.215.166 - - [01/Apr/2025:17:06:10 +0800] "GET /faqs/ HTTP/1.1" 200 58634 "-" "Mozilla/5.0 (iPhone; CPU iPhone OS 11_0 like Mac OS X) AppleWebKit/537.36 (KHTML, like Gecko) Chrome/58.0.7789.1125 Mobile Safari/537.36" "0.490 Seconds"
3.222.106.115 - - [01/Apr/2025:17:06:12 +0800] "POST /wp-admin/admin-ajax.php?action=as_async_request_queue_runner&nonce=bace5e8105 HTTP/1.1" 499 0 "-" "WordPress/6.7.1; https://bt-miners.com" "0.981 Seconds"
212.107.29.90 - - [01/Apr/2025:17:06:12 +0800] "POST /wp-admin/admin-ajax.php HTTP/1.1" 200 43 "https://bt-miners.com/wp-admin/edit.php?post_status=wc-processing&post_type=shop_order" "Mozilla/5.0 (Windows NT 10.0; Win64; x64) AppleWebKit/537.36 (KHTML, like Gecko) Chrome/134.0.0.0 Safari/537.36" "1.414 Seconds"
240e:3b2:3232:4a70:7058:7862:f44b:6b0 - - [01/Apr/2025:17:06:13 +0800] "POST /wp-admin/admin-ajax.php HTTP/1.1" 200 43 "https://bt-miners.com/wp-admin/post.php?post=67951&action=edit" "Mozilla/5.0 (Windows NT 10.0; Win64; x64) AppleWebKit/537.36 (KHTML, like Gecko) Chrome/119.0.0.0 Safari/537.36" "0.358 Seconds"
240e:3b2:3232:4a70:7058:7862:f44b:6b0 - - [01/Apr/2025:17:06:13 +0800] "POST /wp-admin/admin-ajax.php HTTP/1.1" 200 43 "https://bt-miners.com/wp-admin/post.php?post=67951&action=edit" "Mozilla/5.0 (Windows NT 10.0; Win64; x64) AppleWebKit/537.36 (KHTML, like Gecko) Chrome/119.0.0.0 Safari/537.36" "0.733 Seconds"
2a01:4f8:252:4c1::2,2a01:4f8:252:4c1::2 - - [01/Apr/2025:17:06:14 +0800] "GET /wp-json/wc/v3/orders/70805?consumer_key=ck_4e1503f04eb840b3b73d9daa3e525278f841aab1&consumer_secret=cs_6254cf6ff8478d7fed5a361d493cb16083052f4a HTTP/1.1" 200 43589 "-" "axios/1.7.4" "0.655 Seconds"
2a01:4f8:252:4c1::2,2a01:4f8:252:4c1::2 - - [01/Apr/2025:17:06:15 +0800] "GET /wp-json/wc/v3/customers/20009?consumer_key=ck_4e1503f04eb840b3b73d9daa3e525278f841aab1&consumer_secret=cs_6254cf6ff8478d7fed5a361d493cb16083052f4a HTTP/1.1" 200 14501 "-" "axios/1.7.4" "0.445 Seconds"
2a01:4f8:c013:3c53::1,2a01:4f8:c013:3c53::1 - - [01/Apr/2025:17:06:16 +0800] "HEAD /wp-admin/?debug=uptimerobot HTTP/1.1" 302 0 "https://bt-miners.com/wp-admin/?debug=uptimerobot" "Mozilla/5.0+(compatible; UptimeRobot/2.0; http://www.uptimerobot.com/)" "0.424 Seconds"
2a01:4f8:252:4c1::2,2a01:4f8:252:4c1::2 - - [01/Apr/2025:17:06:17 +0800] "GET /wp-json/wc/v3/orders?consumer_key=ck_4e1503f04eb840b3b73d9daa3e525278f841aab1&consumer_secret=cs_6254cf6ff8478d7fed5a361d493cb16083052f4a&customer=20009&per_page=2 HTTP/1.1" 200 87153 "-" "axios/1.7.4" "1.120 Seconds"
2a01:4f8:c013:3c53::1,2a01:4f8:c013:3c53::1 - - [01/Apr/2025:17:06:17 +0800] "HEAD /wp-login.php?redirect_to=https%3A%2F%2Fbt-miners.com%2Fwp-admin%2F%3Fdebug%3Duptimerobot&reauth=1 HTTP/1.1" 200 0 "https://bt-miners.com/wp-admin/?debug=uptimerobot" "Mozilla/5.0+(compatible; UptimeRobot/2.0; http://www.uptimerobot.com/)" "0.363 Seconds"
49.12.122.23,49.12.122.23 - - [01/Apr/2025:17:06:18 +0800] "GET /wp-json/wc/v3/orders/70805?consumer_key=ck_4e1503f04eb840b3b73d9daa3e525278f841aab1&consumer_secret=cs_6254cf6ff8478d7fed5a361d493cb16083052f4a HTTP/1.1" 200 43592 "-" "axios/1.7.4" "0.653 Seconds"
49.12.122.23,49.12.122.23 - - [01/Apr/2025:17:06:19 +0800] "GET /wp-json/wc/v3/customers/20009?consumer_key=ck_4e1503f04eb840b3b73d9daa3e525278f841aab1&consumer_secret=cs_6254cf6ff8478d7fed5a361d493cb16083052f4a HTTP/1.1" 200 14501 "-" "axios/1.7.4" "0.411 Seconds"
66.249.91.197,66.249.91.197 - - [01/Apr/2025:17:06:19 +0800] "GET /products/iotex-io-box-iotex-miner-80mh-s-bt-miners/ HTTP/1.1" 200 109570 "-" "Mozilla/5.0 (Linux; Android 6.0.1; Nexus 5X Build/MMB29P) AppleWebKit/537.36 (KHTML, like Gecko) Chrome/134.0.6998.165 Mobile Safari/537.36 (compatible; AdsBot-Google-Mobile; +http://www.google.com/mobile/adsbot.html)" "1.023 Seconds"
83.99.151.68,83.99.151.68 - - [01/Apr/2025:17:06:20 +0800] "GET /collections/etchash/page/1/?display_mode=list HTTP/1.1" 301 5 "-" "Mozilla/5.0 AppleWebKit/537.36 (KHTML, like Gecko; compatible; GeedoProductSearch; +http://www.geedo.com/product-search.html) Chrome/79.0.3945.88 Safari/537.36" "0.324 Seconds"
54.158.124.156,54.158.124.156 - - [01/Apr/2025:17:06:20 +0800] "GET /?debug=kuma-uptime HTTP/1.1" 200 89338 "-" "Uptime-Kuma/1.23.16" "1.617 Seconds"
212.107.29.89 - - [01/Apr/2025:17:06:20 +0800] "POST /wp-admin/admin-ajax.php HTTP/1.1" 200 31 "https://bt-miners.com/wp-admin/post.php?post=70804&action=edit" "Mozilla/5.0 (Windows NT 10.0; Win64; x64) AppleWebKit/537.36 (KHTML, like Gecko) Chrome/122.0.0.0 Safari/537.36" "0.400 Seconds"
109.230.55.105,54.38.96.37 - - [01/Apr/2025:17:06:20 +0800] "POST /wp-login.php HTTP/1.1" 200 4004 "-" "Mozilla/4.0 (compatible; MSIE 6.0; Windows NT 5.0)" "0.733 Seconds"
49.12.122.23,49.12.122.23 - - [01/Apr/2025:17:06:20 +0800] "GET /wp-json/wc/v3/orders?consumer_key=ck_4e1503f04eb840b3b73d9daa3e525278f841aab1&consumer_secret=cs_6254cf6ff8478d7fed5a361d493cb16083052f4a&customer=20009&per_page=2 HTTP/1.1" 200 87157 "-" "axios/1.7.4" "1.032 Seconds"
83.99.151.68,83.99.151.68 - - [01/Apr/2025:17:06:21 +0800] "GET /collections/etchash/?display_mode=list HTTP/1.1" 200 66388 "-" "Mozilla/5.0 AppleWebKit/537.36 (KHTML, like Gecko; compatible; GeedoProductSearch; +http://www.geedo.com/product-search.html) Chrome/79.0.3945.88 Safari/537.36" "0.750 Seconds"
212.107.29.90 - - [01/Apr/2025:17:06:25 +0800] "POST /wp-admin/admin-ajax.php HTTP/1.1" 200 58 "https://bt-miners.com/wp-admin/edit.php?post_status=wc-processing&post_type=shop_order" "Mozilla/5.0 (Windows NT 10.0; Win64; x64) AppleWebKit/537.36 (KHTML, like Gecko) Chrome/134.0.0.0 Safari/537.36" "0.400 Seconds"
212.107.29.90 - - [01/Apr/2025:17:06:27 +0800] "POST /wp-admin/admin-ajax.php HTTP/1.1" 200 43 "https://bt-miners.com/wp-admin/edit.php?post_status=wc-processing&post_type=shop_order" "Mozilla/5.0 (Windows NT 10.0; Win64; x64) AppleWebKit/537.36 (KHTML, like Gecko) Chrome/134.0.0.0 Safari/537.36" "0.400 Seconds"
240e:3b2:3232:4a70:7058:7862:f44b:6b0 - - [01/Apr/2025:17:06:29 +0800] "POST /wp-admin/admin-ajax.php HTTP/1.1" 200 43 "https://bt-miners.com/wp-admin/post.php?post=67951&action=edit" "Mozilla/5.0 (Windows NT 10.0; Win64; x64) AppleWebKit/537.36 (KHTML, like Gecko) Chrome/119.0.0.0 Safari/537.36" "0.425 Seconds"
240e:3b2:3232:4a70:7058:7862:f44b:6b0 - - [01/Apr/2025:17:06:29 +0800] "POST /wp-admin/admin-ajax.php HTTP/1.1" 200 43 "https://bt-miners.com/wp-admin/post.php?post=67951&action=edit" "Mozilla/5.0 (Windows NT 10.0; Win64; x64) AppleWebKit/537.36 (KHTML, like Gecko) Chrome/119.0.0.0 Safari/537.36" "0.812 Seconds"
83.99.151.67,83.99.151.67 - - [01/Apr/2025:17:06:29 +0800] "GET /products/volcminer-d1-litecoin-dogecoin-miner-15-15gh-s-bt-miners/ HTTP/1.1" 301 5 "-" "Mozilla/5.0 AppleWebKit/537.36 (KHTML, like Gecko; compatible; GeedoProductSearch; +http://www.geedo.com/product-search.html) Chrome/79.0.3945.88 Safari/537.36" "0.321 Seconds"
2a01:4f8:c2c:beae::1,2a01:4f8:c2c:beae::1 - - [01/Apr/2025:17:06:33 +0800] "HEAD /?debug=uptimerobot HTTP/1.1" 200 0 "https://bt-miners.com/?debug=uptimerobot" "Mozilla/5.0+(compatible; UptimeRobot/2.0; http://www.uptimerobot.com/)" "0.348 Seconds"
240e:3b2:3232:4a70:7058:7862:f44b:6b0 - - [01/Apr/2025:17:06:38 +0800] "POST /wp-admin/admin-ajax.php HTTP/1.1" 200 58 "https://bt-miners.com/wp-admin/" "Mozilla/5.0 (Windows NT 10.0; Win64; x64) AppleWebKit/537.36 (KHTML, like Gecko) Chrome/119.0.0.0 Safari/537.36" "0.368 Seconds"
240e:3b2:3232:4a70:7058:7862:f44b:6b0 - - [01/Apr/2025:17:06:38 +0800] "POST /wp-admin/admin-ajax.php HTTP/1.1" 400 11 "https://bt-miners.com/wp-admin/" "Mozilla/5.0 (Windows NT 10.0; Win64; x64) AppleWebKit/537.36 (KHTML, like Gecko) Chrome/119.0.0.0 Safari/537.36" "0.398 Seconds"
83.99.151.68,83.99.151.68 - - [01/Apr/2025:17:06:39 +0800] "GET /collections/hammer/?display_mode=grid HTTP/1.1" 200 64834 "-" "Mozilla/5.0 AppleWebKit/537.36 (KHTML, like Gecko; compatible; GeedoProductSearch; +http://www.geedo.com/product-search.html) Chrome/79.0.3945.88 Safari/537.36" "0.535 Seconds"
212.107.29.89 - - [01/Apr/2025:17:06:41 +0800] "POST /wp-admin/admin-ajax.php HTTP/1.1" 200 113 "https://bt-miners.com/wp-admin/post.php?post=70797&action=edit" "Mozilla/5.0 (Windows NT 10.0; Win64; x64) AppleWebKit/537.36 (KHTML, like Gecko) Chrome/122.0.0.0 Safari/537.36" "0.349 Seconds"
54.158.124.156,54.158.124.156 - - [01/Apr/2025:17:06:42 +0800] "GET /?debug=kuma-uptime HTTP/1.1" 200 89391 "-" "Uptime-Kuma/1.23.16" "1.599 Seconds"
212.107.29.89 - - [01/Apr/2025:17:06:42 +0800] "POST /wp-admin/admin-ajax.php HTTP/1.1" 200 31 "https://bt-miners.com/wp-admin/post.php?post=70804&action=edit" "Mozilla/5.0 (Windows NT 10.0; Win64; x64) AppleWebKit/537.36 (KHTML, like Gecko) Chrome/122.0.0.0 Safari/537.36" "0.380 Seconds"
212.107.29.90 - - [01/Apr/2025:17:06:43 +0800] "POST /wp-admin/admin-ajax.php HTTP/1.1" 200 43 "https://bt-miners.com/wp-admin/edit.php?post_status=wc-processing&post_type=shop_order" "Mozilla/5.0 (Windows NT 10.0; Win64; x64) AppleWebKit/537.36 (KHTML, like Gecko) Chrome/134.0.0.0 Safari/537.36" "0.447 Seconds"
2a01:4f8:c012:c60e::1,2a01:4f8:c012:c60e::1 - - [01/Apr/2025:17:06:44 +0800] "HEAD / HTTP/1.1" 200 0 "https://bt-miners.com/" "Mozilla/5.0+(compatible; UptimeRobot/2.0; http://www.uptimerobot.com/)" "0.265 Seconds"
172.58.164.96,172.58.164.96 - - [01/Apr/2025:17:06:45 +0800] "GET /products/braiins-mini-miner-bmm-101-bitcoin-miner-1th-s-bt-miners/?attribute_miner-hashrate=1T&attribute_condition=Q1+2025+Batch&gad_source=1&gclid=Cj0KCQjwna6_BhCbARIsALId2Z0CejGA3N5ZkBo_EYqDvQ2PH2Qnx6tNRewBjVLX3x_LjxF3gwjzjVUaAmNtEALw_wcB HTTP/1.1" 200 115996 "https://www.google.com/" "Mozilla/5.0 (Linux; Android 10; K) AppleWebKit/537.36 (KHTML, like Gecko) Chrome/134.0.0.0 Mobile Safari/537.36" "1.039 Seconds"
71.161.207.237,71.161.207.237 - - [01/Apr/2025:17:06:45 +0800] "GET /products/canaan-avalon-mini-3-bitcoin-miner-37-5th-s-bt-miners/?attribute_miner-hashrate=37.5T&attribute_condition=April+Batch&gad_source=1&gbraid=0AAAAABcf1msMaq61jmB0F-OXZsTMxoXU3&gclid=EAIaIQobChMI5_qF1722jAMVwTYIBR1WdAhHEAQYASABEgIFFPD_BwE HTTP/1.1" 200 117462 "https://www.google.com/" "Mozilla/5.0 (iPhone; CPU iPhone OS 18_3_2 like Mac OS X) AppleWebKit/605.1.15 (KHTML, like Gecko) Version/18.3.1 Mobile/15E148 Safari/604.1" "1.019 Seconds"
83.99.151.68,83.99.151.68 - - [01/Apr/2025:17:06:50 +0800] "GET /shop/page/14/?display_mode=grid HTTP/1.1" 200 67615 "-" "Mozilla/5.0 AppleWebKit/537.36 (KHTML, like Gecko; compatible; GeedoProductSearch; +http://www.geedo.com/product-search.html) Chrome/79.0.3945.88 Safari/537.36" "0.943 Seconds"
240e:3b2:3232:4a70:7058:7862:f44b:6b0 - - [01/Apr/2025:17:06:51 +0800] "POST /wp-admin/admin-ajax.php HTTP/1.1" 200 43 "https://bt-miners.com/wp-admin/post.php?post=67951&action=edit" "Mozilla/5.0 (Windows NT 10.0; Win64; x64) AppleWebKit/537.36 (KHTML, like Gecko) Chrome/119.0.0.0 Safari/537.36" "0.419 Seconds"
212.107.29.89 - - [01/Apr/2025:17:06:51 +0800] "POST /wp-admin/admin-ajax.php HTTP/1.1" 200 43 "https://bt-miners.com/wp-admin/post.php?post=70267&action=edit" "Mozilla/5.0 (Windows NT 10.0; Win64; x64) AppleWebKit/537.36 (KHTML, like Gecko) Chrome/134.0.0.0 Safari/537.36" "0.414 Seconds"
240e:3b2:3232:4a70:7058:7862:f44b:6b0 - - [01/Apr/2025:17:06:51 +0800] "POST /wp-admin/admin-ajax.php HTTP/1.1" 200 43 "https://bt-miners.com/wp-admin/post.php?post=67951&action=edit" "Mozilla/5.0 (Windows NT 10.0; Win64; x64) AppleWebKit/537.36 (KHTML, like Gecko) Chrome/119.0.0.0 Safari/537.36" "0.771 Seconds"
37.231.216.194,37.231.216.194 - - [01/Apr/2025:17:06:52 +0800] "GET /wp-json/wc/v3/products/65550?BTAPP=26a99f31ba8ebafcae8ca31d9b69585a&timestamp=1743498411773&currency=USD&consumer_key=ck_368292ab2d1fc81f564ec5bb31917429689244e7&consumer_secret=cs_8a3d609f77c939aa6f3912e300201e2eb55a5367 HTTP/1.1" 200 16561 "-" "Dart/3.5 (dart:io)" "0.149 Seconds"
172.58.164.96 - - [01/Apr/2025:17:06:52 +0800] "POST /wp-admin/admin-ajax.php HTTP/1.1" 200 31 "https://bt-miners.com/products/braiins-mini-miner-bmm-101-bitcoin-miner-1th-s-bt-miners/?attribute_miner-hashrate=1T&attribute_condition=Q1+2025+Batch&gad_source=1&gclid=Cj0KCQjwna6_BhCbARIsALId2Z0CejGA3N5ZkBo_EYqDvQ2PH2Qnx6tNRewBjVLX3x_LjxF3gwjzjVUaAmNtEALw_wcB" "Mozilla/5.0 (Linux; Android 10; K) AppleWebKit/537.36 (KHTML, like Gecko) Chrome/134.0.0.0 Mobile Safari/537.36" "0.494 Seconds"
5.34.216.107 - - [01/Apr/2025:17:06:57 +0800] "POST /wp-admin/admin-ajax.php HTTP/1.1" 200 31 "https://bt-miners.com/wp-admin/edit.php?s=bitcoin&post_status=all&post_type=post&m=0&cat=0&paged=1" "Mozilla/5.0 (Windows NT 10.0; Win64; x64) AppleWebKit/537.36 (KHTML, like Gecko) Chrome/134.0.0.0 Safari/537.36" "0.459 Seconds"
3.222.106.115 - - [01/Apr/2025:17:07:00 +0800] "POST /wp-cron.php?doing_wp_cron=1743498420.3059930801391601562500 HTTP/1.1" 200 31 "-" "WordPress/6.7.1; https://bt-miners.com" "0.001 Seconds"
71.161.207.237 - - [01/Apr/2025:17:07:00 +0800] "POST /wp-admin/admin-ajax.php HTTP/1.1" 200 31 "https://bt-miners.com/products/canaan-avalon-mini-3-bitcoin-miner-37-5th-s-bt-miners/?attribute_miner-hashrate=37.5T&attribute_condition=April+Batch&gad_source=1&gbraid=0AAAAABcf1msMaq61jmB0F-OXZsTMxoXU3&gclid=EAIaIQobChMI5_qF1722jAMVwTYIBR1WdAhHEAQYASABEgIFFPD_BwE" "Mozilla/5.0 (iPhone; CPU iPhone OS 18_3_2 like Mac OS X) AppleWebKit/605.1.15 (KHTML, like Gecko) Version/18.3.1 Mobile/15E148 Safari/604.1" "0.504 Seconds"
83.99.151.68,83.99.151.68 - - [01/Apr/2025:17:07:00 +0800] "GET /wp-login.php?redirect_to=https%3A%2F%2Fbt-miners.com%2Fbitcoin-appears-to-provide-a-number-of-benefits-across-an-esg-and-more%2F HTTP/1.1" 200 3913 "-" "Mozilla/5.0 AppleWebKit/537.36 (KHTML, like Gecko; compatible; GeedoProductSearch; +http://www.geedo.com/product-search.html) Chrome/79.0.3945.88 Safari/537.36" "0.347 Seconds"
54.158.124.156,54.158.124.156 - - [01/Apr/2025:17:07:04 +0800] "GET /?debug=kuma-uptime HTTP/1.1" 200 89413 "-" "Uptime-Kuma/1.23.16" "1.650 Seconds"
2401:4900:1c68:53b8:50b5:f0aa:2647:e8d5,54.38.96.38 - - [01/Apr/2025:17:07:08 +0800] "POST /wp-login.php HTTP/1.1" 200 4004 "-" "Mozilla/4.0 (compatible; MSIE 6.0; Windows NT 5.0)" "0.754 Seconds"
83.99.151.67,83.99.151.67 - - [01/Apr/2025:17:07:10 +0800] "GET /collections/hns-miner/?display_mode=grid HTTP/1.1" 200 63833 "-" "Mozilla/5.0 AppleWebKit/537.36 (KHTML, like Gecko; compatible; GeedoProductSearch; +http://www.geedo.com/product-search.html) Chrome/79.0.3945.88 Safari/537.36" "0.603 Seconds"
