34.231.73.223,34.231.73.223 - - [01/Apr/2025:16:41:14 +0800] "GET /apple-app-site-association HTTP/1.1" 301 5 "-" "AASA-Bot/1.0.0" "0.347 Seconds"
2001:41d0:a:1b7d::1,2001:41d0:a:1b7d::1 - - [01/Apr/2025:16:41:15 +0800] "GET /ar/%D8%B9%D8%B1%D8%A8%D8%A9-%D8%A7%D9%84%D8%AA%D8%B3%D9%88%D9%82/?remove_item=47faaa86a0f77d1d93bdc57e86cfd6c6&_wpnonce=06ca1c7c2a HTTP/1.1" 301 5 "-" "Mozilla/5.0 (compatible; MJ12bot/v1.4.8; http://mj12bot.com/)" "0.320 Seconds"
54.37.215.163,54.37.215.163 - - [01/Apr/2025:16:41:16 +0800] "GET /collections/algo/equihash-hardware/?orderby=profitability_desc HTTP/1.1" 200 64712 "-" "YisouSpider" "0.521 Seconds"
3.222.106.115 - - [01/Apr/2025:16:41:18 +0800] "POST /wp-cron.php?doing_wp_cron=1743496878.4955871105194091796875 HTTP/1.1" 200 31 "-" "WordPress/6.7.1; https://bt-miners.com" "0.000 Seconds"
83.99.151.64,83.99.151.64 - - [01/Apr/2025:16:41:18 +0800] "GET /es/rentabilidad-de-la-mineria/ HTTP/1.1" 301 5 "-" "Mozilla/5.0 AppleWebKit/537.36 (KHTML, like Gecko; compatible; GeedoProductSearch; +http://www.geedo.com/product-search.html) Chrome/79.0.3945.88 Safari/537.36" "0.386 Seconds"
54.158.124.156,54.158.124.156 - - [01/Apr/2025:16:41:19 +0800] "GET /?debug=kuma-uptime HTTP/1.1" 200 89429 "-" "Uptime-Kuma/1.23.16" "1.569 Seconds"
212.107.29.89 - - [01/Apr/2025:16:41:19 +0800] "POST /wp-admin/admin-ajax.php HTTP/1.1" 200 31 "https://bt-miners.com/wp-admin/options-general.php?page=perfmatters" "Mozilla/5.0 (Windows NT 10.0; Win64; x64) AppleWebKit/537.36 (KHTML, like Gecko) Chrome/122.0.0.0 Safari/537.36" "0.414 Seconds"
2001:41d0:a:1b7d::1,2001:41d0:a:1b7d::1 - - [01/Apr/2025:16:41:20 +0800] "GET /ar/%D8%B9%D8%B1%D8%A8%D8%A9-%D8%A7%D9%84%D8%AA%D8%B3%D9%88%D9%82/?remove_item=47faaa86a0f77d1d93bdc57e86cfd6c6&_wpnonce=06f8785a66 HTTP/1.1" 301 5 "-" "Mozilla/5.0 (compatible; MJ12bot/v1.4.8; http://mj12bot.com/)" "0.318 Seconds"
212.107.29.89,212.107.29.89 - - [01/Apr/2025:16:41:24 +0800] "GET /daily-income-of-miners/ HTTP/1.1" 200 89187 "https://bt-miners.com/" "Mozilla/5.0 (Windows NT 10.0; Win64; x64) AppleWebKit/537.36 (KHTML, like Gecko) Chrome/122.0.0.0 Safari/537.36" "0.576 Seconds"
3.222.106.115 - - [01/Apr/2025:16:41:25 +0800] "POST /wp-cron.php?doing_wp_cron=1743496885.3425619602203369140625 HTTP/1.1" 200 31 "-" "WordPress/6.7.1; https://bt-miners.com" "0.000 Seconds"
212.107.29.90 - - [01/Apr/2025:16:41:25 +0800] "POST /wp-admin/admin-ajax.php HTTP/1.1" 200 43 "https://bt-miners.com/wp-admin/post.php?post=64551&action=edit" "Mozilla/5.0 (Windows NT 10.0; Win64; x64) AppleWebKit/537.36 (KHTML, like Gecko) Chrome/134.0.0.0 Safari/537.36" "0.425 Seconds"
2001:41d0:a:1b7d::1,2001:41d0:a:1b7d::1 - - [01/Apr/2025:16:41:26 +0800] "GET /ar/%D8%B9%D8%B1%D8%A8%D8%A9-%D8%A7%D9%84%D8%AA%D8%B3%D9%88%D9%82/?remove_item=47faaa86a0f77d1d93bdc57e86cfd6c6&_wpnonce=0a77c4ca1d HTTP/1.1" 301 5 "-" "Mozilla/5.0 (compatible; MJ12bot/v1.4.8; http://mj12bot.com/)" "0.321 Seconds"
212.107.29.89 - - [01/Apr/2025:16:41:26 +0800] "POST /wp-admin/admin-ajax.php HTTP/1.1" 200 58 "https://bt-miners.com/wp-admin/options-general.php?page=perfmatters" "Mozilla/5.0 (Windows NT 10.0; Win64; x64) AppleWebKit/537.36 (KHTML, like Gecko) Chrome/122.0.0.0 Safari/537.36" "0.412 Seconds"
212.107.29.89,212.107.29.89 - - [01/Apr/2025:16:41:27 +0800] "GET /products/bitmain-antminer-s19j-pro-bitcoin-miner-117-120th-s-bt-miners/ HTTP/1.1" 200 77842 "https://bt-miners.com/" "Mozilla/5.0 (Windows NT 10.0; Win64; x64) AppleWebKit/537.36 (KHTML, like Gecko) Chrome/122.0.0.0 Safari/537.36" "0.652 Seconds"
156.246.92.193,156.246.92.193 - - [01/Apr/2025:16:41:28 +0800] "GET / HTTP/1.1" 200 285845 "-" "Mozilla/5.0 (Macintosh; Intel Mac OS X 10_15_7) AppleWebKit/537.36 (KHTML, like Gecko) Chrome/134.0.0.0 Safari/537.36" "2.206 Seconds"
212.107.29.89,212.107.29.89 - - [01/Apr/2025:16:41:28 +0800] "GET /products/bitmain-antminer-s19j-pro-bitcoin-miner-100th-s-bt-miners/ HTTP/1.1" 200 78582 "https://bt-miners.com/" "Mozilla/5.0 (Windows NT 10.0; Win64; x64) AppleWebKit/537.36 (KHTML, like Gecko) Chrome/122.0.0.0 Safari/537.36" "0.739 Seconds"
240e:3b2:3232:4a70:7058:7862:f44b:6b0 - - [01/Apr/2025:16:41:29 +0800] "POST /wp-admin/admin-ajax.php HTTP/1.1" 200 113 "https://bt-miners.com/wp-admin/post.php?post=67951&action=edit" "Mozilla/5.0 (Windows NT 10.0; Win64; x64) AppleWebKit/537.36 (KHTML, like Gecko) Chrome/119.0.0.0 Safari/537.36" "0.336 Seconds"
83.99.151.70,83.99.151.70 - - [01/Apr/2025:16:41:29 +0800] "GET /collections/eth-miner/page/2/ HTTP/1.1" 200 66444 "-" "Mozilla/5.0 AppleWebKit/537.36 (KHTML, like Gecko; compatible; GeedoProductSearch; +http://www.geedo.com/product-search.html) Chrome/79.0.3945.88 Safari/537.36" "0.642 Seconds"
2001:41d0:a:1b7d::1,2001:41d0:a:1b7d::1 - - [01/Apr/2025:16:41:30 +0800] "GET /ar/%D8%B9%D8%B1%D8%A8%D8%A9-%D8%A7%D9%84%D8%AA%D8%B3%D9%88%D9%82/?remove_item=47faaa86a0f77d1d93bdc57e86cfd6c6&_wpnonce=0b0b456d8b HTTP/1.1" 301 5 "-" "Mozilla/5.0 (compatible; MJ12bot/v1.4.8; http://mj12bot.com/)" "0.360 Seconds"
212.107.29.89,212.107.29.89 - - [01/Apr/2025:16:41:31 +0800] "GET /wp-json/wc/v2/list_income_product?Coin=All HTTP/1.1" 200 219442 "https://bt-miners.com/daily-income-of-miners/" "Mozilla/5.0 (Windows NT 10.0; Win64; x64) AppleWebKit/537.36 (KHTML, like Gecko) Chrome/122.0.0.0 Safari/537.36" "0.682 Seconds"
2401:4900:1c68:53b8:50b5:f0aa:2647:e8d5,54.38.96.38 - - [01/Apr/2025:16:41:34 +0800] "POST /wp-login.php HTTP/1.1" 200 4004 "-" "Mozilla/4.0 (compatible; MSIE 6.0; Windows NT 5.0)" "0.748 Seconds"
212.107.29.89 - - [01/Apr/2025:16:41:35 +0800] "POST /wp-admin/admin-ajax.php HTTP/1.1" 200 31 "https://bt-miners.com/wp-admin/options-general.php?page=perfmatters" "Mozilla/5.0 (Windows NT 10.0; Win64; x64) AppleWebKit/537.36 (KHTML, like Gecko) Chrome/122.0.0.0 Safari/537.36" "0.396 Seconds"
2001:41d0:a:1b7d::1,2001:41d0:a:1b7d::1 - - [01/Apr/2025:16:41:36 +0800] "GET /ar/%D8%B9%D8%B1%D8%A8%D8%A9-%D8%A7%D9%84%D8%AA%D8%B3%D9%88%D9%82/?remove_item=47faaa86a0f77d1d93bdc57e86cfd6c6&_wpnonce=0cf23ce05c HTTP/1.1" 301 5 "-" "Mozilla/5.0 (compatible; MJ12bot/v1.4.8; http://mj12bot.com/)" "0.314 Seconds"
212.107.29.90 - - [01/Apr/2025:16:41:38 +0800] "POST /wp-admin/admin-ajax.php HTTP/1.1" 200 113 "https://bt-miners.com/wp-admin/post.php?post=64551&action=edit" "Mozilla/5.0 (Windows NT 10.0; Win64; x64) AppleWebKit/537.36 (KHTML, like Gecko) Chrome/134.0.0.0 Safari/537.36" "0.388 Seconds"
83.99.151.66,83.99.151.66 - - [01/Apr/2025:16:41:39 +0800] "GET /collections/asics-miners/page/4/?display_mode=list HTTP/1.1" 200 67202 "-" "Mozilla/5.0 AppleWebKit/537.36 (KHTML, like Gecko; compatible; GeedoProductSearch; +http://www.geedo.com/product-search.html) Chrome/79.0.3945.88 Safari/537.36" "0.848 Seconds"
212.107.29.90 - - [01/Apr/2025:16:41:40 +0800] "POST /wp-admin/admin-ajax.php HTTP/1.1" 200 43 "https://bt-miners.com/wp-admin/post.php?post=64551&action=edit" "Mozilla/5.0 (Windows NT 10.0; Win64; x64) AppleWebKit/537.36 (KHTML, like Gecko) Chrome/134.0.0.0 Safari/537.36" "0.374 Seconds"
240e:3b2:3232:4a70:7058:7862:f44b:6b0 - - [01/Apr/2025:16:41:41 +0800] "POST /wp-admin/admin-ajax.php HTTP/1.1" 200 43 "https://bt-miners.com/wp-admin/post.php?post=67951&action=edit" "Mozilla/5.0 (Windows NT 10.0; Win64; x64) AppleWebKit/537.36 (KHTML, like Gecko) Chrome/119.0.0.0 Safari/537.36" "0.347 Seconds"
240e:3b2:3232:4a70:7058:7862:f44b:6b0 - - [01/Apr/2025:16:41:41 +0800] "POST /wp-admin/admin-ajax.php HTTP/1.1" 200 43 "https://bt-miners.com/wp-admin/post.php?post=67951&action=edit" "Mozilla/5.0 (Windows NT 10.0; Win64; x64) AppleWebKit/537.36 (KHTML, like Gecko) Chrome/119.0.0.0 Safari/537.36" "0.740 Seconds"
54.158.124.156,54.158.124.156 - - [01/Apr/2025:16:41:41 +0800] "GET /?debug=kuma-uptime HTTP/1.1" 200 89415 "-" "Uptime-Kuma/1.23.16" "1.655 Seconds"
2001:41d0:a:1b7d::1,2001:41d0:a:1b7d::1 - - [01/Apr/2025:16:41:41 +0800] "GET /ar/%D8%B9%D8%B1%D8%A8%D8%A9-%D8%A7%D9%84%D8%AA%D8%B3%D9%88%D9%82/?remove_item=47faaa86a0f77d1d93bdc57e86cfd6c6&_wpnonce=0f36a348d0 HTTP/1.1" 301 5 "-" "Mozilla/5.0 (compatible; MJ12bot/v1.4.8; http://mj12bot.com/)" "0.328 Seconds"
219.133.248.83,219.133.248.83 - - [01/Apr/2025:16:41:42 +0800] "GET /wp-json/wc/v3/products/11564?BTAPP=827bb8cfeaa3d3132b4afa8dcbbbe65a&timestamp=1743496902089&currency=USD&consumer_key=ck_368292ab2d1fc81f564ec5bb31917429689244e7&consumer_secret=cs_8a3d609f77c939aa6f3912e300201e2eb55a5367 HTTP/1.1" 200 16668 "-" "Dart/3.5 (dart:io)" "0.152 Seconds"
219.133.248.83,219.133.248.83 - - [01/Apr/2025:16:41:42 +0800] "GET /wp-json/wc/v3/products/55248?BTAPP=827bb8cfeaa3d3132b4afa8dcbbbe65a&timestamp=1743496902089&currency=USD&consumer_key=ck_368292ab2d1fc81f564ec5bb31917429689244e7&consumer_secret=cs_8a3d609f77c939aa6f3912e300201e2eb55a5367 HTTP/1.1" 200 18278 "-" "Dart/3.5 (dart:io)" "0.159 Seconds"
219.133.248.83,219.133.248.83 - - [01/Apr/2025:16:41:42 +0800] "GET /wp-json/wc/v3/products/55248?BTAPP=f4728ac7de4f99a4a13b5ea0a9be5391&timestamp=1743496902088&currency=USD&consumer_key=ck_368292ab2d1fc81f564ec5bb31917429689244e7&consumer_secret=cs_8a3d609f77c939aa6f3912e300201e2eb55a5367 HTTP/1.1" 200 18278 "-" "Dart/3.5 (dart:io)" "0.172 Seconds"
219.133.248.83,219.133.248.83 - - [01/Apr/2025:16:41:42 +0800] "GET /wp-json/wc/v3/products/48086?BTAPP=97f5295fc4d30fd110a00b46270bf333&timestamp=1743496902090&currency=USD&consumer_key=ck_368292ab2d1fc81f564ec5bb31917429689244e7&consumer_secret=cs_8a3d609f77c939aa6f3912e300201e2eb55a5367 HTTP/1.1" 200 18028 "-" "Dart/3.5 (dart:io)" "0.185 Seconds"
219.133.248.83,219.133.248.83 - - [01/Apr/2025:16:41:42 +0800] "GET /wp-json/wc/v3/products/48086?BTAPP=97f5295fc4d30fd110a00b46270bf333&timestamp=1743496902090&currency=USD&consumer_key=ck_368292ab2d1fc81f564ec5bb31917429689244e7&consumer_secret=cs_8a3d609f77c939aa6f3912e300201e2eb55a5367 HTTP/1.1" 200 18028 "-" "Dart/3.5 (dart:io)" "0.165 Seconds"
219.133.248.83,219.133.248.83 - - [01/Apr/2025:16:41:42 +0800] "GET /wp-json/wc/v3/products/64862?BTAPP=827bb8cfeaa3d3132b4afa8dcbbbe65a&timestamp=1743496902089&currency=USD&consumer_key=ck_368292ab2d1fc81f564ec5bb31917429689244e7&consumer_secret=cs_8a3d609f77c939aa6f3912e300201e2eb55a5367 HTTP/1.1" 200 23049 "-" "Dart/3.5 (dart:io)" "0.184 Seconds"
2001:41d0:a:1b7d::1,2001:41d0:a:1b7d::1 - - [01/Apr/2025:16:41:46 +0800] "GET /ar/%D8%B9%D8%B1%D8%A8%D8%A9-%D8%A7%D9%84%D8%AA%D8%B3%D9%88%D9%82/?remove_item=47faaa86a0f77d1d93bdc57e86cfd6c6&_wpnonce=0f4cc9cb46 HTTP/1.1" 301 5 "-" "Mozilla/5.0 (compatible; MJ12bot/v1.4.8; http://mj12bot.com/)" "0.372 Seconds"
212.107.29.90,212.107.29.90 - - [01/Apr/2025:16:41:48 +0800] "GET /wp-admin/post.php?post=67357&action=edit HTTP/1.1" 200 194269 "-" "Mozilla/5.0 (Windows NT 10.0; Win64; x64) AppleWebKit/537.36 (KHTML, like Gecko) Chrome/134.0.0.0 Safari/537.36" "1.504 Seconds"
212.107.29.90 - - [01/Apr/2025:16:41:48 +0800] "GET /wp-content/plugins/woo-advanced-shipment-tracking/zorem-tracking/assets/css/style.css?ver=1743496907 HTTP/1.1" 200 948 "https://bt-miners.com/wp-admin/post.php?post=67357&action=edit" "Mozilla/5.0 (Windows NT 10.0; Win64; x64) AppleWebKit/537.36 (KHTML, like Gecko) Chrome/134.0.0.0 Safari/537.36" "0.000 Seconds"
212.107.29.90 - - [01/Apr/2025:16:41:48 +0800] "GET /wp-content/plugins/woo-advanced-shipment-tracking/zorem-tracking/assets/js/main.js?ver=1743496907 HTTP/1.1" 200 1587 "https://bt-miners.com/wp-admin/post.php?post=67357&action=edit" "Mozilla/5.0 (Windows NT 10.0; Win64; x64) AppleWebKit/537.36 (KHTML, like Gecko) Chrome/134.0.0.0 Safari/537.36" "0.000 Seconds"
212.107.29.90 - - [01/Apr/2025:16:41:48 +0800] "POST /wp-admin/admin-ajax.php HTTP/1.1" 200 43 "https://bt-miners.com/wp-admin/post.php?post=64551&action=edit" "Mozilla/5.0 (Windows NT 10.0; Win64; x64) AppleWebKit/537.36 (KHTML, like Gecko) Chrome/134.0.0.0 Safari/537.36" "0.485 Seconds"
212.107.29.90 - - [01/Apr/2025:16:41:48 +0800] "GET /wp-content/plugins/woo-advanced-shipment-tracking/assets/css/admin.css?ver=1743496907 HTTP/1.1" 200 62625 "https://bt-miners.com/wp-admin/post.php?post=67357&action=edit" "Mozilla/5.0 (Windows NT 10.0; Win64; x64) AppleWebKit/537.36 (KHTML, like Gecko) Chrome/134.0.0.0 Safari/537.36" "0.000 Seconds"
212.107.29.90 - - [01/Apr/2025:16:41:48 +0800] "GET /wp-content/plugins/woo-advanced-shipment-tracking/assets/css/slideout.css?ver=1743496907 HTTP/1.1" 200 7010 "https://bt-miners.com/wp-admin/post.php?post=67357&action=edit" "Mozilla/5.0 (Windows NT 10.0; Win64; x64) AppleWebKit/537.36 (KHTML, like Gecko) Chrome/134.0.0.0 Safari/537.36" "0.000 Seconds"
212.107.29.90 - - [01/Apr/2025:16:41:49 +0800] "GET /wp-content/plugins/dokan-lite/assets/vendors/tinymce/code/plugin.min.js?ver=1743496907 HTTP/1.1" 200 1045 "https://bt-miners.com/wp-admin/post.php?post=67357&action=edit" "Mozilla/5.0 (Windows NT 10.0; Win64; x64) AppleWebKit/537.36 (KHTML, like Gecko) Chrome/134.0.0.0 Safari/537.36" "0.000 Seconds"
212.107.29.90 - - [01/Apr/2025:16:41:49 +0800] "GET /wp-content/plugins/woo-advanced-shipment-tracking/assets/js/admin.js?ver=1743496907 HTTP/1.1" 200 19182 "https://bt-miners.com/wp-admin/post.php?post=67357&action=edit" "Mozilla/5.0 (Windows NT 10.0; Win64; x64) AppleWebKit/537.36 (KHTML, like Gecko) Chrome/134.0.0.0 Safari/537.36" "0.000 Seconds"
212.107.29.90,212.107.29.90 - - [01/Apr/2025:16:41:50 +0800] "GET /wp-json/dokan/v1/admin/notices/admin?scope=global HTTP/1.1" 200 12 "https://bt-miners.com/wp-admin/post.php?post=67357&action=edit" "Mozilla/5.0 (Windows NT 10.0; Win64; x64) AppleWebKit/537.36 (KHTML, like Gecko) Chrome/134.0.0.0 Safari/537.36" "0.303 Seconds"
212.107.29.90,212.107.29.90 - - [01/Apr/2025:16:41:50 +0800] "GET /wp-json/dokan/v1/admin/notices/promo HTTP/1.1" 200 12 "https://bt-miners.com/wp-admin/post.php?post=67357&action=edit" "Mozilla/5.0 (Windows NT 10.0; Win64; x64) AppleWebKit/537.36 (KHTML, like Gecko) Chrome/134.0.0.0 Safari/537.36" "0.579 Seconds"
212.107.29.90,212.107.29.90 - - [01/Apr/2025:16:41:50 +0800] "GET /wp-json/wc-admin/onboarding/tasks?_locale=user HTTP/1.1" 200 6224 "https://bt-miners.com/wp-admin/post.php?post=67357&action=edit" "Mozilla/5.0 (Windows NT 10.0; Win64; x64) AppleWebKit/537.36 (KHTML, like Gecko) Chrome/134.0.0.0 Safari/537.36" "0.476 Seconds"
212.107.29.90,212.107.29.90 - - [01/Apr/2025:16:41:50 +0800] "GET /wp-json/wc-analytics/products/reviews?page=1&per_page=1&status=hold&_embed=1&_fields%5B0%5D=id&_locale=user HTTP/1.1" 200 24 "https://bt-miners.com/wp-admin/post.php?post=67357&action=edit" "Mozilla/5.0 (Windows NT 10.0; Win64; x64) AppleWebKit/537.36 (KHTML, like Gecko) Chrome/134.0.0.0 Safari/537.36" "0.672 Seconds"
212.107.29.90,212.107.29.90 - - [01/Apr/2025:16:41:50 +0800] "GET /wp-json/wc-analytics/orders?page=1&per_page=1&status%5B0%5D=processing&status%5B1%5D=on-hold&_fields%5B0%5D=id&_locale=user HTTP/1.1" 200 24 "https://bt-miners.com/wp-admin/post.php?post=67357&action=edit" "Mozilla/5.0 (Windows NT 10.0; Win64; x64) AppleWebKit/537.36 (KHTML, like Gecko) Chrome/134.0.0.0 Safari/537.36" "0.874 Seconds"
212.107.29.90,212.107.29.90 - - [01/Apr/2025:16:41:51 +0800] "GET /wp-json/wc-analytics/products/count-low-in-stock?status=publish&page=1&per_page=1&_locale=user HTTP/1.1" 200 22 "https://bt-miners.com/wp-admin/post.php?post=67357&action=edit" "Mozilla/5.0 (Windows NT 10.0; Win64; x64) AppleWebKit/537.36 (KHTML, like Gecko) Chrome/134.0.0.0 Safari/537.36" "1.056 Seconds"
2001:41d0:a:1b7d::1,2001:41d0:a:1b7d::1 - - [01/Apr/2025:16:41:51 +0800] "GET /ar/%D8%B9%D8%B1%D8%A8%D8%A9-%D8%A7%D9%84%D8%AA%D8%B3%D9%88%D9%82/?remove_item=47faaa86a0f77d1d93bdc57e86cfd6c6&_wpnonce=11866c4663 HTTP/1.1" 301 5 "-" "Mozilla/5.0 (compatible; MJ12bot/v1.4.8; http://mj12bot.com/)" "0.329 Seconds"
212.107.29.90,212.107.29.90 - - [01/Apr/2025:16:41:51 +0800] "GET /wp-json/wp/v2/types?context=view&_locale=user HTTP/1.1" 200 6615 "https://bt-miners.com/wp-admin/post.php?post=67357&action=edit" "Mozilla/5.0 (Windows NT 10.0; Win64; x64) AppleWebKit/537.36 (KHTML, like Gecko) Chrome/134.0.0.0 Safari/537.36" "1.262 Seconds"
212.107.29.90,212.107.29.90 - - [01/Apr/2025:16:41:51 +0800] "GET /wp-json/wc-admin/marketing/misc-recommendations?_locale=user HTTP/1.1" 200 118 "https://bt-miners.com/wp-admin/post.php?post=67357&action=edit" "Mozilla/5.0 (Windows NT 10.0; Win64; x64) AppleWebKit/537.36 (KHTML, like Gecko) Chrome/134.0.0.0 Safari/537.36" "1.435 Seconds"
40.77.167.17,40.77.167.17 - - [01/Apr/2025:16:41:51 +0800] "GET /products/plan-bitcoin-bt-miners-2 HTTP/1.1" 301 5 "-" "Mozilla/5.0 AppleWebKit/537.36 (KHTML, like Gecko; compatible; bingbot/2.0; +http://www.bing.com/bingbot.htm) Chrome/116.0.1938.76 Safari/537.36" "0.329 Seconds"
212.107.29.90,212.107.29.90 - - [01/Apr/2025:16:41:51 +0800] "GET /wp-json/wc-admin/options?options=woocommerce_ces_tracks_queue&_locale=user HTTP/1.1" 200 46 "https://bt-miners.com/wp-admin/post.php?post=67357&action=edit" "Mozilla/5.0 (Windows NT 10.0; Win64; x64) AppleWebKit/537.36 (KHTML, like Gecko) Chrome/134.0.0.0 Safari/537.36" "1.591 Seconds"
212.107.29.89 - - [01/Apr/2025:16:41:51 +0800] "POST /wp-admin/admin-ajax.php HTTP/1.1" 200 31 "https://bt-miners.com/wp-admin/options-general.php?page=perfmatters" "Mozilla/5.0 (Windows NT 10.0; Win64; x64) AppleWebKit/537.36 (KHTML, like Gecko) Chrome/122.0.0.0 Safari/537.36" "0.387 Seconds"
212.107.29.90,212.107.29.90 - - [01/Apr/2025:16:41:51 +0800] "GET /wp-json/wc-admin/options?options=woocommerce_admin_transient_notices_queue%2Cwoocommerce_admin_install_timestamp%2Cwoocommerce_allow_tracking%2Cwoocommerce_order_attribution_install_banner_dismissed%2Cwoocommerce_remote_variant_assignment&_locale=user HTTP/1.1" 200 257 "https://bt-miners.com/wp-admin/post.php?post=67357&action=edit" "Mozilla/5.0 (Windows NT 10.0; Win64; x64) AppleWebKit/537.36 (KHTML, like Gecko) Chrome/134.0.0.0 Safari/537.36" "1.631 Seconds"
212.107.29.89 - - [01/Apr/2025:16:41:52 +0800] "POST /wp-admin/admin-ajax.php HTTP/1.1" 200 43 "https://bt-miners.com/wp-admin/post.php?post=70267&action=edit" "Mozilla/5.0 (Windows NT 10.0; Win64; x64) AppleWebKit/537.36 (KHTML, like Gecko) Chrome/134.0.0.0 Safari/537.36" "0.353 Seconds"
212.107.29.90,212.107.29.90 - - [01/Apr/2025:16:41:52 +0800] "GET /wp-json/jetpack/v4/connection/data?_locale=user HTTP/1.1" 200 332 "https://bt-miners.com/wp-admin/post.php?post=67357&action=edit" "Mozilla/5.0 (Windows NT 10.0; Win64; x64) AppleWebKit/537.36 (KHTML, like Gecko) Chrome/134.0.0.0 Safari/537.36" "1.871 Seconds"
212.107.29.90,212.107.29.90 - - [01/Apr/2025:16:41:52 +0800] "GET /wp-json/wc-analytics/admin/notes?page=1&per_page=25&type=error%2Cupdate&status=unactioned&_locale=user HTTP/1.1" 200 12 "https://bt-miners.com/wp-admin/post.php?post=67357&action=edit" "Mozilla/5.0 (Windows NT 10.0; Win64; x64) AppleWebKit/537.36 (KHTML, like Gecko) Chrome/134.0.0.0 Safari/537.36" "2.000 Seconds"
2a01:4f8:1c1c:7240::1,2a01:4f8:1c1c:7240::1 - - [01/Apr/2025:16:41:52 +0800] "HEAD /?nocache=1 HTTP/1.1" 200 0 "https://bt-miners.com/?nocache=1" "Mozilla/5.0+(compatible; UptimeRobot/2.0; http://www.uptimerobot.com/)" "0.270 Seconds"
212.107.29.90,212.107.29.90 - - [01/Apr/2025:16:41:52 +0800] "GET /wp-json/wc-admin/options?options=woocommerce_task_list_reminder_bar_hidden&_locale=user HTTP/1.1" 200 62 "https://bt-miners.com/wp-admin/post.php?post=67357&action=edit" "Mozilla/5.0 (Windows NT 10.0; Win64; x64) AppleWebKit/537.36 (KHTML, like Gecko) Chrome/134.0.0.0 Safari/537.36" "1.279 Seconds"
240e:3b2:3232:4a70:7058:7862:f44b:6b0 - - [01/Apr/2025:16:41:53 +0800] "POST /wp-admin/admin-ajax.php HTTP/1.1" 200 113 "https://bt-miners.com/wp-admin/post.php?post=67951&action=edit" "Mozilla/5.0 (Windows NT 10.0; Win64; x64) AppleWebKit/537.36 (KHTML, like Gecko) Chrome/119.0.0.0 Safari/537.36" "0.368 Seconds"
3.222.106.115 - - [01/Apr/2025:16:41:54 +0800] "POST /wp-cron.php?doing_wp_cron=1743496914.7999858856201171875000 HTTP/1.1" 200 31 "-" "WordPress/6.7.1; https://bt-miners.com" "0.001 Seconds"
40.77.167.17,40.77.167.17 - - [01/Apr/2025:16:41:54 +0800] "GET /products/plan-bitcoin-bt-miners-2/ HTTP/1.1" 200 96099 "-" "Mozilla/5.0 AppleWebKit/537.36 (KHTML, like Gecko; compatible; bingbot/2.0; +http://www.bing.com/bingbot.htm) Chrome/116.0.1938.76 Safari/537.36" "2.591 Seconds"
156.246.92.193,156.246.92.193 - - [01/Apr/2025:16:41:55 +0800] "GET /checkout/ HTTP/1.1" 200 83785 "https://bt-miners.com/" "Mozilla/5.0 (Macintosh; Intel Mac OS X 10_15_7) AppleWebKit/537.36 (KHTML, like Gecko) Chrome/134.0.0.0 Safari/537.36" "0.508 Seconds"
3.222.106.115 - - [01/Apr/2025:16:41:55 +0800] "POST /wp-cron.php?doing_wp_cron=1743496915.4899539947509765625000 HTTP/1.1" 200 31 "-" "WordPress/6.7.1; https://bt-miners.com" "0.000 Seconds"
2a01:4f8:c013:3b0f::1,2a01:4f8:c013:3b0f::1 - - [01/Apr/2025:16:41:55 +0800] "HEAD / HTTP/1.1" 200 0 "https://bt-miners.com/" "Mozilla/5.0+(compatible; UptimeRobot/2.0; http://www.uptimerobot.com/)" "0.452 Seconds"
2001:41d0:a:1b7d::1,2001:41d0:a:1b7d::1 - - [01/Apr/2025:16:41:55 +0800] "GET /ar/%D8%B9%D8%B1%D8%A8%D8%A9-%D8%A7%D9%84%D8%AA%D8%B3%D9%88%D9%82/?remove_item=47faaa86a0f77d1d93bdc57e86cfd6c6&_wpnonce=1e9d137838 HTTP/1.1" 301 5 "-" "Mozilla/5.0 (compatible; MJ12bot/v1.4.8; http://mj12bot.com/)" "0.281 Seconds"
156.246.92.193,156.246.92.193 - - [01/Apr/2025:16:41:56 +0800] "GET /checkout/ HTTP/1.1" 200 83532 "https://bt-miners.com/" "Mozilla/5.0 (Macintosh; Intel Mac OS X 10_15_7) AppleWebKit/537.36 (KHTML, like Gecko) Chrome/134.0.0.0 Safari/537.36" "0.427 Seconds"
156.246.92.193 - - [01/Apr/2025:16:41:56 +0800] "GET /wp-content/plugins/checkout-for-woocommerce/build//css/checkout-styles.css?ver=a951049cc1a53d04621d3c832e4c0ed2 HTTP/1.1" 200 142732 "https://bt-miners.com/checkout/" "Mozilla/5.0 (Macintosh; Intel Mac OS X 10_15_7) AppleWebKit/537.36 (KHTML, like Gecko) Chrome/134.0.0.0 Safari/537.36" "0.001 Seconds"
156.246.92.193 - - [01/Apr/2025:16:41:56 +0800] "GET /wp-content/plugins/checkout-for-woocommerce/build//css/cfw-grid.css?ver=b03eb7ec4076b154dd530fda618ec3a6 HTTP/1.1" 200 68919 "https://bt-miners.com/checkout/" "Mozilla/5.0 (Macintosh; Intel Mac OS X 10_15_7) AppleWebKit/537.36 (KHTML, like Gecko) Chrome/134.0.0.0 Safari/537.36" "0.000 Seconds"
156.246.92.193,156.246.92.193 - - [01/Apr/2025:16:41:56 +0800] "GET /cart/ HTTP/1.1" 200 68035 "https://bt-miners.com/" "Mozilla/5.0 (Macintosh; Intel Mac OS X 10_15_7) AppleWebKit/537.36 (KHTML, like Gecko) Chrome/134.0.0.0 Safari/537.36" "0.421 Seconds"
156.246.92.193 - - [01/Apr/2025:16:41:56 +0800] "GET /wp-content/plugins/BtPayments-WooCommerce-ext-0.2.0/assets/images/payment-methods.png HTTP/1.1" 200 19354 "https://bt-miners.com/checkout/" "Mozilla/5.0 (Macintosh; Intel Mac OS X 10_15_7) AppleWebKit/537.36 (KHTML, like Gecko) Chrome/134.0.0.0 Safari/537.36" "0.000 Seconds"
156.246.92.193 - - [01/Apr/2025:16:41:56 +0800] "GET /wp-content/plugins/groupby-for-woocommerce/public/js/jquery.countdown.language.js?ver=1.1.24 HTTP/1.1" 200 1189 "https://bt-miners.com/checkout/" "Mozilla/5.0 (Macintosh; Intel Mac OS X 10_15_7) AppleWebKit/537.36 (KHTML, like Gecko) Chrome/134.0.0.0 Safari/537.36" "0.000 Seconds"
156.246.92.193 - - [01/Apr/2025:16:41:57 +0800] "GET /wp-content/plugins/groupby-for-woocommerce/public/js/wc-groupbuy-public.js?ver=1.1.24 HTTP/1.1" 200 1892 "https://bt-miners.com/checkout/" "Mozilla/5.0 (Macintosh; Intel Mac OS X 10_15_7) AppleWebKit/537.36 (KHTML, like Gecko) Chrome/134.0.0.0 Safari/537.36" "0.000 Seconds"
240e:3b2:3232:4a70:7058:7862:f44b:6b0 - - [01/Apr/2025:16:41:57 +0800] "POST /wp-admin/admin-ajax.php HTTP/1.1" 200 43 "https://bt-miners.com/wp-admin/post.php?post=67951&action=edit" "Mozilla/5.0 (Windows NT 10.0; Win64; x64) AppleWebKit/537.36 (KHTML, like Gecko) Chrome/119.0.0.0 Safari/537.36" "0.352 Seconds"
156.246.92.193 - - [01/Apr/2025:16:41:57 +0800] "GET /wp-content/plugins/bt-miners-credit-card/js/jquery.inputmask.js HTTP/1.1" 200 92164 "https://bt-miners.com/checkout/" "Mozilla/5.0 (Macintosh; Intel Mac OS X 10_15_7) AppleWebKit/537.36 (KHTML, like Gecko) Chrome/134.0.0.0 Safari/537.36" "0.001 Seconds"
156.246.92.193 - - [01/Apr/2025:16:41:57 +0800] "GET /wp-content/plugins/bt-miners-credit-card/js/inputmask.js HTTP/1.1" 200 105925 "https://bt-miners.com/checkout/" "Mozilla/5.0 (Macintosh; Intel Mac OS X 10_15_7) AppleWebKit/537.36 (KHTML, like Gecko) Chrome/134.0.0.0 Safari/537.36" "0.000 Seconds"
156.246.92.193 - - [01/Apr/2025:16:41:57 +0800] "GET /wp-content/themes/azuri/assets/css/new-common-style.css HTTP/1.1" 200 91165 "https://bt-miners.com/checkout/" "Mozilla/5.0 (Macintosh; Intel Mac OS X 10_15_7) AppleWebKit/537.36 (KHTML, like Gecko) Chrome/134.0.0.0 Safari/537.36" "0.001 Seconds"
156.246.92.193 - - [01/Apr/2025:16:41:57 +0800] "GET /wp-content/plugins/computer-repair-shop/assets/js/ajax_scripts.js?ver=1.0 HTTP/1.1" 200 16712 "https://bt-miners.com/checkout/" "Mozilla/5.0 (Macintosh; Intel Mac OS X 10_15_7) AppleWebKit/537.36 (KHTML, like Gecko) Chrome/134.0.0.0 Safari/537.36" "0.000 Seconds"
240e:3b2:3232:4a70:7058:7862:f44b:6b0 - - [01/Apr/2025:16:41:57 +0800] "POST /wp-admin/admin-ajax.php HTTP/1.1" 200 43 "https://bt-miners.com/wp-admin/post.php?post=67951&action=edit" "Mozilla/5.0 (Windows NT 10.0; Win64; x64) AppleWebKit/537.36 (KHTML, like Gecko) Chrome/119.0.0.0 Safari/537.36" "0.716 Seconds"
156.246.92.193 - - [01/Apr/2025:16:41:57 +0800] "GET /wp-content/plugins/checkout-for-woocommerce/build//js/selectwoo-d9307bcd07999bb656df.js?ver=9.1.1 HTTP/1.1" 200 78276 "https://bt-miners.com/checkout/" "Mozilla/5.0 (Macintosh; Intel Mac OS X 10_15_7) AppleWebKit/537.36 (KHTML, like Gecko) Chrome/134.0.0.0 Safari/537.36" "0.000 Seconds"
156.246.92.193 - - [01/Apr/2025:16:41:57 +0800] "GET /wp-content/plugins/checkout-for-woocommerce/build//js/default-checkout-order-pay-thank-you-53f84a23cbc35577431a.js?ver=329bdd6584fe204b12b51dc45940a9e3 HTTP/1.1" 200 92816 "https://bt-miners.com/checkout/" "Mozilla/5.0 (Macintosh; Intel Mac OS X 10_15_7) AppleWebKit/537.36 (KHTML, like Gecko) Chrome/134.0.0.0 Safari/537.36" "0.001 Seconds"
156.246.92.193 - - [01/Apr/2025:16:41:57 +0800] "GET /wp-content/plugins/checkout-for-woocommerce/build//js/checkout-c9d3af1fd53dfbf3c0e6.js?ver=6d0bd0473b5a269456b316b5002f1d2b HTTP/1.1" 200 203049 "https://bt-miners.com/checkout/" "Mozilla/5.0 (Macintosh; Intel Mac OS X 10_15_7) AppleWebKit/537.36 (KHTML, like Gecko) Chrome/134.0.0.0 Safari/537.36" "0.001 Seconds"
156.246.92.193 - - [01/Apr/2025:16:41:57 +0800] "GET /wp-content/plugins/checkout-for-woocommerce/build//css/files/inter-latin-variable-full-normal.woff2 HTTP/1.1" 200 55612 "https://bt-miners.com/wp-content/plugins/checkout-for-woocommerce/build//css/checkout-styles.css?ver=a951049cc1a53d04621d3c832e4c0ed2" "Mozilla/5.0 (Macintosh; Intel Mac OS X 10_15_7) AppleWebKit/537.36 (KHTML, like Gecko) Chrome/134.0.0.0 Safari/537.36" "0.000 Seconds"
156.246.92.193 - - [01/Apr/2025:16:41:57 +0800] "GET /wp-content/themes/azuri/assets/images/checkout-bg.png HTTP/1.1" 200 339952 "https://bt-miners.com/wp-content/themes/azuri/assets/css/new-checkout.css" "Mozilla/5.0 (Macintosh; Intel Mac OS X 10_15_7) AppleWebKit/537.36 (KHTML, like Gecko) Chrome/134.0.0.0 Safari/537.36" "0.002 Seconds"
5.34.216.107 - - [01/Apr/2025:16:41:57 +0800] "POST /wp-admin/admin-ajax.php HTTP/1.1" 200 43 "https://bt-miners.com/wp-admin/edit.php?s=bitcoin&post_status=all&post_type=post&m=0&cat=0&paged=1" "Mozilla/5.0 (Windows NT 10.0; Win64; x64) AppleWebKit/537.36 (KHTML, like Gecko) Chrome/134.0.0.0 Safari/537.36" "0.337 Seconds"
156.246.92.193 - - [01/Apr/2025:16:41:57 +0800] "GET /wp-content/plugins/checkout-for-woocommerce/build//images/flags.png HTTP/1.1" 200 23697 "https://bt-miners.com/wp-content/plugins/checkout-for-woocommerce/build//css/checkout-styles.css?ver=a951049cc1a53d04621d3c832e4c0ed2" "Mozilla/5.0 (Macintosh; Intel Mac OS X 10_15_7) AppleWebKit/537.36 (KHTML, like Gecko) Chrome/134.0.0.0 Safari/537.36" "0.000 Seconds"
156.246.92.193 - - [01/Apr/2025:16:41:58 +0800] "POST /wp-admin/admin-ajax.php HTTP/1.1" 200 27 "https://bt-miners.com/checkout/" "Mozilla/5.0 (Macintosh; Intel Mac OS X 10_15_7) AppleWebKit/537.36 (KHTML, like Gecko) Chrome/134.0.0.0 Safari/537.36" "0.379 Seconds"
156.246.92.193 - - [01/Apr/2025:16:41:58 +0800] "GET /wp-content/plugins/checkout-for-woocommerce/build//js/utils.js HTTP/1.1" 200 249922 "https://bt-miners.com/checkout/" "Mozilla/5.0 (Macintosh; Intel Mac OS X 10_15_7) AppleWebKit/537.36 (KHTML, like Gecko) Chrome/134.0.0.0 Safari/537.36" "0.002 Seconds"
156.246.92.193 - - [01/Apr/2025:16:41:58 +0800] "POST /?wc-ajax=get_refreshed_fragments HTTP/1.1" 200 18399 "https://bt-miners.com/checkout/" "Mozilla/5.0 (Macintosh; Intel Mac OS X 10_15_7) AppleWebKit/537.36 (KHTML, like Gecko) Chrome/134.0.0.0 Safari/537.36" "0.261 Seconds"
156.246.92.193 - - [01/Apr/2025:16:41:58 +0800] "POST /?wc-ajax=update_order_review&nocache=1743496917728 HTTP/1.1" 499 0 "https://bt-miners.com/checkout/" "Mozilla/5.0 (Macintosh; Intel Mac OS X 10_15_7) AppleWebKit/537.36 (KHTML, like Gecko) Chrome/134.0.0.0 Safari/537.36" "0.306 Seconds"
156.246.92.193 - - [01/Apr/2025:16:41:59 +0800] "POST /?wc-ajax=update_order_review&nocache=1743496918379 HTTP/1.1" 200 44749 "https://bt-miners.com/checkout/" "Mozilla/5.0 (Macintosh; Intel Mac OS X 10_15_7) AppleWebKit/537.36 (KHTML, like Gecko) Chrome/134.0.0.0 Safari/537.36" "0.493 Seconds"
83.99.151.66,83.99.151.66 - - [01/Apr/2025:16:41:59 +0800] "GET /collections/scrypt-hardware/?display_mode=grid HTTP/1.1" 200 66454 "-" "Mozilla/5.0 AppleWebKit/537.36 (KHTML, like Gecko; compatible; GeedoProductSearch; +http://www.geedo.com/product-search.html) Chrome/79.0.3945.88 Safari/537.36" "0.799 Seconds"
2001:41d0:a:1b7d::1,2001:41d0:a:1b7d::1 - - [01/Apr/2025:16:42:01 +0800] "GET /ar/%D8%B9%D8%B1%D8%A8%D8%A9-%D8%A7%D9%84%D8%AA%D8%B3%D9%88%D9%82/?remove_item=47faaa86a0f77d1d93bdc57e86cfd6c6&_wpnonce=2098fb886e HTTP/1.1" 301 5 "-" "Mozilla/5.0 (compatible; MJ12bot/v1.4.8; http://mj12bot.com/)" "0.366 Seconds"
54.158.124.156,54.158.124.156 - - [01/Apr/2025:16:42:03 +0800] "GET /?debug=kuma-uptime HTTP/1.1" 200 89388 "-" "Uptime-Kuma/1.23.16" "1.631 Seconds"
12.74.220.69,12.74.220.69 - - [01/Apr/2025:16:42:03 +0800] "GET /wp-json/api/flutter_forum/index?BTAPP=75e19c834d438ef0a9919a3b09f9510a&timestamp=1743496922347 HTTP/1.1" 200 2070 "-" "Dart/3.5 (dart:io)" "0.238 Seconds"
12.74.220.69,12.74.220.69 - - [01/Apr/2025:16:42:03 +0800] "GET /wp-json/api/flutter_forum/index?BTAPP=a48d6c7acc0a106d3a269f59b0369e2c&timestamp=1743496922399 HTTP/1.1" 200 2070 "-" "Dart/3.5 (dart:io)" "0.252 Seconds"
12.74.220.69,12.74.220.69 - - [01/Apr/2025:16:42:03 +0800] "GET /wp-json/api/flutter_user/get_countries HTTP/1.1" 200 8524 "-" "Dart/3.5 (dart:io)" "0.581 Seconds"
12.74.220.69,12.74.220.69 - - [01/Apr/2025:16:42:03 +0800] "GET /wp-json/wc/v2/list_icon?consumer_key=ck_368292ab2d1fc81f564ec5bb31917429689244e7&consumer_secret=cs_8a3d609f77c939aa6f3912e300201e2eb55a5367 HTTP/1.1" 200 175 "-" "Dart/3.5 (dart:io)" "0.426 Seconds"
12.74.220.69,12.74.220.69 - - [01/Apr/2025:16:42:03 +0800] "GET /wp-json/wc/v2/list_icon?consumer_key=ck_368292ab2d1fc81f564ec5bb31917429689244e7&consumer_secret=cs_8a3d609f77c939aa6f3912e300201e2eb55a5367 HTTP/1.1" 200 175 "-" "Dart/3.5 (dart:io)" "0.455 Seconds"
12.74.220.69,12.74.220.69 - - [01/Apr/2025:16:42:03 +0800] "GET /wp-json/wc/v2/list_income_product?GetCache=2&BTAPP=cff8d2634cbc04bb100076423ae459ce&timestamp=1743496922411&Coin=All&Ele=0.1&consumer_key=ck_368292ab2d1fc81f564ec5bb31917429689244e7&consumer_secret=cs_8a3d609f77c939aa6f3912e300201e2eb55a5367 HTTP/1.1" 200 220300 "-" "Dart/3.5 (dart:io)" "0.478 Seconds"
12.74.220.69,12.74.220.69 - - [01/Apr/2025:16:42:03 +0800] "GET /wp-json/wc/v2/list_income_product?GetCache=2&BTAPP=cff8d2634cbc04bb100076423ae459ce&timestamp=1743496922411&Coin=All&Ele=0.1&consumer_key=ck_368292ab2d1fc81f564ec5bb31917429689244e7&consumer_secret=cs_8a3d609f77c939aa6f3912e300201e2eb55a5367 HTTP/1.1" 200 220300 "-" "Dart/3.5 (dart:io)" "0.481 Seconds"
12.74.220.69,12.74.220.69 - - [01/Apr/2025:16:42:03 +0800] "GET /wp-json/api/flutter_user/get_currency_rates?timestamp=1743496922401 HTTP/1.1" 404 128 "-" "Dart/3.5 (dart:io)" "0.551 Seconds"
12.74.220.69,12.74.220.69 - - [01/Apr/2025:16:42:03 +0800] "GET /wp-json/api/flutter_version/get_version?timestamp=1743496922412 HTTP/1.1" 200 446 "-" "Dart/3.5 (dart:io)" "0.522 Seconds"
12.74.220.69,12.74.220.69 - - [01/Apr/2025:16:42:03 +0800] "GET /wp-json/wc/v2/list_income_product?GetCache=2&BTAPP=cff8d2634cbc04bb100076423ae459ce&timestamp=1743496922411&Coin=All&Ele=0.1&consumer_key=ck_368292ab2d1fc81f564ec5bb31917429689244e7&consumer_secret=cs_8a3d609f77c939aa6f3912e300201e2eb55a5367 HTTP/1.1" 200 220300 "-" "Dart/3.5 (dart:io)" "0.524 Seconds"
12.74.220.69,12.74.220.69 - - [01/Apr/2025:16:42:04 +0800] "GET /wp-json/api/flutter_forum/topics?BTAPP=cd7145ba98ff6cb875c7c2ac9ae91fc6&timestamp=1743496923582&topics_id=7 HTTP/1.1" 200 5938 "-" "Dart/3.5 (dart:io)" "0.165 Seconds"
12.74.220.69,12.74.220.69 - - [01/Apr/2025:16:42:04 +0800] "GET /wp-json/api/flutter_forum/topics?BTAPP=06672291a4bb885565ed7696424fc1b1&timestamp=1743496923568&topics_id=7 HTTP/1.1" 200 5938 "-" "Dart/3.5 (dart:io)" "0.186 Seconds"
12.74.220.69,12.74.220.69 - - [01/Apr/2025:16:42:04 +0800] "GET /wp-json/api/flutter_user/get_currencies HTTP/1.1" 200 248 "-" "Dart/3.5 (dart:io)" "0.489 Seconds"
12.74.220.69,12.74.220.69 - - [01/Apr/2025:16:42:04 +0800] "GET /wp-json/api/flutter_activity/get_activity?timestamp=1743496923845 HTTP/1.1" 200 418 "-" "Dart/3.5 (dart:io)" "0.440 Seconds"
2001:41d0:a:1b7d::1,2001:41d0:a:1b7d::1 - - [01/Apr/2025:16:42:06 +0800] "GET /ar/%D8%B9%D8%B1%D8%A8%D8%A9-%D8%A7%D9%84%D8%AA%D8%B3%D9%88%D9%82/?remove_item=47faaa86a0f77d1d93bdc57e86cfd6c6&_wpnonce=21c47f5490 HTTP/1.1" 301 5 "-" "Mozilla/5.0 (compatible; MJ12bot/v1.4.8; http://mj12bot.com/)" "0.361 Seconds"
12.74.220.69,12.74.220.69 - - [01/Apr/2025:16:42:06 +0800] "GET /wp-json/wc/v2/list_icon?consumer_key=ck_368292ab2d1fc81f564ec5bb31917429689244e7&consumer_secret=cs_8a3d609f77c939aa6f3912e300201e2eb55a5367 HTTP/1.1" 200 175 "-" "Dart/3.5 (dart:io)" "0.374 Seconds"
212.107.29.89 - - [01/Apr/2025:16:42:06 +0800] "POST /wp-admin/admin-ajax.php HTTP/1.1" 200 31 "https://bt-miners.com/wp-admin/options-general.php?page=perfmatters" "Mozilla/5.0 (Windows NT 10.0; Win64; x64) AppleWebKit/537.36 (KHTML, like Gecko) Chrome/122.0.0.0 Safari/537.36" "0.434 Seconds"
12.74.220.69,12.74.220.69 - - [01/Apr/2025:16:42:07 +0800] "GET /wp-json/api/flutter_charts/get_ahr999_new?BTAPP=365134c89ffa9b0f975a47a6617dd5ab&timestamp=1743496926617 HTTP/1.1" 200 187583 "-" "Dart/3.5 (dart:io)" "0.305 Seconds"
212.107.29.89 - - [01/Apr/2025:16:42:07 +0800] "POST /wp-admin/admin-ajax.php HTTP/1.1" 200 58 "https://bt-miners.com/wp-admin/options-general.php?page=cloudflare" "Mozilla/5.0 (Windows NT 10.0; Win64; x64) AppleWebKit/537.36 (KHTML, like Gecko) Chrome/122.0.0.0 Safari/537.36" "0.347 Seconds"
3.222.106.115 - - [01/Apr/2025:16:42:07 +0800] "POST /wp-admin/admin-ajax.php?action=as_async_request_queue_runner&nonce=9448344d5d HTTP/1.1" 499 0 "-" "WordPress/6.7.1; https://bt-miners.com" "0.978 Seconds"
12.74.220.69,12.74.220.69 - - [01/Apr/2025:16:42:09 +0800] "GET /wp-json/api/flutter_charts/get_ahr999x?BTAPP=cccc6590f69ec80a111833713a0b6837&timestamp=1743496928474 HTTP/1.1" 200 109721 "-" "Dart/3.5 (dart:io)" "0.228 Seconds"
83.99.151.66,83.99.151.66 - - [01/Apr/2025:16:42:09 +0800] "GET /collections/litecoin-dogecoin-miner/page/1/?display_mode=list HTTP/1.1" 301 5 "-" "Mozilla/5.0 AppleWebKit/537.36 (KHTML, like Gecko; compatible; GeedoProductSearch; +http://www.geedo.com/product-search.html) Chrome/79.0.3945.88 Safari/537.36" "0.400 Seconds"
83.99.151.66,83.99.151.66 - - [01/Apr/2025:16:42:10 +0800] "GET /collections/litecoin-dogecoin-miner/?display_mode=list HTTP/1.1" 200 67282 "-" "Mozilla/5.0 AppleWebKit/537.36 (KHTML, like Gecko; compatible; GeedoProductSearch; +http://www.geedo.com/product-search.html) Chrome/79.0.3945.88 Safari/537.36" "0.765 Seconds"
54.38.96.35,54.38.96.35 - - [01/Apr/2025:16:42:10 +0800] "GET /collections/bitcoin-miners/page/1/ HTTP/1.1" 301 5 "https://zh-cn.bt-miners.com/%E6%94%B6%E8%97%8F/%E6%AF%94%E7%89%B9%E5%B8%81%E7%9F%BF%E5%B7%A5/%E9%A1%B5/3/" "Mozilla/5.0 (Windows NT 10.0; Win64; x64) AppleWebKit/537.36 (KHTML, like Gecko) Chrome/134.0.0.0 Safari/537.36 Edg/134.0.0.0" "0.350 Seconds"
12.74.220.69,12.74.220.69 - - [01/Apr/2025:16:42:10 +0800] "GET /wp-json/api/flutter_secials/get_gas_fee?BTAPP=d3ce27ce486d3be3f4b5d23261d72cd3 HTTP/1.1" 200 164666 "-" "Dart/3.5 (dart:io)" "0.619 Seconds"
2001:41d0:a:1b7d::1,2001:41d0:a:1b7d::1 - - [01/Apr/2025:16:42:11 +0800] "GET /ar/%D8%B9%D8%B1%D8%A8%D8%A9-%D8%A7%D9%84%D8%AA%D8%B3%D9%88%D9%82/?remove_item=47faaa86a0f77d1d93bdc57e86cfd6c6&_wpnonce=233a385424 HTTP/1.1" 301 5 "-" "Mozilla/5.0 (compatible; MJ12bot/v1.4.8; http://mj12bot.com/)" "0.352 Seconds"
212.107.29.90 - - [01/Apr/2025:16:42:11 +0800] "POST /wp-admin/admin-ajax.php HTTP/1.1" 200 43 "https://bt-miners.com/wp-admin/edit.php?post_type=shop_order" "Mozilla/5.0 (Windows NT 10.0; Win64; x64) AppleWebKit/537.36 (KHTML, like Gecko) Chrome/134.0.0.0 Safari/537.36" "0.402 Seconds"
12.74.220.69,12.74.220.69 - - [01/Apr/2025:16:42:11 +0800] "GET /wp-json/wc/v2/list_income_product?GetCache=2&BTAPP=03e457ef0db4f19b20b0e7612bd96da7&timestamp=1743496931186&Coin=BTC&Ele=0.1&consumer_key=ck_368292ab2d1fc81f564ec5bb31917429689244e7&consumer_secret=cs_8a3d609f77c939aa6f3912e300201e2eb55a5367 HTTP/1.1" 200 79919 "-" "Dart/3.5 (dart:io)" "0.187 Seconds"
12.74.220.69,12.74.220.69 - - [01/Apr/2025:16:42:11 +0800] "GET /wp-json/api/flutter_secials/get_pool_rank?BTAPP=0757d6ab1e5a11e5bc58f3a0f77d450d&timestamp=1743496931170 HTTP/1.1" 200 2077 "-" "Dart/3.5 (dart:io)" "0.152 Seconds"
156.246.92.193 - - [01/Apr/2025:16:42:12 +0800] "POST /?wc-ajax=update_order_review&nocache=1743496931820 HTTP/1.1" 200 44749 "https://bt-miners.com/checkout/" "Mozilla/5.0 (Macintosh; Intel Mac OS X 10_15_7) AppleWebKit/537.36 (KHTML, like Gecko) Chrome/134.0.0.0 Safari/537.36" "0.372 Seconds"
240e:3b2:3232:4a70:7058:7862:f44b:6b0 - - [01/Apr/2025:16:42:13 +0800] "POST /wp-admin/admin-ajax.php HTTP/1.1" 200 43 "https://bt-miners.com/wp-admin/post.php?post=67951&action=edit" "Mozilla/5.0 (Windows NT 10.0; Win64; x64) AppleWebKit/537.36 (KHTML, like Gecko) Chrome/119.0.0.0 Safari/537.36" "0.358 Seconds"
240e:3b2:3232:4a70:7058:7862:f44b:6b0 - - [01/Apr/2025:16:42:13 +0800] "POST /wp-admin/admin-ajax.php HTTP/1.1" 200 43 "https://bt-miners.com/wp-admin/post.php?post=67951&action=edit" "Mozilla/5.0 (Windows NT 10.0; Win64; x64) AppleWebKit/537.36 (KHTML, like Gecko) Chrome/119.0.0.0 Safari/537.36" "0.702 Seconds"
54.38.96.35,54.38.96.35 - - [01/Apr/2025:16:42:14 +0800] "GET /collections/bitcoin-miners/page/1/ HTTP/1.1" 301 5 "https://zh-cn.bt-miners.com/%E6%94%B6%E8%97%8F/%E6%AF%94%E7%89%B9%E5%B8%81%E7%9F%BF%E5%B7%A5/%E9%A1%B5/2/" "Mozilla/5.0 (Windows NT 10.0; Win64; x64) AppleWebKit/537.36 (KHTML, like Gecko) Chrome/134.0.0.0 Safari/537.36 Edg/134.0.0.0" "0.362 Seconds"
2a01:4f8:1c1b:5b5a::1,2a01:4f8:1c1b:5b5a::1 - - [01/Apr/2025:16:42:14 +0800] "HEAD /wp-admin?nocache=1 HTTP/1.1" 301 0 "https://bt-miners.com/wp-admin?nocache=1" "Mozilla/5.0+(compatible; UptimeRobot/2.0; http://www.uptimerobot.com/)" "0.000 Seconds"
2a01:4f8:1c1b:5b5a::1,2a01:4f8:1c1b:5b5a::1 - - [01/Apr/2025:16:42:15 +0800] "HEAD /wp-admin/?nocache=1 HTTP/1.1" 302 0 "https://bt-miners.com/wp-admin?nocache=1" "Mozilla/5.0+(compatible; UptimeRobot/2.0; http://www.uptimerobot.com/)" "0.429 Seconds"
54.38.96.35,54.38.96.35 - - [01/Apr/2025:16:42:15 +0800] "GET /collections/bitcoin-miners/page/1/ HTTP/1.1" 301 5 "https://zh-cn.bt-miners.com/%E6%94%B6%E8%97%8F/%E6%AF%94%E7%89%B9%E5%B8%81%E7%9F%BF%E5%B7%A5/%E9%A1%B5/2/" "Mozilla/5.0 (Windows NT 10.0; Win64; x64) AppleWebKit/537.36 (KHTML, like Gecko) Chrome/134.0.0.0 Safari/537.36 Edg/134.0.0.0" "0.324 Seconds"
2a01:4f8:1c1b:5b5a::1,2a01:4f8:1c1b:5b5a::1 - - [01/Apr/2025:16:42:15 +0800] "HEAD /wp-login.php?redirect_to=https%3A%2F%2Fbt-miners.com%2Fwp-admin%2F%3Fnocache%3D1&reauth=1 HTTP/1.1" 200 0 "https://bt-miners.com/wp-admin?nocache=1" "Mozilla/5.0+(compatible; UptimeRobot/2.0; http://www.uptimerobot.com/)" "0.355 Seconds"
2001:41d0:a:1b7d::1,2001:41d0:a:1b7d::1 - - [01/Apr/2025:16:42:16 +0800] "GET /ar/%D8%B9%D8%B1%D8%A8%D8%A9-%D8%A7%D9%84%D8%AA%D8%B3%D9%88%D9%82/?remove_item=47faaa86a0f77d1d93bdc57e86cfd6c6&_wpnonce=33f416180e HTTP/1.1" 301 5 "-" "Mozilla/5.0 (compatible; MJ12bot/v1.4.8; http://mj12bot.com/)" "0.314 Seconds"
12.74.220.69,12.74.220.69 - - [01/Apr/2025:16:42:16 +0800] "GET /wp-json/wc/v3/products/53972?BTAPP=0b088f64b0ba5f5ca0521cd842f5cc75&timestamp=1743496935710&currency=USD&consumer_key=ck_368292ab2d1fc81f564ec5bb31917429689244e7&consumer_secret=cs_8a3d609f77c939aa6f3912e300201e2eb55a5367 HTTP/1.1" 200 19351 "-" "Dart/3.5 (dart:io)" "0.153 Seconds"
91.243.81.46 - - [01/Apr/2025:16:42:16 +0800] "GET /wp-content/plugins/dokan-lite/assets/vendors/font-awesome/webfonts/fa-regular-400.woff2 HTTP/1.1" 200 25452 "https://zh-cn.bt-miners.com/" "Mozilla/5.0 (Windows NT 10.0; Win64; x64) AppleWebKit/537.36 (KHTML, like Gecko) Chrome/134.0.0.0 Safari/537.36 Edg/134.0.0.0" "0.000 Seconds"
40.77.167.76,40.77.167.76 - - [01/Apr/2025:16:42:16 +0800] "GET /.git/objects/af/b38c056b08745b059ab025ff3b049628512b84 HTTP/1.1" 403 195 "-" "Mozilla/5.0 AppleWebKit/537.36 (KHTML, like Gecko; compatible; bingbot/2.0; +http://www.bing.com/bingbot.htm) Chrome/116.0.1938.76 Safari/537.36" "0.000 Seconds"
91.243.81.46 - - [01/Apr/2025:16:42:17 +0800] "GET /wp-content/plugins/dokan-lite/assets/vendors/font-awesome/webfonts/fa-regular-400.ttf HTTP/1.1" 200 68004 "https://zh-cn.bt-miners.com/" "Mozilla/5.0 (Windows NT 10.0; Win64; x64) AppleWebKit/537.36 (KHTML, like Gecko) Chrome/134.0.0.0 Safari/537.36 Edg/134.0.0.0" "0.000 Seconds"
2001:41d0:a:1b7d::1,2001:41d0:a:1b7d::1 - - [01/Apr/2025:16:42:21 +0800] "GET /ar/%D8%B9%D8%B1%D8%A8%D8%A9-%D8%A7%D9%84%D8%AA%D8%B3%D9%88%D9%82/?remove_item=47faaa86a0f77d1d93bdc57e86cfd6c6&_wpnonce=33f9a8d47b HTTP/1.1" 301 5 "-" "Mozilla/5.0 (compatible; MJ12bot/v1.4.8; http://mj12bot.com/)" "0.373 Seconds"
54.158.124.156,54.158.124.156 - - [01/Apr/2025:16:42:25 +0800] "GET /?debug=kuma-uptime HTTP/1.1" 200 89460 "-" "Uptime-Kuma/1.23.16" "2.034 Seconds"
219.133.248.83,219.133.248.83 - - [01/Apr/2025:16:42:26 +0800] "GET /wp-json/wc/v3/products/48086?BTAPP=a119ff6a889e06639090f1a6512221a3&timestamp=1743496945161&currency=USD&consumer_key=ck_368292ab2d1fc81f564ec5bb31917429689244e7&consumer_secret=cs_8a3d609f77c939aa6f3912e300201e2eb55a5367 HTTP/1.1" 200 18027 "-" "Dart/3.5 (dart:io)" "0.175 Seconds"
219.133.248.83,219.133.248.83 - - [01/Apr/2025:16:42:26 +0800] "GET /wp-json/wc/v3/products/48086?BTAPP=a119ff6a889e06639090f1a6512221a3&timestamp=1743496945161&currency=USD&consumer_key=ck_368292ab2d1fc81f564ec5bb31917429689244e7&consumer_secret=cs_8a3d609f77c939aa6f3912e300201e2eb55a5367 HTTP/1.1" 200 18025 "-" "Dart/3.5 (dart:io)" "0.158 Seconds"
219.133.248.83,219.133.248.83 - - [01/Apr/2025:16:42:26 +0800] "GET /wp-json/wc/v3/products/55248?BTAPP=f5e01baedb6c9a9c94b5599772a8e34f&timestamp=1743496945160&currency=USD&consumer_key=ck_368292ab2d1fc81f564ec5bb31917429689244e7&consumer_secret=cs_8a3d609f77c939aa6f3912e300201e2eb55a5367 HTTP/1.1" 200 18277 "-" "Dart/3.5 (dart:io)" "0.176 Seconds"
219.133.248.83,219.133.248.83 - - [01/Apr/2025:16:42:26 +0800] "GET /wp-json/wc/v3/products/55248?BTAPP=f5e01baedb6c9a9c94b5599772a8e34f&timestamp=1743496945160&currency=USD&consumer_key=ck_368292ab2d1fc81f564ec5bb31917429689244e7&consumer_secret=cs_8a3d609f77c939aa6f3912e300201e2eb55a5367 HTTP/1.1" 200 18277 "-" "Dart/3.5 (dart:io)" "0.185 Seconds"
219.133.248.83,219.133.248.83 - - [01/Apr/2025:16:42:26 +0800] "GET /wp-json/wc/v3/products/64862?BTAPP=f5e01baedb6c9a9c94b5599772a8e34f&timestamp=1743496945160&currency=USD&consumer_key=ck_368292ab2d1fc81f564ec5bb31917429689244e7&consumer_secret=cs_8a3d609f77c939aa6f3912e300201e2eb55a5367 HTTP/1.1" 200 23049 "-" "Dart/3.5 (dart:io)" "0.203 Seconds"
219.133.248.83,219.133.248.83 - - [01/Apr/2025:16:42:26 +0800] "GET /wp-json/wc/v3/products/11564?BTAPP=a119ff6a889e06639090f1a6512221a3&timestamp=1743496945161&currency=USD&consumer_key=ck_368292ab2d1fc81f564ec5bb31917429689244e7&consumer_secret=cs_8a3d609f77c939aa6f3912e300201e2eb55a5367 HTTP/1.1" 200 16668 "-" "Dart/3.5 (dart:io)" "0.196 Seconds"
240e:3b2:3232:4a70:7058:7862:f44b:6b0 - - [01/Apr/2025:16:42:26 +0800] "POST /wp-admin/admin-ajax.php HTTP/1.1" 200 58 "https://bt-miners.com/wp-admin/" "Mozilla/5.0 (Windows NT 10.0; Win64; x64) AppleWebKit/537.36 (KHTML, like Gecko) Chrome/119.0.0.0 Safari/537.36" "0.418 Seconds"
2001:41d0:a:1b7d::1,2001:41d0:a:1b7d::1 - - [01/Apr/2025:16:42:26 +0800] "GET /ar/%D8%B9%D8%B1%D8%A8%D8%A9-%D8%A7%D9%84%D8%AA%D8%B3%D9%88%D9%82/?remove_item=47faaa86a0f77d1d93bdc57e86cfd6c6&_wpnonce=35c194df29 HTTP/1.1" 301 5 "-" "Mozilla/5.0 (compatible; MJ12bot/v1.4.8; http://mj12bot.com/)" "0.373 Seconds"
240e:3b2:3232:4a70:7058:7862:f44b:6b0 - - [01/Apr/2025:16:42:26 +0800] "POST /wp-admin/admin-ajax.php HTTP/1.1" 400 11 "https://bt-miners.com/wp-admin/" "Mozilla/5.0 (Windows NT 10.0; Win64; x64) AppleWebKit/537.36 (KHTML, like Gecko) Chrome/119.0.0.0 Safari/537.36" "0.403 Seconds"
219.133.248.83 - - [01/Apr/2025:16:42:26 +0800] "POST /wp-json/api/flutter_woo/cart HTTP/1.1" 200 299 "-" "Dart/3.5 (dart:io)" "1.129 Seconds"
212.107.29.90 - - [01/Apr/2025:16:42:27 +0800] "POST /wp-admin/admin-ajax.php HTTP/1.1" 200 31 "https://bt-miners.com/wp-admin/edit.php?post_type=shop_order" "Mozilla/5.0 (Windows NT 10.0; Win64; x64) AppleWebKit/537.36 (KHTML, like Gecko) Chrome/134.0.0.0 Safari/537.36" "0.407 Seconds"
219.133.248.83,219.133.248.83 - - [01/Apr/2025:16:42:28 +0800] "GET /wp-json/wc/v3/products/11564?BTAPP=9f9842093218485bb6eed15cb1c25e3f&timestamp=1743496947198&currency=USD&consumer_key=ck_368292ab2d1fc81f564ec5bb31917429689244e7&consumer_secret=cs_8a3d609f77c939aa6f3912e300201e2eb55a5367 HTTP/1.1" 200 16668 "-" "Dart/3.5 (dart:io)" "0.199 Seconds"
219.133.248.83,219.133.248.83 - - [01/Apr/2025:16:42:28 +0800] "GET /wp-json/wc/v3/products/48086?BTAPP=9f9842093218485bb6eed15cb1c25e3f&timestamp=1743496947198&currency=USD&consumer_key=ck_368292ab2d1fc81f564ec5bb31917429689244e7&consumer_secret=cs_8a3d609f77c939aa6f3912e300201e2eb55a5367 HTTP/1.1" 200 18025 "-" "Dart/3.5 (dart:io)" "0.157 Seconds"
219.133.248.83,219.133.248.83 - - [01/Apr/2025:16:42:28 +0800] "GET /wp-json/wc/v3/products/55248?BTAPP=c80e4b904ec19896d6aae8ded335a596&timestamp=1743496947197&currency=USD&consumer_key=ck_368292ab2d1fc81f564ec5bb31917429689244e7&consumer_secret=cs_8a3d609f77c939aa6f3912e300201e2eb55a5367 HTTP/1.1" 200 18278 "-" "Dart/3.5 (dart:io)" "0.184 Seconds"
219.133.248.83,219.133.248.83 - - [01/Apr/2025:16:42:28 +0800] "GET /wp-json/wc/v3/products/48086?BTAPP=9f9842093218485bb6eed15cb1c25e3f&timestamp=1743496947198&currency=USD&consumer_key=ck_368292ab2d1fc81f564ec5bb31917429689244e7&consumer_secret=cs_8a3d609f77c939aa6f3912e300201e2eb55a5367 HTTP/1.1" 200 18021 "-" "Dart/3.5 (dart:io)" "0.180 Seconds"
219.133.248.83,219.133.248.83 - - [01/Apr/2025:16:42:28 +0800] "GET /wp-json/wc/v3/products/55248?BTAPP=c80e4b904ec19896d6aae8ded335a596&timestamp=1743496947197&currency=USD&consumer_key=ck_368292ab2d1fc81f564ec5bb31917429689244e7&consumer_secret=cs_8a3d609f77c939aa6f3912e300201e2eb55a5367 HTTP/1.1" 200 18277 "-" "Dart/3.5 (dart:io)" "0.195 Seconds"
219.133.248.83,219.133.248.83 - - [01/Apr/2025:16:42:28 +0800] "GET /wp-json/wc/v3/products/64862?BTAPP=c80e4b904ec19896d6aae8ded335a596&timestamp=1743496947197&currency=USD&consumer_key=ck_368292ab2d1fc81f564ec5bb31917429689244e7&consumer_secret=cs_8a3d609f77c939aa6f3912e300201e2eb55a5367 HTTP/1.1" 200 23048 "-" "Dart/3.5 (dart:io)" "0.214 Seconds"
219.133.248.83,219.133.248.83 - - [01/Apr/2025:16:42:28 +0800] "GET /wp-json/api/flutter_user/get_states?country_code=CN HTTP/1.1" 200 1606 "-" "Dart/3.5 (dart:io)" "0.468 Seconds"
240e:3b2:3232:4a70:7058:7862:f44b:6b0 - - [01/Apr/2025:16:42:29 +0800] "POST /wp-admin/admin-ajax.php HTTP/1.1" 200 43 "https://bt-miners.com/wp-admin/post.php?post=67951&action=edit" "Mozilla/5.0 (Windows NT 10.0; Win64; x64) AppleWebKit/537.36 (KHTML, like Gecko) Chrome/119.0.0.0 Safari/537.36" "0.406 Seconds"
240e:3b2:3232:4a70:7058:7862:f44b:6b0 - - [01/Apr/2025:16:42:29 +0800] "POST /wp-admin/admin-ajax.php HTTP/1.1" 200 43 "https://bt-miners.com/wp-admin/post.php?post=67951&action=edit" "Mozilla/5.0 (Windows NT 10.0; Win64; x64) AppleWebKit/537.36 (KHTML, like Gecko) Chrome/119.0.0.0 Safari/537.36" "0.726 Seconds"
2001:41d0:a:1b7d::1,2001:41d0:a:1b7d::1 - - [01/Apr/2025:16:42:31 +0800] "GET /ar/%D8%B9%D8%B1%D8%A8%D8%A9-%D8%A7%D9%84%D8%AA%D8%B3%D9%88%D9%82/?remove_item=47faaa86a0f77d1d93bdc57e86cfd6c6&_wpnonce=3679fa8670 HTTP/1.1" 301 5 "-" "Mozilla/5.0 (compatible; MJ12bot/v1.4.8; http://mj12bot.com/)" "0.335 Seconds"
83.99.151.66,83.99.151.66 - - [01/Apr/2025:16:42:31 +0800] "GET /collections/wallets/ HTTP/1.1" 200 64099 "-" "Mozilla/5.0 AppleWebKit/537.36 (KHTML, like Gecko; compatible; GeedoProductSearch; +http://www.geedo.com/product-search.html) Chrome/79.0.3945.88 Safari/537.36" "0.556 Seconds"
212.107.29.90 - - [01/Apr/2025:16:42:32 +0800] "POST /wp-admin/admin-ajax.php HTTP/1.1" 200 58 "https://bt-miners.com/wp-admin/edit.php?post_type=shop_order" "Mozilla/5.0 (Windows NT 10.0; Win64; x64) AppleWebKit/537.36 (KHTML, like Gecko) Chrome/134.0.0.0 Safari/537.36" "0.390 Seconds"
219.133.248.83 - - [01/Apr/2025:16:42:35 +0800] "POST /wp-json/api/flutter_woo/shipping_methods?lang=en HTTP/1.1" 200 141 "-" "Dart/3.5 (dart:io)" "1.034 Seconds"
2401:4900:1c68:53b8:50b5:f0aa:2647:e8d5,54.38.96.38 - - [01/Apr/2025:16:42:36 +0800] "POST /wp-login.php HTTP/1.1" 200 4004 "-" "Mozilla/4.0 (compatible; MSIE 6.0; Windows NT 5.0)" "0.685 Seconds"
