5.34.216.107 - - [01/Apr/2025:17:33:17 +0800] "GET /wp-content/plugins/wordfence/images/flags.png HTTP/1.1" 200 82204 "https://bt-miners.com/wp-content/plugins/wordfence/css/wf-adminbar.1736960042.css?ver=8.0.3" "Mozilla/5.0 (Windows NT 10.0; Win64; x64) AppleWebKit/537.36 (KHTML, like Gecko) Chrome/134.0.0.0 Safari/537.36" "0.000 Seconds"
5.34.216.107 - - [01/Apr/2025:17:33:17 +0800] "GET /wp-content/plugins/types/vendor/toolset/onthego-resources/onthegosystems-icons/fonts/onthegosystems-icons_4da21acf015358e131c3e92031368465.woff2 HTTP/1.1" 200 6220 "https://bt-miners.com/wp-content/plugins/types/vendor/toolset/onthego-resources/onthegosystems-icons/css/onthegosystems-icons.css?ver=4.36" "Mozilla/5.0 (Windows NT 10.0; Win64; x64) AppleWebKit/537.36 (KHTML, like Gecko) Chrome/134.0.0.0 Safari/537.36" "0.000 Seconds"
170.187.181.77 - - [01/Apr/2025:17:33:17 +0800] "POST /wp-admin/admin-ajax.php HTTP/1.1" 200 43 "https://bt-miners.com/wp-admin/admin.php?page=wc-settings&tab=advanced&section=keys" "Mozilla/5.0 (Windows NT 10.0; Win64; x64) AppleWebKit/537.36 (KHTML, like Gecko) Chrome/134.0.0.0 Safari/537.36" "0.395 Seconds"
5.34.216.107,5.34.216.107 - - [01/Apr/2025:17:33:20 +0800] "GET /wp-admin/edit-comments.php HTTP/1.1" 200 473755 "https://bt-miners.com/wp-admin/index.php" "Mozilla/5.0 (Windows NT 10.0; Win64; x64) AppleWebKit/537.36 (KHTML, like Gecko) Chrome/134.0.0.0 Safari/537.36" "2.600 Seconds"
5.34.216.107 - - [01/Apr/2025:17:33:20 +0800] "GET /wp-content/plugins/woo-advanced-shipment-tracking/zorem-tracking/assets/js/main.js?ver=1743499999 HTTP/1.1" 200 1587 "https://bt-miners.com/wp-admin/edit-comments.php" "Mozilla/5.0 (Windows NT 10.0; Win64; x64) AppleWebKit/537.36 (KHTML, like Gecko) Chrome/134.0.0.0 Safari/537.36" "0.000 Seconds"
5.34.216.107 - - [01/Apr/2025:17:33:20 +0800] "GET /wp-content/plugins/woo-advanced-shipment-tracking/zorem-tracking/assets/css/style.css?ver=1743499999 HTTP/1.1" 200 948 "https://bt-miners.com/wp-admin/edit-comments.php" "Mozilla/5.0 (Windows NT 10.0; Win64; x64) AppleWebKit/537.36 (KHTML, like Gecko) Chrome/134.0.0.0 Safari/537.36" "0.000 Seconds"
5.34.216.107 - - [01/Apr/2025:17:33:20 +0800] "GET /wp-content/plugins/dokan-lite/assets/vendors/tinymce/code/plugin.min.js?ver=1743499998 HTTP/1.1" 200 1045 "https://bt-miners.com/wp-admin/edit-comments.php" "Mozilla/5.0 (Windows NT 10.0; Win64; x64) AppleWebKit/537.36 (KHTML, like Gecko) Chrome/134.0.0.0 Safari/537.36" "0.000 Seconds"
5.34.216.107,5.34.216.107 - - [01/Apr/2025:17:33:20 +0800] "GET /wp-admin/load-styles.php?c=1&dir=ltr&load%5Bchunk_0%5D=dashicons,admin-bar,wp-pointer,common,forms,admin-menu,dashboard,list-tables,edit,revisions,media,themes,about,nav-menus,widgets&load%5Bchunk_1%5D=,site-icon,l10n,buttons,wp-auth-check,media-views,wp-color-picker,wp-jquery-ui-dialog&ver=a53d61b19d1e048adadfb3f4c418ba92 HTTP/1.1" 200 453748 "https://bt-miners.com/wp-admin/edit-comments.php" "Mozilla/5.0 (Windows NT 10.0; Win64; x64) AppleWebKit/537.36 (KHTML, like Gecko) Chrome/134.0.0.0 Safari/537.36" "0.193 Seconds"
5.34.216.107,5.34.216.107 - - [01/Apr/2025:17:33:22 +0800] "GET /wp-json/dokan/v1/admin/notices/admin?scope=global HTTP/1.1" 200 12 "https://bt-miners.com/wp-admin/edit-comments.php" "Mozilla/5.0 (Windows NT 10.0; Win64; x64) AppleWebKit/537.36 (KHTML, like Gecko) Chrome/134.0.0.0 Safari/537.36" "0.647 Seconds"
2a01:4f8:1c1b:4ef4::1,2a01:4f8:1c1b:4ef4::1 - - [01/Apr/2025:17:33:22 +0800] "HEAD /?debug=uptimerobot HTTP/1.1" 200 0 "https://bt-miners.com/?debug=uptimerobot" "Mozilla/5.0+(compatible; UptimeRobot/2.0; http://www.uptimerobot.com/)" "0.305 Seconds"
5.34.216.107,5.34.216.107 - - [01/Apr/2025:17:33:22 +0800] "GET /wp-json/dokan/v1/admin/notices/promo HTTP/1.1" 200 12 "https://bt-miners.com/wp-admin/edit-comments.php" "Mozilla/5.0 (Windows NT 10.0; Win64; x64) AppleWebKit/537.36 (KHTML, like Gecko) Chrome/134.0.0.0 Safari/537.36" "1.054 Seconds"
5.34.216.107 - - [01/Apr/2025:17:33:23 +0800] "POST /wp-admin/admin-ajax.php HTTP/1.1" 200 43 "https://bt-miners.com/wp-admin/edit-comments.php" "Mozilla/5.0 (Windows NT 10.0; Win64; x64) AppleWebKit/537.36 (KHTML, like Gecko) Chrome/134.0.0.0 Safari/537.36" "1.262 Seconds"
5.34.216.107,5.34.216.107 - - [01/Apr/2025:17:33:23 +0800] "GET /wp-json/omapp/v1/notifications HTTP/1.1" 200 341 "https://bt-miners.com/wp-admin/edit-comments.php" "Mozilla/5.0 (Windows NT 10.0; Win64; x64) AppleWebKit/537.36 (KHTML, like Gecko) Chrome/134.0.0.0 Safari/537.36" "1.157 Seconds"
212.107.29.89 - - [01/Apr/2025:17:33:25 +0800] "POST /wp-admin/admin-ajax.php HTTP/1.1" 200 31 "https://bt-miners.com/wp-admin/options-general.php?page=cloudflare" "Mozilla/5.0 (Windows NT 10.0; Win64; x64) AppleWebKit/537.36 (KHTML, like Gecko) Chrome/122.0.0.0 Safari/537.36" "0.437 Seconds"
2600:1700:17f0:d00f:553b:cc6e:6b44:9640 - - [01/Apr/2025:17:33:26 +0800] "GET /wp-content/themes/azuri/assets/images/gray-right-arrow.png HTTP/1.1" 200 1044 "https://bt-miners.com/" "Mozilla/5.0 (iPhone; CPU iPhone OS 17_5_1 like Mac OS X) AppleWebKit/605.1.15 (KHTML, like Gecko) Version/17.5 Mobile/15E148 Safari/604.1" "0.000 Seconds"
2401:4900:1c80:2453:8c20:7a00:bf19:7d4d - - [01/Apr/2025:17:33:26 +0800] "GET /wp-content/themes/azuri/assets/images/calculate-item.svg HTTP/1.1" 304 0 "https://bt-miners.com/products/canaan-avalon-nano-3s-bitcoin-miner-6th-s-bt-miners/" "Mozilla/5.0 (Windows NT 10.0; Win64; x64) AppleWebKit/537.36 (KHTML, like Gecko) Chrome/134.0.0.0 Safari/537.36" "0.000 Seconds"
2401:4900:1c68:53b8:50b5:f0aa:2647:e8d5,54.38.96.38 - - [01/Apr/2025:17:33:26 +0800] "POST /wp-login.php HTTP/1.1" 200 4004 "-" "Mozilla/4.0 (compatible; MSIE 6.0; Windows NT 5.0)" "0.640 Seconds"
54.158.124.156,54.158.124.156 - - [01/Apr/2025:17:33:27 +0800] "GET /?debug=kuma-uptime HTTP/1.1" 200 89421 "-" "Uptime-Kuma/1.23.16" "1.597 Seconds"
2a01:4f8:c013:c18::1,2a01:4f8:c013:c18::1 - - [01/Apr/2025:17:33:27 +0800] "HEAD /wp-admin/?debug=uptimerobot HTTP/1.1" 302 0 "https://bt-miners.com/wp-admin/?debug=uptimerobot" "Mozilla/5.0+(compatible; UptimeRobot/2.0; http://www.uptimerobot.com/)" "0.391 Seconds"
2a01:4f8:c013:c18::1,2a01:4f8:c013:c18::1 - - [01/Apr/2025:17:33:27 +0800] "HEAD /wp-login.php?redirect_to=https%3A%2F%2Fbt-miners.com%2Fwp-admin%2F%3Fdebug%3Duptimerobot&reauth=1 HTTP/1.1" 200 0 "https://bt-miners.com/wp-admin/?debug=uptimerobot" "Mozilla/5.0+(compatible; UptimeRobot/2.0; http://www.uptimerobot.com/)" "0.351 Seconds"
3.110.181.55,3.110.181.55 - - [01/Apr/2025:17:33:29 +0800] "GET /products/bitmain-antminer-s21-pro-bitcoin-miner-234th-s-bt-miners/ HTTP/1.1" 200 119598 "-" "Mozilla/5.0 (Windows NT 10.0; Win64; x64) AppleWebKit/537.36 (KHTML, like Gecko) Chrome/89.0.4342.0 Safari/537.36" "1.123 Seconds"
240e:3b2:3232:4a70:7058:7862:f44b:6b0 - - [01/Apr/2025:17:33:29 +0800] "POST /wp-admin/admin-ajax.php HTTP/1.1" 200 43 "https://bt-miners.com/wp-admin/post.php?post=67951&action=edit" "Mozilla/5.0 (Windows NT 10.0; Win64; x64) AppleWebKit/537.36 (KHTML, like Gecko) Chrome/119.0.0.0 Safari/537.36" "0.411 Seconds"
240e:3b2:3232:4a70:7058:7862:f44b:6b0 - - [01/Apr/2025:17:33:29 +0800] "POST /wp-admin/admin-ajax.php HTTP/1.1" 200 43 "https://bt-miners.com/wp-admin/post.php?post=67951&action=edit" "Mozilla/5.0 (Windows NT 10.0; Win64; x64) AppleWebKit/537.36 (KHTML, like Gecko) Chrome/119.0.0.0 Safari/537.36" "0.751 Seconds"
170.187.181.77 - - [01/Apr/2025:17:33:33 +0800] "POST /wp-admin/admin-ajax.php HTTP/1.1" 200 43 "https://bt-miners.com/wp-admin/admin.php?page=wc-settings&tab=advanced&section=keys" "Mozilla/5.0 (Windows NT 10.0; Win64; x64) AppleWebKit/537.36 (KHTML, like Gecko) Chrome/134.0.0.0 Safari/537.36" "0.440 Seconds"
5.34.216.107 - - [01/Apr/2025:17:33:37 +0800] "POST /wp-admin/admin-ajax.php HTTP/1.1" 200 43 "https://bt-miners.com/wp-admin/edit-comments.php" "Mozilla/5.0 (Windows NT 10.0; Win64; x64) AppleWebKit/537.36 (KHTML, like Gecko) Chrome/134.0.0.0 Safari/537.36" "0.563 Seconds"
2a01:4f8:c013:3b0f::1,2a01:4f8:c013:3b0f::1 - - [01/Apr/2025:17:33:38 +0800] "HEAD / HTTP/1.1" 200 0 "https://bt-miners.com/" "Mozilla/5.0+(compatible; UptimeRobot/2.0; http://www.uptimerobot.com/)" "0.283 Seconds"
2607:fb90:ee1f:b8c:9dd4:eb8c:a12b:77c9 - - [01/Apr/2025:17:33:38 +0800] "POST /wp-admin/admin-ajax.php HTTP/1.1" 200 31 "https://bt-miners.com/products/goldshell-mini-doge-iii-plus-litecoin-dogecoin-miner-810mh-s-bt-miners/" "Mozilla/5.0 (Linux; Android 10; K) AppleWebKit/537.36 (KHTML, like Gecko) Chrome/134.0.0.0 Mobile Safari/537.36" "0.474 Seconds"
149.102.227.121,149.102.227.121 - - [01/Apr/2025:17:33:38 +0800] "GET /products/bitmain-antminer-s19j-pro-bitcoin-miner-104th-s-bt-miners/ HTTP/1.1" 200 116965 "-" "Mozilla/5.0 (Macintosh; Intel Mac OS X 10_11_1) AppleWebKit/601.2.4 (KHTML, like Gecko) Version/9.0.1 Safari/601.2.4 facebookexternalhit/1.1 Facebot Twitterbot/1.0" "1.049 Seconds"
27.119.30.203,54.37.215.163 - - [01/Apr/2025:17:33:41 +0800] "POST /wp-login.php HTTP/1.1" 200 4004 "-" "Mozilla/4.0 (compatible; MSIE 6.0; Windows NT 5.0)" "0.713 Seconds"
212.107.29.89 - - [01/Apr/2025:17:33:41 +0800] "POST /wp-admin/admin-ajax.php HTTP/1.1" 200 31 "https://bt-miners.com/wp-admin/options-general.php?page=cloudflare" "Mozilla/5.0 (Windows NT 10.0; Win64; x64) AppleWebKit/537.36 (KHTML, like Gecko) Chrome/122.0.0.0 Safari/537.36" "0.433 Seconds"
212.107.29.89 - - [01/Apr/2025:17:33:42 +0800] "POST /wp-admin/admin-ajax.php HTTP/1.1" 200 58 "https://bt-miners.com/wp-admin/options-general.php?page=perfmatters" "Mozilla/5.0 (Windows NT 10.0; Win64; x64) AppleWebKit/537.36 (KHTML, like Gecko) Chrome/122.0.0.0 Safari/537.36" "0.377 Seconds"
83.99.151.70,83.99.151.70 - - [01/Apr/2025:17:33:43 +0800] "GET /collections/spare-parts/power-supply/page/1/ HTTP/1.1" 301 5 "-" "Mozilla/5.0 AppleWebKit/537.36 (KHTML, like Gecko; compatible; GeedoProductSearch; +http://www.geedo.com/product-search.html) Chrome/79.0.3945.88 Safari/537.36" "0.351 Seconds"
74.125.210.5,74.125.210.5 - - [01/Apr/2025:17:33:43 +0800] "GET /.well-known/assetlinks.json HTTP/1.1" 403 134 "-" "GoogleAssociationService" "0.000 Seconds"
109.230.55.105,54.38.96.37 - - [01/Apr/2025:17:33:47 +0800] "POST /wp-login.php HTTP/1.1" 200 4004 "-" "Mozilla/4.0 (compatible; MSIE 6.0; Windows NT 5.0)" "0.641 Seconds"
170.187.181.77 - - [01/Apr/2025:17:33:47 +0800] "POST /wp-admin/admin-ajax.php HTTP/1.1" 200 43 "https://bt-miners.com/wp-admin/admin.php?page=wc-settings&tab=advanced&section=keys" "Mozilla/5.0 (Windows NT 10.0; Win64; x64) AppleWebKit/537.36 (KHTML, like Gecko) Chrome/134.0.0.0 Safari/537.36" "0.382 Seconds"
54.158.124.156,54.158.124.156 - - [01/Apr/2025:17:33:48 +0800] "GET /?debug=kuma-uptime HTTP/1.1" 200 89367 "-" "Uptime-Kuma/1.23.16" "1.625 Seconds"
212.107.29.89 - - [01/Apr/2025:17:33:50 +0800] "POST /wp-admin/admin-ajax.php HTTP/1.1" 200 58 "https://bt-miners.com/wp-admin/options-general.php?page=cloudflare" "Mozilla/5.0 (Windows NT 10.0; Win64; x64) AppleWebKit/537.36 (KHTML, like Gecko) Chrome/122.0.0.0 Safari/537.36" "0.394 Seconds"
240e:3b2:3232:4a70:7058:7862:f44b:6b0 - - [01/Apr/2025:17:33:51 +0800] "POST /wp-admin/admin-ajax.php HTTP/1.1" 200 43 "https://bt-miners.com/wp-admin/post.php?post=67951&action=edit" "Mozilla/5.0 (Windows NT 10.0; Win64; x64) AppleWebKit/537.36 (KHTML, like Gecko) Chrome/119.0.0.0 Safari/537.36" "0.393 Seconds"
212.107.29.89 - - [01/Apr/2025:17:33:51 +0800] "POST /wp-admin/admin-ajax.php HTTP/1.1" 200 43 "https://bt-miners.com/wp-admin/post.php?post=70267&action=edit" "Mozilla/5.0 (Windows NT 10.0; Win64; x64) AppleWebKit/537.36 (KHTML, like Gecko) Chrome/134.0.0.0 Safari/537.36" "0.338 Seconds"
240e:3b2:3232:4a70:7058:7862:f44b:6b0 - - [01/Apr/2025:17:33:51 +0800] "POST /wp-admin/admin-ajax.php HTTP/1.1" 200 43 "https://bt-miners.com/wp-admin/post.php?post=67951&action=edit" "Mozilla/5.0 (Windows NT 10.0; Win64; x64) AppleWebKit/537.36 (KHTML, like Gecko) Chrome/119.0.0.0 Safari/537.36" "0.753 Seconds"
170.187.181.77 - - [01/Apr/2025:17:33:51 +0800] "POST /wp-admin/admin-ajax.php HTTP/1.1" 200 58 "https://bt-miners.com/wp-admin/admin.php?page=wc-settings&tab=advanced&section=keys" "Mozilla/5.0 (Windows NT 10.0; Win64; x64) AppleWebKit/537.36 (KHTML, like Gecko) Chrome/134.0.0.0 Safari/537.36" "0.372 Seconds"
67.189.107.113,67.189.107.113 - - [01/Apr/2025:17:33:52 +0800] "GET /collections/kaspa-miners/ HTTP/1.1" 301 5 "https://bt-miners.com/collections/miner-category/professional-miner/" "Mozilla/5.0 (Windows NT 10.0; Win64; x64) AppleWebKit/537.36 (KHTML, like Gecko) Chrome/128.0.0.0 Safari/537.36" "0.326 Seconds"
5.34.216.107 - - [01/Apr/2025:17:33:52 +0800] "POST /wp-admin/admin-ajax.php HTTP/1.1" 200 43 "https://bt-miners.com/wp-admin/edit-comments.php" "Mozilla/5.0 (Windows NT 10.0; Win64; x64) AppleWebKit/537.36 (KHTML, like Gecko) Chrome/134.0.0.0 Safari/537.36" "0.452 Seconds"
83.99.151.70,83.99.151.70 - - [01/Apr/2025:17:33:53 +0800] "GET /collections/spare-parts/page/3/?display_mode=grid HTTP/1.1" 200 66205 "-" "Mozilla/5.0 AppleWebKit/537.36 (KHTML, like Gecko; compatible; GeedoProductSearch; +http://www.geedo.com/product-search.html) Chrome/79.0.3945.88 Safari/537.36" "0.711 Seconds"
212.107.29.89 - - [01/Apr/2025:17:33:56 +0800] "POST /wp-admin/admin-ajax.php HTTP/1.1" 200 31 "https://bt-miners.com/wp-admin/options-general.php?page=cloudflare" "Mozilla/5.0 (Windows NT 10.0; Win64; x64) AppleWebKit/537.36 (KHTML, like Gecko) Chrome/122.0.0.0 Safari/537.36" "0.450 Seconds"
199.188.200.151,199.188.200.151 - - [01/Apr/2025:17:33:59 +0800] "GET /xmlrpc.php HTTP/1.1" 403 64 "http://bt-miners.com" "Mozilla/5.0 (Macintosh; Intel Mac OS X 10_15_7) AppleWebKit/537.36 (KHTML, like Gecko) Chrome/115.0.5790.102 Safari/537.36" "0.293 Seconds"
2600:1700:17f0:d00f:553b:cc6e:6b44:9640 - - [01/Apr/2025:17:34:01 +0800] "GET /wp-content/plugins/dokan-lite/assets/vendors/font-awesome/webfonts/fa-v4compatibility.woff2 HTTP/1.1" 200 4792 "https://bt-miners.com/products/goldshell-mini-doge-ii-ltc-dogecoin-miner-bt-miners/?attribute_condition=New&gad_source=1&gbraid=0AAAAABcf1msMtMjgKfP4GWFwcvemxmyeB&gclid=EAIaIQobChMI1tH07cK2jAMV1qhaBR19xwsCEAQYASABEgJE0_D_BwE" "Mozilla/5.0 (iPhone; CPU iPhone OS 17_5_1 like Mac OS X) AppleWebKit/605.1.15 (KHTML, like Gecko) Version/17.5 Mobile/15E148 Safari/604.1" "0.000 Seconds"
2600:1700:17f0:d00f:553b:cc6e:6b44:9640 - - [01/Apr/2025:17:34:01 +0800] "GET /wp-content/plugins/types/vendor/toolset/toolset-common/res/lib/font-awesome/webfonts/fa-brands-400.woff2 HTTP/1.1" 200 76612 "https://bt-miners.com/products/goldshell-mini-doge-ii-ltc-dogecoin-miner-bt-miners/?attribute_condition=New&gad_source=1&gbraid=0AAAAABcf1msMtMjgKfP4GWFwcvemxmyeB&gclid=EAIaIQobChMI1tH07cK2jAMV1qhaBR19xwsCEAQYASABEgJE0_D_BwE" "Mozilla/5.0 (iPhone; CPU iPhone OS 17_5_1 like Mac OS X) AppleWebKit/605.1.15 (KHTML, like Gecko) Version/17.5 Mobile/15E148 Safari/604.1" "0.000 Seconds"
2600:1700:17f0:d00f:553b:cc6e:6b44:9640 - - [01/Apr/2025:17:34:01 +0800] "GET /wp-content/plugins/dokan-lite/assets/vendors/font-awesome/webfonts/fa-brands-400.woff2 HTTP/1.1" 200 117372 "https://bt-miners.com/products/goldshell-mini-doge-ii-ltc-dogecoin-miner-bt-miners/?attribute_condition=New&gad_source=1&gbraid=0AAAAABcf1msMtMjgKfP4GWFwcvemxmyeB&gclid=EAIaIQobChMI1tH07cK2jAMV1qhaBR19xwsCEAQYASABEgJE0_D_BwE" "Mozilla/5.0 (iPhone; CPU iPhone OS 17_5_1 like Mac OS X) AppleWebKit/605.1.15 (KHTML, like Gecko) Version/17.5 Mobile/15E148 Safari/604.1" "0.001 Seconds"
2600:1700:17f0:d00f:553b:cc6e:6b44:9640 - - [01/Apr/2025:17:34:01 +0800] "GET /wp-content/plugins/asgaros-forum/libs/fontawesome/webfonts/fa-brands-400.woff2 HTTP/1.1" 200 108000 "https://bt-miners.com/" "Mozilla/5.0 (iPhone; CPU iPhone OS 17_5_1 like Mac OS X) AppleWebKit/605.1.15 (KHTML, like Gecko) Version/17.5 Mobile/15E148 Safari/604.1" "0.001 Seconds"
2600:1700:17f0:d00f:553b:cc6e:6b44:9640 - - [01/Apr/2025:17:34:01 +0800] "GET /wp-content/plugins/asgaros-forum/libs/fontawesome/webfonts/fa-v4compatibility.woff2 HTTP/1.1" 200 4536 "https://bt-miners.com/" "Mozilla/5.0 (iPhone; CPU iPhone OS 17_5_1 like Mac OS X) AppleWebKit/605.1.15 (KHTML, like Gecko) Version/17.5 Mobile/15E148 Safari/604.1" "0.000 Seconds"
83.99.151.70,83.99.151.70 - - [01/Apr/2025:17:34:03 +0800] "GET /shop/page/19/ HTTP/1.1" 200 67472 "-" "Mozilla/5.0 AppleWebKit/537.36 (KHTML, like Gecko; compatible; GeedoProductSearch; +http://www.geedo.com/product-search.html) Chrome/79.0.3945.88 Safari/537.36" "0.883 Seconds"
170.187.181.77 - - [01/Apr/2025:17:34:03 +0800] "POST /wp-admin/admin-ajax.php HTTP/1.1" 200 43 "https://bt-miners.com/wp-admin/admin.php?page=wc-settings&tab=advanced&section=keys" "Mozilla/5.0 (Windows NT 10.0; Win64; x64) AppleWebKit/537.36 (KHTML, like Gecko) Chrome/134.0.0.0 Safari/537.36" "0.450 Seconds"
5.34.216.107 - - [01/Apr/2025:17:34:07 +0800] "POST /wp-admin/admin-ajax.php HTTP/1.1" 200 43 "https://bt-miners.com/wp-admin/edit-comments.php" "Mozilla/5.0 (Windows NT 10.0; Win64; x64) AppleWebKit/537.36 (KHTML, like Gecko) Chrome/134.0.0.0 Safari/537.36" "0.536 Seconds"
64.233.173.166,64.233.173.166 - - [01/Apr/2025:17:34:08 +0800] "GET /.well-known/assetlinks.json HTTP/1.1" 403 134 "-" "GoogleAssociationService" "0.000 Seconds"
54.158.124.156,54.158.124.156 - - [01/Apr/2025:17:34:10 +0800] "GET /?debug=kuma-uptime HTTP/1.1" 200 89411 "-" "Uptime-Kuma/1.23.16" "1.570 Seconds"
83.99.151.70,83.99.151.70 - - [01/Apr/2025:17:34:14 +0800] "GET /shop/page/10/ HTTP/1.1" 200 67575 "-" "Mozilla/5.0 AppleWebKit/537.36 (KHTML, like Gecko; compatible; GeedoProductSearch; +http://www.geedo.com/product-search.html) Chrome/79.0.3945.88 Safari/537.36" "1.342 Seconds"
170.187.181.77 - - [01/Apr/2025:17:34:19 +0800] "POST /wp-admin/admin-ajax.php HTTP/1.1" 200 31 "https://bt-miners.com/wp-admin/admin.php?page=wc-settings&tab=advanced&section=keys" "Mozilla/5.0 (Windows NT 10.0; Win64; x64) AppleWebKit/537.36 (KHTML, like Gecko) Chrome/134.0.0.0 Safari/537.36" "0.443 Seconds"
2607:fb90:ee1f:b8c:9dd4:eb8c:a12b:77c9 - - [01/Apr/2025:17:34:20 +0800] "POST /wp-admin/admin-ajax.php HTTP/1.1" 200 31 "https://bt-miners.com/products/bitmain-antminer-s19j-pro-bitcoin-miner-100th-s-bt-miners/" "Mozilla/5.0 (Linux; Android 10; K) AppleWebKit/537.36 (KHTML, like Gecko) Chrome/134.0.0.0 Mobile Safari/537.36" "0.462 Seconds"
40.77.188.142 - - [01/Apr/2025:17:34:21 +0800] "GET /wp-content/plugins/asgaros-forum/libs/fontawesome/webfonts/fa-brands-400.woff2 HTTP/1.1" 200 108000 "-" "Mozilla/5.0 AppleWebKit/537.36 (KHTML, like Gecko; compatible; bingbot/2.0; +http://www.bing.com/bingbot.htm) Chrome/100.0.4896.127 Safari/537.36" "0.001 Seconds"
240e:3b2:3232:4a70:7058:7862:f44b:6b0 - - [01/Apr/2025:17:34:22 +0800] "POST /wp-admin/admin-ajax.php HTTP/1.1" 200 43 "https://bt-miners.com/wp-admin/" "Mozilla/5.0 (Windows NT 10.0; Win64; x64) AppleWebKit/537.36 (KHTML, like Gecko) Chrome/119.0.0.0 Safari/537.36" "0.373 Seconds"
5.34.216.107 - - [01/Apr/2025:17:34:22 +0800] "POST /wp-admin/admin-ajax.php HTTP/1.1" 200 43 "https://bt-miners.com/wp-admin/edit-comments.php" "Mozilla/5.0 (Windows NT 10.0; Win64; x64) AppleWebKit/537.36 (KHTML, like Gecko) Chrome/134.0.0.0 Safari/537.36" "0.503 Seconds"
5.34.216.107 - - [01/Apr/2025:17:34:22 +0800] "POST /wp-admin/admin-ajax.php HTTP/1.1" 200 82 "https://bt-miners.com/wp-admin/edit-comments.php" "Mozilla/5.0 (Windows NT 10.0; Win64; x64) AppleWebKit/537.36 (KHTML, like Gecko) Chrome/134.0.0.0 Safari/537.36" "0.407 Seconds"
83.99.151.70,83.99.151.70 - - [01/Apr/2025:17:34:22 +0800] "GET /collections/innosilicon/?display_mode=grid HTTP/1.1" 200 65602 "-" "Mozilla/5.0 AppleWebKit/537.36 (KHTML, like Gecko; compatible; GeedoProductSearch; +http://www.geedo.com/product-search.html) Chrome/79.0.3945.88 Safari/537.36" "0.546 Seconds"
5.34.216.107 - - [01/Apr/2025:17:34:24 +0800] "POST /wp-admin/admin-ajax.php HTTP/1.1" 200 2873 "https://bt-miners.com/wp-admin/edit-comments.php" "Mozilla/5.0 (Windows NT 10.0; Win64; x64) AppleWebKit/537.36 (KHTML, like Gecko) Chrome/134.0.0.0 Safari/537.36" "1.548 Seconds"
2401:4900:1c68:53b8:50b5:f0aa:2647:e8d5,54.38.96.38 - - [01/Apr/2025:17:34:27 +0800] "POST /wp-login.php HTTP/1.1" 200 4004 "-" "Mozilla/4.0 (compatible; MSIE 6.0; Windows NT 5.0)" "0.703 Seconds"
2a01:4f8:c013:34c0::1,2a01:4f8:c013:34c0::1 - - [01/Apr/2025:17:34:28 +0800] "HEAD /?debug=uptimerobot HTTP/1.1" 200 0 "https://bt-miners.com/?debug=uptimerobot" "Mozilla/5.0+(compatible; UptimeRobot/2.0; http://www.uptimerobot.com/)" "0.341 Seconds"
54.158.124.156,54.158.124.156 - - [01/Apr/2025:17:34:32 +0800] "GET /?debug=kuma-uptime HTTP/1.1" 200 89364 "-" "Uptime-Kuma/1.23.16" "1.623 Seconds"
213.180.203.186,213.180.203.186 - - [01/Apr/2025:17:34:32 +0800] "GET /products/goldshell-ck-lite-ckb-miner-6-3-th-s/ HTTP/1.1" 301 5 "-" "Mozilla/5.0 (compatible; YandexMarket/2.0; +http://yandex.com/bots)" "0.278 Seconds"
83.99.151.70,83.99.151.70 - - [01/Apr/2025:17:34:33 +0800] "GET /products/whatsminer-m53-bitcoin-miner-230th-s-bt-miners/ HTTP/1.1" 200 114489 "-" "Mozilla/5.0 AppleWebKit/537.36 (KHTML, like Gecko; compatible; GeedoProductSearch; +http://www.geedo.com/product-search.html) Chrome/79.0.3945.88 Safari/537.36" "1.075 Seconds"
2a01:4f8:c17:42e4::1,2a01:4f8:c17:42e4::1 - - [01/Apr/2025:17:34:33 +0800] "HEAD /wp-admin/?debug=uptimerobot HTTP/1.1" 302 0 "https://bt-miners.com/wp-admin/?debug=uptimerobot" "Mozilla/5.0+(compatible; UptimeRobot/2.0; http://www.uptimerobot.com/)" "0.395 Seconds"
2a01:4f8:c17:42e4::1,2a01:4f8:c17:42e4::1 - - [01/Apr/2025:17:34:33 +0800] "HEAD /wp-login.php?redirect_to=https%3A%2F%2Fbt-miners.com%2Fwp-admin%2F%3Fdebug%3Duptimerobot&reauth=1 HTTP/1.1" 200 0 "https://bt-miners.com/wp-admin/?debug=uptimerobot" "Mozilla/5.0+(compatible; UptimeRobot/2.0; http://www.uptimerobot.com/)" "0.270 Seconds"
87.250.224.23,87.250.224.23 - - [01/Apr/2025:17:34:34 +0800] "GET /products/goldshell-ck-lite-ckb-miner-6-3-th-s-bt-miners/ HTTP/1.1" 200 118600 "-" "Mozilla/5.0 (compatible; YandexMarket/2.0; +http://yandex.com/bots)" "1.190 Seconds"
170.187.181.77 - - [01/Apr/2025:17:34:35 +0800] "POST /wp-admin/admin-ajax.php HTTP/1.1" 200 31 "https://bt-miners.com/wp-admin/admin.php?page=wc-settings&tab=advanced&section=keys" "Mozilla/5.0 (Windows NT 10.0; Win64; x64) AppleWebKit/537.36 (KHTML, like Gecko) Chrome/134.0.0.0 Safari/537.36" "0.394 Seconds"
5.34.216.107 - - [01/Apr/2025:17:34:37 +0800] "POST /wp-admin/admin-ajax.php HTTP/1.1" 200 43 "https://bt-miners.com/wp-admin/edit-comments.php" "Mozilla/5.0 (Windows NT 10.0; Win64; x64) AppleWebKit/537.36 (KHTML, like Gecko) Chrome/134.0.0.0 Safari/537.36" "0.538 Seconds"
240e:3b2:3232:4a70:7058:7862:f44b:6b0 - - [01/Apr/2025:17:34:38 +0800] "POST /wp-admin/admin-ajax.php HTTP/1.1" 200 43 "https://bt-miners.com/wp-admin/" "Mozilla/5.0 (Windows NT 10.0; Win64; x64) AppleWebKit/537.36 (KHTML, like Gecko) Chrome/119.0.0.0 Safari/537.36" "0.385 Seconds"
156.246.92.193,156.246.92.193 - - [01/Apr/2025:17:34:41 +0800] "GET /wp-admin/ HTTP/1.1" 200 671045 "https://bt-miners.com/checkout/" "Mozilla/5.0 (Macintosh; Intel Mac OS X 10_15_7) AppleWebKit/537.36 (KHTML, like Gecko) Chrome/134.0.0.0 Safari/537.36" "4.309 Seconds"
156.246.92.193 - - [01/Apr/2025:17:34:42 +0800] "GET /wp-content/plugins/woo-advanced-shipment-tracking/zorem-tracking/assets/css/style.css?ver=1743500080 HTTP/1.1" 200 948 "https://bt-miners.com/wp-admin/" "Mozilla/5.0 (Macintosh; Intel Mac OS X 10_15_7) AppleWebKit/537.36 (KHTML, like Gecko) Chrome/134.0.0.0 Safari/537.36" "0.000 Seconds"
156.246.92.193 - - [01/Apr/2025:17:34:42 +0800] "GET /wp-content/plugins/advanced-custom-fields-pro/assets/build/css/acf-global.css?ver=6000.2.7 HTTP/1.1" 304 0 "https://bt-miners.com/wp-admin/" "Mozilla/5.0 (Macintosh; Intel Mac OS X 10_15_7) AppleWebKit/537.36 (KHTML, like Gecko) Chrome/134.0.0.0 Safari/537.36" "0.000 Seconds"
156.246.92.193 - - [01/Apr/2025:17:34:42 +0800] "GET /wp-content/plugins/best-woocommerce-feed/admin/assets/css/global.css?ver=7.4.33 HTTP/1.1" 304 0 "https://bt-miners.com/wp-admin/" "Mozilla/5.0 (Macintosh; Intel Mac OS X 10_15_7) AppleWebKit/537.36 (KHTML, like Gecko) Chrome/134.0.0.0 Safari/537.36" "0.000 Seconds"
156.246.92.193 - - [01/Apr/2025:17:34:42 +0800] "GET /wp-content/plugins/asgaros-forum/admin/css/admin.css?ver=3.0.0 HTTP/1.1" 304 0 "https://bt-miners.com/wp-admin/" "Mozilla/5.0 (Macintosh; Intel Mac OS X 10_15_7) AppleWebKit/537.36 (KHTML, like Gecko) Chrome/134.0.0.0 Safari/537.36" "0.000 Seconds"
156.246.92.193 - - [01/Apr/2025:17:34:42 +0800] "GET /wp-content/plugins/dokan-lite/assets/font/sf-pro-text/sf-pro-text.css?ver=1740974858 HTTP/1.1" 304 0 "https://bt-miners.com/wp-admin/" "Mozilla/5.0 (Macintosh; Intel Mac OS X 10_15_7) AppleWebKit/537.36 (KHTML, like Gecko) Chrome/134.0.0.0 Safari/537.36" "0.000 Seconds"
156.246.92.193 - - [01/Apr/2025:17:34:42 +0800] "GET /wp-content/plugins/dokan-lite/assets/css/global-admin.css?ver=1740974858 HTTP/1.1" 200 17005 "https://bt-miners.com/wp-admin/" "Mozilla/5.0 (Macintosh; Intel Mac OS X 10_15_7) AppleWebKit/537.36 (KHTML, like Gecko) Chrome/134.0.0.0 Safari/537.36" "0.000 Seconds"
156.246.92.193 - - [01/Apr/2025:17:34:42 +0800] "GET /wp-includes/js/mediaelement/mediaelementplayer-legacy.min.css?ver=4.2.17 HTTP/1.1" 304 0 "https://bt-miners.com/wp-admin/" "Mozilla/5.0 (Macintosh; Intel Mac OS X 10_15_7) AppleWebKit/537.36 (KHTML, like Gecko) Chrome/134.0.0.0 Safari/537.36" "0.000 Seconds"
156.246.92.193 - - [01/Apr/2025:17:34:42 +0800] "GET /wp-includes/js/imgareaselect/imgareaselect.css?ver=0.9.8 HTTP/1.1" 304 0 "https://bt-miners.com/wp-admin/" "Mozilla/5.0 (Macintosh; Intel Mac OS X 10_15_7) AppleWebKit/537.36 (KHTML, like Gecko) Chrome/134.0.0.0 Safari/537.36" "0.000 Seconds"
156.246.92.193 - - [01/Apr/2025:17:34:42 +0800] "GET /wp-content/plugins/woo-wallet/assets/css/admin.css?ver=1.5.10 HTTP/1.1" 304 0 "https://bt-miners.com/wp-admin/" "Mozilla/5.0 (Macintosh; Intel Mac OS X 10_15_7) AppleWebKit/537.36 (KHTML, like Gecko) Chrome/134.0.0.0 Safari/537.36" "0.000 Seconds"
156.246.92.193 - - [01/Apr/2025:17:34:42 +0800] "GET /wp-content/plugins/extra-fees-for-woocommerce/assets/css/admin.css?ver=4.3.0 HTTP/1.1" 304 0 "https://bt-miners.com/wp-admin/" "Mozilla/5.0 (Macintosh; Intel Mac OS X 10_15_7) AppleWebKit/537.36 (KHTML, like Gecko) Chrome/134.0.0.0 Safari/537.36" "0.000 Seconds"
156.246.92.193 - - [01/Apr/2025:17:34:42 +0800] "GET /wp-content/plugins/trustpilot-reviews/review/assets/css/trustpilot.min.css?ver=1.0 HTTP/1.1" 304 0 "https://bt-miners.com/wp-admin/" "Mozilla/5.0 (Macintosh; Intel Mac OS X 10_15_7) AppleWebKit/537.36 (KHTML, like Gecko) Chrome/134.0.0.0 Safari/537.36" "0.000 Seconds"
156.246.92.193 - - [01/Apr/2025:17:34:42 +0800] "GET /wp-content/plugins/woo-advanced-shipment-tracking/zorem-tracking/assets/js/main.js?ver=1743500080 HTTP/1.1" 200 1587 "https://bt-miners.com/wp-admin/" "Mozilla/5.0 (Macintosh; Intel Mac OS X 10_15_7) AppleWebKit/537.36 (KHTML, like Gecko) Chrome/134.0.0.0 Safari/537.36" "0.000 Seconds"
156.246.92.193 - - [01/Apr/2025:17:34:42 +0800] "GET /wp-content/plugins/ilab-media-tools/public/css/ilab-media-cloud.css?ver=4.6.4 HTTP/1.1" 304 0 "https://bt-miners.com/wp-admin/" "Mozilla/5.0 (Macintosh; Intel Mac OS X 10_15_7) AppleWebKit/537.36 (KHTML, like Gecko) Chrome/134.0.0.0 Safari/537.36" "0.000 Seconds"
156.246.92.193 - - [01/Apr/2025:17:34:42 +0800] "GET /wp-content/plugins/woocommerce/assets/css/brands-admin.css?ver=9.7.1 HTTP/1.1" 304 0 "https://bt-miners.com/wp-admin/" "Mozilla/5.0 (Macintosh; Intel Mac OS X 10_15_7) AppleWebKit/537.36 (KHTML, like Gecko) Chrome/134.0.0.0 Safari/537.36" "0.000 Seconds"
156.246.92.193 - - [01/Apr/2025:17:34:42 +0800] "GET /wp-content/plugins/yith-woocommerce-customize-myaccount-page/plugin-fw/assets/css/admin.css?ver=3.9.13 HTTP/1.1" 304 0 "https://bt-miners.com/wp-admin/" "Mozilla/5.0 (Macintosh; Intel Mac OS X 10_15_7) AppleWebKit/537.36 (KHTML, like Gecko) Chrome/134.0.0.0 Safari/537.36" "0.000 Seconds"
156.246.92.193 - - [01/Apr/2025:17:34:42 +0800] "GET /wp-content/plugins/woo-variation-swatches/assets/css/admin.min.css?ver=1735134357 HTTP/1.1" 304 0 "https://bt-miners.com/wp-admin/" "Mozilla/5.0 (Macintosh; Intel Mac OS X 10_15_7) AppleWebKit/537.36 (KHTML, like Gecko) Chrome/134.0.0.0 Safari/537.36" "0.000 Seconds"
156.246.92.193 - - [01/Apr/2025:17:34:42 +0800] "GET /wp-content/plugins/woocommerce/assets/css/menu.css?ver=9.7.1 HTTP/1.1" 304 0 "https://bt-miners.com/wp-admin/" "Mozilla/5.0 (Macintosh; Intel Mac OS X 10_15_7) AppleWebKit/537.36 (KHTML, like Gecko) Chrome/134.0.0.0 Safari/537.36" "0.000 Seconds"
156.246.92.193 - - [01/Apr/2025:17:34:42 +0800] "GET /wp-content/plugins/woocommerce/assets/css/admin.css?ver=9.7.1 HTTP/1.1" 304 0 "https://bt-miners.com/wp-admin/" "Mozilla/5.0 (Macintosh; Intel Mac OS X 10_15_7) AppleWebKit/537.36 (KHTML, like Gecko) Chrome/134.0.0.0 Safari/537.36" "0.000 Seconds"
156.246.92.193 - - [01/Apr/2025:17:34:42 +0800] "GET /wp-content/plugins/woocommerce/assets/css/activation.css?ver=9.7.1 HTTP/1.1" 304 0 "https://bt-miners.com/wp-admin/" "Mozilla/5.0 (Macintosh; Intel Mac OS X 10_15_7) AppleWebKit/537.36 (KHTML, like Gecko) Chrome/134.0.0.0 Safari/537.36" "0.000 Seconds"
156.246.92.193 - - [01/Apr/2025:17:34:42 +0800] "GET /wp-content/plugins/newsletter/admin/css/global.css?ver=8.6.4 HTTP/1.1" 304 0 "https://bt-miners.com/wp-admin/" "Mozilla/5.0 (Macintosh; Intel Mac OS X 10_15_7) AppleWebKit/537.36 (KHTML, like Gecko) Chrome/134.0.0.0 Safari/537.36" "0.000 Seconds"
156.246.92.193 - - [01/Apr/2025:17:34:42 +0800] "GET /wp-includes/js/jquery/ui/draggable.min.js?ver=1.13.3 HTTP/1.1" 304 0 "https://bt-miners.com/wp-admin/" "Mozilla/5.0 (Macintosh; Intel Mac OS X 10_15_7) AppleWebKit/537.36 (KHTML, like Gecko) Chrome/134.0.0.0 Safari/537.36" "0.000 Seconds"
156.246.92.193 - - [01/Apr/2025:17:34:42 +0800] "GET /wp-includes/js/plupload/plupload.min.js?ver=2.1.9 HTTP/1.1" 304 0 "https://bt-miners.com/wp-admin/" "Mozilla/5.0 (Macintosh; Intel Mac OS X 10_15_7) AppleWebKit/537.36 (KHTML, like Gecko) Chrome/134.0.0.0 Safari/537.36" "0.000 Seconds"
156.246.92.193 - - [01/Apr/2025:17:34:42 +0800] "GET /wp-content/plugins/extra-fees-for-woocommerce/assets/js/bulk-update.js?ver=4.3.0 HTTP/1.1" 304 0 "https://bt-miners.com/wp-admin/" "Mozilla/5.0 (Macintosh; Intel Mac OS X 10_15_7) AppleWebKit/537.36 (KHTML, like Gecko) Chrome/134.0.0.0 Safari/537.36" "0.000 Seconds"
156.246.92.193 - - [01/Apr/2025:17:34:42 +0800] "GET /wp-includes/js/plupload/moxie.min.js?ver=1.3.5 HTTP/1.1" 304 0 "https://bt-miners.com/wp-admin/" "Mozilla/5.0 (Macintosh; Intel Mac OS X 10_15_7) AppleWebKit/537.36 (KHTML, like Gecko) Chrome/134.0.0.0 Safari/537.36" "0.000 Seconds"
156.246.92.193 - - [01/Apr/2025:17:34:42 +0800] "GET /wp-includes/js/jquery/jquery.ui.touch-punch.js?ver=0.2.2 HTTP/1.1" 304 0 "https://bt-miners.com/wp-admin/" "Mozilla/5.0 (Macintosh; Intel Mac OS X 10_15_7) AppleWebKit/537.36 (KHTML, like Gecko) Chrome/134.0.0.0 Safari/537.36" "0.000 Seconds"
156.246.92.193 - - [01/Apr/2025:17:34:42 +0800] "GET /wp-includes/js/jquery/ui/checkboxradio.min.js?ver=1.13.3 HTTP/1.1" 304 0 "https://bt-miners.com/wp-admin/" "Mozilla/5.0 (Macintosh; Intel Mac OS X 10_15_7) AppleWebKit/537.36 (KHTML, like Gecko) Chrome/134.0.0.0 Safari/537.36" "0.000 Seconds"
156.246.92.193 - - [01/Apr/2025:17:34:42 +0800] "GET /wp-admin/js/iris.min.js?ver=1.1.1 HTTP/1.1" 304 0 "https://bt-miners.com/wp-admin/" "Mozilla/5.0 (Macintosh; Intel Mac OS X 10_15_7) AppleWebKit/537.36 (KHTML, like Gecko) Chrome/134.0.0.0 Safari/537.36" "0.000 Seconds"
156.246.92.193 - - [01/Apr/2025:17:34:42 +0800] "GET /wp-content/plugins/woocommerce/assets/js/admin/wc-enhanced-select.min.js?ver=9.7.1 HTTP/1.1" 304 0 "https://bt-miners.com/wp-admin/" "Mozilla/5.0 (Macintosh; Intel Mac OS X 10_15_7) AppleWebKit/537.36 (KHTML, like Gecko) Chrome/134.0.0.0 Safari/537.36" "0.000 Seconds"
156.246.92.193 - - [01/Apr/2025:17:34:42 +0800] "GET /wp-includes/js/jquery/ui/slider.min.js?ver=1.13.3 HTTP/1.1" 304 0 "https://bt-miners.com/wp-admin/" "Mozilla/5.0 (Macintosh; Intel Mac OS X 10_15_7) AppleWebKit/537.36 (KHTML, like Gecko) Chrome/134.0.0.0 Safari/537.36" "0.000 Seconds"
156.246.92.193 - - [01/Apr/2025:17:34:42 +0800] "GET /wp-content/plugins/woocommerce/assets/js/selectWoo/selectWoo.full.min.js?ver=1.0.6 HTTP/1.1" 304 0 "https://bt-miners.com/wp-admin/" "Mozilla/5.0 (Macintosh; Intel Mac OS X 10_15_7) AppleWebKit/537.36 (KHTML, like Gecko) Chrome/134.0.0.0 Safari/537.36" "0.000 Seconds"
156.246.92.193 - - [01/Apr/2025:17:34:42 +0800] "GET /wp-content/plugins/best-woocommerce-feed/admin/assets/icon/icon-svg/dashboard-icon.svg HTTP/1.1" 304 0 "https://bt-miners.com/wp-admin/" "Mozilla/5.0 (Macintosh; Intel Mac OS X 10_15_7) AppleWebKit/537.36 (KHTML, like Gecko) Chrome/134.0.0.0 Safari/537.36" "0.000 Seconds"
156.246.92.193 - - [01/Apr/2025:17:34:42 +0800] "GET /wp-includes/js/jquery/ui/controlgroup.min.js?ver=1.13.3 HTTP/1.1" 304 0 "https://bt-miners.com/wp-admin/" "Mozilla/5.0 (Macintosh; Intel Mac OS X 10_15_7) AppleWebKit/537.36 (KHTML, like Gecko) Chrome/134.0.0.0 Safari/537.36" "0.000 Seconds"
156.246.92.193 - - [01/Apr/2025:17:34:42 +0800] "GET /wp-includes/js/jquery/ui/button.min.js?ver=1.13.3 HTTP/1.1" 304 0 "https://bt-miners.com/wp-admin/" "Mozilla/5.0 (Macintosh; Intel Mac OS X 10_15_7) AppleWebKit/537.36 (KHTML, like Gecko) Chrome/134.0.0.0 Safari/537.36" "0.000 Seconds"
156.246.92.193 - - [01/Apr/2025:17:34:42 +0800] "GET /wp-content/plugins/newsletter/admin/images/menu-icon.png HTTP/1.1" 304 0 "https://bt-miners.com/wp-admin/" "Mozilla/5.0 (Macintosh; Intel Mac OS X 10_15_7) AppleWebKit/537.36 (KHTML, like Gecko) Chrome/134.0.0.0 Safari/537.36" "0.000 Seconds"
27.119.30.203,54.37.215.163 - - [01/Apr/2025:17:34:42 +0800] "POST /wp-login.php HTTP/1.1" 200 4004 "-" "Mozilla/4.0 (compatible; MSIE 6.0; Windows NT 5.0)" "0.809 Seconds"
156.246.92.193,156.246.92.193 - - [01/Apr/2025:17:34:42 +0800] "GET /wp-admin/load-scripts.php?c=1&load%5Bchunk_0%5D=jquery-core,jquery-migrate,wp-hooks,utils&ver=a53d61b19d1e048adadfb3f4c418ba92 HTTP/1.1" 200 107795 "https://bt-miners.com/wp-admin/" "Mozilla/5.0 (Macintosh; Intel Mac OS X 10_15_7) AppleWebKit/537.36 (KHTML, like Gecko) Chrome/134.0.0.0 Safari/537.36" "0.163 Seconds"
156.246.92.193 - - [01/Apr/2025:17:34:42 +0800] "GET /wp-content/plugins/yith-woocommerce-customize-myaccount-page/plugin-fw/assets/images/yith-icon.svg HTTP/1.1" 304 0 "https://bt-miners.com/wp-admin/" "Mozilla/5.0 (Macintosh; Intel Mac OS X 10_15_7) AppleWebKit/537.36 (KHTML, like Gecko) Chrome/134.0.0.0 Safari/537.36" "0.000 Seconds"
156.246.92.193 - - [01/Apr/2025:17:34:42 +0800] "GET /wp-content/plugins/wp-whatsapp/assets/img/whatsapp-menu.svg HTTP/1.1" 304 0 "https://bt-miners.com/wp-admin/" "Mozilla/5.0 (Macintosh; Intel Mac OS X 10_15_7) AppleWebKit/537.36 (KHTML, like Gecko) Chrome/134.0.0.0 Safari/537.36" "0.000 Seconds"
156.246.92.193,156.246.92.193 - - [01/Apr/2025:17:34:42 +0800] "GET /wp-admin/load-styles.php?c=1&dir=ltr&load%5Bchunk_0%5D=dashicons,admin-bar,wp-pointer,site-health,common,forms,admin-menu,dashboard,list-tables,edit,revisions,media,themes,about,nav-m&load%5Bchunk_1%5D=enus,widgets,site-icon,l10n,buttons,wp-auth-check,media-views,wp-color-picker,wp-jquery-ui-dialog&ver=a53d61b19d1e048adadfb3f4c418ba92 HTTP/1.1" 200 458928 "https://bt-miners.com/wp-admin/" "Mozilla/5.0 (Macintosh; Intel Mac OS X 10_15_7) AppleWebKit/537.36 (KHTML, like Gecko) Chrome/134.0.0.0 Safari/537.36" "0.484 Seconds"
2a01:4f8:c0c:83fa::1,2a01:4f8:c0c:83fa::1 - - [01/Apr/2025:17:34:43 +0800] "HEAD / HTTP/1.1" 200 0 "https://bt-miners.com/" "Mozilla/5.0+(compatible; UptimeRobot/2.0; http://www.uptimerobot.com/)" "0.354 Seconds"
156.246.92.193 - - [01/Apr/2025:17:34:43 +0800] "GET /wp-includes/js/clipboard.min.js?ver=2.0.11 HTTP/1.1" 304 0 "https://bt-miners.com/wp-admin/" "Mozilla/5.0 (Macintosh; Intel Mac OS X 10_15_7) AppleWebKit/537.36 (KHTML, like Gecko) Chrome/134.0.0.0 Safari/537.36" "0.000 Seconds"
156.246.92.193 - - [01/Apr/2025:17:34:43 +0800] "GET /wp-includes/js/dist/a11y.min.js?ver=3156534cc54473497e14 HTTP/1.1" 304 0 "https://bt-miners.com/wp-admin/" "Mozilla/5.0 (Macintosh; Intel Mac OS X 10_15_7) AppleWebKit/537.36 (KHTML, like Gecko) Chrome/134.0.0.0 Safari/537.36" "0.000 Seconds"
156.246.92.193 - - [01/Apr/2025:17:34:43 +0800] "GET /wp-content/plugins/dokan-lite/assets/vendors/tinymce/code/plugin.min.js?ver=1743500078 HTTP/1.1" 200 1045 "https://bt-miners.com/wp-admin/" "Mozilla/5.0 (Macintosh; Intel Mac OS X 10_15_7) AppleWebKit/537.36 (KHTML, like Gecko) Chrome/134.0.0.0 Safari/537.36" "0.000 Seconds"
156.246.92.193 - - [01/Apr/2025:17:34:43 +0800] "GET /wp-content/plugins/ilab-media-tools/public/js/ilab-media-grid.js?ver=4.6.4 HTTP/1.1" 304 0 "https://bt-miners.com/wp-admin/" "Mozilla/5.0 (Macintosh; Intel Mac OS X 10_15_7) AppleWebKit/537.36 (KHTML, like Gecko) Chrome/134.0.0.0 Safari/537.36" "0.000 Seconds"
156.246.92.193 - - [01/Apr/2025:17:34:43 +0800] "GET /wp-includes/js/jquery/jquery.color.min.js?ver=3.0.0 HTTP/1.1" 304 0 "https://bt-miners.com/wp-admin/" "Mozilla/5.0 (Macintosh; Intel Mac OS X 10_15_7) AppleWebKit/537.36 (KHTML, like Gecko) Chrome/134.0.0.0 Safari/537.36" "0.000 Seconds"
156.246.92.193 - - [01/Apr/2025:17:34:43 +0800] "GET /wp-content/plugins/ilab-media-tools/public/js/mcloud-admin.js?ver=4.6.4 HTTP/1.1" 304 0 "https://bt-miners.com/wp-admin/" "Mozilla/5.0 (Macintosh; Intel Mac OS X 10_15_7) AppleWebKit/537.36 (KHTML, like Gecko) Chrome/134.0.0.0 Safari/537.36" "0.000 Seconds"
156.246.92.193 - - [01/Apr/2025:17:34:43 +0800] "GET /wp-includes/js/thickbox/thickbox.js?ver=3.1-20121105 HTTP/1.1" 304 0 "https://bt-miners.com/wp-admin/" "Mozilla/5.0 (Macintosh; Intel Mac OS X 10_15_7) AppleWebKit/537.36 (KHTML, like Gecko) Chrome/134.0.0.0 Safari/537.36" "0.000 Seconds"
156.246.92.193 - - [01/Apr/2025:17:34:43 +0800] "GET /wp-includes/js/jquery/jquery.query.js?ver=2.2.3 HTTP/1.1" 304 0 "https://bt-miners.com/wp-admin/" "Mozilla/5.0 (Macintosh; Intel Mac OS X 10_15_7) AppleWebKit/537.36 (KHTML, like Gecko) Chrome/134.0.0.0 Safari/537.36" "0.000 Seconds"
156.246.92.193 - - [01/Apr/2025:17:34:43 +0800] "GET /wp-content/plugins/ilab-media-tools/public/js/mcloud-reports.js HTTP/1.1" 304 0 "https://bt-miners.com/wp-admin/" "Mozilla/5.0 (Macintosh; Intel Mac OS X 10_15_7) AppleWebKit/537.36 (KHTML, like Gecko) Chrome/134.0.0.0 Safari/537.36" "0.000 Seconds"
156.246.92.193 - - [01/Apr/2025:17:34:43 +0800] "GET /wp-includes/js/dist/date.min.js?ver=aaca6387d1cf924acc51 HTTP/1.1" 304 0 "https://bt-miners.com/wp-admin/" "Mozilla/5.0 (Macintosh; Intel Mac OS X 10_15_7) AppleWebKit/537.36 (KHTML, like Gecko) Chrome/134.0.0.0 Safari/537.36" "0.000 Seconds"
156.246.92.193 - - [01/Apr/2025:17:34:43 +0800] "GET /wp-content/plugins/checkout-for-woocommerce/lib/sendwp-sdk/remote-install.js?ver=9.1.1 HTTP/1.1" 304 0 "https://bt-miners.com/wp-admin/" "Mozilla/5.0 (Macintosh; Intel Mac OS X 10_15_7) AppleWebKit/537.36 (KHTML, like Gecko) Chrome/134.0.0.0 Safari/537.36" "0.000 Seconds"
156.246.92.193 - - [01/Apr/2025:17:34:43 +0800] "GET /wp-content/plugins/dokan-lite/assets/js/vue-vendor.js?ver=1740974858 HTTP/1.1" 304 0 "https://bt-miners.com/wp-admin/" "Mozilla/5.0 (Macintosh; Intel Mac OS X 10_15_7) AppleWebKit/537.36 (KHTML, like Gecko) Chrome/134.0.0.0 Safari/537.36" "0.000 Seconds"
156.246.92.193 - - [01/Apr/2025:17:34:43 +0800] "GET /wp-includes/js/tinymce/tinymce.min.js?ver=3.14.9 HTTP/1.1" 304 0 "https://bt-miners.com/wp-admin/" "Mozilla/5.0 (Macintosh; Intel Mac OS X 10_15_7) AppleWebKit/537.36 (KHTML, like Gecko) Chrome/134.0.0.0 Safari/537.36" "0.000 Seconds"
156.246.92.193 - - [01/Apr/2025:17:34:43 +0800] "GET /wp-content/plugins/dokan-lite/assets/vendors/chart/Chart.min.js?ver=3.14.9 HTTP/1.1" 304 0 "https://bt-miners.com/wp-admin/" "Mozilla/5.0 (Macintosh; Intel Mac OS X 10_15_7) AppleWebKit/537.36 (KHTML, like Gecko) Chrome/134.0.0.0 Safari/537.36" "0.000 Seconds"
156.246.92.193 - - [01/Apr/2025:17:34:43 +0800] "GET /wp-content/plugins/dokan-lite/assets/js/dokan-admin-notice.js?ver=1740974858 HTTP/1.1" 304 0 "https://bt-miners.com/wp-admin/" "Mozilla/5.0 (Macintosh; Intel Mac OS X 10_15_7) AppleWebKit/537.36 (KHTML, like Gecko) Chrome/134.0.0.0 Safari/537.36" "0.000 Seconds"
156.246.92.193 - - [01/Apr/2025:17:34:43 +0800] "GET /wp-content/plugins/dokan-lite/assets/js/dokan-promo-notice.js?ver=1740974858 HTTP/1.1" 304 0 "https://bt-miners.com/wp-admin/" "Mozilla/5.0 (Macintosh; Intel Mac OS X 10_15_7) AppleWebKit/537.36 (KHTML, like Gecko) Chrome/134.0.0.0 Safari/537.36" "0.000 Seconds"
156.246.92.193 - - [01/Apr/2025:17:34:43 +0800] "GET /wp-content/plugins/best-woocommerce-feed/admin/assets/js/rex-product-feed-global-admin.js?ver=7.4.33 HTTP/1.1" 304 0 "https://bt-miners.com/wp-admin/" "Mozilla/5.0 (Macintosh; Intel Mac OS X 10_15_7) AppleWebKit/537.36 (KHTML, like Gecko) Chrome/134.0.0.0 Safari/537.36" "0.000 Seconds"
156.246.92.193 - - [01/Apr/2025:17:34:43 +0800] "GET /wp-includes/js/mediaelement/mediaelement-and-player.min.js?ver=4.2.17 HTTP/1.1" 200 158005 "https://bt-miners.com/wp-admin/" "Mozilla/5.0 (Macintosh; Intel Mac OS X 10_15_7) AppleWebKit/537.36 (KHTML, like Gecko) Chrome/134.0.0.0 Safari/537.36" "0.001 Seconds"
156.246.92.193 - - [01/Apr/2025:17:34:43 +0800] "GET /wp-includes/js/dist/deprecated.min.js?ver=e1f84915c5e8ae38964c HTTP/1.1" 304 0 "https://bt-miners.com/wp-admin/" "Mozilla/5.0 (Macintosh; Intel Mac OS X 10_15_7) AppleWebKit/537.36 (KHTML, like Gecko) Chrome/134.0.0.0 Safari/537.36" "0.000 Seconds"
156.246.92.193 - - [01/Apr/2025:17:34:43 +0800] "GET /wp-content/plugins/advanced-custom-fields-pro/assets/build/js/acf-escaped-html-notice.min.js?ver=6000.2.7 HTTP/1.1" 304 0 "https://bt-miners.com/wp-admin/" "Mozilla/5.0 (Macintosh; Intel Mac OS X 10_15_7) AppleWebKit/537.36 (KHTML, like Gecko) Chrome/134.0.0.0 Safari/537.36" "0.000 Seconds"
156.246.92.193 - - [01/Apr/2025:17:34:43 +0800] "GET /wp-content/plugins/woocommerce-variation-prices/lib/assets/js/barn2-notices.min.js?ver=1.0.9 HTTP/1.1" 304 0 "https://bt-miners.com/wp-admin/" "Mozilla/5.0 (Macintosh; Intel Mac OS X 10_15_7) AppleWebKit/537.36 (KHTML, like Gecko) Chrome/134.0.0.0 Safari/537.36" "0.000 Seconds"
156.246.92.193 - - [01/Apr/2025:17:34:43 +0800] "GET /wp-includes/js/dist/block-serialization-default-parser.min.js?ver=14d44daebf663d05d330 HTTP/1.1" 304 0 "https://bt-miners.com/wp-admin/" "Mozilla/5.0 (Macintosh; Intel Mac OS X 10_15_7) AppleWebKit/537.36 (KHTML, like Gecko) Chrome/134.0.0.0 Safari/537.36" "0.000 Seconds"
156.246.92.193 - - [01/Apr/2025:17:34:43 +0800] "GET /wp-includes/js/dist/vendor/react.min.js?ver=18.3.1 HTTP/1.1" 304 0 "https://bt-miners.com/wp-admin/" "Mozilla/5.0 (Macintosh; Intel Mac OS X 10_15_7) AppleWebKit/537.36 (KHTML, like Gecko) Chrome/134.0.0.0 Safari/537.36" "0.000 Seconds"
156.246.92.193 - - [01/Apr/2025:17:34:43 +0800] "GET /wp-includes/js/dist/escape-html.min.js?ver=6561a406d2d232a6fbd2 HTTP/1.1" 304 0 "https://bt-miners.com/wp-admin/" "Mozilla/5.0 (Macintosh; Intel Mac OS X 10_15_7) AppleWebKit/537.36 (KHTML, like Gecko) Chrome/134.0.0.0 Safari/537.36" "0.000 Seconds"
156.246.92.193 - - [01/Apr/2025:17:34:43 +0800] "GET /wp-includes/js/dist/dom.min.js?ver=93117dfee2692b04b770 HTTP/1.1" 304 0 "https://bt-miners.com/wp-admin/" "Mozilla/5.0 (Macintosh; Intel Mac OS X 10_15_7) AppleWebKit/537.36 (KHTML, like Gecko) Chrome/134.0.0.0 Safari/537.36" "0.000 Seconds"
156.246.92.193 - - [01/Apr/2025:17:34:43 +0800] "GET /wp-includes/js/dist/vendor/react-dom.min.js?ver=18.3.1 HTTP/1.1" 304 0 "https://bt-miners.com/wp-admin/" "Mozilla/5.0 (Macintosh; Intel Mac OS X 10_15_7) AppleWebKit/537.36 (KHTML, like Gecko) Chrome/134.0.0.0 Safari/537.36" "0.000 Seconds"
156.246.92.193 - - [01/Apr/2025:17:34:43 +0800] "GET /wp-includes/js/dist/autop.min.js?ver=9fb50649848277dd318d HTTP/1.1" 200 5614 "https://bt-miners.com/wp-admin/" "Mozilla/5.0 (Macintosh; Intel Mac OS X 10_15_7) AppleWebKit/537.36 (KHTML, like Gecko) Chrome/134.0.0.0 Safari/537.36" "0.000 Seconds"
156.246.92.193 - - [01/Apr/2025:17:34:43 +0800] "GET /wp-includes/js/dist/element.min.js?ver=cb762d190aebbec25b27 HTTP/1.1" 304 0 "https://bt-miners.com/wp-admin/" "Mozilla/5.0 (Macintosh; Intel Mac OS X 10_15_7) AppleWebKit/537.36 (KHTML, like Gecko) Chrome/134.0.0.0 Safari/537.36" "0.000 Seconds"
156.246.92.193 - - [01/Apr/2025:17:34:43 +0800] "GET /wp-includes/js/dist/is-shallow-equal.min.js?ver=e0f9f1d78d83f5196979 HTTP/1.1" 304 0 "https://bt-miners.com/wp-admin/" "Mozilla/5.0 (Macintosh; Intel Mac OS X 10_15_7) AppleWebKit/537.36 (KHTML, like Gecko) Chrome/134.0.0.0 Safari/537.36" "0.000 Seconds"
156.246.92.193 - - [01/Apr/2025:17:34:43 +0800] "GET /wp-includes/js/dist/vendor/react-jsx-runtime.min.js?ver=18.3.1 HTTP/1.1" 304 0 "https://bt-miners.com/wp-admin/" "Mozilla/5.0 (Macintosh; Intel Mac OS X 10_15_7) AppleWebKit/537.36 (KHTML, like Gecko) Chrome/134.0.0.0 Safari/537.36" "0.000 Seconds"
156.246.92.193 - - [01/Apr/2025:17:34:43 +0800] "GET /wp-includes/js/dist/html-entities.min.js?ver=2cd3358363e0675638fb HTTP/1.1" 304 0 "https://bt-miners.com/wp-admin/" "Mozilla/5.0 (Macintosh; Intel Mac OS X 10_15_7) AppleWebKit/537.36 (KHTML, like Gecko) Chrome/134.0.0.0 Safari/537.36" "0.000 Seconds"
156.246.92.193 - - [01/Apr/2025:17:34:43 +0800] "GET /wp-includes/js/dist/data.min.js?ver=7c62e39de0308c73d50c HTTP/1.1" 304 0 "https://bt-miners.com/wp-admin/" "Mozilla/5.0 (Macintosh; Intel Mac OS X 10_15_7) AppleWebKit/537.36 (KHTML, like Gecko) Chrome/134.0.0.0 Safari/537.36" "0.000 Seconds"
156.246.92.193 - - [01/Apr/2025:17:34:43 +0800] "GET /wp-includes/js/dist/blob.min.js?ver=9113eed771d446f4a556 HTTP/1.1" 304 0 "https://bt-miners.com/wp-admin/" "Mozilla/5.0 (Macintosh; Intel Mac OS X 10_15_7) AppleWebKit/537.36 (KHTML, like Gecko) Chrome/134.0.0.0 Safari/537.36" "0.000 Seconds"
156.246.92.193 - - [01/Apr/2025:17:34:43 +0800] "GET /wp-includes/js/dist/priority-queue.min.js?ver=9c21c957c7e50ffdbf48 HTTP/1.1" 304 0 "https://bt-miners.com/wp-admin/" "Mozilla/5.0 (Macintosh; Intel Mac OS X 10_15_7) AppleWebKit/537.36 (KHTML, like Gecko) Chrome/134.0.0.0 Safari/537.36" "0.000 Seconds"
156.246.92.193 - - [01/Apr/2025:17:34:43 +0800] "GET /wp-includes/js/dist/keycodes.min.js?ver=034ff647a54b018581d3 HTTP/1.1" 304 0 "https://bt-miners.com/wp-admin/" "Mozilla/5.0 (Macintosh; Intel Mac OS X 10_15_7) AppleWebKit/537.36 (KHTML, like Gecko) Chrome/134.0.0.0 Safari/537.36" "0.000 Seconds"
156.246.92.193 - - [01/Apr/2025:17:34:43 +0800] "GET /wp-includes/js/dist/redux-routine.min.js?ver=a0a172871afaeb261566 HTTP/1.1" 304 0 "https://bt-miners.com/wp-admin/" "Mozilla/5.0 (Macintosh; Intel Mac OS X 10_15_7) AppleWebKit/537.36 (KHTML, like Gecko) Chrome/134.0.0.0 Safari/537.36" "0.000 Seconds"
156.246.92.193 - - [01/Apr/2025:17:34:43 +0800] "GET /wp-content/plugins/ilab-media-tools/public/js/ilab-dismiss-notice.js?ver=4.6.4 HTTP/1.1" 304 0 "https://bt-miners.com/wp-admin/" "Mozilla/5.0 (Macintosh; Intel Mac OS X 10_15_7) AppleWebKit/537.36 (KHTML, like Gecko) Chrome/134.0.0.0 Safari/537.36" "0.000 Seconds"
156.246.92.193 - - [01/Apr/2025:17:34:43 +0800] "GET /wp-includes/js/dist/warning.min.js?ver=ed7c8b0940914f4fe44b HTTP/1.1" 304 0 "https://bt-miners.com/wp-admin/" "Mozilla/5.0 (Macintosh; Intel Mac OS X 10_15_7) AppleWebKit/537.36 (KHTML, like Gecko) Chrome/134.0.0.0 Safari/537.36" "0.000 Seconds"
156.246.92.193 - - [01/Apr/2025:17:34:43 +0800] "GET /wp-content/plugins/ilab-media-tools/public/js/ilab-media-tools.js?ver=4.6.4 HTTP/1.1" 304 0 "https://bt-miners.com/wp-admin/" "Mozilla/5.0 (Macintosh; Intel Mac OS X 10_15_7) AppleWebKit/537.36 (KHTML, like Gecko) Chrome/134.0.0.0 Safari/537.36" "0.000 Seconds"
156.246.92.193 - - [01/Apr/2025:17:34:43 +0800] "GET /wp-content/plugins/woo-variation-swatches/assets/js/wp-color-picker-alpha.min.js?ver=1735134357 HTTP/1.1" 304 0 "https://bt-miners.com/wp-admin/" "Mozilla/5.0 (Macintosh; Intel Mac OS X 10_15_7) AppleWebKit/537.36 (KHTML, like Gecko) Chrome/134.0.0.0 Safari/537.36" "0.000 Seconds"
156.246.92.193 - - [01/Apr/2025:17:34:43 +0800] "GET /wp-includes/js/dist/rich-text.min.js?ver=4021b9e4e9ef4d3cd868 HTTP/1.1" 304 0 "https://bt-miners.com/wp-admin/" "Mozilla/5.0 (Macintosh; Intel Mac OS X 10_15_7) AppleWebKit/537.36 (KHTML, like Gecko) Chrome/134.0.0.0 Safari/537.36" "0.000 Seconds"
156.246.92.193 - - [01/Apr/2025:17:34:43 +0800] "GET /wp-includes/js/dist/shortcode.min.js?ver=b7747eee0efafd2f0c3b HTTP/1.1" 304 0 "https://bt-miners.com/wp-admin/" "Mozilla/5.0 (Macintosh; Intel Mac OS X 10_15_7) AppleWebKit/537.36 (KHTML, like Gecko) Chrome/134.0.0.0 Safari/537.36" "0.000 Seconds"
156.246.92.193 - - [01/Apr/2025:17:34:43 +0800] "GET /wp-content/plugins/woo-wallet/assets/js/admin/admin.min.js?ver=1.5.10 HTTP/1.1" 304 0 "https://bt-miners.com/wp-admin/" "Mozilla/5.0 (Macintosh; Intel Mac OS X 10_15_7) AppleWebKit/537.36 (KHTML, like Gecko) Chrome/134.0.0.0 Safari/537.36" "0.000 Seconds"
156.246.92.193 - - [01/Apr/2025:17:34:43 +0800] "GET /wp-includes/js/dist/compose.min.js?ver=85f0708cd2e6b26addeb HTTP/1.1" 304 0 "https://bt-miners.com/wp-admin/" "Mozilla/5.0 (Macintosh; Intel Mac OS X 10_15_7) AppleWebKit/537.36 (KHTML, like Gecko) Chrome/134.0.0.0 Safari/537.36" "0.000 Seconds"
156.246.92.193 - - [01/Apr/2025:17:34:43 +0800] "GET /wp-content/plugins/goal-framework/assets/upload.js?ver=1.0 HTTP/1.1" 304 0 "https://bt-miners.com/wp-admin/" "Mozilla/5.0 (Macintosh; Intel Mac OS X 10_15_7) AppleWebKit/537.36 (KHTML, like Gecko) Chrome/134.0.0.0 Safari/537.36" "0.000 Seconds"
156.246.92.193 - - [01/Apr/2025:17:34:43 +0800] "GET /wp-includes/js/dist/blocks.min.js?ver=8474af4b6260126fa879 HTTP/1.1" 304 0 "https://bt-miners.com/wp-admin/" "Mozilla/5.0 (Macintosh; Intel Mac OS X 10_15_7) AppleWebKit/537.36 (KHTML, like Gecko) Chrome/134.0.0.0 Safari/537.36" "0.000 Seconds"
