172.59.240.29,172.59.240.29 - - [01/Apr/2025:17:12:51 +0800] "GET /wp-json/wc/v2/list_icon?consumer_key=ck_368292ab2d1fc81f564ec5bb31917429689244e7&consumer_secret=cs_8a3d609f77c939aa6f3912e300201e2eb55a5367 HTTP/1.1" 200 175 "-" "Dart/3.5 (dart:io)" "0.452 Seconds"
172.59.240.29,172.59.240.29 - - [01/Apr/2025:17:12:51 +0800] "GET /wp-json/api/flutter_user/get_currency_rates?timestamp=1743498767349 HTTP/1.1" 404 128 "-" "Dart/3.5 (dart:io)" "0.483 Seconds"
54.37.215.164,54.37.215.164 - - [01/Apr/2025:17:12:51 +0800] "GET /product-sitemap.xml HTTP/1.1" 200 202268 "https://ja.bt-miners.com/sitemap.xml" "Mozilla/5.0 (Windows NT 10.0; Win64; x64) AppleWebKit/537.36 (KHTML, like Gecko) Chrome/122.0.0.0 Safari/537.36" "0.559 Seconds"
172.59.240.29,172.59.240.29 - - [01/Apr/2025:17:12:51 +0800] "GET /wp-json/api/flutter_user/get_countries HTTP/1.1" 200 8524 "-" "Dart/3.5 (dart:io)" "0.545 Seconds"
172.59.240.29,172.59.240.29 - - [01/Apr/2025:17:12:51 +0800] "GET /wp-json/api/flutter_version/get_version?timestamp=1743498767865 HTTP/1.1" 200 446 "-" "Dart/3.5 (dart:io)" "0.511 Seconds"
54.37.215.164,54.37.215.164 - - [01/Apr/2025:17:12:52 +0800] "GET /default-sitemap.xsl?sitemap=page HTTP/1.1" 200 13810 "https://ja.bt-miners.com/page-sitemap.xml" "Mozilla/5.0 (Windows NT 10.0; Win64; x64) AppleWebKit/537.36 (KHTML, like Gecko) Chrome/122.0.0.0 Safari/537.36" "0.391 Seconds"
31.173.83.228,31.173.83.228 - - [01/Apr/2025:17:12:52 +0800] "GET /my-account/ HTTP/1.1" 200 69972 "https://bt-miners.com/" "Mozilla/5.0 (Windows NT 10.0; Win64; x64) AppleWebKit/537.36 (KHTML, like Gecko) Chrome/130.0.0.0 Safari/537.36" "0.456 Seconds"
172.59.240.29,172.59.240.29 - - [01/Apr/2025:17:12:52 +0800] "GET /wp-json/api/flutter_forum/topics?BTAPP=99bd3f360a16b6354ea923e3c86fb439&timestamp=1743498770420&topics_id=7 HTTP/1.1" 200 5938 "-" "Dart/3.5 (dart:io)" "0.162 Seconds"
172.59.240.29,172.59.240.29 - - [01/Apr/2025:17:12:52 +0800] "GET /wp-json/api/flutter_user/get_currencies HTTP/1.1" 200 248 "-" "Dart/3.5 (dart:io)" "0.488 Seconds"
54.37.215.164,54.37.215.164 - - [01/Apr/2025:17:12:52 +0800] "GET /default-sitemap.xsl?sitemap=product HTTP/1.1" 200 13822 "https://ja.bt-miners.com/product-sitemap.xml" "Mozilla/5.0 (Windows NT 10.0; Win64; x64) AppleWebKit/537.36 (KHTML, like Gecko) Chrome/122.0.0.0 Safari/537.36" "0.259 Seconds"
172.59.240.29,172.59.240.29 - - [01/Apr/2025:17:12:52 +0800] "GET /wp-json/api/flutter_activity/get_activity?timestamp=1743498770619 HTTP/1.1" 200 418 "-" "Dart/3.5 (dart:io)" "0.435 Seconds"
3.222.106.115 - - [01/Apr/2025:17:12:54 +0800] "POST /wp-cron.php?doing_wp_cron=1743498774.2628479003906250000000 HTTP/1.1" 200 31 "-" "WordPress/6.7.1; https://bt-miners.com" "0.001 Seconds"
172.59.240.29,172.59.240.29 - - [01/Apr/2025:17:12:54 +0800] "GET /wp-json/wc/v2/list_icon?consumer_key=ck_368292ab2d1fc81f564ec5bb31917429689244e7&consumer_secret=cs_8a3d609f77c939aa6f3912e300201e2eb55a5367 HTTP/1.1" 200 175 "-" "Dart/3.5 (dart:io)" "0.457 Seconds"
172.59.240.29,172.59.240.29 - - [01/Apr/2025:17:12:56 +0800] "GET /wp-json/api/flutter_charts/get_ahr999_new?BTAPP=d821ae88227b4c67391acf8a6cb8f405&timestamp=1743498773924 HTTP/1.1" 200 187583 "-" "Dart/3.5 (dart:io)" "0.195 Seconds"
83.99.151.71,83.99.151.71 - - [01/Apr/2025:17:12:57 +0800] "GET /wp-login.php?redirect_to=https%3A%2F%2Fbt-miners.com%2Fbt-miners-firmware-update-notice-for-al-box-and-ka-box%2F HTTP/1.1" 200 3891 "-" "Mozilla/5.0 AppleWebKit/537.36 (KHTML, like Gecko; compatible; GeedoProductSearch; +http://www.geedo.com/product-search.html) Chrome/79.0.3945.88 Safari/537.36" "0.371 Seconds"
212.107.29.89 - - [01/Apr/2025:17:13:00 +0800] "GET /wp-content/plugins/dokan-lite/assets/vendors/font-awesome/webfonts/fa-brands-400.woff2 HTTP/1.1" 200 117372 "https://ja.bt-miners.com/" "Mozilla/5.0 (Windows NT 10.0; Win64; x64) AppleWebKit/537.36 (KHTML, like Gecko) Chrome/122.0.0.0 Safari/537.36" "0.001 Seconds"
212.107.29.89 - - [01/Apr/2025:17:13:00 +0800] "GET /wp-content/plugins/dokan-lite/assets/vendors/font-awesome/webfonts/fa-brands-400.ttf HTTP/1.1" 200 207972 "https://ja.bt-miners.com/" "Mozilla/5.0 (Windows NT 10.0; Win64; x64) AppleWebKit/537.36 (KHTML, like Gecko) Chrome/122.0.0.0 Safari/537.36" "0.002 Seconds"
212.107.29.89 - - [01/Apr/2025:17:13:00 +0800] "POST /wp-admin/admin-ajax.php HTTP/1.1" 200 43 "https://bt-miners.com/wp-admin/options-general.php?page=perfmatters" "Mozilla/5.0 (Windows NT 10.0; Win64; x64) AppleWebKit/537.36 (KHTML, like Gecko) Chrome/122.0.0.0 Safari/537.36" "0.434 Seconds"
212.107.29.89 - - [01/Apr/2025:17:13:00 +0800] "GET /wp-content/plugins/dokan-lite/assets/vendors/font-awesome/webfonts/fa-solid-900.woff2 HTTP/1.1" 200 156496 "https://ja.bt-miners.com/" "Mozilla/5.0 (Windows NT 10.0; Win64; x64) AppleWebKit/537.36 (KHTML, like Gecko) Chrome/122.0.0.0 Safari/537.36" "0.001 Seconds"
212.107.29.89 - - [01/Apr/2025:17:13:01 +0800] "POST /wp-admin/admin-ajax.php HTTP/1.1" 200 43 "https://bt-miners.com/wp-admin/options-general.php?page=cloudflare" "Mozilla/5.0 (Windows NT 10.0; Win64; x64) AppleWebKit/537.36 (KHTML, like Gecko) Chrome/122.0.0.0 Safari/537.36" "0.794 Seconds"
212.107.29.89 - - [01/Apr/2025:17:13:01 +0800] "GET /wp-content/plugins/dokan-lite/assets/vendors/font-awesome/webfonts/fa-solid-900.ttf HTTP/1.1" 200 419720 "https://ja.bt-miners.com/" "Mozilla/5.0 (Windows NT 10.0; Win64; x64) AppleWebKit/537.36 (KHTML, like Gecko) Chrome/122.0.0.0 Safari/537.36" "0.002 Seconds"
212.107.29.89 - - [01/Apr/2025:17:13:01 +0800] "POST /wp-admin/admin-ajax.php HTTP/1.1" 200 43 "https://bt-miners.com/wp-admin/post.php?post=70797&action=edit" "Mozilla/5.0 (Windows NT 10.0; Win64; x64) AppleWebKit/537.36 (KHTML, like Gecko) Chrome/122.0.0.0 Safari/537.36" "1.146 Seconds"
212.107.29.89 - - [01/Apr/2025:17:13:01 +0800] "GET /wp-content/plugins/asgaros-forum/libs/fontawesome/webfonts/fa-v4compatibility.woff2 HTTP/1.1" 200 4536 "https://ja.bt-miners.com/" "Mozilla/5.0 (Windows NT 10.0; Win64; x64) AppleWebKit/537.36 (KHTML, like Gecko) Chrome/122.0.0.0 Safari/537.36" "0.000 Seconds"
212.107.29.89 - - [01/Apr/2025:17:13:01 +0800] "GET /wp-content/plugins/asgaros-forum/libs/fontawesome/webfonts/fa-v4compatibility.ttf HTTP/1.1" 200 10172 "https://ja.bt-miners.com/" "Mozilla/5.0 (Windows NT 10.0; Win64; x64) AppleWebKit/537.36 (KHTML, like Gecko) Chrome/122.0.0.0 Safari/537.36" "0.000 Seconds"
212.107.29.89 - - [01/Apr/2025:17:13:02 +0800] "GET /wp-content/plugins/asgaros-forum/libs/fontawesome/webfonts/fa-regular-400.woff2 HTTP/1.1" 200 24840 "https://ja.bt-miners.com/" "Mozilla/5.0 (Windows NT 10.0; Win64; x64) AppleWebKit/537.36 (KHTML, like Gecko) Chrome/122.0.0.0 Safari/537.36" "0.000 Seconds"
212.107.29.89 - - [01/Apr/2025:17:13:02 +0800] "GET /wp-content/plugins/asgaros-forum/libs/fontawesome/webfonts/fa-regular-400.ttf HTTP/1.1" 200 63728 "https://ja.bt-miners.com/" "Mozilla/5.0 (Windows NT 10.0; Win64; x64) AppleWebKit/537.36 (KHTML, like Gecko) Chrome/122.0.0.0 Safari/537.36" "0.000 Seconds"
2a01:4f8:c17:42e4::1,2a01:4f8:c17:42e4::1 - - [01/Apr/2025:17:13:02 +0800] "HEAD /?debug=uptimerobot HTTP/1.1" 200 0 "https://bt-miners.com/?debug=uptimerobot" "Mozilla/5.0+(compatible; UptimeRobot/2.0; http://www.uptimerobot.com/)" "0.333 Seconds"
103.95.17.14,103.95.17.14 - - [01/Apr/2025:17:13:03 +0800] "GET /products/ipollo-v2h-etherium-classic-coin-miner-3400mh-s-bt-miners/ HTTP/1.1" 200 117678 "https://bt-miners.com/collections/asics-miners/" "Mozilla/5.0 (Linux; Android 10; K) AppleWebKit/537.36 (KHTML, like Gecko) Chrome/134.0.0.0 Mobile Safari/537.36" "1.310 Seconds"
103.95.17.14,103.95.17.14 - - [01/Apr/2025:17:13:04 +0800] "GET /products/ipollo-v1-mini-classic-etc-coin-miner-130mh-s-bt-miners/ HTTP/1.1" 200 117598 "https://bt-miners.com/collections/asics-miners/" "Mozilla/5.0 (Linux; Android 10; K) AppleWebKit/537.36 (KHTML, like Gecko) Chrome/134.0.0.0 Mobile Safari/537.36" "1.231 Seconds"
3.222.106.115 - - [01/Apr/2025:17:13:05 +0800] "POST /wp-cron.php?doing_wp_cron=1743498785.8517038822174072265625 HTTP/1.1" 200 31 "-" "WordPress/6.7.1; https://bt-miners.com" "0.000 Seconds"
2401:4900:1c68:53b8:50b5:f0aa:2647:e8d5,54.38.96.38 - - [01/Apr/2025:17:13:06 +0800] "POST /wp-login.php HTTP/1.1" 200 4004 "-" "Mozilla/4.0 (compatible; MSIE 6.0; Windows NT 5.0)" "0.719 Seconds"
2a01:4f8:c013:3c53::1,2a01:4f8:c013:3c53::1 - - [01/Apr/2025:17:13:07 +0800] "HEAD / HTTP/1.1" 200 0 "https://bt-miners.com/" "Mozilla/5.0+(compatible; UptimeRobot/2.0; http://www.uptimerobot.com/)" "0.345 Seconds"
172.59.240.29,172.59.240.29 - - [01/Apr/2025:17:13:07 +0800] "GET /wp-json/api/flutter_charts/get_ahr999x?BTAPP=843572b61b0783b836ea0cf7b6b94901&timestamp=1743498784262 HTTP/1.1" 200 109721 "-" "Dart/3.5 (dart:io)" "0.172 Seconds"
54.158.124.156,54.158.124.156 - - [01/Apr/2025:17:13:12 +0800] "GET /?debug=kuma-uptime HTTP/1.1" 200 89437 "-" "Uptime-Kuma/1.23.16" "1.615 Seconds"
66.249.75.131,66.249.75.131 - - [01/Apr/2025:17:13:13 +0800] "GET /contact-us-1/ HTTP/1.1" 200 358416 "-" "Mozilla/5.0 (Linux; Android 6.0.1; Nexus 5X Build/MMB29P) AppleWebKit/537.36 (KHTML, like Gecko) Chrome/134.0.6998.165 Mobile Safari/537.36 (compatible; Googlebot/2.1; +http://www.google.com/bot.html)" "0.500 Seconds"
2a06:98c0:3600::103 - - [01/Apr/2025:17:13:13 +0800] "GET /wp-content/plugins/wpforms/assets/images/submit-spin.svg HTTP/1.1" 200 509 "-" "-" "0.000 Seconds"
74.125.210.5,74.125.210.5 - - [01/Apr/2025:17:13:14 +0800] "GET /.well-known/assetlinks.json HTTP/1.1" 403 134 "-" "GoogleAssociationService" "0.000 Seconds"
5.196.175.154,5.196.175.154 - - [01/Apr/2025:17:13:15 +0800] "GET /page-sitemap.xml HTTP/1.1" 200 61664 "-" "GTranslate-Translation-Proxy" "0.408 Seconds"
3.222.106.115 - - [01/Apr/2025:17:13:16 +0800] "POST /wp-cron.php?doing_wp_cron=1743498796.1073369979858398437500 HTTP/1.1" 200 31 "-" "WordPress/6.7.1; https://bt-miners.com" "0.000 Seconds"
172.59.240.29,172.59.240.29 - - [01/Apr/2025:17:13:16 +0800] "GET /wp-json/api/flutter_secials/get_gas_fee?BTAPP=b290e5ad00eb36885d6efe12d6e37203 HTTP/1.1" 200 164666 "-" "Dart/3.5 (dart:io)" "0.545 Seconds"
64.233.173.166,64.233.173.166 - - [01/Apr/2025:17:13:16 +0800] "GET /.well-known/assetlinks.json HTTP/1.1" 403 134 "-" "GoogleAssociationService" "0.000 Seconds"
212.107.29.89 - - [01/Apr/2025:17:13:16 +0800] "POST /wp-admin/admin-ajax.php HTTP/1.1" 200 31 "https://bt-miners.com/wp-admin/options-general.php?page=perfmatters" "Mozilla/5.0 (Windows NT 10.0; Win64; x64) AppleWebKit/537.36 (KHTML, like Gecko) Chrome/122.0.0.0 Safari/537.36" "0.431 Seconds"
103.95.17.14,103.95.17.14 - - [01/Apr/2025:17:13:17 +0800] "GET /products/ipollo-v1-mini-se-eth-etc-miner-200mh-s-bt-miners/ HTTP/1.1" 200 117288 "https://bt-miners.com/collections/asics-miners/" "Mozilla/5.0 (Linux; Android 10; K) AppleWebKit/537.36 (KHTML, like Gecko) Chrome/134.0.0.0 Mobile Safari/537.36" "1.127 Seconds"
212.107.29.90,212.107.29.90 - - [01/Apr/2025:17:13:18 +0800] "GET /wp-admin/edit-comments.php HTTP/1.1" 200 88132 "https://bt-miners.com/daily-income-of-miners/" "Mozilla/5.0 (Windows NT 10.0; Win64; x64) AppleWebKit/537.36 (KHTML, like Gecko) Chrome/134.0.0.0 Safari/537.36" "1.004 Seconds"
212.107.29.90 - - [01/Apr/2025:17:13:18 +0800] "POST /wp-admin/admin-ajax.php HTTP/1.1" 200 43 "https://bt-miners.com/wp-admin/edit.php?post_status=wc-processing&post_type=shop_order" "Mozilla/5.0 (Windows NT 10.0; Win64; x64) AppleWebKit/537.36 (KHTML, like Gecko) Chrome/134.0.0.0 Safari/537.36" "0.642 Seconds"
212.107.29.90 - - [01/Apr/2025:17:13:18 +0800] "POST /wp-admin/admin-ajax.php HTTP/1.1" 200 58 "https://bt-miners.com/wp-admin/edit.php?post_status=wc-processing&post_type=shop_order" "Mozilla/5.0 (Windows NT 10.0; Win64; x64) AppleWebKit/537.36 (KHTML, like Gecko) Chrome/134.0.0.0 Safari/537.36" "0.960 Seconds"
103.95.17.14,103.95.17.14 - - [01/Apr/2025:17:13:19 +0800] "GET /products/volcminer-d1-litecoin-dogecoin-miners-bt-miners/ HTTP/1.1" 200 121042 "https://bt-miners.com/collections/asics-miners/" "Mozilla/5.0 (Linux; Android 10; K) AppleWebKit/537.36 (KHTML, like Gecko) Chrome/134.0.0.0 Mobile Safari/537.36" "1.269 Seconds"
54.38.96.34,54.38.96.34 - - [01/Apr/2025:17:13:20 +0800] "GET /post-sitemap.xml HTTP/1.1" 200 120478 "-" "GTranslate-Translation-Proxy" "0.424 Seconds"
103.95.17.14,103.95.17.14 - - [01/Apr/2025:17:13:21 +0800] "GET /products/whatsminer-m61-bitcoin-miner-202th-s-bt-miners/ HTTP/1.1" 200 117362 "https://bt-miners.com/collections/asics-miners/" "Mozilla/5.0 (Linux; Android 10; K) AppleWebKit/537.36 (KHTML, like Gecko) Chrome/134.0.0.0 Mobile Safari/537.36" "1.070 Seconds"
240e:3b2:3232:4a70:7058:7862:f44b:6b0 - - [01/Apr/2025:17:13:22 +0800] "POST /wp-admin/admin-ajax.php HTTP/1.1" 200 43 "https://bt-miners.com/wp-admin/" "Mozilla/5.0 (Windows NT 10.0; Win64; x64) AppleWebKit/537.36 (KHTML, like Gecko) Chrome/119.0.0.0 Safari/537.36" "0.393 Seconds"
212.107.29.90,212.107.29.90 - - [01/Apr/2025:17:13:22 +0800] "GET /wp-admin/post.php?post=70779&action=edit HTTP/1.1" 200 193860 "https://bt-miners.com/wp-admin/edit.php?post_status=wc-processing&post_type=shop_order" "Mozilla/5.0 (Windows NT 10.0; Win64; x64) AppleWebKit/537.36 (KHTML, like Gecko) Chrome/134.0.0.0 Safari/537.36" "1.299 Seconds"
83.99.151.68,83.99.151.68 - - [01/Apr/2025:17:13:23 +0800] "GET /what-happens-when-all-bitcoins-are-mined-and-more/ HTTP/1.1" 200 66432 "-" "Mozilla/5.0 AppleWebKit/537.36 (KHTML, like Gecko; compatible; GeedoProductSearch; +http://www.geedo.com/product-search.html) Chrome/79.0.3945.88 Safari/537.36" "0.581 Seconds"
212.107.29.90 - - [01/Apr/2025:17:13:23 +0800] "GET /wp-content/plugins/woo-advanced-shipment-tracking/zorem-tracking/assets/css/style.css?ver=1743498802 HTTP/1.1" 200 948 "https://bt-miners.com/wp-admin/post.php?post=70779&action=edit" "Mozilla/5.0 (Windows NT 10.0; Win64; x64) AppleWebKit/537.36 (KHTML, like Gecko) Chrome/134.0.0.0 Safari/537.36" "0.000 Seconds"
212.107.29.90 - - [01/Apr/2025:17:13:23 +0800] "GET /wp-content/plugins/woo-advanced-shipment-tracking/zorem-tracking/assets/js/main.js?ver=1743498802 HTTP/1.1" 200 1587 "https://bt-miners.com/wp-admin/post.php?post=70779&action=edit" "Mozilla/5.0 (Windows NT 10.0; Win64; x64) AppleWebKit/537.36 (KHTML, like Gecko) Chrome/134.0.0.0 Safari/537.36" "0.000 Seconds"
212.107.29.90 - - [01/Apr/2025:17:13:24 +0800] "GET /wp-content/plugins/woo-advanced-shipment-tracking/assets/css/admin.css?ver=1743498802 HTTP/1.1" 200 62625 "https://bt-miners.com/wp-admin/post.php?post=70779&action=edit" "Mozilla/5.0 (Windows NT 10.0; Win64; x64) AppleWebKit/537.36 (KHTML, like Gecko) Chrome/134.0.0.0 Safari/537.36" "0.000 Seconds"
172.59.240.29,172.59.240.29 - - [01/Apr/2025:17:13:24 +0800] "GET /wp-json/api/flutter_secials/get_pool_rank?BTAPP=b1fa34732b39c275f54b55c35c5c655e&timestamp=1743498801185 HTTP/1.1" 200 2077 "-" "Dart/3.5 (dart:io)" "0.155 Seconds"
212.107.29.90 - - [01/Apr/2025:17:13:24 +0800] "GET /wp-content/plugins/woo-advanced-shipment-tracking/assets/css/slideout.css?ver=1743498802 HTTP/1.1" 200 7010 "https://bt-miners.com/wp-admin/post.php?post=70779&action=edit" "Mozilla/5.0 (Windows NT 10.0; Win64; x64) AppleWebKit/537.36 (KHTML, like Gecko) Chrome/134.0.0.0 Safari/537.36" "0.000 Seconds"
212.107.29.90 - - [01/Apr/2025:17:13:24 +0800] "GET /wp-content/plugins/dokan-lite/assets/vendors/tinymce/code/plugin.min.js?ver=1743498801 HTTP/1.1" 200 1045 "https://bt-miners.com/wp-admin/post.php?post=70779&action=edit" "Mozilla/5.0 (Windows NT 10.0; Win64; x64) AppleWebKit/537.36 (KHTML, like Gecko) Chrome/134.0.0.0 Safari/537.36" "0.000 Seconds"
212.107.29.90 - - [01/Apr/2025:17:13:24 +0800] "GET /wp-includes/js/jquery/suggest.min.js?ver=1.1-20110113 HTTP/1.1" 200 2993 "https://bt-miners.com/wp-admin/post.php?post=70779&action=edit" "Mozilla/5.0 (Windows NT 10.0; Win64; x64) AppleWebKit/537.36 (KHTML, like Gecko) Chrome/134.0.0.0 Safari/537.36" "0.000 Seconds"
212.107.29.90 - - [01/Apr/2025:17:13:24 +0800] "GET /wp-admin/js/word-count.min.js?ver=6.7.1 HTTP/1.1" 200 1530 "https://bt-miners.com/wp-admin/post.php?post=70779&action=edit" "Mozilla/5.0 (Windows NT 10.0; Win64; x64) AppleWebKit/537.36 (KHTML, like Gecko) Chrome/134.0.0.0 Safari/537.36" "0.000 Seconds"
212.107.29.90 - - [01/Apr/2025:17:13:24 +0800] "GET /wp-admin/js/tags-box.min.js?ver=6.7.1 HTTP/1.1" 200 3077 "https://bt-miners.com/wp-admin/post.php?post=70779&action=edit" "Mozilla/5.0 (Windows NT 10.0; Win64; x64) AppleWebKit/537.36 (KHTML, like Gecko) Chrome/134.0.0.0 Safari/537.36" "0.000 Seconds"
212.107.29.90 - - [01/Apr/2025:17:13:24 +0800] "GET /wp-content/plugins/woo-advanced-shipment-tracking/assets/js/admin.js?ver=1743498802 HTTP/1.1" 200 19182 "https://bt-miners.com/wp-admin/post.php?post=70779&action=edit" "Mozilla/5.0 (Windows NT 10.0; Win64; x64) AppleWebKit/537.36 (KHTML, like Gecko) Chrome/134.0.0.0 Safari/537.36" "0.000 Seconds"
212.107.29.90 - - [01/Apr/2025:17:13:24 +0800] "GET /wp-admin/images/spinner-2x.gif HTTP/1.1" 200 7536 "https://bt-miners.com/wp-admin/post.php?post=70779&action=edit" "Mozilla/5.0 (Windows NT 10.0; Win64; x64) AppleWebKit/537.36 (KHTML, like Gecko) Chrome/134.0.0.0 Safari/537.36" "0.000 Seconds"
3.222.106.115 - - [01/Apr/2025:17:13:25 +0800] "POST /wp-cron.php?doing_wp_cron=1743498805.8596858978271484375000 HTTP/1.1" 200 31 "-" "WordPress/6.7.1; https://bt-miners.com" "0.001 Seconds"
212.107.29.90,212.107.29.90 - - [01/Apr/2025:17:13:26 +0800] "GET /wp-json/dokan/v1/admin/notices/promo HTTP/1.1" 200 12 "https://bt-miners.com/wp-admin/post.php?post=70779&action=edit" "Mozilla/5.0 (Windows NT 10.0; Win64; x64) AppleWebKit/537.36 (KHTML, like Gecko) Chrome/134.0.0.0 Safari/537.36" "0.374 Seconds"
212.107.29.90,212.107.29.90 - - [01/Apr/2025:17:13:26 +0800] "GET /wp-json/dokan/v1/admin/notices/admin?scope=global HTTP/1.1" 200 12 "https://bt-miners.com/wp-admin/post.php?post=70779&action=edit" "Mozilla/5.0 (Windows NT 10.0; Win64; x64) AppleWebKit/537.36 (KHTML, like Gecko) Chrome/134.0.0.0 Safari/537.36" "0.650 Seconds"
3.222.106.115 - - [01/Apr/2025:17:13:26 +0800] "POST /wp-cron.php?doing_wp_cron=1743498806.4631340503692626953125 HTTP/1.1" 200 31 "-" "WordPress/6.7.1; https://bt-miners.com" "0.001 Seconds"
212.107.29.90,212.107.29.90 - - [01/Apr/2025:17:13:26 +0800] "GET /wp-json/wc-admin/options?options=woocommerce_ces_tracks_queue&_locale=user HTTP/1.1" 200 46 "https://bt-miners.com/wp-admin/post.php?post=70779&action=edit" "Mozilla/5.0 (Windows NT 10.0; Win64; x64) AppleWebKit/537.36 (KHTML, like Gecko) Chrome/134.0.0.0 Safari/537.36" "0.568 Seconds"
212.107.29.90,212.107.29.90 - - [01/Apr/2025:17:13:26 +0800] "GET /wp-json/wc-admin/onboarding/tasks?_locale=user HTTP/1.1" 200 6224 "https://bt-miners.com/wp-admin/post.php?post=70779&action=edit" "Mozilla/5.0 (Windows NT 10.0; Win64; x64) AppleWebKit/537.36 (KHTML, like Gecko) Chrome/134.0.0.0 Safari/537.36" "0.529 Seconds"
212.107.29.90,212.107.29.90 - - [01/Apr/2025:17:13:26 +0800] "GET /wp-json/wc-analytics/orders?page=1&per_page=1&status%5B0%5D=processing&status%5B1%5D=on-hold&_fields%5B0%5D=id&_locale=user HTTP/1.1" 200 24 "https://bt-miners.com/wp-admin/post.php?post=70779&action=edit" "Mozilla/5.0 (Windows NT 10.0; Win64; x64) AppleWebKit/537.36 (KHTML, like Gecko) Chrome/134.0.0.0 Safari/537.36" "0.727 Seconds"
212.107.29.90,212.107.29.90 - - [01/Apr/2025:17:13:27 +0800] "GET /wp-json/wc-analytics/products/count-low-in-stock?status=publish&page=1&per_page=1&_locale=user HTTP/1.1" 200 22 "https://bt-miners.com/wp-admin/post.php?post=70779&action=edit" "Mozilla/5.0 (Windows NT 10.0; Win64; x64) AppleWebKit/537.36 (KHTML, like Gecko) Chrome/134.0.0.0 Safari/537.36" "0.961 Seconds"
212.107.29.90,212.107.29.90 - - [01/Apr/2025:17:13:27 +0800] "GET /wp-json/wc-analytics/products/reviews?page=1&per_page=1&status=hold&_embed=1&_fields%5B0%5D=id&_locale=user HTTP/1.1" 200 24 "https://bt-miners.com/wp-admin/post.php?post=70779&action=edit" "Mozilla/5.0 (Windows NT 10.0; Win64; x64) AppleWebKit/537.36 (KHTML, like Gecko) Chrome/134.0.0.0 Safari/537.36" "1.173 Seconds"
54.37.215.164,54.37.215.164 - - [01/Apr/2025:17:13:27 +0800] "GET /default-sitemap.xsl?sitemap=root HTTP/1.1" 200 13794 "https://ja.bt-miners.com/sitemap.xml" "Mozilla/5.0 (Windows NT 10.0; Win64; x64) AppleWebKit/537.36 (KHTML, like Gecko) Chrome/122.0.0.0 Safari/537.36" "0.316 Seconds"
212.107.29.90,212.107.29.90 - - [01/Apr/2025:17:13:27 +0800] "GET /wp-json/wc-admin/marketing/misc-recommendations?_locale=user HTTP/1.1" 200 118 "https://bt-miners.com/wp-admin/post.php?post=70779&action=edit" "Mozilla/5.0 (Windows NT 10.0; Win64; x64) AppleWebKit/537.36 (KHTML, like Gecko) Chrome/134.0.0.0 Safari/537.36" "1.208 Seconds"
212.107.29.90,212.107.29.90 - - [01/Apr/2025:17:13:27 +0800] "GET /wp-json/wp/v2/types?context=view&_locale=user HTTP/1.1" 200 6615 "https://bt-miners.com/wp-admin/post.php?post=70779&action=edit" "Mozilla/5.0 (Windows NT 10.0; Win64; x64) AppleWebKit/537.36 (KHTML, like Gecko) Chrome/134.0.0.0 Safari/537.36" "1.416 Seconds"
109.230.55.105,54.38.96.37 - - [01/Apr/2025:17:13:28 +0800] "POST /wp-login.php HTTP/1.1" 200 4004 "-" "Mozilla/4.0 (compatible; MSIE 6.0; Windows NT 5.0)" "0.667 Seconds"
212.107.29.90,212.107.29.90 - - [01/Apr/2025:17:13:28 +0800] "GET /wp-json/jetpack/v4/connection/data?_locale=user HTTP/1.1" 200 332 "https://bt-miners.com/wp-admin/post.php?post=70779&action=edit" "Mozilla/5.0 (Windows NT 10.0; Win64; x64) AppleWebKit/537.36 (KHTML, like Gecko) Chrome/134.0.0.0 Safari/537.36" "1.445 Seconds"
212.107.29.90,212.107.29.90 - - [01/Apr/2025:17:13:28 +0800] "GET /wp-json/wc-admin/options?options=woocommerce_admin_transient_notices_queue%2Cwoocommerce_admin_install_timestamp%2Cwoocommerce_allow_tracking%2Cwoocommerce_order_attribution_install_banner_dismissed%2Cwoocommerce_remote_variant_assignment&_locale=user HTTP/1.1" 200 257 "https://bt-miners.com/wp-admin/post.php?post=70779&action=edit" "Mozilla/5.0 (Windows NT 10.0; Win64; x64) AppleWebKit/537.36 (KHTML, like Gecko) Chrome/134.0.0.0 Safari/537.36" "1.644 Seconds"
212.107.29.90,212.107.29.90 - - [01/Apr/2025:17:13:28 +0800] "GET /wp-json/wc-analytics/admin/notes?page=1&per_page=25&type=error%2Cupdate&status=unactioned&_locale=user HTTP/1.1" 200 12 "https://bt-miners.com/wp-admin/post.php?post=70779&action=edit" "Mozilla/5.0 (Windows NT 10.0; Win64; x64) AppleWebKit/537.36 (KHTML, like Gecko) Chrome/134.0.0.0 Safari/537.36" "1.777 Seconds"
212.107.29.90,212.107.29.90 - - [01/Apr/2025:17:13:28 +0800] "GET /wp-json/wc-admin/options?options=woocommerce_task_list_reminder_bar_hidden&_locale=user HTTP/1.1" 200 62 "https://bt-miners.com/wp-admin/post.php?post=70779&action=edit" "Mozilla/5.0 (Windows NT 10.0; Win64; x64) AppleWebKit/537.36 (KHTML, like Gecko) Chrome/134.0.0.0 Safari/537.36" "1.081 Seconds"
54.158.124.156,54.158.124.156 - - [01/Apr/2025:17:13:29 +0800] "GET /wp-json/wc/v3/products/65535?BTAPP=0ab500a390125fa362f93b5a7ce1a11b&timestamp=1743498808000&consumer_key=ck_ade8bae15651a682b134a4548eadbbbc1a6b9b32&consumer_secret=cs_153aa96005761ebbf3fa0294cabc7b8a25ce374b HTTP/1.1" 200 24496 "-" "WordPress/6.7.2; https://miner-prof.btpayments.io" "0.472 Seconds"
5.196.175.156,5.196.175.156 - - [01/Apr/2025:17:13:29 +0800] "GET /forum/topic/originalhash/ HTTP/1.1" 200 58018 "-" "GTranslate-Translation-Proxy" "0.455 Seconds"
212.107.29.90,212.107.29.90 - - [01/Apr/2025:17:13:30 +0800] "GET /wp-admin/post.php?post=70623&action=edit HTTP/1.1" 200 194053 "-" "Mozilla/5.0 (Windows NT 10.0; Win64; x64) AppleWebKit/537.36 (KHTML, like Gecko) Chrome/134.0.0.0 Safari/537.36" "1.556 Seconds"
212.107.29.90 - - [01/Apr/2025:17:13:30 +0800] "GET /wp-content/plugins/woo-advanced-shipment-tracking/zorem-tracking/assets/css/style.css?ver=1743498809 HTTP/1.1" 200 948 "https://bt-miners.com/wp-admin/post.php?post=70623&action=edit" "Mozilla/5.0 (Windows NT 10.0; Win64; x64) AppleWebKit/537.36 (KHTML, like Gecko) Chrome/134.0.0.0 Safari/537.36" "0.000 Seconds"
212.107.29.90 - - [01/Apr/2025:17:13:30 +0800] "GET /wp-content/plugins/woo-advanced-shipment-tracking/zorem-tracking/assets/js/main.js?ver=1743498809 HTTP/1.1" 200 1587 "https://bt-miners.com/wp-admin/post.php?post=70623&action=edit" "Mozilla/5.0 (Windows NT 10.0; Win64; x64) AppleWebKit/537.36 (KHTML, like Gecko) Chrome/134.0.0.0 Safari/537.36" "0.000 Seconds"
212.107.29.90 - - [01/Apr/2025:17:13:31 +0800] "GET /wp-content/plugins/woo-advanced-shipment-tracking/assets/css/slideout.css?ver=1743498809 HTTP/1.1" 200 7010 "https://bt-miners.com/wp-admin/post.php?post=70623&action=edit" "Mozilla/5.0 (Windows NT 10.0; Win64; x64) AppleWebKit/537.36 (KHTML, like Gecko) Chrome/134.0.0.0 Safari/537.36" "0.000 Seconds"
212.107.29.90 - - [01/Apr/2025:17:13:31 +0800] "GET /wp-content/plugins/woo-advanced-shipment-tracking/assets/css/admin.css?ver=1743498809 HTTP/1.1" 200 62625 "https://bt-miners.com/wp-admin/post.php?post=70623&action=edit" "Mozilla/5.0 (Windows NT 10.0; Win64; x64) AppleWebKit/537.36 (KHTML, like Gecko) Chrome/134.0.0.0 Safari/537.36" "0.000 Seconds"
212.107.29.90 - - [01/Apr/2025:17:13:31 +0800] "POST /wp-admin/admin-ajax.php HTTP/1.1" 200 43 "https://bt-miners.com/wp-admin/post.php?post=70779&action=edit" "Mozilla/5.0 (Windows NT 10.0; Win64; x64) AppleWebKit/537.36 (KHTML, like Gecko) Chrome/134.0.0.0 Safari/537.36" "0.516 Seconds"
212.107.29.90 - - [01/Apr/2025:17:13:31 +0800] "GET /wp-content/plugins/dokan-lite/assets/vendors/tinymce/code/plugin.min.js?ver=1743498809 HTTP/1.1" 200 1045 "https://bt-miners.com/wp-admin/post.php?post=70623&action=edit" "Mozilla/5.0 (Windows NT 10.0; Win64; x64) AppleWebKit/537.36 (KHTML, like Gecko) Chrome/134.0.0.0 Safari/537.36" "0.000 Seconds"
212.107.29.90 - - [01/Apr/2025:17:13:31 +0800] "GET /wp-content/plugins/woo-advanced-shipment-tracking/assets/js/admin.js?ver=1743498809 HTTP/1.1" 200 19182 "https://bt-miners.com/wp-admin/post.php?post=70623&action=edit" "Mozilla/5.0 (Windows NT 10.0; Win64; x64) AppleWebKit/537.36 (KHTML, like Gecko) Chrome/134.0.0.0 Safari/537.36" "0.000 Seconds"
212.107.29.90,212.107.29.90 - - [01/Apr/2025:17:13:31 +0800] "GET /wp-json/dokan/v1/admin/notices/promo HTTP/1.1" 200 12 "https://bt-miners.com/wp-admin/post.php?post=70623&action=edit" "Mozilla/5.0 (Windows NT 10.0; Win64; x64) AppleWebKit/537.36 (KHTML, like Gecko) Chrome/134.0.0.0 Safari/537.36" "0.312 Seconds"
212.107.29.90,212.107.29.90 - - [01/Apr/2025:17:13:32 +0800] "GET /wp-json/dokan/v1/admin/notices/admin?scope=global HTTP/1.1" 200 12 "https://bt-miners.com/wp-admin/post.php?post=70623&action=edit" "Mozilla/5.0 (Windows NT 10.0; Win64; x64) AppleWebKit/537.36 (KHTML, like Gecko) Chrome/134.0.0.0 Safari/537.36" "0.550 Seconds"
212.107.29.90,212.107.29.90 - - [01/Apr/2025:17:13:32 +0800] "GET /wp-json/wc-admin/onboarding/tasks?_locale=user HTTP/1.1" 200 6224 "https://bt-miners.com/wp-admin/post.php?post=70623&action=edit" "Mozilla/5.0 (Windows NT 10.0; Win64; x64) AppleWebKit/537.36 (KHTML, like Gecko) Chrome/134.0.0.0 Safari/537.36" "0.374 Seconds"
212.107.29.90,212.107.29.90 - - [01/Apr/2025:17:13:32 +0800] "GET /wp-json/wc-analytics/products/count-low-in-stock?status=publish&page=1&per_page=1&_locale=user HTTP/1.1" 200 22 "https://bt-miners.com/wp-admin/post.php?post=70623&action=edit" "Mozilla/5.0 (Windows NT 10.0; Win64; x64) AppleWebKit/537.36 (KHTML, like Gecko) Chrome/134.0.0.0 Safari/537.36" "0.601 Seconds"
212.107.29.89 - - [01/Apr/2025:17:13:32 +0800] "POST /wp-admin/admin-ajax.php HTTP/1.1" 200 31 "https://bt-miners.com/wp-admin/options-general.php?page=perfmatters" "Mozilla/5.0 (Windows NT 10.0; Win64; x64) AppleWebKit/537.36 (KHTML, like Gecko) Chrome/122.0.0.0 Safari/537.36" "0.444 Seconds"
212.107.29.90,212.107.29.90 - - [01/Apr/2025:17:13:32 +0800] "GET /wp-json/wc-analytics/orders?page=1&per_page=1&status%5B0%5D=processing&status%5B1%5D=on-hold&_fields%5B0%5D=id&_locale=user HTTP/1.1" 200 24 "https://bt-miners.com/wp-admin/post.php?post=70623&action=edit" "Mozilla/5.0 (Windows NT 10.0; Win64; x64) AppleWebKit/537.36 (KHTML, like Gecko) Chrome/134.0.0.0 Safari/537.36" "0.862 Seconds"
212.107.29.90,212.107.29.90 - - [01/Apr/2025:17:13:33 +0800] "GET /wp-json/wc-admin/options?options=woocommerce_ces_tracks_queue&_locale=user HTTP/1.1" 200 46 "https://bt-miners.com/wp-admin/post.php?post=70623&action=edit" "Mozilla/5.0 (Windows NT 10.0; Win64; x64) AppleWebKit/537.36 (KHTML, like Gecko) Chrome/134.0.0.0 Safari/537.36" "0.941 Seconds"
212.107.29.90,212.107.29.90 - - [01/Apr/2025:17:13:33 +0800] "GET /wp-json/wc-analytics/admin/notes?page=1&per_page=25&type=error%2Cupdate&status=unactioned&_locale=user HTTP/1.1" 200 12 "https://bt-miners.com/wp-admin/post.php?post=70623&action=edit" "Mozilla/5.0 (Windows NT 10.0; Win64; x64) AppleWebKit/537.36 (KHTML, like Gecko) Chrome/134.0.0.0 Safari/537.36" "1.153 Seconds"
212.107.29.90,212.107.29.90 - - [01/Apr/2025:17:13:33 +0800] "GET /wp-json/wc-admin/options?options=woocommerce_admin_transient_notices_queue%2Cwoocommerce_admin_install_timestamp%2Cwoocommerce_allow_tracking%2Cwoocommerce_order_attribution_install_banner_dismissed%2Cwoocommerce_remote_variant_assignment&_locale=user HTTP/1.1" 200 257 "https://bt-miners.com/wp-admin/post.php?post=70623&action=edit" "Mozilla/5.0 (Windows NT 10.0; Win64; x64) AppleWebKit/537.36 (KHTML, like Gecko) Chrome/134.0.0.0 Safari/537.36" "1.163 Seconds"
83.99.151.68,83.99.151.68 - - [01/Apr/2025:17:13:33 +0800] "GET /products/innosilicon-a10-ethmaster-eth-miner-500mh-bt-miners/ HTTP/1.1" 200 115892 "-" "Mozilla/5.0 AppleWebKit/537.36 (KHTML, like Gecko; compatible; GeedoProductSearch; +http://www.geedo.com/product-search.html) Chrome/79.0.3945.88 Safari/537.36" "0.951 Seconds"
212.107.29.90,212.107.29.90 - - [01/Apr/2025:17:13:33 +0800] "GET /wp-json/wc-analytics/products/reviews?page=1&per_page=1&status=hold&_embed=1&_fields%5B0%5D=id&_locale=user HTTP/1.1" 200 24 "https://bt-miners.com/wp-admin/post.php?post=70623&action=edit" "Mozilla/5.0 (Windows NT 10.0; Win64; x64) AppleWebKit/537.36 (KHTML, like Gecko) Chrome/134.0.0.0 Safari/537.36" "1.215 Seconds"
212.107.29.90,212.107.29.90 - - [01/Apr/2025:17:13:33 +0800] "GET /wp-json/wc-admin/marketing/misc-recommendations?_locale=user HTTP/1.1" 200 118 "https://bt-miners.com/wp-admin/post.php?post=70623&action=edit" "Mozilla/5.0 (Windows NT 10.0; Win64; x64) AppleWebKit/537.36 (KHTML, like Gecko) Chrome/134.0.0.0 Safari/537.36" "1.299 Seconds"
54.158.124.156,54.158.124.156 - - [01/Apr/2025:17:13:34 +0800] "GET /?debug=kuma-uptime HTTP/1.1" 200 89378 "-" "Uptime-Kuma/1.23.16" "1.612 Seconds"
212.107.29.90,212.107.29.90 - - [01/Apr/2025:17:13:34 +0800] "GET /wp-json/wp/v2/types?context=view&_locale=user HTTP/1.1" 200 6615 "https://bt-miners.com/wp-admin/post.php?post=70623&action=edit" "Mozilla/5.0 (Windows NT 10.0; Win64; x64) AppleWebKit/537.36 (KHTML, like Gecko) Chrome/134.0.0.0 Safari/537.36" "1.527 Seconds"
212.107.29.90,212.107.29.90 - - [01/Apr/2025:17:13:34 +0800] "GET /wp-json/jetpack/v4/connection/data?_locale=user HTTP/1.1" 200 332 "https://bt-miners.com/wp-admin/post.php?post=70623&action=edit" "Mozilla/5.0 (Windows NT 10.0; Win64; x64) AppleWebKit/537.36 (KHTML, like Gecko) Chrome/134.0.0.0 Safari/537.36" "1.770 Seconds"
212.107.29.90,212.107.29.90 - - [01/Apr/2025:17:13:34 +0800] "GET /wp-json/wc-admin/options?options=woocommerce_task_list_reminder_bar_hidden&_locale=user HTTP/1.1" 200 62 "https://bt-miners.com/wp-admin/post.php?post=70623&action=edit" "Mozilla/5.0 (Windows NT 10.0; Win64; x64) AppleWebKit/537.36 (KHTML, like Gecko) Chrome/134.0.0.0 Safari/537.36" "1.788 Seconds"
212.107.29.90 - - [01/Apr/2025:17:13:34 +0800] "POST /wp-admin/admin-ajax.php HTTP/1.1" 200 43 "https://bt-miners.com/wp-admin/edit.php?post_status=wc-processing&post_type=shop_order" "Mozilla/5.0 (Windows NT 10.0; Win64; x64) AppleWebKit/537.36 (KHTML, like Gecko) Chrome/134.0.0.0 Safari/537.36" "1.762 Seconds"
240e:3b2:3232:4a70:7058:7862:f44b:6b0 - - [01/Apr/2025:17:13:38 +0800] "POST /wp-admin/admin-ajax.php HTTP/1.1" 200 43 "https://bt-miners.com/wp-admin/" "Mozilla/5.0 (Windows NT 10.0; Win64; x64) AppleWebKit/537.36 (KHTML, like Gecko) Chrome/119.0.0.0 Safari/537.36" "0.443 Seconds"
54.37.215.162,54.37.215.162 - - [01/Apr/2025:17:13:39 +0800] "GET /category-sitemap.xml HTTP/1.1" 200 691 "-" "GTranslate-Translation-Proxy" "0.355 Seconds"
54.38.96.36,54.38.96.36 - - [01/Apr/2025:17:13:39 +0800] "GET /about-litecoinltc/ HTTP/1.1" 200 59443 "-" "Mozilla/5.0 (Linux; Android 5.0; SM-G900P Build/LRX21T) AppleWebKit/537.36 (KHTML, like Gecko) Chrome/40.0.1005.1679 Mobile Safari/537.36" "0.565 Seconds"
54.37.215.162,54.37.215.162 - - [01/Apr/2025:17:13:40 +0800] "GET /category-sitemap.xml HTTP/1.1" 200 691 "-" "GTranslate-Translation-Proxy" "0.374 Seconds"
83.99.151.64,83.99.151.64 - - [01/Apr/2025:17:13:43 +0800] "GET /btc-mining-difficulty-continues-to-hit-record-high-and-more/ HTTP/1.1" 200 65501 "-" "Mozilla/5.0 AppleWebKit/537.36 (KHTML, like Gecko; compatible; GeedoProductSearch; +http://www.geedo.com/product-search.html) Chrome/79.0.3945.88 Safari/537.36" "0.602 Seconds"
212.107.29.89 - - [01/Apr/2025:17:13:44 +0800] "GET /wp-content/plugins/asgaros-forum/libs/fontawesome/webfonts/fa-brands-400.woff2 HTTP/1.1" 200 108000 "https://ja.bt-miners.com/" "Mozilla/5.0 (Windows NT 10.0; Win64; x64) AppleWebKit/537.36 (KHTML, like Gecko) Chrome/122.0.0.0 Safari/537.36" "0.002 Seconds"
212.107.29.89 - - [01/Apr/2025:17:13:45 +0800] "GET /wp-content/plugins/asgaros-forum/libs/fontawesome/webfonts/fa-brands-400.ttf HTTP/1.1" 200 187448 "https://ja.bt-miners.com/" "Mozilla/5.0 (Windows NT 10.0; Win64; x64) AppleWebKit/537.36 (KHTML, like Gecko) Chrome/122.0.0.0 Safari/537.36" "0.002 Seconds"
212.107.29.90 - - [01/Apr/2025:17:13:48 +0800] "POST /wp-admin/admin-ajax.php HTTP/1.1" 200 31 "https://bt-miners.com/wp-admin/edit.php?post_status=wc-processing&post_type=shop_order" "Mozilla/5.0 (Windows NT 10.0; Win64; x64) AppleWebKit/537.36 (KHTML, like Gecko) Chrome/134.0.0.0 Safari/537.36" "0.471 Seconds"
212.107.29.89 - - [01/Apr/2025:17:13:48 +0800] "POST /wp-admin/admin-ajax.php HTTP/1.1" 200 43 "https://bt-miners.com/wp-admin/options-general.php?page=perfmatters" "Mozilla/5.0 (Windows NT 10.0; Win64; x64) AppleWebKit/537.36 (KHTML, like Gecko) Chrome/122.0.0.0 Safari/537.36" "0.350 Seconds"
54.38.96.35,54.38.96.35 - - [01/Apr/2025:17:13:49 +0800] "GET /?s=H21%2B&post_type=product HTTP/1.1" 200 57678 "https://zh-cn.bt-miners.com/%E4%BA%A7%E5%93%81%E5%8F%8A%E6%8A%80%E6%9C%AF/%E6%AF%94%E7%89%B9%E5%A4%A7%E9%99%86-%E8%9A%82%E8%9A%81%E7%9F%BF%E6%9C%BA-s21-%E6%AF%94%E7%89%B9%E5%B8%81%E7%9F%BF%E6%9C%BA-%E7%AC%AC-216-%E4%BB%A3-BT-%E7%9F%BF%E6%9C%BA/" "Mozilla/5.0 (Windows NT 10.0; Win64; x64) AppleWebKit/537.36 (KHTML, like Gecko) Chrome/134.0.0.0 Safari/537.36 Edg/134.0.0.0" "0.554 Seconds"
54.37.215.164,54.37.215.164 - - [01/Apr/2025:17:13:50 +0800] "GET /default-sitemap.xsl?sitemap=post HTTP/1.1" 200 13810 "https://ja.bt-miners.com/post-sitemap.xml" "Mozilla/5.0 (Windows NT 10.0; Win64; x64) AppleWebKit/537.36 (KHTML, like Gecko) Chrome/122.0.0.0 Safari/537.36" "0.381 Seconds"
212.107.29.89 - - [01/Apr/2025:17:13:51 +0800] "POST /wp-admin/admin-ajax.php HTTP/1.1" 200 43 "https://bt-miners.com/wp-admin/post.php?post=70267&action=edit" "Mozilla/5.0 (Windows NT 10.0; Win64; x64) AppleWebKit/537.36 (KHTML, like Gecko) Chrome/134.0.0.0 Safari/537.36" "0.435 Seconds"
2a01:4f8:c013:3c55::1,2a01:4f8:c013:3c55::1 - - [01/Apr/2025:17:13:53 +0800] "HEAD /wp-admin/?debug=uptimerobot HTTP/1.1" 302 0 "https://bt-miners.com/wp-admin/?debug=uptimerobot" "Mozilla/5.0+(compatible; UptimeRobot/2.0; http://www.uptimerobot.com/)" "0.366 Seconds"
54.37.215.164,54.37.215.164 - - [01/Apr/2025:17:13:53 +0800] "GET /5-troubleshooting-tips-for-when-your-miner-goes-offline/ HTTP/1.1" 200 61114 "https://ja.bt-miners.com/post-sitemap.xml" "Mozilla/5.0 (Windows NT 10.0; Win64; x64) AppleWebKit/537.36 (KHTML, like Gecko) Chrome/122.0.0.0 Safari/537.36" "0.550 Seconds"
2a01:4f8:c013:3c55::1,2a01:4f8:c013:3c55::1 - - [01/Apr/2025:17:13:54 +0800] "HEAD /wp-login.php?redirect_to=https%3A%2F%2Fbt-miners.com%2Fwp-admin%2F%3Fdebug%3Duptimerobot&reauth=1 HTTP/1.1" 200 0 "https://bt-miners.com/wp-admin/?debug=uptimerobot" "Mozilla/5.0+(compatible; UptimeRobot/2.0; http://www.uptimerobot.com/)" "0.372 Seconds"
240e:3b2:3232:4a70:7058:7862:f44b:6b0 - - [01/Apr/2025:17:13:54 +0800] "POST /wp-admin/admin-ajax.php HTTP/1.1" 200 43 "https://bt-miners.com/wp-admin/" "Mozilla/5.0 (Windows NT 10.0; Win64; x64) AppleWebKit/537.36 (KHTML, like Gecko) Chrome/119.0.0.0 Safari/537.36" "0.385 Seconds"
54.158.124.156,54.158.124.156 - - [01/Apr/2025:17:13:55 +0800] "GET /?debug=kuma-uptime HTTP/1.1" 200 89380 "-" "Uptime-Kuma/1.23.16" "1.597 Seconds"
54.38.96.35,54.38.96.35 - - [01/Apr/2025:17:13:59 +0800] "GET /?s=S21%2BHYD HTTP/1.1" 200 59434 "https://zh-cn.bt-miners.com/?s=H21%2B&post_type=product" "Mozilla/5.0 (Windows NT 10.0; Win64; x64) AppleWebKit/537.36 (KHTML, like Gecko) Chrome/134.0.0.0 Safari/537.36 Edg/134.0.0.0" "0.553 Seconds"
212.107.29.89 - - [01/Apr/2025:17:14:02 +0800] "POST /wp-admin/admin-ajax.php HTTP/1.1" 200 113 "https://bt-miners.com/wp-admin/post.php?post=70804&action=edit" "Mozilla/5.0 (Windows NT 10.0; Win64; x64) AppleWebKit/537.36 (KHTML, like Gecko) Chrome/122.0.0.0 Safari/537.36" "0.397 Seconds"
83.99.151.68,83.99.151.68 - - [01/Apr/2025:17:14:03 +0800] "GET /shop/page/21/?display_mode=grid HTTP/1.1" 200 66561 "-" "Mozilla/5.0 AppleWebKit/537.36 (KHTML, like Gecko; compatible; GeedoProductSearch; +http://www.geedo.com/product-search.html) Chrome/79.0.3945.88 Safari/537.36" "0.720 Seconds"
54.38.96.34,54.38.96.34 - - [01/Apr/2025:17:14:03 +0800] "GET /goal_header-sitemap.xml HTTP/1.1" 200 9010 "-" "GTranslate-Translation-Proxy" "0.368 Seconds"
212.107.29.90 - - [01/Apr/2025:17:14:03 +0800] "POST /wp-admin/admin-ajax.php HTTP/1.1" 200 43 "https://bt-miners.com/wp-admin/edit.php?post_status=wc-processing&post_type=shop_order" "Mozilla/5.0 (Windows NT 10.0; Win64; x64) AppleWebKit/537.36 (KHTML, like Gecko) Chrome/134.0.0.0 Safari/537.36" "0.410 Seconds"
2401:4900:1c68:53b8:50b5:f0aa:2647:e8d5,54.38.96.38 - - [01/Apr/2025:17:14:06 +0800] "POST /wp-login.php HTTP/1.1" 200 4004 "-" "Mozilla/4.0 (compatible; MSIE 6.0; Windows NT 5.0)" "0.703 Seconds"
2a01:4f8:1c1b:7ecc::1,2a01:4f8:1c1b:7ecc::1 - - [01/Apr/2025:17:14:07 +0800] "HEAD /?debug=uptimerobot HTTP/1.1" 200 0 "https://bt-miners.com/?debug=uptimerobot" "Mozilla/5.0+(compatible; UptimeRobot/2.0; http://www.uptimerobot.com/)" "0.340 Seconds"
91.243.81.46 - - [01/Apr/2025:17:14:09 +0800] "POST /wp-admin/admin-ajax.php HTTP/1.1" 200 31 "https://zh-cn.bt-miners.com/" "Mozilla/5.0 (Windows NT 10.0; Win64; x64) AppleWebKit/537.36 (KHTML, like Gecko) Chrome/134.0.0.0 Safari/537.36 Edg/134.0.0.0" "0.487 Seconds"
240e:3b2:3232:4a70:7058:7862:f44b:6b0 - - [01/Apr/2025:17:14:10 +0800] "POST /wp-admin/admin-ajax.php HTTP/1.1" 200 31 "https://bt-miners.com/wp-admin/" "Mozilla/5.0 (Windows NT 10.0; Win64; x64) AppleWebKit/537.36 (KHTML, like Gecko) Chrome/119.0.0.0 Safari/537.36" "0.432 Seconds"
2a01:4f8:c013:c18::1,2a01:4f8:c013:c18::1 - - [01/Apr/2025:17:14:12 +0800] "HEAD / HTTP/1.1" 200 0 "https://bt-miners.com/" "Mozilla/5.0+(compatible; UptimeRobot/2.0; http://www.uptimerobot.com/)" "0.358 Seconds"
54.158.124.156,54.158.124.156 - - [01/Apr/2025:17:14:17 +0800] "GET /?debug=kuma-uptime HTTP/1.1" 200 89373 "-" "Uptime-Kuma/1.23.16" "1.634 Seconds"
83.99.151.70,83.99.151.70 - - [01/Apr/2025:17:14:17 +0800] "GET /collections/spare-parts/?display_mode=grid HTTP/1.1" 200 66358 "-" "Mozilla/5.0 AppleWebKit/537.36 (KHTML, like Gecko; compatible; GeedoProductSearch; +http://www.geedo.com/product-search.html) Chrome/79.0.3945.88 Safari/537.36" "0.763 Seconds"
212.107.29.90 - - [01/Apr/2025:17:14:18 +0800] "POST /wp-admin/admin-ajax.php HTTP/1.1" 200 58 "https://bt-miners.com/wp-admin/edit.php?post_status=wc-processing&post_type=shop_order" "Mozilla/5.0 (Windows NT 10.0; Win64; x64) AppleWebKit/537.36 (KHTML, like Gecko) Chrome/134.0.0.0 Safari/537.36" "0.547 Seconds"
212.107.29.90 - - [01/Apr/2025:17:14:19 +0800] "POST /wp-admin/admin-ajax.php HTTP/1.1" 200 43 "https://bt-miners.com/wp-admin/edit.php?post_status=wc-processing&post_type=shop_order" "Mozilla/5.0 (Windows NT 10.0; Win64; x64) AppleWebKit/537.36 (KHTML, like Gecko) Chrome/134.0.0.0 Safari/537.36" "0.469 Seconds"
212.107.29.89 - - [01/Apr/2025:17:14:19 +0800] "POST /wp-admin/admin-ajax.php HTTP/1.1" 200 43 "https://bt-miners.com/wp-admin/post.php?post=70797&action=edit" "Mozilla/5.0 (Windows NT 10.0; Win64; x64) AppleWebKit/537.36 (KHTML, like Gecko) Chrome/122.0.0.0 Safari/537.36" "0.362 Seconds"
212.107.29.89 - - [01/Apr/2025:17:14:20 +0800] "POST /wp-admin/admin-ajax.php HTTP/1.1" 200 43 "https://bt-miners.com/wp-admin/options-general.php?page=cloudflare" "Mozilla/5.0 (Windows NT 10.0; Win64; x64) AppleWebKit/537.36 (KHTML, like Gecko) Chrome/122.0.0.0 Safari/537.36" "0.717 Seconds"
212.107.29.89 - - [01/Apr/2025:17:14:20 +0800] "POST /wp-admin/admin-ajax.php HTTP/1.1" 200 43 "https://bt-miners.com/wp-admin/post.php?post=70804&action=edit" "Mozilla/5.0 (Windows NT 10.0; Win64; x64) AppleWebKit/537.36 (KHTML, like Gecko) Chrome/122.0.0.0 Safari/537.36" "1.193 Seconds"
83.99.151.70,83.99.151.70 - - [01/Apr/2025:17:14:27 +0800] "GET /collections/miner-category/immersion/?display_mode=list HTTP/1.1" 200 62803 "-" "Mozilla/5.0 AppleWebKit/537.36 (KHTML, like Gecko; compatible; GeedoProductSearch; +http://www.geedo.com/product-search.html) Chrome/79.0.3945.88 Safari/537.36" "0.571 Seconds"
109.230.55.105,54.38.96.37 - - [01/Apr/2025:17:14:28 +0800] "POST /wp-login.php HTTP/1.1" 200 4004 "-" "Mozilla/4.0 (compatible; MSIE 6.0; Windows NT 5.0)" "0.659 Seconds"
212.107.29.90 - - [01/Apr/2025:17:14:32 +0800] "POST /wp-admin/admin-ajax.php HTTP/1.1" 200 113 "https://bt-miners.com/wp-admin/post.php?post=70623&action=edit" "Mozilla/5.0 (Windows NT 10.0; Win64; x64) AppleWebKit/537.36 (KHTML, like Gecko) Chrome/134.0.0.0 Safari/537.36" "0.407 Seconds"
103.95.17.14 - - [01/Apr/2025:17:14:35 +0800] "POST /wp-admin/admin-ajax.php HTTP/1.1" 200 31 "https://bt-miners.com/products/bitmain-antminer-s19j-pro-bitcoin-miner-100th-s-bt-miners/" "Mozilla/5.0 (Linux; Android 10; K) AppleWebKit/537.36 (KHTML, like Gecko) Chrome/134.0.0.0 Mobile Safari/537.36" "0.475 Seconds"
212.107.29.89 - - [01/Apr/2025:17:14:36 +0800] "POST /wp-admin/admin-ajax.php HTTP/1.1" 200 31 "https://bt-miners.com/wp-admin/post.php?post=70797&action=edit" "Mozilla/5.0 (Windows NT 10.0; Win64; x64) AppleWebKit/537.36 (KHTML, like Gecko) Chrome/122.0.0.0 Safari/537.36" "0.761 Seconds"
83.99.151.67,83.99.151.67 - - [01/Apr/2025:17:14:37 +0800] "GET /collections/ipollo/?display_mode=grid HTTP/1.1" 200 67208 "-" "Mozilla/5.0 AppleWebKit/537.36 (KHTML, like Gecko; compatible; GeedoProductSearch; +http://www.geedo.com/product-search.html) Chrome/79.0.3945.88 Safari/537.36" "0.781 Seconds"
54.158.124.156,54.158.124.156 - - [01/Apr/2025:17:14:39 +0800] "GET /?debug=kuma-uptime HTTP/1.1" 200 89403 "-" "Uptime-Kuma/1.23.16" "1.641 Seconds"
212.107.29.90 - - [01/Apr/2025:17:14:40 +0800] "POST /wp-admin/admin-ajax.php HTTP/1.1" 200 43 "https://bt-miners.com/wp-admin/edit.php?post_status=wc-processing&post_type=shop_order" "Mozilla/5.0 (Windows NT 10.0; Win64; x64) AppleWebKit/537.36 (KHTML, like Gecko) Chrome/134.0.0.0 Safari/537.36" "0.450 Seconds"
240e:3b2:3232:4a70:7058:7862:f44b:6b0 - - [01/Apr/2025:17:14:41 +0800] "POST /wp-admin/admin-ajax.php HTTP/1.1" 200 43 "https://bt-miners.com/wp-admin/post.php?post=67951&action=edit" "Mozilla/5.0 (Windows NT 10.0; Win64; x64) AppleWebKit/537.36 (KHTML, like Gecko) Chrome/119.0.0.0 Safari/537.36" "0.390 Seconds"
240e:3b2:3232:4a70:7058:7862:f44b:6b0 - - [01/Apr/2025:17:14:41 +0800] "POST /wp-admin/admin-ajax.php HTTP/1.1" 200 43 "https://bt-miners.com/wp-admin/post.php?post=67951&action=edit" "Mozilla/5.0 (Windows NT 10.0; Win64; x64) AppleWebKit/537.36 (KHTML, like Gecko) Chrome/119.0.0.0 Safari/537.36" "0.689 Seconds"
240e:3b2:3232:4a70:7058:7862:f44b:6b0 - - [01/Apr/2025:17:14:42 +0800] "POST /wp-admin/admin-ajax.php HTTP/1.1" 200 58 "https://bt-miners.com/wp-admin/" "Mozilla/5.0 (Windows NT 10.0; Win64; x64) AppleWebKit/537.36 (KHTML, like Gecko) Chrome/119.0.0.0 Safari/537.36" "0.471 Seconds"
240e:3b2:3232:4a70:7058:7862:f44b:6b0 - - [01/Apr/2025:17:14:42 +0800] "POST /wp-admin/admin-ajax.php HTTP/1.1" 400 11 "https://bt-miners.com/wp-admin/" "Mozilla/5.0 (Windows NT 10.0; Win64; x64) AppleWebKit/537.36 (KHTML, like Gecko) Chrome/119.0.0.0 Safari/537.36" "0.401 Seconds"
52.167.144.187,52.167.144.187 - - [01/Apr/2025:17:14:46 +0800] "GET /?s=2021+land+rover+defender+factory+warranty HTTP/1.1" 200 56805 "-" "Mozilla/5.0 AppleWebKit/537.36 (KHTML, like Gecko; compatible; bingbot/2.0; +http://www.bing.com/bingbot.htm) Chrome/116.0.1938.76 Safari/537.36" "0.519 Seconds"
83.99.151.70,83.99.151.70 - - [01/Apr/2025:17:14:47 +0800] "GET /products/bitcoin-logo-bt-miners-2/ HTTP/1.1" 200 89341 "-" "Mozilla/5.0 AppleWebKit/537.36 (KHTML, like Gecko; compatible; GeedoProductSearch; +http://www.geedo.com/product-search.html) Chrome/79.0.3945.88 Safari/537.36" "0.686 Seconds"
54.158.124.156,54.158.124.156 - - [01/Apr/2025:17:14:51 +0800] "GET /wp-json/wc/v3/products/65535?BTAPP=0ab500a390125fa362f93b5a7ce1a11b&timestamp=1743498890000&consumer_key=ck_ade8bae15651a682b134a4548eadbbbc1a6b9b32&consumer_secret=cs_153aa96005761ebbf3fa0294cabc7b8a25ce374b HTTP/1.1" 200 24496 "-" "WordPress/6.7.2; https://miner-prof.btpayments.io" "0.525 Seconds"
212.107.29.89 - - [01/Apr/2025:17:14:51 +0800] "POST /wp-admin/admin-ajax.php HTTP/1.1" 200 31 "https://bt-miners.com/wp-admin/post.php?post=70267&action=edit" "Mozilla/5.0 (Windows NT 10.0; Win64; x64) AppleWebKit/537.36 (KHTML, like Gecko) Chrome/134.0.0.0 Safari/537.36" "0.463 Seconds"
212.107.29.89 - - [01/Apr/2025:17:14:51 +0800] "POST /wp-admin/admin-ajax.php HTTP/1.1" 200 43 "https://bt-miners.com/wp-admin/post.php?post=70797&action=edit" "Mozilla/5.0 (Windows NT 10.0; Win64; x64) AppleWebKit/537.36 (KHTML, like Gecko) Chrome/122.0.0.0 Safari/537.36" "0.318 Seconds"
212.107.29.89 - - [01/Apr/2025:17:14:54 +0800] "GET /wp-content/themes/azuri/fonts/themify.woff HTTP/1.1" 200 56108 "https://ja.bt-miners.com/" "Mozilla/5.0 (Windows NT 10.0; Win64; x64) AppleWebKit/537.36 (KHTML, like Gecko) Chrome/122.0.0.0 Safari/537.36" "0.000 Seconds"
212.107.29.89 - - [01/Apr/2025:17:14:54 +0800] "GET /wp-content/plugins/types/vendor/toolset/toolset-common/res/lib/font-awesome/webfonts/fa-brands-400.woff2 HTTP/1.1" 200 76612 "https://ja.bt-miners.com/" "Mozilla/5.0 (Windows NT 10.0; Win64; x64) AppleWebKit/537.36 (KHTML, like Gecko) Chrome/122.0.0.0 Safari/537.36" "0.000 Seconds"
212.107.29.89 - - [01/Apr/2025:17:14:55 +0800] "GET /wp-content/plugins/dokan-lite/assets/vendors/font-awesome/webfonts/fa-v4compatibility.ttf HTTP/1.1" 200 10832 "https://ja.bt-miners.com/" "Mozilla/5.0 (Windows NT 10.0; Win64; x64) AppleWebKit/537.36 (KHTML, like Gecko) Chrome/122.0.0.0 Safari/537.36" "0.000 Seconds"
212.107.29.89 - - [01/Apr/2025:17:14:55 +0800] "GET /wp-content/plugins/types/vendor/toolset/toolset-common/res/lib/font-awesome/webfonts/fa-brands-400.woff HTTP/1.1" 200 89824 "https://ja.bt-miners.com/" "Mozilla/5.0 (Windows NT 10.0; Win64; x64) AppleWebKit/537.36 (KHTML, like Gecko) Chrome/122.0.0.0 Safari/537.36" "0.001 Seconds"
212.107.29.89 - - [01/Apr/2025:17:14:55 +0800] "GET /wp-content/plugins/types/vendor/toolset/toolset-common/res/lib/font-awesome/webfonts/fa-brands-400.ttf HTTP/1.1" 200 132728 "https://ja.bt-miners.com/" "Mozilla/5.0 (Windows NT 10.0; Win64; x64) AppleWebKit/537.36 (KHTML, like Gecko) Chrome/122.0.0.0 Safari/537.36" "0.001 Seconds"
240e:3b2:3232:4a70:7058:7862:f44b:6b0 - - [01/Apr/2025:17:14:57 +0800] "POST /wp-admin/admin-ajax.php HTTP/1.1" 200 43 "https://bt-miners.com/wp-admin/post.php?post=67951&action=edit" "Mozilla/5.0 (Windows NT 10.0; Win64; x64) AppleWebKit/537.36 (KHTML, like Gecko) Chrome/119.0.0.0 Safari/537.36" "0.418 Seconds"
240e:3b2:3232:4a70:7058:7862:f44b:6b0 - - [01/Apr/2025:17:14:57 +0800] "POST /wp-admin/admin-ajax.php HTTP/1.1" 200 43 "https://bt-miners.com/wp-admin/post.php?post=67951&action=edit" "Mozilla/5.0 (Windows NT 10.0; Win64; x64) AppleWebKit/537.36 (KHTML, like Gecko) Chrome/119.0.0.0 Safari/537.36" "0.827 Seconds"
2a01:4f8:c17:42e4::1,2a01:4f8:c17:42e4::1 - - [01/Apr/2025:17:14:59 +0800] "HEAD /wp-admin/?debug=uptimerobot HTTP/1.1" 302 0 "https://bt-miners.com/wp-admin/?debug=uptimerobot" "Mozilla/5.0+(compatible; UptimeRobot/2.0; http://www.uptimerobot.com/)" "0.346 Seconds"
2a01:4f8:c17:42e4::1,2a01:4f8:c17:42e4::1 - - [01/Apr/2025:17:15:00 +0800] "HEAD /wp-login.php?redirect_to=https%3A%2F%2Fbt-miners.com%2Fwp-admin%2F%3Fdebug%3Duptimerobot&reauth=1 HTTP/1.1" 200 0 "https://bt-miners.com/wp-admin/?debug=uptimerobot" "Mozilla/5.0+(compatible; UptimeRobot/2.0; http://www.uptimerobot.com/)" "0.315 Seconds"
54.158.124.156,54.158.124.156 - - [01/Apr/2025:17:15:00 +0800] "GET /?debug=kuma-uptime HTTP/1.1" 200 89427 "-" "Uptime-Kuma/1.23.16" "1.617 Seconds"
212.107.29.89,212.107.29.89 - - [01/Apr/2025:17:15:03 +0800] "GET / HTTP/1.1" 200 63516 "https://es.bt-miners.com/" "Mozilla/5.0 (Windows NT 10.0; Win64; x64) AppleWebKit/537.36 (KHTML, like Gecko) Chrome/122.0.0.0 Safari/537.36" "0.994 Seconds"
212.107.29.89 - - [01/Apr/2025:17:15:05 +0800] "GET /wp-content/plugins/asgaros-forum/libs/fontawesome/webfonts/fa-solid-900.woff2 HTTP/1.1" 200 149908 "https://ja.bt-miners.com/" "Mozilla/5.0 (Windows NT 10.0; Win64; x64) AppleWebKit/537.36 (KHTML, like Gecko) Chrome/122.0.0.0 Safari/537.36" "0.002 Seconds"
