170.187.181.77,170.187.181.77 - - [01/Apr/2025:17:24:42 +0800] "GET / HTTP/1.1" 200 63629 "-" "Mozilla/5.0 (Windows NT 10.0; Win64; x64) AppleWebKit/537.36 (KHTML, like Gecko) Chrome/134.0.0.0 Safari/537.36" "0.991 Seconds"
219.133.248.83,219.133.248.83 - - [01/Apr/2025:17:24:42 +0800] "GET /wp-json/api/flutter_charts/get_ahr999_new?BTAPP=ed9e299df489fff357339d1772de6135&timestamp=1743499481781 HTTP/1.1" 200 187574 "-" "Dart/3.5 (dart:io)" "0.163 Seconds"
170.187.181.77 - - [01/Apr/2025:17:24:43 +0800] "POST /wp-admin/admin-ajax.php HTTP/1.1" 200 58 "https://bt-miners.com/wp-admin/admin.php?page=wc-settings&tab=advanced&section=keys" "Mozilla/5.0 (Windows NT 10.0; Win64; x64) AppleWebKit/537.36 (KHTML, like Gecko) Chrome/134.0.0.0 Safari/537.36" "2.318 Seconds"
3.222.106.115 - - [01/Apr/2025:17:24:43 +0800] "POST /wp-admin/admin-ajax.php?action=as_async_request_queue_runner&nonce=15a67ce7dc HTTP/1.1" 499 0 "-" "WordPress/6.7.1; https://bt-miners.com" "0.975 Seconds"
219.133.248.83,219.133.248.83 - - [01/Apr/2025:17:24:43 +0800] "GET /wp-json/api/flutter_charts/get_ahr999x?BTAPP=e47fd4f454294e5b06400338122ce96e&timestamp=1743499482785 HTTP/1.1" 200 109721 "-" "Dart/3.5 (dart:io)" "0.166 Seconds"
170.187.181.77 - - [01/Apr/2025:17:24:44 +0800] "POST /wp-admin/admin-ajax.php HTTP/1.1" 200 43 "https://bt-miners.com/wp-admin/admin.php?page=wc-settings&tab=advanced&section=keys" "Mozilla/5.0 (Windows NT 10.0; Win64; x64) AppleWebKit/537.36 (KHTML, like Gecko) Chrome/134.0.0.0 Safari/537.36" "2.737 Seconds"
219.133.248.83,219.133.248.83 - - [01/Apr/2025:17:24:44 +0800] "GET /wp-json/api/flutter_secials/get_gas_fee?BTAPP=4e977eb47d745ea55de3d1770990618e HTTP/1.1" 200 164666 "-" "Dart/3.5 (dart:io)" "0.455 Seconds"
2a01:4f8:c013:3c54::1,2a01:4f8:c013:3c54::1 - - [01/Apr/2025:17:24:45 +0800] "HEAD /?debug=uptimerobot HTTP/1.1" 200 0 "https://bt-miners.com/?debug=uptimerobot" "Mozilla/5.0+(compatible; UptimeRobot/2.0; http://www.uptimerobot.com/)" "0.339 Seconds"
170.187.181.77,170.187.181.77 - - [01/Apr/2025:17:24:45 +0800] "GET /wp-json/wc/v3/customers/20009?consumer_key=ck_4e1503f04eb840b3b73d9daa3e525278f841aab1&consumer_secret=cs_6254cf6ff8478d7fed5a361d493cb16083052f4a HTTP/1.1" 200 14501 "-" "Mozilla/5.0 (Windows NT 10.0; Win64; x64) AppleWebKit/537.36 (KHTML, like Gecko) Chrome/134.0.0.0 Safari/537.36" "0.217 Seconds"
2a01:4f8:c012:c60e::1,2a01:4f8:c012:c60e::1 - - [01/Apr/2025:17:24:46 +0800] "HEAD /wp-admin/?debug=uptimerobot HTTP/1.1" 302 0 "https://bt-miners.com/wp-admin/?debug=uptimerobot" "Mozilla/5.0+(compatible; UptimeRobot/2.0; http://www.uptimerobot.com/)" "0.360 Seconds"
219.133.248.83,219.133.248.83 - - [01/Apr/2025:17:24:46 +0800] "GET /wp-json/api/flutter_secials/get_pool_rank?BTAPP=8b44af2fd57dae400af8efc34a2c8f17&timestamp=1743499484983 HTTP/1.1" 200 2077 "-" "Dart/3.5 (dart:io)" "0.517 Seconds"
54.158.124.156,54.158.124.156 - - [01/Apr/2025:17:24:46 +0800] "GET /?debug=kuma-uptime HTTP/1.1" 200 89335 "-" "Uptime-Kuma/1.23.16" "1.595 Seconds"
2a01:4f8:c012:c60e::1,2a01:4f8:c012:c60e::1 - - [01/Apr/2025:17:24:46 +0800] "HEAD /wp-login.php?redirect_to=https%3A%2F%2Fbt-miners.com%2Fwp-admin%2F%3Fdebug%3Duptimerobot&reauth=1 HTTP/1.1" 200 0 "https://bt-miners.com/wp-admin/?debug=uptimerobot" "Mozilla/5.0+(compatible; UptimeRobot/2.0; http://www.uptimerobot.com/)" "0.354 Seconds"
240e:3b2:3232:4a70:7058:7862:f44b:6b0 - - [01/Apr/2025:17:24:47 +0800] "POST /wp-admin/admin-ajax.php HTTP/1.1" 200 58 "https://bt-miners.com/wp-admin/" "Mozilla/5.0 (Windows NT 10.0; Win64; x64) AppleWebKit/537.36 (KHTML, like Gecko) Chrome/119.0.0.0 Safari/537.36" "0.336 Seconds"
240e:3b2:3232:4a70:7058:7862:f44b:6b0 - - [01/Apr/2025:17:24:47 +0800] "POST /wp-admin/admin-ajax.php HTTP/1.1" 400 11 "https://bt-miners.com/wp-admin/" "Mozilla/5.0 (Windows NT 10.0; Win64; x64) AppleWebKit/537.36 (KHTML, like Gecko) Chrome/119.0.0.0 Safari/537.36" "0.422 Seconds"
83.99.151.70,83.99.151.70 - - [01/Apr/2025:17:24:47 +0800] "GET /wp-login.php?redirect_to=https%3A%2F%2Fbt-miners.com%2Fwhat-is-solo-mining-bitcoin-how-does-it-work-and-more%2F HTTP/1.1" 200 3897 "-" "Mozilla/5.0 AppleWebKit/537.36 (KHTML, like Gecko; compatible; GeedoProductSearch; +http://www.geedo.com/product-search.html) Chrome/79.0.3945.88 Safari/537.36" "0.328 Seconds"
3.222.106.115 - - [01/Apr/2025:17:24:48 +0800] "POST /wp-cron.php?doing_wp_cron=1743499488.8537991046905517578125 HTTP/1.1" 200 31 "-" "WordPress/6.7.1; https://bt-miners.com" "0.000 Seconds"
212.107.29.89 - - [01/Apr/2025:17:24:49 +0800] "POST /wp-admin/admin-ajax.php HTTP/1.1" 200 31 "https://bt-miners.com/wp-admin/post.php?post=70797&action=edit" "Mozilla/5.0 (Windows NT 10.0; Win64; x64) AppleWebKit/537.36 (KHTML, like Gecko) Chrome/122.0.0.0 Safari/537.36" "0.443 Seconds"
3.222.106.115 - - [01/Apr/2025:17:24:50 +0800] "POST /wp-admin/admin-ajax.php?action=as_async_request_queue_runner&nonce=15a67ce7dc HTTP/1.1" 499 0 "-" "WordPress/6.7.1; https://bt-miners.com" "0.980 Seconds"
240e:3b2:3232:4a70:7058:7862:f44b:6b0 - - [01/Apr/2025:17:24:51 +0800] "POST /wp-admin/admin-ajax.php HTTP/1.1" 200 43 "https://bt-miners.com/wp-admin/post.php?post=67951&action=edit" "Mozilla/5.0 (Windows NT 10.0; Win64; x64) AppleWebKit/537.36 (KHTML, like Gecko) Chrome/119.0.0.0 Safari/537.36" "0.418 Seconds"
240e:3b2:3232:4a70:7058:7862:f44b:6b0 - - [01/Apr/2025:17:24:51 +0800] "POST /wp-admin/admin-ajax.php HTTP/1.1" 200 43 "https://bt-miners.com/wp-admin/post.php?post=67951&action=edit" "Mozilla/5.0 (Windows NT 10.0; Win64; x64) AppleWebKit/537.36 (KHTML, like Gecko) Chrome/119.0.0.0 Safari/537.36" "0.757 Seconds"
212.107.29.89 - - [01/Apr/2025:17:24:51 +0800] "POST /wp-admin/admin-ajax.php HTTP/1.1" 200 43 "https://bt-miners.com/wp-admin/post.php?post=70267&action=edit" "Mozilla/5.0 (Windows NT 10.0; Win64; x64) AppleWebKit/537.36 (KHTML, like Gecko) Chrome/134.0.0.0 Safari/537.36" "0.395 Seconds"
66.249.75.131,66.249.75.131 - - [01/Apr/2025:17:24:51 +0800] "GET /products/antminer-s9-se-bitcoin-miner-16th-s-bt-miners/ HTTP/1.1" 200 668823 "-" "Mozilla/5.0 (Linux; Android 6.0.1; Nexus 5X Build/MMB29P) AppleWebKit/537.36 (KHTML, like Gecko) Chrome/134.0.6998.165 Mobile Safari/537.36 (compatible; Googlebot/2.1; +http://www.google.com/bot.html)" "1.113 Seconds"
3.222.106.115 - - [01/Apr/2025:17:24:54 +0800] "POST /wp-cron.php?doing_wp_cron=1743499494.5465869903564453125000 HTTP/1.1" 200 31 "-" "WordPress/6.7.1; https://bt-miners.com" "0.000 Seconds"
52.167.144.196,52.167.144.196 - - [01/Apr/2025:17:24:54 +0800] "GET /?s=what+does+riding+means+in+hip+hop HTTP/1.1" 200 56809 "-" "Mozilla/5.0 AppleWebKit/537.36 (KHTML, like Gecko; compatible; bingbot/2.0; +http://www.bing.com/bingbot.htm) Chrome/116.0.1938.76 Safari/537.36" "0.561 Seconds"
219.133.248.83,219.133.248.83 - - [01/Apr/2025:17:24:55 +0800] "GET /wp-json/wc/v3/products/65550?BTAPP=56c6ce656f9ffb6fbd3b99cd5a02f8b6&timestamp=1743499494635&currency=USD&consumer_key=ck_368292ab2d1fc81f564ec5bb31917429689244e7&consumer_secret=cs_8a3d609f77c939aa6f3912e300201e2eb55a5367 HTTP/1.1" 200 16557 "-" "Dart/3.5 (dart:io)" "0.151 Seconds"
170.187.181.77 - - [01/Apr/2025:17:24:57 +0800] "POST /wp-admin/admin-ajax.php HTTP/1.1" 200 43 "https://bt-miners.com/wp-admin/admin.php?page=wc-settings&tab=advanced&section=keys" "Mozilla/5.0 (Windows NT 10.0; Win64; x64) AppleWebKit/537.36 (KHTML, like Gecko) Chrome/134.0.0.0 Safari/537.36" "0.411 Seconds"
83.99.151.70,83.99.151.70 - - [01/Apr/2025:17:24:58 +0800] "GET /wp-login.php?redirect_to=https%3A%2F%2Fbt-miners.com%2Fmining-metrics-suggest-bullish-sentiment-for-bitcoin-and-more%2F HTTP/1.1" 200 3900 "-" "Mozilla/5.0 AppleWebKit/537.36 (KHTML, like Gecko; compatible; GeedoProductSearch; +http://www.geedo.com/product-search.html) Chrome/79.0.3945.88 Safari/537.36" "0.376 Seconds"
2a01:4f8:c2c:beae::1,2a01:4f8:c2c:beae::1 - - [01/Apr/2025:17:24:59 +0800] "HEAD / HTTP/1.1" 200 0 "https://bt-miners.com/" "Mozilla/5.0+(compatible; UptimeRobot/2.0; http://www.uptimerobot.com/)" "0.342 Seconds"
212.107.29.89 - - [01/Apr/2025:17:25:04 +0800] "POST /wp-admin/admin-ajax.php HTTP/1.1" 200 31 "https://bt-miners.com/wp-admin/post.php?post=70797&action=edit" "Mozilla/5.0 (Windows NT 10.0; Win64; x64) AppleWebKit/537.36 (KHTML, like Gecko) Chrome/122.0.0.0 Safari/537.36" "0.401 Seconds"
54.38.96.35,54.38.96.35 - - [01/Apr/2025:17:25:05 +0800] "GET /?s=ANTMINER+S19&post_type=product HTTP/1.1" 200 66993 "https://zh-cn.bt-miners.com/?s=X16" "Mozilla/5.0 (Windows NT 10.0; Win64; x64) AppleWebKit/537.36 (KHTML, like Gecko) Chrome/134.0.0.0 Safari/537.36 Edg/134.0.0.0" "0.790 Seconds"
54.158.124.156,54.158.124.156 - - [01/Apr/2025:17:25:08 +0800] "GET /?debug=kuma-uptime HTTP/1.1" 200 89428 "-" "Uptime-Kuma/1.23.16" "1.568 Seconds"
83.99.151.70,83.99.151.70 - - [01/Apr/2025:17:25:08 +0800] "GET /products/groupbuy-s19j-pro-used-100t-3050w/ HTTP/1.1" 301 5 "-" "Mozilla/5.0 AppleWebKit/537.36 (KHTML, like Gecko; compatible; GeedoProductSearch; +http://www.geedo.com/product-search.html) Chrome/79.0.3945.88 Safari/537.36" "0.364 Seconds"
170.187.181.77 - - [01/Apr/2025:17:25:13 +0800] "POST /wp-admin/admin-ajax.php HTTP/1.1" 200 43 "https://bt-miners.com/wp-admin/admin.php?page=wc-settings&tab=advanced&section=keys" "Mozilla/5.0 (Windows NT 10.0; Win64; x64) AppleWebKit/537.36 (KHTML, like Gecko) Chrome/134.0.0.0 Safari/537.36" "0.395 Seconds"
75.97.120.233,75.97.120.233 - - [01/Apr/2025:17:25:14 +0800] "GET /products/iceriver-ae0-aleo-miner-50mh-s-bt-miners/?attribute_condition=June+Batch&attribute_power-supply-unit=Including&gad_source=1&gclid=Cj0KCQjwna6_BhCbARIsALId2Z3aSrfOEMUivb3uiam8pjLnsXffkzgI5SiAboISyZxNOBX-KWPiJwkaAtFNEALw_wcB HTTP/1.1" 200 121529 "https://www.google.com/" "Mozilla/5.0 (Linux; Android 10; K) AppleWebKit/537.36 (KHTML, like Gecko) Chrome/134.0.0.0 Mobile Safari/537.36" "1.537 Seconds"
52.167.144.196,52.167.144.196 - - [01/Apr/2025:17:25:14 +0800] "GET /?s=4th+april+ipl+match HTTP/1.1" 200 56751 "-" "Mozilla/5.0 AppleWebKit/537.36 (KHTML, like Gecko; compatible; bingbot/2.0; +http://www.bing.com/bingbot.htm) Chrome/116.0.1938.76 Safari/537.36" "0.493 Seconds"
75.97.120.233 - - [01/Apr/2025:17:25:17 +0800] "GET /wp-content/themes/azuri/assets/images/miner-profitability.svg HTTP/1.1" 304 0 "https://bt-miners.com/products/iceriver-ae0-aleo-miner-50mh-s-bt-miners/?attribute_condition=June+Batch&attribute_power-supply-unit=Including&gad_source=1&gclid=Cj0KCQjwna6_BhCbARIsALId2Z3aSrfOEMUivb3uiam8pjLnsXffkzgI5SiAboISyZxNOBX-KWPiJwkaAtFNEALw_wcB" "Mozilla/5.0 (Linux; Android 10; K) AppleWebKit/537.36 (KHTML, like Gecko) Chrome/134.0.0.0 Mobile Safari/537.36" "0.000 Seconds"
75.97.120.233 - - [01/Apr/2025:17:25:17 +0800] "GET /wp-content/themes/azuri/assets/images/miner-ROI.svg HTTP/1.1" 304 0 "https://bt-miners.com/products/iceriver-ae0-aleo-miner-50mh-s-bt-miners/?attribute_condition=June+Batch&attribute_power-supply-unit=Including&gad_source=1&gclid=Cj0KCQjwna6_BhCbARIsALId2Z3aSrfOEMUivb3uiam8pjLnsXffkzgI5SiAboISyZxNOBX-KWPiJwkaAtFNEALw_wcB" "Mozilla/5.0 (Linux; Android 10; K) AppleWebKit/537.36 (KHTML, like Gecko) Chrome/134.0.0.0 Mobile Safari/537.36" "0.000 Seconds"
75.97.120.233 - - [01/Apr/2025:17:25:17 +0800] "GET /wp-content/themes/azuri/assets/images/miner-hashrate.svg HTTP/1.1" 304 0 "https://bt-miners.com/products/iceriver-ae0-aleo-miner-50mh-s-bt-miners/?attribute_condition=June+Batch&attribute_power-supply-unit=Including&gad_source=1&gclid=Cj0KCQjwna6_BhCbARIsALId2Z3aSrfOEMUivb3uiam8pjLnsXffkzgI5SiAboISyZxNOBX-KWPiJwkaAtFNEALw_wcB" "Mozilla/5.0 (Linux; Android 10; K) AppleWebKit/537.36 (KHTML, like Gecko) Chrome/134.0.0.0 Mobile Safari/537.36" "0.000 Seconds"
75.97.120.233 - - [01/Apr/2025:17:25:17 +0800] "GET /wp-content/themes/azuri/assets/images/miner-power.svg HTTP/1.1" 304 0 "https://bt-miners.com/products/iceriver-ae0-aleo-miner-50mh-s-bt-miners/?attribute_condition=June+Batch&attribute_power-supply-unit=Including&gad_source=1&gclid=Cj0KCQjwna6_BhCbARIsALId2Z3aSrfOEMUivb3uiam8pjLnsXffkzgI5SiAboISyZxNOBX-KWPiJwkaAtFNEALw_wcB" "Mozilla/5.0 (Linux; Android 10; K) AppleWebKit/537.36 (KHTML, like Gecko) Chrome/134.0.0.0 Mobile Safari/537.36" "0.000 Seconds"
3.222.106.115 - - [01/Apr/2025:17:25:17 +0800] "POST /wp-cron.php?doing_wp_cron=1743499517.8848650455474853515625 HTTP/1.1" 200 31 "-" "WordPress/6.7.1; https://bt-miners.com" "0.000 Seconds"
75.97.120.233 - - [01/Apr/2025:17:25:18 +0800] "GET /wp-content/themes/azuri/assets/images/get_wholesales_icon.svg HTTP/1.1" 304 0 "https://bt-miners.com/products/iceriver-ae0-aleo-miner-50mh-s-bt-miners/?attribute_condition=June+Batch&attribute_power-supply-unit=Including&gad_source=1&gclid=Cj0KCQjwna6_BhCbARIsALId2Z3aSrfOEMUivb3uiam8pjLnsXffkzgI5SiAboISyZxNOBX-KWPiJwkaAtFNEALw_wcB" "Mozilla/5.0 (Linux; Android 10; K) AppleWebKit/537.36 (KHTML, like Gecko) Chrome/134.0.0.0 Mobile Safari/537.36" "0.000 Seconds"
75.97.120.233 - - [01/Apr/2025:17:25:18 +0800] "GET /wp-content/themes/azuri/assets/images/2025/02/zelle250217.png HTTP/1.1" 304 0 "https://bt-miners.com/products/iceriver-ae0-aleo-miner-50mh-s-bt-miners/?attribute_condition=June+Batch&attribute_power-supply-unit=Including&gad_source=1&gclid=Cj0KCQjwna6_BhCbARIsALId2Z3aSrfOEMUivb3uiam8pjLnsXffkzgI5SiAboISyZxNOBX-KWPiJwkaAtFNEALw_wcB" "Mozilla/5.0 (Linux; Android 10; K) AppleWebKit/537.36 (KHTML, like Gecko) Chrome/134.0.0.0 Mobile Safari/537.36" "0.000 Seconds"
75.97.120.233 - - [01/Apr/2025:17:25:18 +0800] "GET /wp-content/themes/azuri/assets/images/2025/02/mastercard250217.png HTTP/1.1" 304 0 "https://bt-miners.com/products/iceriver-ae0-aleo-miner-50mh-s-bt-miners/?attribute_condition=June+Batch&attribute_power-supply-unit=Including&gad_source=1&gclid=Cj0KCQjwna6_BhCbARIsALId2Z3aSrfOEMUivb3uiam8pjLnsXffkzgI5SiAboISyZxNOBX-KWPiJwkaAtFNEALw_wcB" "Mozilla/5.0 (Linux; Android 10; K) AppleWebKit/537.36 (KHTML, like Gecko) Chrome/134.0.0.0 Mobile Safari/537.36" "0.000 Seconds"
75.97.120.233 - - [01/Apr/2025:17:25:18 +0800] "GET /wp-content/themes/azuri/assets/images/2025/02/ideal250217.png HTTP/1.1" 304 0 "https://bt-miners.com/products/iceriver-ae0-aleo-miner-50mh-s-bt-miners/?attribute_condition=June+Batch&attribute_power-supply-unit=Including&gad_source=1&gclid=Cj0KCQjwna6_BhCbARIsALId2Z3aSrfOEMUivb3uiam8pjLnsXffkzgI5SiAboISyZxNOBX-KWPiJwkaAtFNEALw_wcB" "Mozilla/5.0 (Linux; Android 10; K) AppleWebKit/537.36 (KHTML, like Gecko) Chrome/134.0.0.0 Mobile Safari/537.36" "0.000 Seconds"
75.97.120.233 - - [01/Apr/2025:17:25:18 +0800] "GET /wp-content/themes/azuri/assets/images/2025/02/coinpal250217.png HTTP/1.1" 304 0 "https://bt-miners.com/products/iceriver-ae0-aleo-miner-50mh-s-bt-miners/?attribute_condition=June+Batch&attribute_power-supply-unit=Including&gad_source=1&gclid=Cj0KCQjwna6_BhCbARIsALId2Z3aSrfOEMUivb3uiam8pjLnsXffkzgI5SiAboISyZxNOBX-KWPiJwkaAtFNEALw_wcB" "Mozilla/5.0 (Linux; Android 10; K) AppleWebKit/537.36 (KHTML, like Gecko) Chrome/134.0.0.0 Mobile Safari/537.36" "0.000 Seconds"
75.97.120.233 - - [01/Apr/2025:17:25:18 +0800] "GET /wp-content/themes/azuri/assets/images/2025/02/amex250217.png HTTP/1.1" 304 0 "https://bt-miners.com/products/iceriver-ae0-aleo-miner-50mh-s-bt-miners/?attribute_condition=June+Batch&attribute_power-supply-unit=Including&gad_source=1&gclid=Cj0KCQjwna6_BhCbARIsALId2Z3aSrfOEMUivb3uiam8pjLnsXffkzgI5SiAboISyZxNOBX-KWPiJwkaAtFNEALw_wcB" "Mozilla/5.0 (Linux; Android 10; K) AppleWebKit/537.36 (KHTML, like Gecko) Chrome/134.0.0.0 Mobile Safari/537.36" "0.000 Seconds"
75.97.120.233 - - [01/Apr/2025:17:25:18 +0800] "GET /wp-content/themes/azuri/assets/images/2025/02/discover250217.png HTTP/1.1" 304 0 "https://bt-miners.com/products/iceriver-ae0-aleo-miner-50mh-s-bt-miners/?attribute_condition=June+Batch&attribute_power-supply-unit=Including&gad_source=1&gclid=Cj0KCQjwna6_BhCbARIsALId2Z3aSrfOEMUivb3uiam8pjLnsXffkzgI5SiAboISyZxNOBX-KWPiJwkaAtFNEALw_wcB" "Mozilla/5.0 (Linux; Android 10; K) AppleWebKit/537.36 (KHTML, like Gecko) Chrome/134.0.0.0 Mobile Safari/537.36" "0.000 Seconds"
75.97.120.233 - - [01/Apr/2025:17:25:18 +0800] "GET /wp-content/themes/azuri/assets/images/2025/02/eth250217.png HTTP/1.1" 304 0 "https://bt-miners.com/products/iceriver-ae0-aleo-miner-50mh-s-bt-miners/?attribute_condition=June+Batch&attribute_power-supply-unit=Including&gad_source=1&gclid=Cj0KCQjwna6_BhCbARIsALId2Z3aSrfOEMUivb3uiam8pjLnsXffkzgI5SiAboISyZxNOBX-KWPiJwkaAtFNEALw_wcB" "Mozilla/5.0 (Linux; Android 10; K) AppleWebKit/537.36 (KHTML, like Gecko) Chrome/134.0.0.0 Mobile Safari/537.36" "0.000 Seconds"
75.97.120.233 - - [01/Apr/2025:17:25:18 +0800] "GET /wp-content/themes/azuri/assets/images/2025/02/boost250217.png HTTP/1.1" 304 0 "https://bt-miners.com/products/iceriver-ae0-aleo-miner-50mh-s-bt-miners/?attribute_condition=June+Batch&attribute_power-supply-unit=Including&gad_source=1&gclid=Cj0KCQjwna6_BhCbARIsALId2Z3aSrfOEMUivb3uiam8pjLnsXffkzgI5SiAboISyZxNOBX-KWPiJwkaAtFNEALw_wcB" "Mozilla/5.0 (Linux; Android 10; K) AppleWebKit/537.36 (KHTML, like Gecko) Chrome/134.0.0.0 Mobile Safari/537.36" "0.000 Seconds"
75.97.120.233 - - [01/Apr/2025:17:25:18 +0800] "GET /wp-content/themes/azuri/assets/images/2025/02/caixa250217.png HTTP/1.1" 304 0 "https://bt-miners.com/products/iceriver-ae0-aleo-miner-50mh-s-bt-miners/?attribute_condition=June+Batch&attribute_power-supply-unit=Including&gad_source=1&gclid=Cj0KCQjwna6_BhCbARIsALId2Z3aSrfOEMUivb3uiam8pjLnsXffkzgI5SiAboISyZxNOBX-KWPiJwkaAtFNEALw_wcB" "Mozilla/5.0 (Linux; Android 10; K) AppleWebKit/537.36 (KHTML, like Gecko) Chrome/134.0.0.0 Mobile Safari/537.36" "0.000 Seconds"
83.99.151.70,83.99.151.70 - - [01/Apr/2025:17:25:18 +0800] "GET /collections/most-profitable-minners/ HTTP/1.1" 200 63795 "-" "Mozilla/5.0 AppleWebKit/537.36 (KHTML, like Gecko; compatible; GeedoProductSearch; +http://www.geedo.com/product-search.html) Chrome/79.0.3945.88 Safari/537.36" "0.560 Seconds"
75.97.120.233 - - [01/Apr/2025:17:25:18 +0800] "GET /wp-content/themes/azuri/assets/images/2025/02/pix250217.png HTTP/1.1" 304 0 "https://bt-miners.com/products/iceriver-ae0-aleo-miner-50mh-s-bt-miners/?attribute_condition=June+Batch&attribute_power-supply-unit=Including&gad_source=1&gclid=Cj0KCQjwna6_BhCbARIsALId2Z3aSrfOEMUivb3uiam8pjLnsXffkzgI5SiAboISyZxNOBX-KWPiJwkaAtFNEALw_wcB" "Mozilla/5.0 (Linux; Android 10; K) AppleWebKit/537.36 (KHTML, like Gecko) Chrome/134.0.0.0 Mobile Safari/537.36" "0.000 Seconds"
75.97.120.233 - - [01/Apr/2025:17:25:18 +0800] "GET /wp-content/themes/azuri/assets/images/calculate-item.svg HTTP/1.1" 304 0 "https://bt-miners.com/products/iceriver-ae0-aleo-miner-50mh-s-bt-miners/?attribute_condition=June+Batch&attribute_power-supply-unit=Including&gad_source=1&gclid=Cj0KCQjwna6_BhCbARIsALId2Z3aSrfOEMUivb3uiam8pjLnsXffkzgI5SiAboISyZxNOBX-KWPiJwkaAtFNEALw_wcB" "Mozilla/5.0 (Linux; Android 10; K) AppleWebKit/537.36 (KHTML, like Gecko) Chrome/134.0.0.0 Mobile Safari/537.36" "0.000 Seconds"
2401:4900:1c68:53b8:50b5:f0aa:2647:e8d5,54.38.96.38 - - [01/Apr/2025:17:25:18 +0800] "POST /wp-login.php HTTP/1.1" 200 4004 "-" "Mozilla/4.0 (compatible; MSIE 6.0; Windows NT 5.0)" "0.748 Seconds"
75.97.120.233 - - [01/Apr/2025:17:25:18 +0800] "GET /wp-content/plugins/woo-wallet/build/partial-payment/style-index.css?ver=1.5.10 HTTP/1.1" 304 0 "https://bt-miners.com/products/iceriver-ae0-aleo-miner-50mh-s-bt-miners/?attribute_condition=June+Batch&attribute_power-supply-unit=Including&gad_source=1&gclid=Cj0KCQjwna6_BhCbARIsALId2Z3aSrfOEMUivb3uiam8pjLnsXffkzgI5SiAboISyZxNOBX-KWPiJwkaAtFNEALw_wcB" "Mozilla/5.0 (Linux; Android 10; K) AppleWebKit/537.36 (KHTML, like Gecko) Chrome/134.0.0.0 Mobile Safari/537.36" "0.000 Seconds"
75.97.120.233 - - [01/Apr/2025:17:25:18 +0800] "GET /wp-content/plugins/wp-whatsapp/assets/dist/css/style.css?ver=a53d61b19d1e048adadfb3f4c418ba92 HTTP/1.1" 304 0 "https://bt-miners.com/products/iceriver-ae0-aleo-miner-50mh-s-bt-miners/?attribute_condition=June+Batch&attribute_power-supply-unit=Including&gad_source=1&gclid=Cj0KCQjwna6_BhCbARIsALId2Z3aSrfOEMUivb3uiam8pjLnsXffkzgI5SiAboISyZxNOBX-KWPiJwkaAtFNEALw_wcB" "Mozilla/5.0 (Linux; Android 10; K) AppleWebKit/537.36 (KHTML, like Gecko) Chrome/134.0.0.0 Mobile Safari/537.36" "0.000 Seconds"
75.97.120.233 - - [01/Apr/2025:17:25:18 +0800] "GET /wp-content/plugins/asgaros-forum/libs/fontawesome/css/v4-shims.min.css?ver=3.0.0 HTTP/1.1" 304 0 "https://bt-miners.com/products/iceriver-ae0-aleo-miner-50mh-s-bt-miners/?attribute_condition=June+Batch&attribute_power-supply-unit=Including&gad_source=1&gclid=Cj0KCQjwna6_BhCbARIsALId2Z3aSrfOEMUivb3uiam8pjLnsXffkzgI5SiAboISyZxNOBX-KWPiJwkaAtFNEALw_wcB" "Mozilla/5.0 (Linux; Android 10; K) AppleWebKit/537.36 (KHTML, like Gecko) Chrome/134.0.0.0 Mobile Safari/537.36" "0.000 Seconds"
75.97.120.233 - - [01/Apr/2025:17:25:18 +0800] "GET /wp-content/cache/perfmatters/bt-miners.com/minify/40b2b231d8f1.widgets.min.css?ver=3.0.0 HTTP/1.1" 304 0 "https://bt-miners.com/products/iceriver-ae0-aleo-miner-50mh-s-bt-miners/?attribute_condition=June+Batch&attribute_power-supply-unit=Including&gad_source=1&gclid=Cj0KCQjwna6_BhCbARIsALId2Z3aSrfOEMUivb3uiam8pjLnsXffkzgI5SiAboISyZxNOBX-KWPiJwkaAtFNEALw_wcB" "Mozilla/5.0 (Linux; Android 10; K) AppleWebKit/537.36 (KHTML, like Gecko) Chrome/134.0.0.0 Mobile Safari/537.36" "0.000 Seconds"
75.97.120.233 - - [01/Apr/2025:17:25:18 +0800] "GET /wp-content/cache/perfmatters/bt-miners.com/minify/48e0430917ac.front_style.min.css?ver=1.0 HTTP/1.1" 304 0 "https://bt-miners.com/products/iceriver-ae0-aleo-miner-50mh-s-bt-miners/?attribute_condition=June+Batch&attribute_power-supply-unit=Including&gad_source=1&gclid=Cj0KCQjwna6_BhCbARIsALId2Z3aSrfOEMUivb3uiam8pjLnsXffkzgI5SiAboISyZxNOBX-KWPiJwkaAtFNEALw_wcB" "Mozilla/5.0 (Linux; Android 10; K) AppleWebKit/537.36 (KHTML, like Gecko) Chrome/134.0.0.0 Mobile Safari/537.36" "0.000 Seconds"
75.97.120.233 - - [01/Apr/2025:17:25:18 +0800] "GET /wp-content/plugins/woocommerce/assets/css/woocommerce.css?ver=9.7.1 HTTP/1.1" 304 0 "https://bt-miners.com/products/iceriver-ae0-aleo-miner-50mh-s-bt-miners/?attribute_condition=June+Batch&attribute_power-supply-unit=Including&gad_source=1&gclid=Cj0KCQjwna6_BhCbARIsALId2Z3aSrfOEMUivb3uiam8pjLnsXffkzgI5SiAboISyZxNOBX-KWPiJwkaAtFNEALw_wcB" "Mozilla/5.0 (Linux; Android 10; K) AppleWebKit/537.36 (KHTML, like Gecko) Chrome/134.0.0.0 Mobile Safari/537.36" "0.000 Seconds"
75.97.120.233 - - [01/Apr/2025:17:25:18 +0800] "GET /wp-content/cache/perfmatters/bt-miners.com/minify/3fd2afa98866.styles.min.css?ver=6.0.2 HTTP/1.1" 304 0 "https://bt-miners.com/products/iceriver-ae0-aleo-miner-50mh-s-bt-miners/?attribute_condition=June+Batch&attribute_power-supply-unit=Including&gad_source=1&gclid=Cj0KCQjwna6_BhCbARIsALId2Z3aSrfOEMUivb3uiam8pjLnsXffkzgI5SiAboISyZxNOBX-KWPiJwkaAtFNEALw_wcB" "Mozilla/5.0 (Linux; Android 10; K) AppleWebKit/537.36 (KHTML, like Gecko) Chrome/134.0.0.0 Mobile Safari/537.36" "0.000 Seconds"
75.97.120.233 - - [01/Apr/2025:17:25:18 +0800] "GET /wp-content/cache/perfmatters/bt-miners.com/minify/90579e02be8c.slick.min.css?ver=2.3.14 HTTP/1.1" 304 0 "https://bt-miners.com/products/iceriver-ae0-aleo-miner-50mh-s-bt-miners/?attribute_condition=June+Batch&attribute_power-supply-unit=Including&gad_source=1&gclid=Cj0KCQjwna6_BhCbARIsALId2Z3aSrfOEMUivb3uiam8pjLnsXffkzgI5SiAboISyZxNOBX-KWPiJwkaAtFNEALw_wcB" "Mozilla/5.0 (Linux; Android 10; K) AppleWebKit/537.36 (KHTML, like Gecko) Chrome/134.0.0.0 Mobile Safari/537.36" "0.000 Seconds"
75.97.120.233 - - [01/Apr/2025:17:25:18 +0800] "GET /wp-content/plugins/woocommerce/assets/css/woocommerce-layout.css?ver=9.7.1 HTTP/1.1" 304 0 "https://bt-miners.com/products/iceriver-ae0-aleo-miner-50mh-s-bt-miners/?attribute_condition=June+Batch&attribute_power-supply-unit=Including&gad_source=1&gclid=Cj0KCQjwna6_BhCbARIsALId2Z3aSrfOEMUivb3uiam8pjLnsXffkzgI5SiAboISyZxNOBX-KWPiJwkaAtFNEALw_wcB" "Mozilla/5.0 (Linux; Android 10; K) AppleWebKit/537.36 (KHTML, like Gecko) Chrome/134.0.0.0 Mobile Safari/537.36" "0.000 Seconds"
75.97.120.233 - - [01/Apr/2025:17:25:18 +0800] "GET /wp-content/plugins/extra-fees-for-woocommerce/assets/css/jquery.modal.min.css?ver=4.3.0 HTTP/1.1" 304 0 "https://bt-miners.com/products/iceriver-ae0-aleo-miner-50mh-s-bt-miners/?attribute_condition=June+Batch&attribute_power-supply-unit=Including&gad_source=1&gclid=Cj0KCQjwna6_BhCbARIsALId2Z3aSrfOEMUivb3uiam8pjLnsXffkzgI5SiAboISyZxNOBX-KWPiJwkaAtFNEALw_wcB" "Mozilla/5.0 (Linux; Android 10; K) AppleWebKit/537.36 (KHTML, like Gecko) Chrome/134.0.0.0 Mobile Safari/537.36" "0.000 Seconds"
75.97.120.233 - - [01/Apr/2025:17:25:18 +0800] "GET /wp-content/plugins/woocommerce-variation-prices/assets/css/wc-variation-prices.min.css?ver=1.0.9 HTTP/1.1" 304 0 "https://bt-miners.com/products/iceriver-ae0-aleo-miner-50mh-s-bt-miners/?attribute_condition=June+Batch&attribute_power-supply-unit=Including&gad_source=1&gclid=Cj0KCQjwna6_BhCbARIsALId2Z3aSrfOEMUivb3uiam8pjLnsXffkzgI5SiAboISyZxNOBX-KWPiJwkaAtFNEALw_wcB" "Mozilla/5.0 (Linux; Android 10; K) AppleWebKit/537.36 (KHTML, like Gecko) Chrome/134.0.0.0 Mobile Safari/537.36" "0.000 Seconds"
75.97.120.233 - - [01/Apr/2025:17:25:18 +0800] "GET /wp-content/plugins/woocommerce-deposits/assets/css/frontend.css?ver=2.3.0 HTTP/1.1" 304 0 "https://bt-miners.com/products/iceriver-ae0-aleo-miner-50mh-s-bt-miners/?attribute_condition=June+Batch&attribute_power-supply-unit=Including&gad_source=1&gclid=Cj0KCQjwna6_BhCbARIsALId2Z3aSrfOEMUivb3uiam8pjLnsXffkzgI5SiAboISyZxNOBX-KWPiJwkaAtFNEALw_wcB" "Mozilla/5.0 (Linux; Android 10; K) AppleWebKit/537.36 (KHTML, like Gecko) Chrome/134.0.0.0 Mobile Safari/537.36" "0.000 Seconds"
75.97.120.233 - - [01/Apr/2025:17:25:18 +0800] "GET /wp-content/plugins/wp-sms/assets/css/front-styles.css?ver=6.9.9 HTTP/1.1" 304 0 "https://bt-miners.com/products/iceriver-ae0-aleo-miner-50mh-s-bt-miners/?attribute_condition=June+Batch&attribute_power-supply-unit=Including&gad_source=1&gclid=Cj0KCQjwna6_BhCbARIsALId2Z3aSrfOEMUivb3uiam8pjLnsXffkzgI5SiAboISyZxNOBX-KWPiJwkaAtFNEALw_wcB" "Mozilla/5.0 (Linux; Android 10; K) AppleWebKit/537.36 (KHTML, like Gecko) Chrome/134.0.0.0 Mobile Safari/537.36" "0.000 Seconds"
75.97.120.233 - - [01/Apr/2025:17:25:18 +0800] "GET /wp-content/plugins/woocommerce/assets/css/select2.css?ver=9.7.1 HTTP/1.1" 304 0 "https://bt-miners.com/products/iceriver-ae0-aleo-miner-50mh-s-bt-miners/?attribute_condition=June+Batch&attribute_power-supply-unit=Including&gad_source=1&gclid=Cj0KCQjwna6_BhCbARIsALId2Z3aSrfOEMUivb3uiam8pjLnsXffkzgI5SiAboISyZxNOBX-KWPiJwkaAtFNEALw_wcB" "Mozilla/5.0 (Linux; Android 10; K) AppleWebKit/537.36 (KHTML, like Gecko) Chrome/134.0.0.0 Mobile Safari/537.36" "0.000 Seconds"
75.97.120.233 - - [01/Apr/2025:17:25:18 +0800] "GET /wp-content/cache/perfmatters/bt-miners.com/minify/03ef45226dbf.style.min.css?ver=1740974858 HTTP/1.1" 304 0 "https://bt-miners.com/products/iceriver-ae0-aleo-miner-50mh-s-bt-miners/?attribute_condition=June+Batch&attribute_power-supply-unit=Including&gad_source=1&gclid=Cj0KCQjwna6_BhCbARIsALId2Z3aSrfOEMUivb3uiam8pjLnsXffkzgI5SiAboISyZxNOBX-KWPiJwkaAtFNEALw_wcB" "Mozilla/5.0 (Linux; Android 10; K) AppleWebKit/537.36 (KHTML, like Gecko) Chrome/134.0.0.0 Mobile Safari/537.36" "0.000 Seconds"
75.97.120.233 - - [01/Apr/2025:17:25:18 +0800] "GET /wp-content/cache/perfmatters/bt-miners.com/minify/1ec669c28588.new-common-style-lp.min.css?ver=1743389785 HTTP/1.1" 304 0 "https://bt-miners.com/products/iceriver-ae0-aleo-miner-50mh-s-bt-miners/?attribute_condition=June+Batch&attribute_power-supply-unit=Including&gad_source=1&gclid=Cj0KCQjwna6_BhCbARIsALId2Z3aSrfOEMUivb3uiam8pjLnsXffkzgI5SiAboISyZxNOBX-KWPiJwkaAtFNEALw_wcB" "Mozilla/5.0 (Linux; Android 10; K) AppleWebKit/537.36 (KHTML, like Gecko) Chrome/134.0.0.0 Mobile Safari/537.36" "0.000 Seconds"
75.97.120.233 - - [01/Apr/2025:17:25:18 +0800] "GET /wp-content/plugins/woo-variation-swatches/assets/css/frontend.min.css?ver=1735134357 HTTP/1.1" 304 0 "https://bt-miners.com/products/iceriver-ae0-aleo-miner-50mh-s-bt-miners/?attribute_condition=June+Batch&attribute_power-supply-unit=Including&gad_source=1&gclid=Cj0KCQjwna6_BhCbARIsALId2Z3aSrfOEMUivb3uiam8pjLnsXffkzgI5SiAboISyZxNOBX-KWPiJwkaAtFNEALw_wcB" "Mozilla/5.0 (Linux; Android 10; K) AppleWebKit/537.36 (KHTML, like Gecko) Chrome/134.0.0.0 Mobile Safari/537.36" "0.000 Seconds"
75.97.120.233 - - [01/Apr/2025:17:25:18 +0800] "GET /wp-content/cache/perfmatters/bt-miners.com/minify/49706804cb75.wc-quantity-increment.min.css?ver=a53d61b19d1e048adadfb3f4c418ba92 HTTP/1.1" 304 0 "https://bt-miners.com/products/iceriver-ae0-aleo-miner-50mh-s-bt-miners/?attribute_condition=June+Batch&attribute_power-supply-unit=Including&gad_source=1&gclid=Cj0KCQjwna6_BhCbARIsALId2Z3aSrfOEMUivb3uiam8pjLnsXffkzgI5SiAboISyZxNOBX-KWPiJwkaAtFNEALw_wcB" "Mozilla/5.0 (Linux; Android 10; K) AppleWebKit/537.36 (KHTML, like Gecko) Chrome/134.0.0.0 Mobile Safari/537.36" "0.000 Seconds"
75.97.120.233 - - [01/Apr/2025:17:25:18 +0800] "GET /wp-content/cache/perfmatters/bt-miners.com/minify/6d402dcf6f71.woocommerce.min.css?ver=1.0.7 HTTP/1.1" 304 0 "https://bt-miners.com/products/iceriver-ae0-aleo-miner-50mh-s-bt-miners/?attribute_condition=June+Batch&attribute_power-supply-unit=Including&gad_source=1&gclid=Cj0KCQjwna6_BhCbARIsALId2Z3aSrfOEMUivb3uiam8pjLnsXffkzgI5SiAboISyZxNOBX-KWPiJwkaAtFNEALw_wcB" "Mozilla/5.0 (Linux; Android 10; K) AppleWebKit/537.36 (KHTML, like Gecko) Chrome/134.0.0.0 Mobile Safari/537.36" "0.000 Seconds"
75.97.120.233 - - [01/Apr/2025:17:25:18 +0800] "GET /wp-content/plugins/woo-wallet/assets/css/frontend.css?ver=1.5.10 HTTP/1.1" 304 0 "https://bt-miners.com/products/iceriver-ae0-aleo-miner-50mh-s-bt-miners/?attribute_condition=June+Batch&attribute_power-supply-unit=Including&gad_source=1&gclid=Cj0KCQjwna6_BhCbARIsALId2Z3aSrfOEMUivb3uiam8pjLnsXffkzgI5SiAboISyZxNOBX-KWPiJwkaAtFNEALw_wcB" "Mozilla/5.0 (Linux; Android 10; K) AppleWebKit/537.36 (KHTML, like Gecko) Chrome/134.0.0.0 Mobile Safari/537.36" "0.000 Seconds"
75.97.120.233 - - [01/Apr/2025:17:25:18 +0800] "GET /wp-content/cache/perfmatters/bt-miners.com/minify/212d7431c418.style.min.css?ver=8.6.4 HTTP/1.1" 304 0 "https://bt-miners.com/products/iceriver-ae0-aleo-miner-50mh-s-bt-miners/?attribute_condition=June+Batch&attribute_power-supply-unit=Including&gad_source=1&gclid=Cj0KCQjwna6_BhCbARIsALId2Z3aSrfOEMUivb3uiam8pjLnsXffkzgI5SiAboISyZxNOBX-KWPiJwkaAtFNEALw_wcB" "Mozilla/5.0 (Linux; Android 10; K) AppleWebKit/537.36 (KHTML, like Gecko) Chrome/134.0.0.0 Mobile Safari/537.36" "0.000 Seconds"
75.97.120.233 - - [01/Apr/2025:17:25:18 +0800] "GET /wp-content/plugins/dokan-lite/assets/vendors/izimodal/iziModal.min.css?ver=1740974858 HTTP/1.1" 304 0 "https://bt-miners.com/products/iceriver-ae0-aleo-miner-50mh-s-bt-miners/?attribute_condition=June+Batch&attribute_power-supply-unit=Including&gad_source=1&gclid=Cj0KCQjwna6_BhCbARIsALId2Z3aSrfOEMUivb3uiam8pjLnsXffkzgI5SiAboISyZxNOBX-KWPiJwkaAtFNEALw_wcB" "Mozilla/5.0 (Linux; Android 10; K) AppleWebKit/537.36 (KHTML, like Gecko) Chrome/134.0.0.0 Mobile Safari/537.36" "0.000 Seconds"
75.97.120.233 - - [01/Apr/2025:17:25:18 +0800] "GET /wp-content/cache/perfmatters/bt-miners.com/minify/0416fa74d786.product-common.min.css HTTP/1.1" 304 0 "https://bt-miners.com/products/iceriver-ae0-aleo-miner-50mh-s-bt-miners/?attribute_condition=June+Batch&attribute_power-supply-unit=Including&gad_source=1&gclid=Cj0KCQjwna6_BhCbARIsALId2Z3aSrfOEMUivb3uiam8pjLnsXffkzgI5SiAboISyZxNOBX-KWPiJwkaAtFNEALw_wcB" "Mozilla/5.0 (Linux; Android 10; K) AppleWebKit/537.36 (KHTML, like Gecko) Chrome/134.0.0.0 Mobile Safari/537.36" "0.000 Seconds"
75.97.120.233 - - [01/Apr/2025:17:25:18 +0800] "GET /wp-content/plugins/woocommerce/assets/css/brands.css?ver=9.7.1 HTTP/1.1" 304 0 "https://bt-miners.com/products/iceriver-ae0-aleo-miner-50mh-s-bt-miners/?attribute_condition=June+Batch&attribute_power-supply-unit=Including&gad_source=1&gclid=Cj0KCQjwna6_BhCbARIsALId2Z3aSrfOEMUivb3uiam8pjLnsXffkzgI5SiAboISyZxNOBX-KWPiJwkaAtFNEALw_wcB" "Mozilla/5.0 (Linux; Android 10; K) AppleWebKit/537.36 (KHTML, like Gecko) Chrome/134.0.0.0 Mobile Safari/537.36" "0.000 Seconds"
75.97.120.233 - - [01/Apr/2025:17:25:18 +0800] "GET /wp-content/cache/perfmatters/bt-miners.com/minify/f939bc2aee8c.select2.min.css?ver=3.14.9 HTTP/1.1" 304 0 "https://bt-miners.com/products/iceriver-ae0-aleo-miner-50mh-s-bt-miners/?attribute_condition=June+Batch&attribute_power-supply-unit=Including&gad_source=1&gclid=Cj0KCQjwna6_BhCbARIsALId2Z3aSrfOEMUivb3uiam8pjLnsXffkzgI5SiAboISyZxNOBX-KWPiJwkaAtFNEALw_wcB" "Mozilla/5.0 (Linux; Android 10; K) AppleWebKit/537.36 (KHTML, like Gecko) Chrome/134.0.0.0 Mobile Safari/537.36" "0.000 Seconds"
75.97.120.233 - - [01/Apr/2025:17:25:18 +0800] "GET /wp-content/plugins/dokan-lite/assets/vendors/font-awesome/css/font-awesome.min.css?ver=3.14.9 HTTP/1.1" 304 0 "https://bt-miners.com/products/iceriver-ae0-aleo-miner-50mh-s-bt-miners/?attribute_condition=June+Batch&attribute_power-supply-unit=Including&gad_source=1&gclid=Cj0KCQjwna6_BhCbARIsALId2Z3aSrfOEMUivb3uiam8pjLnsXffkzgI5SiAboISyZxNOBX-KWPiJwkaAtFNEALw_wcB" "Mozilla/5.0 (Linux; Android 10; K) AppleWebKit/537.36 (KHTML, like Gecko) Chrome/134.0.0.0 Mobile Safari/537.36" "0.000 Seconds"
75.97.120.233 - - [01/Apr/2025:17:25:18 +0800] "GET /wp-content/cache/perfmatters/bt-miners.com/minify/c2dd5926e5c7.btminers_global.min.css?ver=a53d61b19d1e048adadfb3f4c418ba92 HTTP/1.1" 304 0 "https://bt-miners.com/products/iceriver-ae0-aleo-miner-50mh-s-bt-miners/?attribute_condition=June+Batch&attribute_power-supply-unit=Including&gad_source=1&gclid=Cj0KCQjwna6_BhCbARIsALId2Z3aSrfOEMUivb3uiam8pjLnsXffkzgI5SiAboISyZxNOBX-KWPiJwkaAtFNEALw_wcB" "Mozilla/5.0 (Linux; Android 10; K) AppleWebKit/537.36 (KHTML, like Gecko) Chrome/134.0.0.0 Mobile Safari/537.36" "0.000 Seconds"
75.97.120.233 - - [01/Apr/2025:17:25:18 +0800] "GET /wp-content/plugins/woo-product-gallery-slider/assets/css/slick-theme.css?ver=2.3.14 HTTP/1.1" 304 0 "https://bt-miners.com/products/iceriver-ae0-aleo-miner-50mh-s-bt-miners/?attribute_condition=June+Batch&attribute_power-supply-unit=Including&gad_source=1&gclid=Cj0KCQjwna6_BhCbARIsALId2Z3aSrfOEMUivb3uiam8pjLnsXffkzgI5SiAboISyZxNOBX-KWPiJwkaAtFNEALw_wcB" "Mozilla/5.0 (Linux; Android 10; K) AppleWebKit/537.36 (KHTML, like Gecko) Chrome/134.0.0.0 Mobile Safari/537.36" "0.000 Seconds"
75.97.120.233 - - [01/Apr/2025:17:25:18 +0800] "GET /wp-content/plugins/woo-product-gallery-slider/assets/css/font/flaticon.css?ver=2.3.14 HTTP/1.1" 304 0 "https://bt-miners.com/products/iceriver-ae0-aleo-miner-50mh-s-bt-miners/?attribute_condition=June+Batch&attribute_power-supply-unit=Including&gad_source=1&gclid=Cj0KCQjwna6_BhCbARIsALId2Z3aSrfOEMUivb3uiam8pjLnsXffkzgI5SiAboISyZxNOBX-KWPiJwkaAtFNEALw_wcB" "Mozilla/5.0 (Linux; Android 10; K) AppleWebKit/537.36 (KHTML, like Gecko) Chrome/134.0.0.0 Mobile Safari/537.36" "0.000 Seconds"
75.97.120.233 - - [01/Apr/2025:17:25:18 +0800] "GET /wp-content/cache/perfmatters/bt-miners.com/minify/4b08ad333383.all.min.css?ver=5.13.0 HTTP/1.1" 304 0 "https://bt-miners.com/products/iceriver-ae0-aleo-miner-50mh-s-bt-miners/?attribute_condition=June+Batch&attribute_power-supply-unit=Including&gad_source=1&gclid=Cj0KCQjwna6_BhCbARIsALId2Z3aSrfOEMUivb3uiam8pjLnsXffkzgI5SiAboISyZxNOBX-KWPiJwkaAtFNEALw_wcB" "Mozilla/5.0 (Linux; Android 10; K) AppleWebKit/537.36 (KHTML, like Gecko) Chrome/134.0.0.0 Mobile Safari/537.36" "0.000 Seconds"
75.97.120.233 - - [01/Apr/2025:17:25:18 +0800] "GET /wp-content/cache/perfmatters/bt-miners.com/minify/5e9d70d72dbb.themify-icons.min.css?ver=1.0.0 HTTP/1.1" 304 0 "https://bt-miners.com/products/iceriver-ae0-aleo-miner-50mh-s-bt-miners/?attribute_condition=June+Batch&attribute_power-supply-unit=Including&gad_source=1&gclid=Cj0KCQjwna6_BhCbARIsALId2Z3aSrfOEMUivb3uiam8pjLnsXffkzgI5SiAboISyZxNOBX-KWPiJwkaAtFNEALw_wcB" "Mozilla/5.0 (Linux; Android 10; K) AppleWebKit/537.36 (KHTML, like Gecko) Chrome/134.0.0.0 Mobile Safari/537.36" "0.000 Seconds"
75.97.120.233 - - [01/Apr/2025:17:25:18 +0800] "GET /wp-content/cache/perfmatters/bt-miners.com/minify/33e7f875c221.v4-shims.min.css?ver=5.13.0 HTTP/1.1" 304 0 "https://bt-miners.com/products/iceriver-ae0-aleo-miner-50mh-s-bt-miners/?attribute_condition=June+Batch&attribute_power-supply-unit=Including&gad_source=1&gclid=Cj0KCQjwna6_BhCbARIsALId2Z3aSrfOEMUivb3uiam8pjLnsXffkzgI5SiAboISyZxNOBX-KWPiJwkaAtFNEALw_wcB" "Mozilla/5.0 (Linux; Android 10; K) AppleWebKit/537.36 (KHTML, like Gecko) Chrome/134.0.0.0 Mobile Safari/537.36" "0.000 Seconds"
75.97.120.233 - - [01/Apr/2025:17:25:18 +0800] "GET /wp-content/plugins/woo-product-gallery-slider/assets/css/jquery.fancybox.min.css?ver=2.3.14 HTTP/1.1" 304 0 "https://bt-miners.com/products/iceriver-ae0-aleo-miner-50mh-s-bt-miners/?attribute_condition=June+Batch&attribute_power-supply-unit=Including&gad_source=1&gclid=Cj0KCQjwna6_BhCbARIsALId2Z3aSrfOEMUivb3uiam8pjLnsXffkzgI5SiAboISyZxNOBX-KWPiJwkaAtFNEALw_wcB" "Mozilla/5.0 (Linux; Android 10; K) AppleWebKit/537.36 (KHTML, like Gecko) Chrome/134.0.0.0 Mobile Safari/537.36" "0.000 Seconds"
75.97.120.233 - - [01/Apr/2025:17:25:18 +0800] "GET /wp-content/cache/perfmatters/bt-miners.com/minify/c03fe8704d90.magnific-popup.min.css?ver=1.1.0 HTTP/1.1" 304 0 "https://bt-miners.com/products/iceriver-ae0-aleo-miner-50mh-s-bt-miners/?attribute_condition=June+Batch&attribute_power-supply-unit=Including&gad_source=1&gclid=Cj0KCQjwna6_BhCbARIsALId2Z3aSrfOEMUivb3uiam8pjLnsXffkzgI5SiAboISyZxNOBX-KWPiJwkaAtFNEALw_wcB" "Mozilla/5.0 (Linux; Android 10; K) AppleWebKit/537.36 (KHTML, like Gecko) Chrome/134.0.0.0 Mobile Safari/537.36" "0.000 Seconds"
75.97.120.233 - - [01/Apr/2025:17:25:18 +0800] "GET /wp-content/cache/perfmatters/bt-miners.com/minify/37e604085852.bootstrap.min.css?ver=3.2.0 HTTP/1.1" 304 0 "https://bt-miners.com/products/iceriver-ae0-aleo-miner-50mh-s-bt-miners/?attribute_condition=June+Batch&attribute_power-supply-unit=Including&gad_source=1&gclid=Cj0KCQjwna6_BhCbARIsALId2Z3aSrfOEMUivb3uiam8pjLnsXffkzgI5SiAboISyZxNOBX-KWPiJwkaAtFNEALw_wcB" "Mozilla/5.0 (Linux; Android 10; K) AppleWebKit/537.36 (KHTML, like Gecko) Chrome/134.0.0.0 Mobile Safari/537.36" "0.000 Seconds"
75.97.120.233 - - [01/Apr/2025:17:25:18 +0800] "GET /wp-content/cache/perfmatters/bt-miners.com/minify/8a4ede6a016b.animate.min.css?ver=3.6.0 HTTP/1.1" 304 0 "https://bt-miners.com/products/iceriver-ae0-aleo-miner-50mh-s-bt-miners/?attribute_condition=June+Batch&attribute_power-supply-unit=Including&gad_source=1&gclid=Cj0KCQjwna6_BhCbARIsALId2Z3aSrfOEMUivb3uiam8pjLnsXffkzgI5SiAboISyZxNOBX-KWPiJwkaAtFNEALw_wcB" "Mozilla/5.0 (Linux; Android 10; K) AppleWebKit/537.36 (KHTML, like Gecko) Chrome/134.0.0.0 Mobile Safari/537.36" "0.000 Seconds"
75.97.120.233 - - [01/Apr/2025:17:25:18 +0800] "GET /wp-content/themes/azuri/css/perfect-scrollbar.css?ver=0.6.12 HTTP/1.1" 304 0 "https://bt-miners.com/products/iceriver-ae0-aleo-miner-50mh-s-bt-miners/?attribute_condition=June+Batch&attribute_power-supply-unit=Including&gad_source=1&gclid=Cj0KCQjwna6_BhCbARIsALId2Z3aSrfOEMUivb3uiam8pjLnsXffkzgI5SiAboISyZxNOBX-KWPiJwkaAtFNEALw_wcB" "Mozilla/5.0 (Linux; Android 10; K) AppleWebKit/537.36 (KHTML, like Gecko) Chrome/134.0.0.0 Mobile Safari/537.36" "0.000 Seconds"
75.97.120.233 - - [01/Apr/2025:17:25:18 +0800] "GET /wp-content/themes/azuri/css/sliding-menu.min.css?ver=0.3.0 HTTP/1.1" 304 0 "https://bt-miners.com/products/iceriver-ae0-aleo-miner-50mh-s-bt-miners/?attribute_condition=June+Batch&attribute_power-supply-unit=Including&gad_source=1&gclid=Cj0KCQjwna6_BhCbARIsALId2Z3aSrfOEMUivb3uiam8pjLnsXffkzgI5SiAboISyZxNOBX-KWPiJwkaAtFNEALw_wcB" "Mozilla/5.0 (Linux; Android 10; K) AppleWebKit/537.36 (KHTML, like Gecko) Chrome/134.0.0.0 Mobile Safari/537.36" "0.000 Seconds"
75.97.120.233 - - [01/Apr/2025:17:25:18 +0800] "GET /wp-content/cache/perfmatters/bt-miners.com/minify/6ceb4463ffbd.template.min.css?ver=1.0 HTTP/1.1" 304 0 "https://bt-miners.com/products/iceriver-ae0-aleo-miner-50mh-s-bt-miners/?attribute_condition=June+Batch&attribute_power-supply-unit=Including&gad_source=1&gclid=Cj0KCQjwna6_BhCbARIsALId2Z3aSrfOEMUivb3uiam8pjLnsXffkzgI5SiAboISyZxNOBX-KWPiJwkaAtFNEALw_wcB" "Mozilla/5.0 (Linux; Android 10; K) AppleWebKit/537.36 (KHTML, like Gecko) Chrome/134.0.0.0 Mobile Safari/537.36" "0.000 Seconds"
75.97.120.233 - - [01/Apr/2025:17:25:18 +0800] "GET /wp-content/cache/perfmatters/bt-miners.com/minify/633d5f473903.style.min.css?ver=a53d61b19d1e048adadfb3f4c418ba92 HTTP/1.1" 304 0 "https://bt-miners.com/products/iceriver-ae0-aleo-miner-50mh-s-bt-miners/?attribute_condition=June+Batch&attribute_power-supply-unit=Including&gad_source=1&gclid=Cj0KCQjwna6_BhCbARIsALId2Z3aSrfOEMUivb3uiam8pjLnsXffkzgI5SiAboISyZxNOBX-KWPiJwkaAtFNEALw_wcB" "Mozilla/5.0 (Linux; Android 10; K) AppleWebKit/537.36 (KHTML, like Gecko) Chrome/134.0.0.0 Mobile Safari/537.36" "0.000 Seconds"
75.97.120.233 - - [01/Apr/2025:17:25:18 +0800] "GET /wp-content/cache/perfmatters/bt-miners.com/minify/3906c4612527.style.min.css?ver=1.0 HTTP/1.1" 304 0 "https://bt-miners.com/products/iceriver-ae0-aleo-miner-50mh-s-bt-miners/?attribute_condition=June+Batch&attribute_power-supply-unit=Including&gad_source=1&gclid=Cj0KCQjwna6_BhCbARIsALId2Z3aSrfOEMUivb3uiam8pjLnsXffkzgI5SiAboISyZxNOBX-KWPiJwkaAtFNEALw_wcB" "Mozilla/5.0 (Linux; Android 10; K) AppleWebKit/537.36 (KHTML, like Gecko) Chrome/134.0.0.0 Mobile Safari/537.36" "0.000 Seconds"
75.97.120.233 - - [01/Apr/2025:17:25:18 +0800] "GET /wp-content/plugins/wpforms/assets/css/frontend/modern/wpforms-full.min.css?ver=1.9.2.3 HTTP/1.1" 304 0 "https://bt-miners.com/products/iceriver-ae0-aleo-miner-50mh-s-bt-miners/?attribute_condition=June+Batch&attribute_power-supply-unit=Including&gad_source=1&gclid=Cj0KCQjwna6_BhCbARIsALId2Z3aSrfOEMUivb3uiam8pjLnsXffkzgI5SiAboISyZxNOBX-KWPiJwkaAtFNEALw_wcB" "Mozilla/5.0 (Linux; Android 10; K) AppleWebKit/537.36 (KHTML, like Gecko) Chrome/134.0.0.0 Mobile Safari/537.36" "0.000 Seconds"
75.97.120.233 - - [01/Apr/2025:17:25:18 +0800] "GET /wp-content/plugins/wpforms/assets/pro/css/frontend/modern/wpforms-full.min.css?ver=1.9.2.3 HTTP/1.1" 304 0 "https://bt-miners.com/products/iceriver-ae0-aleo-miner-50mh-s-bt-miners/?attribute_condition=June+Batch&attribute_power-supply-unit=Including&gad_source=1&gclid=Cj0KCQjwna6_BhCbARIsALId2Z3aSrfOEMUivb3uiam8pjLnsXffkzgI5SiAboISyZxNOBX-KWPiJwkaAtFNEALw_wcB" "Mozilla/5.0 (Linux; Android 10; K) AppleWebKit/537.36 (KHTML, like Gecko) Chrome/134.0.0.0 Mobile Safari/537.36" "0.000 Seconds"
75.97.120.233 - - [01/Apr/2025:17:25:18 +0800] "GET /wp-content/plugins/woocommerce/assets/client/blocks/wc-blocks.css?ver=wc-9.7.1 HTTP/1.1" 304 0 "https://bt-miners.com/products/iceriver-ae0-aleo-miner-50mh-s-bt-miners/?attribute_condition=June+Batch&attribute_power-supply-unit=Including&gad_source=1&gclid=Cj0KCQjwna6_BhCbARIsALId2Z3aSrfOEMUivb3uiam8pjLnsXffkzgI5SiAboISyZxNOBX-KWPiJwkaAtFNEALw_wcB" "Mozilla/5.0 (Linux; Android 10; K) AppleWebKit/537.36 (KHTML, like Gecko) Chrome/134.0.0.0 Mobile Safari/537.36" "0.000 Seconds"
75.97.120.233 - - [01/Apr/2025:17:25:18 +0800] "GET /wp-content/plugins/woo-product-gallery-slider/assets/css/font/Flaticon.woff HTTP/1.1" 304 0 "https://bt-miners.com/wp-content/plugins/woo-product-gallery-slider/assets/css/font/flaticon.css?ver=2.3.14" "Mozilla/5.0 (Linux; Android 10; K) AppleWebKit/537.36 (KHTML, like Gecko) Chrome/134.0.0.0 Mobile Safari/537.36" "0.000 Seconds"
75.97.120.233 - - [01/Apr/2025:17:25:18 +0800] "POST /wp-admin/admin-ajax.php HTTP/1.1" 200 31 "https://bt-miners.com/products/iceriver-ae0-aleo-miner-50mh-s-bt-miners/?attribute_condition=June+Batch&attribute_power-supply-unit=Including&gad_source=1&gclid=Cj0KCQjwna6_BhCbARIsALId2Z3aSrfOEMUivb3uiam8pjLnsXffkzgI5SiAboISyZxNOBX-KWPiJwkaAtFNEALw_wcB" "Mozilla/5.0 (Linux; Android 10; K) AppleWebKit/537.36 (KHTML, like Gecko) Chrome/134.0.0.0 Mobile Safari/537.36" "0.478 Seconds"
3.222.106.115 - - [01/Apr/2025:17:25:20 +0800] "POST /wp-cron.php?doing_wp_cron=1743499520.5394558906555175781250 HTTP/1.1" 200 31 "-" "WordPress/6.7.1; https://bt-miners.com" "0.000 Seconds"
212.107.29.89 - - [01/Apr/2025:17:25:20 +0800] "POST /wp-admin/admin-ajax.php HTTP/1.1" 200 31 "https://bt-miners.com/wp-admin/post.php?post=70797&action=edit" "Mozilla/5.0 (Windows NT 10.0; Win64; x64) AppleWebKit/537.36 (KHTML, like Gecko) Chrome/122.0.0.0 Safari/537.36" "0.421 Seconds"
54.38.96.35,54.38.96.35 - - [01/Apr/2025:17:25:20 +0800] "GET /?s=ANTMINER+S19%2BHYD HTTP/1.1" 200 58214 "https://zh-cn.bt-miners.com/?s=ANTMINER+S19&post_type=product" "Mozilla/5.0 (Windows NT 10.0; Win64; x64) AppleWebKit/537.36 (KHTML, like Gecko) Chrome/134.0.0.0 Safari/537.36 Edg/134.0.0.0" "0.548 Seconds"
240e:3b2:3232:4a70:7058:7862:f44b:6b0 - - [01/Apr/2025:17:25:22 +0800] "POST /wp-admin/admin-ajax.php HTTP/1.1" 200 43 "https://bt-miners.com/wp-admin/" "Mozilla/5.0 (Windows NT 10.0; Win64; x64) AppleWebKit/537.36 (KHTML, like Gecko) Chrome/119.0.0.0 Safari/537.36" "0.390 Seconds"
3.222.106.115 - - [01/Apr/2025:17:25:28 +0800] "POST /wp-cron.php?doing_wp_cron=1743499528.0531859397888183593750 HTTP/1.1" 200 31 "-" "WordPress/6.7.1; https://bt-miners.com" "0.001 Seconds"
83.99.151.70,83.99.151.70 - - [01/Apr/2025:17:25:28 +0800] "GET /collections/bitcoin-miners/page/3/?display_mode=grid HTTP/1.1" 200 67683 "-" "Mozilla/5.0 AppleWebKit/537.36 (KHTML, like Gecko; compatible; GeedoProductSearch; +http://www.geedo.com/product-search.html) Chrome/79.0.3945.88 Safari/537.36" "0.936 Seconds"
54.158.124.156,54.158.124.156 - - [01/Apr/2025:17:25:29 +0800] "GET /?debug=kuma-uptime HTTP/1.1" 200 89439 "-" "Uptime-Kuma/1.23.16" "1.589 Seconds"
170.187.181.77 - - [01/Apr/2025:17:25:29 +0800] "POST /wp-admin/admin-ajax.php HTTP/1.1" 200 43 "https://bt-miners.com/wp-admin/admin.php?page=wc-settings&tab=advanced&section=keys" "Mozilla/5.0 (Windows NT 10.0; Win64; x64) AppleWebKit/537.36 (KHTML, like Gecko) Chrome/134.0.0.0 Safari/537.36" "0.414 Seconds"
52.167.144.204,52.167.144.204 - - [01/Apr/2025:17:25:30 +0800] "GET /?s=foreign+remittance+tCS+RATE HTTP/1.1" 200 56784 "-" "Mozilla/5.0 AppleWebKit/537.36 (KHTML, like Gecko; compatible; bingbot/2.0; +http://www.bing.com/bingbot.htm) Chrome/116.0.1938.76 Safari/537.36" "0.534 Seconds"
27.119.30.203,54.37.215.163 - - [01/Apr/2025:17:25:31 +0800] "POST /wp-login.php HTTP/1.1" 200 4004 "-" "Mozilla/4.0 (compatible; MSIE 6.0; Windows NT 5.0)" "0.637 Seconds"
2a00:fbc:eed8:9eaa::2 - - [01/Apr/2025:17:25:32 +0800] "POST /wp-admin/admin-ajax.php HTTP/1.1" 200 31 "https://bt-miners.com/products/bitmain-antminer-s19j-pro-bitcoin-miner-100th-s-bt-miners/" "Mozilla/5.0 (Linux; Android 10; K) AppleWebKit/537.36 (KHTML, like Gecko) Chrome/134.0.0.0 Mobile Safari/537.36" "0.450 Seconds"
47.238.13.9,47.238.13.9 - - [01/Apr/2025:17:25:33 +0800] "GET /about-radiant/ HTTP/1.1" 200 61852 "-" "Mozilla/5.0 (Macintosh; Intel Mac OS X 10_15_7) AppleWebKit/537.36 (KHTML, like Gecko) Chrome/109.0.0.0 Safari/537.36" "0.463 Seconds"
58.136.167.123 - - [01/Apr/2025:17:25:38 +0800] "GET /wp-content/themes/azuri/assets/images/header-account.svg HTTP/1.1" 304 0 "https://bt-miners.com/products/bitmain-antminer-s21e-xp-hyd-3u-bitcoin-miner-860th-s-bt-miners/" "Mozilla/5.0 (Windows NT 10.0; Win64; x64) AppleWebKit/537.36 (KHTML, like Gecko) Chrome/134.0.0.0 Safari/537.36" "0.000 Seconds"
240e:3b2:3232:4a70:7058:7862:f44b:6b0 - - [01/Apr/2025:17:25:38 +0800] "POST /wp-admin/admin-ajax.php HTTP/1.1" 200 31 "https://bt-miners.com/wp-admin/" "Mozilla/5.0 (Windows NT 10.0; Win64; x64) AppleWebKit/537.36 (KHTML, like Gecko) Chrome/119.0.0.0 Safari/537.36" "0.400 Seconds"
58.136.167.123 - - [01/Apr/2025:17:25:38 +0800] "GET /wp-content/themes/azuri/assets/images/header-car.svg HTTP/1.1" 304 0 "https://bt-miners.com/products/bitmain-antminer-s21e-xp-hyd-3u-bitcoin-miner-860th-s-bt-miners/" "Mozilla/5.0 (Windows NT 10.0; Win64; x64) AppleWebKit/537.36 (KHTML, like Gecko) Chrome/134.0.0.0 Safari/537.36" "0.000 Seconds"
58.136.167.123 - - [01/Apr/2025:17:25:38 +0800] "GET /wp-content/themes/azuri/assets/images/header-search.svg HTTP/1.1" 304 0 "https://bt-miners.com/products/bitmain-antminer-s21e-xp-hyd-3u-bitcoin-miner-860th-s-bt-miners/" "Mozilla/5.0 (Windows NT 10.0; Win64; x64) AppleWebKit/537.36 (KHTML, like Gecko) Chrome/134.0.0.0 Safari/537.36" "0.000 Seconds"
58.136.167.123 - - [01/Apr/2025:17:25:39 +0800] "GET /wp-content/themes/azuri/assets/images/2025/02/boost250217.png HTTP/1.1" 304 0 "https://bt-miners.com/products/bitmain-antminer-s21e-xp-hyd-3u-bitcoin-miner-860th-s-bt-miners/" "Mozilla/5.0 (Windows NT 10.0; Win64; x64) AppleWebKit/537.36 (KHTML, like Gecko) Chrome/134.0.0.0 Safari/537.36" "0.000 Seconds"
58.136.167.123 - - [01/Apr/2025:17:25:39 +0800] "GET /wp-content/themes/azuri/assets/images/2025/02/ideal250217.png HTTP/1.1" 304 0 "https://bt-miners.com/products/bitmain-antminer-s21e-xp-hyd-3u-bitcoin-miner-860th-s-bt-miners/" "Mozilla/5.0 (Windows NT 10.0; Win64; x64) AppleWebKit/537.36 (KHTML, like Gecko) Chrome/134.0.0.0 Safari/537.36" "0.000 Seconds"
58.136.167.123 - - [01/Apr/2025:17:25:39 +0800] "GET /wp-content/themes/azuri/assets/images/2025/02/amex250217.png HTTP/1.1" 304 0 "https://bt-miners.com/products/bitmain-antminer-s21e-xp-hyd-3u-bitcoin-miner-860th-s-bt-miners/" "Mozilla/5.0 (Windows NT 10.0; Win64; x64) AppleWebKit/537.36 (KHTML, like Gecko) Chrome/134.0.0.0 Safari/537.36" "0.000 Seconds"
58.136.167.123 - - [01/Apr/2025:17:25:39 +0800] "GET /wp-content/themes/azuri/assets/images/2025/02/pix250217.png HTTP/1.1" 304 0 "https://bt-miners.com/products/bitmain-antminer-s21e-xp-hyd-3u-bitcoin-miner-860th-s-bt-miners/" "Mozilla/5.0 (Windows NT 10.0; Win64; x64) AppleWebKit/537.36 (KHTML, like Gecko) Chrome/134.0.0.0 Safari/537.36" "0.000 Seconds"
58.136.167.123 - - [01/Apr/2025:17:25:39 +0800] "GET /wp-content/themes/azuri/assets/images/2025/02/discover250217.png HTTP/1.1" 304 0 "https://bt-miners.com/products/bitmain-antminer-s21e-xp-hyd-3u-bitcoin-miner-860th-s-bt-miners/" "Mozilla/5.0 (Windows NT 10.0; Win64; x64) AppleWebKit/537.36 (KHTML, like Gecko) Chrome/134.0.0.0 Safari/537.36" "0.000 Seconds"
