2603:6000:dc00:b5ce:c4f3:a729:9bf4:cb05 - - [01/Apr/2025:17:21:05 +0800] "GET /wp-includes/js/dist/vendor/wp-polyfill.min.js?ver=3.15.0 HTTP/1.1" 304 0 "https://bt-miners.com/collections/asics-miners/" "Mozilla/5.0 (Linux; Android 12; moto g power (2022) Build/S3RQS32.20-42-10-12-5-7; wv) AppleWebKit/537.36 (KHTML, like Gecko) Version/4.0 Chrome/134.0.6998.135 Mobile Safari/537.36" "0.000 Seconds"
2603:6000:dc00:b5ce:c4f3:a729:9bf4:cb05 - - [01/Apr/2025:17:21:05 +0800] "GET /wp-content/cache/perfmatters/bt-miners.com/minify/73d75dc77794.wc-quantity-increment.min.js?ver=20150330 HTTP/1.1" 304 0 "https://bt-miners.com/collections/asics-miners/" "Mozilla/5.0 (Linux; Android 12; moto g power (2022) Build/S3RQS32.20-42-10-12-5-7; wv) AppleWebKit/537.36 (KHTML, like Gecko) Version/4.0 Chrome/134.0.6998.135 Mobile Safari/537.36" "0.000 Seconds"
2603:6000:dc00:b5ce:c4f3:a729:9bf4:cb05 - - [01/Apr/2025:17:21:05 +0800] "GET /wp-content/cache/perfmatters/bt-miners.com/minify/3c52e2191862.woocommerce.min.js?ver=20150330 HTTP/1.1" 304 0 "https://bt-miners.com/collections/asics-miners/" "Mozilla/5.0 (Linux; Android 12; moto g power (2022) Build/S3RQS32.20-42-10-12-5-7; wv) AppleWebKit/537.36 (KHTML, like Gecko) Version/4.0 Chrome/134.0.6998.135 Mobile Safari/537.36" "0.000 Seconds"
2603:6000:dc00:b5ce:c4f3:a729:9bf4:cb05 - - [01/Apr/2025:17:21:05 +0800] "GET /wp-content/cache/perfmatters/bt-miners.com/minify/b7c85c37cf76.new-common.min.js?ver=1735869536 HTTP/1.1" 304 0 "https://bt-miners.com/collections/asics-miners/" "Mozilla/5.0 (Linux; Android 12; moto g power (2022) Build/S3RQS32.20-42-10-12-5-7; wv) AppleWebKit/537.36 (KHTML, like Gecko) Version/4.0 Chrome/134.0.6998.135 Mobile Safari/537.36" "0.000 Seconds"
2603:6000:dc00:b5ce:c4f3:a729:9bf4:cb05 - - [01/Apr/2025:17:21:05 +0800] "GET /wp-content/plugins/woocommerce/assets/js/sourcebuster/sourcebuster.min.js?ver=9.7.1 HTTP/1.1" 304 0 "https://bt-miners.com/collections/asics-miners/" "Mozilla/5.0 (Linux; Android 12; moto g power (2022) Build/S3RQS32.20-42-10-12-5-7; wv) AppleWebKit/537.36 (KHTML, like Gecko) Version/4.0 Chrome/134.0.6998.135 Mobile Safari/537.36" "0.000 Seconds"
2603:6000:dc00:b5ce:c4f3:a729:9bf4:cb05 - - [01/Apr/2025:17:21:05 +0800] "GET /wp-content/plugins/woocommerce/assets/js/frontend/order-attribution.min.js?ver=9.7.1 HTTP/1.1" 304 0 "https://bt-miners.com/collections/asics-miners/" "Mozilla/5.0 (Linux; Android 12; moto g power (2022) Build/S3RQS32.20-42-10-12-5-7; wv) AppleWebKit/537.36 (KHTML, like Gecko) Version/4.0 Chrome/134.0.6998.135 Mobile Safari/537.36" "0.000 Seconds"
2603:6000:dc00:b5ce:c4f3:a729:9bf4:cb05 - - [01/Apr/2025:17:21:05 +0800] "GET /wp-content/cache/perfmatters/bt-miners.com/minify/0df57bc20920.whatsapp-popup.min.js?ver=3.6.9 HTTP/1.1" 304 0 "https://bt-miners.com/collections/asics-miners/" "Mozilla/5.0 (Linux; Android 12; moto g power (2022) Build/S3RQS32.20-42-10-12-5-7; wv) AppleWebKit/537.36 (KHTML, like Gecko) Version/4.0 Chrome/134.0.6998.135 Mobile Safari/537.36" "0.000 Seconds"
2603:6000:dc00:b5ce:c4f3:a729:9bf4:cb05 - - [01/Apr/2025:17:21:05 +0800] "GET /wp-content/plugins/woocommerce/assets/js/frontend/add-to-cart-variation.min.js?ver=9.7.1 HTTP/1.1" 304 0 "https://bt-miners.com/collections/asics-miners/" "Mozilla/5.0 (Linux; Android 12; moto g power (2022) Build/S3RQS32.20-42-10-12-5-7; wv) AppleWebKit/537.36 (KHTML, like Gecko) Version/4.0 Chrome/134.0.6998.135 Mobile Safari/537.36" "0.000 Seconds"
2603:6000:dc00:b5ce:c4f3:a729:9bf4:cb05 - - [01/Apr/2025:17:21:05 +0800] "GET /wp-content/plugins/woocommerce/assets/js/frontend/add-to-cart.min.js?ver=9.7.1 HTTP/1.1" 304 0 "https://bt-miners.com/collections/asics-miners/" "Mozilla/5.0 (Linux; Android 12; moto g power (2022) Build/S3RQS32.20-42-10-12-5-7; wv) AppleWebKit/537.36 (KHTML, like Gecko) Version/4.0 Chrome/134.0.6998.135 Mobile Safari/537.36" "0.000 Seconds"
2603:6000:dc00:b5ce:c4f3:a729:9bf4:cb05 - - [01/Apr/2025:17:21:05 +0800] "GET /wp-content/plugins/woocommerce/assets/js/js-cookie/js.cookie.min.js?ver=2.1.4-wc.9.7.1 HTTP/1.1" 304 0 "https://bt-miners.com/collections/asics-miners/" "Mozilla/5.0 (Linux; Android 12; moto g power (2022) Build/S3RQS32.20-42-10-12-5-7; wv) AppleWebKit/537.36 (KHTML, like Gecko) Version/4.0 Chrome/134.0.6998.135 Mobile Safari/537.36" "0.000 Seconds"
2603:6000:dc00:b5ce:c4f3:a729:9bf4:cb05 - - [01/Apr/2025:17:21:05 +0800] "GET /wp-content/plugins/woocommerce/assets/js/selectWoo/selectWoo.full.min.js?ver=1.0.9-wc.9.7.1 HTTP/1.1" 304 0 "https://bt-miners.com/collections/asics-miners/" "Mozilla/5.0 (Linux; Android 12; moto g power (2022) Build/S3RQS32.20-42-10-12-5-7; wv) AppleWebKit/537.36 (KHTML, like Gecko) Version/4.0 Chrome/134.0.6998.135 Mobile Safari/537.36" "0.000 Seconds"
2603:6000:dc00:b5ce:c4f3:a729:9bf4:cb05 - - [01/Apr/2025:17:21:05 +0800] "GET /wp-content/plugins/perfmatters/vendor/instant-page/pminstantpage.min.js?ver=2.3.6 HTTP/1.1" 304 0 "https://bt-miners.com/collections/asics-miners/" "Mozilla/5.0 (Linux; Android 12; moto g power (2022) Build/S3RQS32.20-42-10-12-5-7; wv) AppleWebKit/537.36 (KHTML, like Gecko) Version/4.0 Chrome/134.0.6998.135 Mobile Safari/537.36" "0.000 Seconds"
2603:6000:dc00:b5ce:c4f3:a729:9bf4:cb05 - - [01/Apr/2025:17:21:05 +0800] "GET /wp-content/plugins/woocommerce/assets/js/frontend/woocommerce.min.js?ver=9.7.1 HTTP/1.1" 304 0 "https://bt-miners.com/collections/asics-miners/" "Mozilla/5.0 (Linux; Android 12; moto g power (2022) Build/S3RQS32.20-42-10-12-5-7; wv) AppleWebKit/537.36 (KHTML, like Gecko) Version/4.0 Chrome/134.0.6998.135 Mobile Safari/537.36" "0.000 Seconds"
185.218.124.157,185.218.124.157 - - [01/Apr/2025:17:21:06 +0800] "GET /xmlrpc.php HTTP/1.1" 403 64 "http://bt-miners.com" "Mozilla/5.0 (Macintosh; Intel Mac OS X 10_15_7) AppleWebKit/537.36 (KHTML, like Gecko) Chrome/114.0.5735.134 Safari/537.36" "0.297 Seconds"
219.133.248.83,219.133.248.83 - - [01/Apr/2025:17:21:07 +0800] "GET /wp-json/wc/v3/orders?customer=20009&per_page=20&page=1&order=desc&orderby=id&dummy=1743499265109&BTAPP=305dc89c571ae63597b7491643e9b123&timestamp=1743499265109&order_type=3&consumer_key=ck_368292ab2d1fc81f564ec5bb31917429689244e7&consumer_secret=cs_8a3d609f77c939aa6f3912e300201e2eb55a5367 HTTP/1.1" 200 907723 "-" "Dart/3.5 (dart:io)" "2.192 Seconds"
54.158.124.156,54.158.124.156 - - [01/Apr/2025:17:21:09 +0800] "GET /?debug=kuma-uptime HTTP/1.1" 200 89378 "-" "Uptime-Kuma/1.23.16" "1.572 Seconds"
71.63.228.216,71.63.228.216 - - [01/Apr/2025:17:21:11 +0800] "GET /products/water-cooling-series-antminer-s19-s21-whatsminer-m33-m53-m63-hydro-water-drain-cooler-bt-miners/ HTTP/1.1" 200 88501 "https://bt-miners.com/products/bitmain-antminer-s21-xp-hyd-bitcoin-miner-473th-s-bt-miners/" "Mozilla/5.0 (Windows NT 10.0; Win64; x64) AppleWebKit/537.36 (KHTML, like Gecko) Chrome/134.0.0.0 Safari/537.36" "0.614 Seconds"
83.99.151.65,83.99.151.65 - - [01/Apr/2025:17:21:12 +0800] "GET /collections/algo/blake3/?display_mode=grid HTTP/1.1" 200 64144 "-" "Mozilla/5.0 AppleWebKit/537.36 (KHTML, like Gecko; compatible; GeedoProductSearch; +http://www.geedo.com/product-search.html) Chrome/79.0.3945.88 Safari/537.36" "0.535 Seconds"
240e:3b2:3232:4a70:7058:7862:f44b:6b0 - - [01/Apr/2025:17:21:13 +0800] "POST /wp-admin/admin-ajax.php HTTP/1.1" 200 43 "https://bt-miners.com/wp-admin/post.php?post=67951&action=edit" "Mozilla/5.0 (Windows NT 10.0; Win64; x64) AppleWebKit/537.36 (KHTML, like Gecko) Chrome/119.0.0.0 Safari/537.36" "0.384 Seconds"
240e:3b2:3232:4a70:7058:7862:f44b:6b0 - - [01/Apr/2025:17:21:13 +0800] "POST /wp-admin/admin-ajax.php HTTP/1.1" 200 43 "https://bt-miners.com/wp-admin/post.php?post=67951&action=edit" "Mozilla/5.0 (Windows NT 10.0; Win64; x64) AppleWebKit/537.36 (KHTML, like Gecko) Chrome/119.0.0.0 Safari/537.36" "0.729 Seconds"
3.110.181.55,3.110.181.55 - - [01/Apr/2025:17:21:16 +0800] "GET /products/goldshell-al-box-iii-alephium-miner-1-25th-s-bt-miners/ HTTP/1.1" 200 121558 "-" "Mozilla/5.0 (Windows NT 10.0; Win64; x64) AppleWebKit/537.36 (KHTML, like Gecko) Chrome/89.0.4342.0 Safari/537.36" "1.643 Seconds"
3.222.106.115 - - [01/Apr/2025:17:21:16 +0800] "POST /wp-cron.php?doing_wp_cron=1743499276.7970819473266601562500 HTTP/1.1" 200 31 "-" "WordPress/6.7.1; https://bt-miners.com" "0.000 Seconds"
67.189.107.113 - - [01/Apr/2025:17:21:16 +0800] "POST /wp-admin/admin-ajax.php HTTP/1.1" 200 31 "https://bt-miners.com/products/iceriver-ae0-aleo-miner-50mh-s-bt-miners/" "Mozilla/5.0 (Windows NT 10.0; Win64; x64) AppleWebKit/537.36 (KHTML, like Gecko) Chrome/128.0.0.0 Safari/537.36" "0.503 Seconds"
219.133.248.83 - - [01/Apr/2025:17:21:18 +0800] "POST /wp-json/api/flutter_rental/get_mining_pools?BTAPP=dce3a02d6a39300a0f58971c0697d065&timestamp=1743499277923 HTTP/1.1" 200 591 "-" "Dart/3.5 (dart:io)" "0.158 Seconds"
71.63.228.216 - - [01/Apr/2025:17:21:19 +0800] "POST /wp-admin/admin-ajax.php HTTP/1.1" 200 31 "https://bt-miners.com/products/water-cooling-series-antminer-s19-s21-whatsminer-m33-m53-m63-hydro-water-drain-cooler-bt-miners/" "Mozilla/5.0 (Windows NT 10.0; Win64; x64) AppleWebKit/537.36 (KHTML, like Gecko) Chrome/134.0.0.0 Safari/537.36" "0.485 Seconds"
83.99.151.66,83.99.151.66 - - [01/Apr/2025:17:21:21 +0800] "GET /wp-login.php?redirect_to=https%3A%2F%2Fbt-miners.com%2Fwhat-happens-when-all-bitcoins-are-mined-and-more%2F HTTP/1.1" 200 3894 "-" "Mozilla/5.0 AppleWebKit/537.36 (KHTML, like Gecko; compatible; GeedoProductSearch; +http://www.geedo.com/product-search.html) Chrome/79.0.3945.88 Safari/537.36" "0.366 Seconds"
27.119.30.203,54.37.215.163 - - [01/Apr/2025:17:21:25 +0800] "POST /wp-login.php HTTP/1.1" 200 4004 "-" "Mozilla/4.0 (compatible; MSIE 6.0; Windows NT 5.0)" "0.700 Seconds"
3.222.106.115 - - [01/Apr/2025:17:21:28 +0800] "POST /wp-cron.php?doing_wp_cron=1743499288.9070580005645751953125 HTTP/1.1" 200 31 "-" "WordPress/6.7.1; https://bt-miners.com" "0.001 Seconds"
240e:3b2:3232:4a70:7058:7862:f44b:6b0 - - [01/Apr/2025:17:21:29 +0800] "POST /wp-admin/admin-ajax.php HTTP/1.1" 200 31 "https://bt-miners.com/wp-admin/post.php?post=67951&action=edit" "Mozilla/5.0 (Windows NT 10.0; Win64; x64) AppleWebKit/537.36 (KHTML, like Gecko) Chrome/119.0.0.0 Safari/537.36" "0.493 Seconds"
240e:3b2:3232:4a70:7058:7862:f44b:6b0 - - [01/Apr/2025:17:21:29 +0800] "POST /wp-admin/admin-ajax.php HTTP/1.1" 200 43 "https://bt-miners.com/wp-admin/post.php?post=67951&action=edit" "Mozilla/5.0 (Windows NT 10.0; Win64; x64) AppleWebKit/537.36 (KHTML, like Gecko) Chrome/119.0.0.0 Safari/537.36" "0.857 Seconds"
178.176.72.252,178.176.72.252 - - [01/Apr/2025:17:21:30 +0800] "GET /challenge/ HTTP/1.1" 301 5 "https://bt-miners.com/challenge/" "Mozilla/5.0 (Windows NT 10.0; Win64; x64) AppleWebKit/537.36 (KHTML, like Gecko) Chrome/130.0.0.0 Safari/537.36" "0.305 Seconds"
71.63.228.216,71.63.228.216 - - [01/Apr/2025:17:21:30 +0800] "GET /wp-json/wc/v2/list_income_product?Coin=All HTTP/1.1" 200 222159 "https://bt-miners.com/daily-income-of-miners/" "Mozilla/5.0 (Windows NT 10.0; Win64; x64) AppleWebKit/537.36 (KHTML, like Gecko) Chrome/134.0.0.0 Safari/537.36" "0.553 Seconds"
2a01:4f8:1c1c:11aa::1,2a01:4f8:1c1c:11aa::1 - - [01/Apr/2025:17:21:30 +0800] "HEAD /wp-admin/?debug=uptimerobot HTTP/1.1" 302 0 "https://bt-miners.com/wp-admin/?debug=uptimerobot" "Mozilla/5.0+(compatible; UptimeRobot/2.0; http://www.uptimerobot.com/)" "0.356 Seconds"
71.63.228.216 - - [01/Apr/2025:17:21:31 +0800] "GET /wjcss/bootstrap-table-1.20.2.min.css HTTP/1.1" 304 0 "https://bt-miners.com/daily-income-of-miners/" "Mozilla/5.0 (Windows NT 10.0; Win64; x64) AppleWebKit/537.36 (KHTML, like Gecko) Chrome/134.0.0.0 Safari/537.36" "0.000 Seconds"
54.158.124.156,54.158.124.156 - - [01/Apr/2025:17:21:31 +0800] "GET /?debug=kuma-uptime HTTP/1.1" 200 89371 "-" "Uptime-Kuma/1.23.16" "1.616 Seconds"
2a01:4f8:1c1c:11aa::1,2a01:4f8:1c1c:11aa::1 - - [01/Apr/2025:17:21:31 +0800] "HEAD /wp-login.php?redirect_to=https%3A%2F%2Fbt-miners.com%2Fwp-admin%2F%3Fdebug%3Duptimerobot&reauth=1 HTTP/1.1" 200 0 "https://bt-miners.com/wp-admin/?debug=uptimerobot" "Mozilla/5.0+(compatible; UptimeRobot/2.0; http://www.uptimerobot.com/)" "0.368 Seconds"
83.99.151.66,83.99.151.66 - - [01/Apr/2025:17:21:32 +0800] "GET /es/collections/ventas-de-mineros-de-criptomonedas/ HTTP/1.1" 301 5 "-" "Mozilla/5.0 AppleWebKit/537.36 (KHTML, like Gecko; compatible; GeedoProductSearch; +http://www.geedo.com/product-search.html) Chrome/79.0.3945.88 Safari/537.36" "0.361 Seconds"
212.107.29.89 - - [01/Apr/2025:17:21:32 +0800] "POST /wp-admin/admin-ajax.php HTTP/1.1" 200 43 "https://bt-miners.com/wp-admin/options-general.php?page=cloudflare" "Mozilla/5.0 (Windows NT 10.0; Win64; x64) AppleWebKit/537.36 (KHTML, like Gecko) Chrome/122.0.0.0 Safari/537.36" "0.367 Seconds"
178.176.72.252 - - [01/Apr/2025:17:21:32 +0800] "POST /my-account/ HTTP/1.1" 302 5 "https://bt-miners.com/my-account/" "Mozilla/5.0 (Windows NT 10.0; Win64; x64) AppleWebKit/537.36 (KHTML, like Gecko) Chrome/130.0.0.0 Safari/537.36" "0.710 Seconds"
212.107.29.89 - - [01/Apr/2025:17:21:33 +0800] "POST /wp-admin/admin-ajax.php HTTP/1.1" 200 43 "https://bt-miners.com/wp-admin/post.php?post=70797&action=edit" "Mozilla/5.0 (Windows NT 10.0; Win64; x64) AppleWebKit/537.36 (KHTML, like Gecko) Chrome/122.0.0.0 Safari/537.36" "0.719 Seconds"
212.107.29.89 - - [01/Apr/2025:17:21:33 +0800] "POST /wp-admin/admin-ajax.php HTTP/1.1" 200 43 "https://bt-miners.com/wp-admin/options-general.php?page=perfmatters" "Mozilla/5.0 (Windows NT 10.0; Win64; x64) AppleWebKit/537.36 (KHTML, like Gecko) Chrome/122.0.0.0 Safari/537.36" "1.060 Seconds"
178.176.72.252,178.176.72.252 - - [01/Apr/2025:17:21:34 +0800] "GET /my-account/?alg_wc_ev_activate_account_message=1 HTTP/1.1" 200 70186 "https://bt-miners.com/my-account/?alg_wc_ev_activate_account_message=1" "Mozilla/5.0 (Windows NT 10.0; Win64; x64) AppleWebKit/537.36 (KHTML, like Gecko) Chrome/130.0.0.0 Safari/537.36" "0.453 Seconds"
2a01:4f8:c013:3c54::1,2a01:4f8:c013:3c54::1 - - [01/Apr/2025:17:21:34 +0800] "HEAD /?debug=uptimerobot HTTP/1.1" 200 0 "https://bt-miners.com/?debug=uptimerobot" "Mozilla/5.0+(compatible; UptimeRobot/2.0; http://www.uptimerobot.com/)" "0.335 Seconds"
178.176.72.252,178.176.72.252 - - [01/Apr/2025:17:21:35 +0800] "GET /my-account/ HTTP/1.1" 200 69977 "https://bt-miners.com/" "Mozilla/5.0 (Windows NT 10.0; Win64; x64) AppleWebKit/537.36 (KHTML, like Gecko) Chrome/130.0.0.0 Safari/537.36" "0.474 Seconds"
109.230.55.105,54.38.96.37 - - [01/Apr/2025:17:21:35 +0800] "POST /wp-login.php HTTP/1.1" 200 4004 "-" "Mozilla/4.0 (compatible; MSIE 6.0; Windows NT 5.0)" "0.675 Seconds"
52.167.144.187,52.167.144.187 - - [01/Apr/2025:17:21:36 +0800] "GET /collections/asics-miners/page/7/?attribute_condition=April%202025&gad_source=1&display_mode=list&orderby=profitability_asc HTTP/1.1" 301 5 "-" "Mozilla/5.0 AppleWebKit/537.36 (KHTML, like Gecko; compatible; bingbot/2.0; +http://www.bing.com/bingbot.htm) Chrome/116.0.1938.76 Safari/537.36" "0.429 Seconds"
83.99.151.66,83.99.151.66 - - [01/Apr/2025:17:21:42 +0800] "GET /collections/miner-category/page/2/ HTTP/1.1" 200 66508 "-" "Mozilla/5.0 AppleWebKit/537.36 (KHTML, like Gecko; compatible; GeedoProductSearch; +http://www.geedo.com/product-search.html) Chrome/79.0.3945.88 Safari/537.36" "1.001 Seconds"
2a01:4f8:c013:3b0f::1,2a01:4f8:c013:3b0f::1 - - [01/Apr/2025:17:21:45 +0800] "HEAD / HTTP/1.1" 200 0 "https://bt-miners.com/" "Mozilla/5.0+(compatible; UptimeRobot/2.0; http://www.uptimerobot.com/)" "0.391 Seconds"
212.107.29.89 - - [01/Apr/2025:17:21:48 +0800] "POST /wp-admin/admin-ajax.php HTTP/1.1" 200 31 "https://bt-miners.com/wp-admin/options-general.php?page=perfmatters" "Mozilla/5.0 (Windows NT 10.0; Win64; x64) AppleWebKit/537.36 (KHTML, like Gecko) Chrome/122.0.0.0 Safari/537.36" "0.436 Seconds"
240e:3b2:3232:4a70:7058:7862:f44b:6b0 - - [01/Apr/2025:17:21:51 +0800] "POST /wp-admin/admin-ajax.php HTTP/1.1" 200 43 "https://bt-miners.com/wp-admin/post.php?post=67951&action=edit" "Mozilla/5.0 (Windows NT 10.0; Win64; x64) AppleWebKit/537.36 (KHTML, like Gecko) Chrome/119.0.0.0 Safari/537.36" "0.422 Seconds"
240e:3b2:3232:4a70:7058:7862:f44b:6b0 - - [01/Apr/2025:17:21:51 +0800] "POST /wp-admin/admin-ajax.php HTTP/1.1" 200 43 "https://bt-miners.com/wp-admin/post.php?post=67951&action=edit" "Mozilla/5.0 (Windows NT 10.0; Win64; x64) AppleWebKit/537.36 (KHTML, like Gecko) Chrome/119.0.0.0 Safari/537.36" "0.737 Seconds"
212.107.29.89 - - [01/Apr/2025:17:21:51 +0800] "POST /wp-admin/admin-ajax.php HTTP/1.1" 200 43 "https://bt-miners.com/wp-admin/post.php?post=70267&action=edit" "Mozilla/5.0 (Windows NT 10.0; Win64; x64) AppleWebKit/537.36 (KHTML, like Gecko) Chrome/134.0.0.0 Safari/537.36" "0.364 Seconds"
54.158.124.156,54.158.124.156 - - [01/Apr/2025:17:21:52 +0800] "GET /?debug=kuma-uptime HTTP/1.1" 200 89373 "-" "Uptime-Kuma/1.23.16" "1.569 Seconds"
3.110.181.55,3.110.181.55 - - [01/Apr/2025:17:21:53 +0800] "GET /products/goldshell-e-al1m-alephium-miner-4-4th-s-bt-miners/ HTTP/1.1" 200 118741 "-" "Mozilla/5.0 (Windows NT 10.0; Win64; x64) AppleWebKit/537.36 (KHTML, like Gecko) Chrome/89.0.4342.0 Safari/537.36" "1.388 Seconds"
3.222.106.115 - - [01/Apr/2025:17:21:59 +0800] "POST /wp-cron.php?doing_wp_cron=1743499319.6286990642547607421875 HTTP/1.1" 200 31 "-" "WordPress/6.7.1; https://bt-miners.com" "0.000 Seconds"
3.222.106.115 - - [01/Apr/2025:17:22:02 +0800] "POST /wp-cron.php?doing_wp_cron=1743499322.1445059776306152343750 HTTP/1.1" 200 31 "-" "WordPress/6.7.1; https://bt-miners.com" "0.001 Seconds"
67.189.107.113,67.189.107.113 - - [01/Apr/2025:17:22:02 +0800] "GET /collections/kaspa-miners/ HTTP/1.1" 301 5 "https://bt-miners.com/products/iceriver-ae0-aleo-miner-50mh-s-bt-miners/" "Mozilla/5.0 (Windows NT 10.0; Win64; x64) AppleWebKit/537.36 (KHTML, like Gecko) Chrome/128.0.0.0 Safari/537.36" "1.241 Seconds"
83.99.151.66,83.99.151.66 - - [01/Apr/2025:17:22:02 +0800] "GET /heres-how-hash-rate-and-hash-power-are-calculated/ HTTP/1.1" 200 61032 "-" "Mozilla/5.0 AppleWebKit/537.36 (KHTML, like Gecko; compatible; GeedoProductSearch; +http://www.geedo.com/product-search.html) Chrome/79.0.3945.88 Safari/537.36" "0.554 Seconds"
170.187.181.77,170.187.181.77 - - [01/Apr/2025:17:22:03 +0800] "GET /wp-admin/ HTTP/1.1" 200 666384 "https://bt-miners.com/" "Mozilla/5.0 (Windows NT 10.0; Win64; x64) AppleWebKit/537.36 (KHTML, like Gecko) Chrome/134.0.0.0 Safari/537.36" "4.033 Seconds"
64.233.173.166,64.233.173.166 - - [01/Apr/2025:17:22:03 +0800] "GET /.well-known/assetlinks.json HTTP/1.1" 403 134 "-" "GoogleAssociationService" "0.000 Seconds"
212.107.29.89 - - [01/Apr/2025:17:22:04 +0800] "POST /wp-admin/admin-ajax.php HTTP/1.1" 200 31 "https://bt-miners.com/wp-admin/options-general.php?page=perfmatters" "Mozilla/5.0 (Windows NT 10.0; Win64; x64) AppleWebKit/537.36 (KHTML, like Gecko) Chrome/122.0.0.0 Safari/537.36" "0.360 Seconds"
170.187.181.77,170.187.181.77 - - [01/Apr/2025:17:22:05 +0800] "GET /wp-admin/ HTTP/1.1" 200 167448 "https://bt-miners.com/" "Mozilla/5.0 (Windows NT 10.0; Win64; x64) AppleWebKit/537.36 (KHTML, like Gecko) Chrome/134.0.0.0 Safari/537.36" "1.079 Seconds"
170.187.181.77 - - [01/Apr/2025:17:22:05 +0800] "GET /wp-content/plugins/woo-advanced-shipment-tracking/zorem-tracking/assets/css/style.css?ver=1743499325 HTTP/1.1" 200 948 "https://bt-miners.com/wp-admin/" "Mozilla/5.0 (Windows NT 10.0; Win64; x64) AppleWebKit/537.36 (KHTML, like Gecko) Chrome/134.0.0.0 Safari/537.36" "0.000 Seconds"
170.187.181.77 - - [01/Apr/2025:17:22:05 +0800] "GET /wp-content/plugins/woo-advanced-shipment-tracking/zorem-tracking/assets/js/main.js?ver=1743499325 HTTP/1.1" 200 1587 "https://bt-miners.com/wp-admin/" "Mozilla/5.0 (Windows NT 10.0; Win64; x64) AppleWebKit/537.36 (KHTML, like Gecko) Chrome/134.0.0.0 Safari/537.36" "0.000 Seconds"
170.187.181.77 - - [01/Apr/2025:17:22:06 +0800] "GET /wp-content/plugins/dokan-lite/assets/vendors/tinymce/code/plugin.min.js?ver=1743499324 HTTP/1.1" 200 1045 "https://bt-miners.com/wp-admin/" "Mozilla/5.0 (Windows NT 10.0; Win64; x64) AppleWebKit/537.36 (KHTML, like Gecko) Chrome/134.0.0.0 Safari/537.36" "0.000 Seconds"
170.187.181.77,170.187.181.77 - - [01/Apr/2025:17:22:07 +0800] "GET /wp-admin/update-core.php HTTP/1.1" 200 83765 "https://bt-miners.com/" "Mozilla/5.0 (Windows NT 10.0; Win64; x64) AppleWebKit/537.36 (KHTML, like Gecko) Chrome/134.0.0.0 Safari/537.36" "1.710 Seconds"
67.189.107.113,67.189.107.113 - - [01/Apr/2025:17:22:07 +0800] "GET /collections/eth-miners/ HTTP/1.1" 301 5 "https://bt-miners.com/products/iceriver-ae0-aleo-miner-50mh-s-bt-miners/" "Mozilla/5.0 (Windows NT 10.0; Win64; x64) AppleWebKit/537.36 (KHTML, like Gecko) Chrome/128.0.0.0 Safari/537.36" "0.343 Seconds"
170.187.181.77,170.187.181.77 - - [01/Apr/2025:17:22:07 +0800] "GET /wp-json/dokan/v1/admin/notices/promo HTTP/1.1" 200 12 "https://bt-miners.com/wp-admin/" "Mozilla/5.0 (Windows NT 10.0; Win64; x64) AppleWebKit/537.36 (KHTML, like Gecko) Chrome/134.0.0.0 Safari/537.36" "1.052 Seconds"
170.187.181.77,170.187.181.77 - - [01/Apr/2025:17:22:07 +0800] "GET /wp-json/dokan/v1/admin/notices/admin?scope=global HTTP/1.1" 200 12 "https://bt-miners.com/wp-admin/" "Mozilla/5.0 (Windows NT 10.0; Win64; x64) AppleWebKit/537.36 (KHTML, like Gecko) Chrome/134.0.0.0 Safari/537.36" "1.277 Seconds"
170.187.181.77 - - [01/Apr/2025:17:22:08 +0800] "POST /wp-admin/admin-ajax.php HTTP/1.1" 200 43 "https://bt-miners.com/wp-admin/" "Mozilla/5.0 (Windows NT 10.0; Win64; x64) AppleWebKit/537.36 (KHTML, like Gecko) Chrome/134.0.0.0 Safari/537.36" "1.332 Seconds"
71.63.228.216 - - [01/Apr/2025:17:22:08 +0800] "POST /wp-admin/admin-ajax.php HTTP/1.1" 200 31 "https://bt-miners.com/products/iceriver-ae0-aleo-miner-50mh-s-bt-miners/" "Mozilla/5.0 (Windows NT 10.0; Win64; x64) AppleWebKit/537.36 (KHTML, like Gecko) Chrome/134.0.0.0 Safari/537.36" "0.421 Seconds"
67.189.107.113,67.189.107.113 - - [01/Apr/2025:17:22:09 +0800] "GET /collections/eth-miners/ HTTP/1.1" 301 5 "https://bt-miners.com/products/iceriver-ae0-aleo-miner-50mh-s-bt-miners/" "Mozilla/5.0 (Windows NT 10.0; Win64; x64) AppleWebKit/537.36 (KHTML, like Gecko) Chrome/128.0.0.0 Safari/537.36" "0.368 Seconds"
213.180.203.226,213.180.203.226 - - [01/Apr/2025:17:22:11 +0800] "GET /products/ipollo-v1-classic-ethereum-classic-miner-1550mh-s-with-power-supply-bt-miners/ HTTP/1.1" 301 5 "-" "Mozilla/5.0 (compatible; YandexMarket/2.0; +http://yandex.com/bots)" "0.361 Seconds"
54.38.96.35,54.38.96.35 - - [01/Apr/2025:17:22:12 +0800] "GET /products/jasminer-x16-qe-ethereum-classic-miner-1650mh-s-bt-miners/ HTTP/1.1" 200 118515 "https://zh-cn.bt-miners.com/?s=X16" "Mozilla/5.0 (Windows NT 10.0; Win64; x64) AppleWebKit/537.36 (KHTML, like Gecko) Chrome/134.0.0.0 Safari/537.36 Edg/134.0.0.0" "1.224 Seconds"
170.187.181.77,170.187.181.77 - - [01/Apr/2025:17:22:14 +0800] "GET /wp-admin/edit.php?post_type=shop_order HTTP/1.1" 200 221132 "https://bt-miners.com/wp-admin/" "Mozilla/5.0 (Windows NT 10.0; Win64; x64) AppleWebKit/537.36 (KHTML, like Gecko) Chrome/134.0.0.0 Safari/537.36" "1.372 Seconds"
170.187.181.77 - - [01/Apr/2025:17:22:14 +0800] "GET /wp-content/plugins/woo-advanced-shipment-tracking/zorem-tracking/assets/css/style.css?ver=1743499333 HTTP/1.1" 200 948 "https://bt-miners.com/wp-admin/edit.php?post_type=shop_order" "Mozilla/5.0 (Windows NT 10.0; Win64; x64) AppleWebKit/537.36 (KHTML, like Gecko) Chrome/134.0.0.0 Safari/537.36" "0.000 Seconds"
170.187.181.77 - - [01/Apr/2025:17:22:14 +0800] "GET /wp-content/plugins/woo-advanced-shipment-tracking/zorem-tracking/assets/js/main.js?ver=1743499333 HTTP/1.1" 200 1587 "https://bt-miners.com/wp-admin/edit.php?post_type=shop_order" "Mozilla/5.0 (Windows NT 10.0; Win64; x64) AppleWebKit/537.36 (KHTML, like Gecko) Chrome/134.0.0.0 Safari/537.36" "0.000 Seconds"
170.187.181.77 - - [01/Apr/2025:17:22:14 +0800] "GET /wp-content/plugins/yith-woocommerce-customize-myaccount-page/plugin-fw/assets/css/jquery-ui/jquery-ui.min.css?ver=1.11.4 HTTP/1.1" 200 30050 "https://bt-miners.com/wp-admin/edit.php?post_type=shop_order" "Mozilla/5.0 (Windows NT 10.0; Win64; x64) AppleWebKit/537.36 (KHTML, like Gecko) Chrome/134.0.0.0 Safari/537.36" "0.000 Seconds"
170.187.181.77 - - [01/Apr/2025:17:22:14 +0800] "GET /wp-content/plugins/woocommerce/assets/js/jquery-blockui/jquery.blockUI.min.js?ver=2.70 HTTP/1.1" 200 9636 "https://bt-miners.com/wp-admin/edit.php?post_type=shop_order" "Mozilla/5.0 (Windows NT 10.0; Win64; x64) AppleWebKit/537.36 (KHTML, like Gecko) Chrome/134.0.0.0 Safari/537.36" "0.000 Seconds"
54.158.124.156,54.158.124.156 - - [01/Apr/2025:17:22:14 +0800] "GET /?debug=kuma-uptime HTTP/1.1" 200 89380 "-" "Uptime-Kuma/1.23.16" "1.616 Seconds"
170.187.181.77 - - [01/Apr/2025:17:22:14 +0800] "GET /wp-content/plugins/woo-advanced-shipment-tracking/assets/css/admin.css?ver=3.7.3 HTTP/1.1" 200 62625 "https://bt-miners.com/wp-admin/edit.php?post_type=shop_order" "Mozilla/5.0 (Windows NT 10.0; Win64; x64) AppleWebKit/537.36 (KHTML, like Gecko) Chrome/134.0.0.0 Safari/537.36" "0.000 Seconds"
170.187.181.77 - - [01/Apr/2025:17:22:14 +0800] "GET /wp-content/plugins/woo-advanced-shipment-tracking/assets/css/slideout.css?ver=3.7.3 HTTP/1.1" 200 7010 "https://bt-miners.com/wp-admin/edit.php?post_type=shop_order" "Mozilla/5.0 (Windows NT 10.0; Win64; x64) AppleWebKit/537.36 (KHTML, like Gecko) Chrome/134.0.0.0 Safari/537.36" "0.000 Seconds"
170.187.181.77 - - [01/Apr/2025:17:22:15 +0800] "GET /wp-content/plugins/dokan-lite/assets/vendors/tinymce/code/plugin.min.js?ver=1743499332 HTTP/1.1" 200 1045 "https://bt-miners.com/wp-admin/edit.php?post_type=shop_order" "Mozilla/5.0 (Windows NT 10.0; Win64; x64) AppleWebKit/537.36 (KHTML, like Gecko) Chrome/134.0.0.0 Safari/537.36" "0.000 Seconds"
170.187.181.77 - - [01/Apr/2025:17:22:15 +0800] "GET /wp-content/plugins/woocommerce/assets/js/js-cookie/js.cookie.min.js?ver=2.1.4 HTTP/1.1" 200 1720 "https://bt-miners.com/wp-admin/edit.php?post_type=shop_order" "Mozilla/5.0 (Windows NT 10.0; Win64; x64) AppleWebKit/537.36 (KHTML, like Gecko) Chrome/134.0.0.0 Safari/537.36" "0.000 Seconds"
170.187.181.77 - - [01/Apr/2025:17:22:15 +0800] "GET /wp-content/plugins/woocommerce/assets/client/admin/admin-layout/index.js?ver=092d36684bd43b3c307d HTTP/1.1" 200 2524 "https://bt-miners.com/wp-admin/edit.php?post_type=shop_order" "Mozilla/5.0 (Windows NT 10.0; Win64; x64) AppleWebKit/537.36 (KHTML, like Gecko) Chrome/134.0.0.0 Safari/537.36" "0.000 Seconds"
170.187.181.77 - - [01/Apr/2025:17:22:15 +0800] "GET /wp-content/plugins/woo-advanced-shipment-tracking/assets/js/admin.js?ver=1743499333 HTTP/1.1" 200 19182 "https://bt-miners.com/wp-admin/edit.php?post_type=shop_order" "Mozilla/5.0 (Windows NT 10.0; Win64; x64) AppleWebKit/537.36 (KHTML, like Gecko) Chrome/134.0.0.0 Safari/537.36" "0.000 Seconds"
170.187.181.77 - - [01/Apr/2025:17:22:15 +0800] "GET /wp-content/plugins/woocommerce/assets/client/admin/notices/index.js?ver=46f0614364bec2a020d6 HTTP/1.1" 200 1679 "https://bt-miners.com/wp-admin/edit.php?post_type=shop_order" "Mozilla/5.0 (Windows NT 10.0; Win64; x64) AppleWebKit/537.36 (KHTML, like Gecko) Chrome/134.0.0.0 Safari/537.36" "0.000 Seconds"
170.187.181.77 - - [01/Apr/2025:17:22:15 +0800] "GET /wp-content/plugins/woocommerce/assets/client/admin/remote-logging/index.js?ver=2092a258f32e1e624a30 HTTP/1.1" 200 21407 "https://bt-miners.com/wp-admin/edit.php?post_type=shop_order" "Mozilla/5.0 (Windows NT 10.0; Win64; x64) AppleWebKit/537.36 (KHTML, like Gecko) Chrome/134.0.0.0 Safari/537.36" "0.000 Seconds"
170.187.181.77 - - [01/Apr/2025:17:22:15 +0800] "GET /wp-content/plugins/woocommerce/assets/client/admin/wp-admin-scripts/order-tracking.js?ver=ff78a37c095df94767ef HTTP/1.1" 200 1273 "https://bt-miners.com/wp-admin/edit.php?post_type=shop_order" "Mozilla/5.0 (Windows NT 10.0; Win64; x64) AppleWebKit/537.36 (KHTML, like Gecko) Chrome/134.0.0.0 Safari/537.36" "0.000 Seconds"
170.187.181.77,170.187.181.77 - - [01/Apr/2025:17:22:15 +0800] "GET /wp-json/dokan/v1/admin/notices/promo HTTP/1.1" 200 12 "https://bt-miners.com/wp-admin/edit.php?post_type=shop_order" "Mozilla/5.0 (Windows NT 10.0; Win64; x64) AppleWebKit/537.36 (KHTML, like Gecko) Chrome/134.0.0.0 Safari/537.36" "0.387 Seconds"
3.222.106.115 - - [01/Apr/2025:17:22:16 +0800] "POST /wp-cron.php?doing_wp_cron=1743499336.0214939117431640625000 HTTP/1.1" 200 31 "-" "WordPress/6.7.1; https://bt-miners.com" "0.001 Seconds"
170.187.181.77,170.187.181.77 - - [01/Apr/2025:17:22:16 +0800] "GET /wp-json/dokan/v1/admin/notices/admin?scope=global HTTP/1.1" 200 12 "https://bt-miners.com/wp-admin/edit.php?post_type=shop_order" "Mozilla/5.0 (Windows NT 10.0; Win64; x64) AppleWebKit/537.36 (KHTML, like Gecko) Chrome/134.0.0.0 Safari/537.36" "0.668 Seconds"
2401:4900:1c68:53b8:50b5:f0aa:2647:e8d5,54.38.96.38 - - [01/Apr/2025:17:22:16 +0800] "POST /wp-login.php HTTP/1.1" 200 4004 "-" "Mozilla/4.0 (compatible; MSIE 6.0; Windows NT 5.0)" "0.652 Seconds"
170.187.181.77,170.187.181.77 - - [01/Apr/2025:17:22:16 +0800] "GET /wp-json/wc-admin/onboarding/tasks?_locale=user HTTP/1.1" 200 6224 "https://bt-miners.com/wp-admin/edit.php?post_type=shop_order" "Mozilla/5.0 (Windows NT 10.0; Win64; x64) AppleWebKit/537.36 (KHTML, like Gecko) Chrome/134.0.0.0 Safari/537.36" "0.432 Seconds"
3.222.106.115 - - [01/Apr/2025:17:22:16 +0800] "POST /wp-cron.php?doing_wp_cron=1743499336.5727059841156005859375 HTTP/1.1" 200 31 "-" "WordPress/6.7.1; https://bt-miners.com" "0.001 Seconds"
170.187.181.77,170.187.181.77 - - [01/Apr/2025:17:22:16 +0800] "GET /wp-json/wc-analytics/orders?page=1&per_page=1&status%5B0%5D=processing&status%5B1%5D=on-hold&_fields%5B0%5D=id&_locale=user HTTP/1.1" 200 24 "https://bt-miners.com/wp-admin/edit.php?post_type=shop_order" "Mozilla/5.0 (Windows NT 10.0; Win64; x64) AppleWebKit/537.36 (KHTML, like Gecko) Chrome/134.0.0.0 Safari/537.36" "0.671 Seconds"
170.187.181.77,170.187.181.77 - - [01/Apr/2025:17:22:16 +0800] "GET /wp-json/wc-analytics/products/reviews?page=1&per_page=1&status=hold&_embed=1&_fields%5B0%5D=id&_locale=user HTTP/1.1" 200 24 "https://bt-miners.com/wp-admin/edit.php?post_type=shop_order" "Mozilla/5.0 (Windows NT 10.0; Win64; x64) AppleWebKit/537.36 (KHTML, like Gecko) Chrome/134.0.0.0 Safari/537.36" "0.888 Seconds"
170.187.181.77,170.187.181.77 - - [01/Apr/2025:17:22:17 +0800] "GET /wp-json/wc-analytics/products/count-low-in-stock?status=publish&page=1&per_page=1&_locale=user HTTP/1.1" 200 22 "https://bt-miners.com/wp-admin/edit.php?post_type=shop_order" "Mozilla/5.0 (Windows NT 10.0; Win64; x64) AppleWebKit/537.36 (KHTML, like Gecko) Chrome/134.0.0.0 Safari/537.36" "1.062 Seconds"
170.187.181.77,170.187.181.77 - - [01/Apr/2025:17:22:17 +0800] "GET /wp-json/wc-admin/options?options=woocommerce_ces_tracks_queue&_locale=user HTTP/1.1" 200 46 "https://bt-miners.com/wp-admin/edit.php?post_type=shop_order" "Mozilla/5.0 (Windows NT 10.0; Win64; x64) AppleWebKit/537.36 (KHTML, like Gecko) Chrome/134.0.0.0 Safari/537.36" "1.026 Seconds"
170.187.181.77,170.187.181.77 - - [01/Apr/2025:17:22:17 +0800] "GET /wp-json/wc-admin/options?options=woocommerce_admin_transient_notices_queue%2Cwoocommerce_admin_install_timestamp&_locale=user HTTP/1.1" 200 113 "https://bt-miners.com/wp-admin/edit.php?post_type=shop_order" "Mozilla/5.0 (Windows NT 10.0; Win64; x64) AppleWebKit/537.36 (KHTML, like Gecko) Chrome/134.0.0.0 Safari/537.36" "1.167 Seconds"
170.187.181.77,170.187.181.77 - - [01/Apr/2025:17:22:17 +0800] "GET /wp-json/jetpack/v4/connection/data?_locale=user HTTP/1.1" 200 334 "https://bt-miners.com/wp-admin/edit.php?post_type=shop_order" "Mozilla/5.0 (Windows NT 10.0; Win64; x64) AppleWebKit/537.36 (KHTML, like Gecko) Chrome/134.0.0.0 Safari/537.36" "1.394 Seconds"
170.187.181.77,170.187.181.77 - - [01/Apr/2025:17:22:17 +0800] "GET /wp-json/wc-analytics/admin/notes?page=1&per_page=25&type=error%2Cupdate&status=unactioned&_locale=user HTTP/1.1" 200 12 "https://bt-miners.com/wp-admin/edit.php?post_type=shop_order" "Mozilla/5.0 (Windows NT 10.0; Win64; x64) AppleWebKit/537.36 (KHTML, like Gecko) Chrome/134.0.0.0 Safari/537.36" "1.587 Seconds"
170.187.181.77,170.187.181.77 - - [01/Apr/2025:17:22:18 +0800] "GET /wp-json/wc-admin/options?options=woocommerce_task_list_reminder_bar_hidden&_locale=user HTTP/1.1" 200 62 "https://bt-miners.com/wp-admin/edit.php?post_type=shop_order" "Mozilla/5.0 (Windows NT 10.0; Win64; x64) AppleWebKit/537.36 (KHTML, like Gecko) Chrome/134.0.0.0 Safari/537.36" "1.345 Seconds"
83.99.151.66,83.99.151.66 - - [01/Apr/2025:17:22:20 +0800] "GET /products/bitmain-antminer-d7-dash-coin-miner-1-286th-s-bt-miners/ HTTP/1.1" 200 120022 "-" "Mozilla/5.0 AppleWebKit/537.36 (KHTML, like Gecko; compatible; GeedoProductSearch; +http://www.geedo.com/product-search.html) Chrome/79.0.3945.88 Safari/537.36" "1.177 Seconds"
212.107.29.89 - - [01/Apr/2025:17:22:20 +0800] "POST /wp-admin/admin-ajax.php HTTP/1.1" 200 31 "https://bt-miners.com/wp-admin/options-general.php?page=perfmatters" "Mozilla/5.0 (Windows NT 10.0; Win64; x64) AppleWebKit/537.36 (KHTML, like Gecko) Chrome/122.0.0.0 Safari/537.36" "0.387 Seconds"
240e:3b2:3232:4a70:7058:7862:f44b:6b0 - - [01/Apr/2025:17:22:22 +0800] "POST /wp-admin/admin-ajax.php HTTP/1.1" 200 43 "https://bt-miners.com/wp-admin/" "Mozilla/5.0 (Windows NT 10.0; Win64; x64) AppleWebKit/537.36 (KHTML, like Gecko) Chrome/119.0.0.0 Safari/537.36" "0.416 Seconds"
67.189.107.113,67.189.107.113 - - [01/Apr/2025:17:22:23 +0800] "GET /collections/eth-miners/ HTTP/1.1" 301 5 "https://bt-miners.com/" "Mozilla/5.0 (Windows NT 10.0; Win64; x64) AppleWebKit/537.36 (KHTML, like Gecko) Chrome/128.0.0.0 Safari/537.36" "0.362 Seconds"
67.189.107.113,67.189.107.113 - - [01/Apr/2025:17:22:24 +0800] "GET /collections/eth-miners/ HTTP/1.1" 301 5 "https://bt-miners.com/" "Mozilla/5.0 (Windows NT 10.0; Win64; x64) AppleWebKit/537.36 (KHTML, like Gecko) Chrome/128.0.0.0 Safari/537.36" "0.413 Seconds"
170.187.181.77,170.187.181.77 - - [01/Apr/2025:17:22:24 +0800] "GET /wp-admin/admin.php?page=wc-settings HTTP/1.1" 200 216117 "https://bt-miners.com/wp-admin/edit.php?post_type=shop_order" "Mozilla/5.0 (Windows NT 10.0; Win64; x64) AppleWebKit/537.36 (KHTML, like Gecko) Chrome/134.0.0.0 Safari/537.36" "1.074 Seconds"
170.187.181.77 - - [01/Apr/2025:17:22:24 +0800] "GET /wp-content/plugins/woo-advanced-shipment-tracking/zorem-tracking/assets/css/style.css?ver=1743499344 HTTP/1.1" 200 948 "https://bt-miners.com/wp-admin/admin.php?page=wc-settings" "Mozilla/5.0 (Windows NT 10.0; Win64; x64) AppleWebKit/537.36 (KHTML, like Gecko) Chrome/134.0.0.0 Safari/537.36" "0.000 Seconds"
170.187.181.77 - - [01/Apr/2025:17:22:24 +0800] "GET /wp-content/plugins/woocommerce-variation-prices/assets/css/admin/wcvp-admin.min.css?ver=1.0.9 HTTP/1.1" 200 214 "https://bt-miners.com/wp-admin/admin.php?page=wc-settings" "Mozilla/5.0 (Windows NT 10.0; Win64; x64) AppleWebKit/537.36 (KHTML, like Gecko) Chrome/134.0.0.0 Safari/537.36" "0.000 Seconds"
170.187.181.77 - - [01/Apr/2025:17:22:24 +0800] "GET /wp-content/plugins/woo-advanced-shipment-tracking/zorem-tracking/assets/js/main.js?ver=1743499344 HTTP/1.1" 200 1587 "https://bt-miners.com/wp-admin/admin.php?page=wc-settings" "Mozilla/5.0 (Windows NT 10.0; Win64; x64) AppleWebKit/537.36 (KHTML, like Gecko) Chrome/134.0.0.0 Safari/537.36" "0.000 Seconds"
170.187.181.77 - - [01/Apr/2025:17:22:25 +0800] "GET /wp-content/plugins/dokan-lite/assets/vendors/tinymce/code/plugin.min.js?ver=1743499343 HTTP/1.1" 200 1045 "https://bt-miners.com/wp-admin/admin.php?page=wc-settings" "Mozilla/5.0 (Windows NT 10.0; Win64; x64) AppleWebKit/537.36 (KHTML, like Gecko) Chrome/134.0.0.0 Safari/537.36" "0.000 Seconds"
170.187.181.77 - - [01/Apr/2025:17:22:25 +0800] "GET /wp-content/plugins/woocommerce-variation-prices/assets/js/admin/wcvp-admin.min.js?ver=1.0.9 HTTP/1.1" 200 727 "https://bt-miners.com/wp-admin/admin.php?page=wc-settings" "Mozilla/5.0 (Windows NT 10.0; Win64; x64) AppleWebKit/537.36 (KHTML, like Gecko) Chrome/134.0.0.0 Safari/537.36" "0.000 Seconds"
170.187.181.77 - - [01/Apr/2025:17:22:25 +0800] "GET /wp-content/plugins/woocommerce/includes/gateways/paypal/assets/js/paypal-admin.min.js?ver=9.7.1 HTTP/1.1" 200 700 "https://bt-miners.com/wp-admin/admin.php?page=wc-settings" "Mozilla/5.0 (Windows NT 10.0; Win64; x64) AppleWebKit/537.36 (KHTML, like Gecko) Chrome/134.0.0.0 Safari/537.36" "0.000 Seconds"
170.187.181.77 - - [01/Apr/2025:17:22:25 +0800] "GET /wp-content/plugins/woocommerce/assets/client/admin/wp-admin-scripts/settings-tracking.js?ver=fd9b31494932f140e58c HTTP/1.1" 200 1188 "https://bt-miners.com/wp-admin/admin.php?page=wc-settings" "Mozilla/5.0 (Windows NT 10.0; Win64; x64) AppleWebKit/537.36 (KHTML, like Gecko) Chrome/134.0.0.0 Safari/537.36" "0.000 Seconds"
170.187.181.77 - - [01/Apr/2025:17:22:25 +0800] "GET /wp-content/plugins/woocommerce/assets/js/admin/settings.min.js?ver=9.7.1 HTTP/1.1" 200 5493 "https://bt-miners.com/wp-admin/admin.php?page=wc-settings" "Mozilla/5.0 (Windows NT 10.0; Win64; x64) AppleWebKit/537.36 (KHTML, like Gecko) Chrome/134.0.0.0 Safari/537.36" "0.000 Seconds"
170.187.181.77,170.187.181.77 - - [01/Apr/2025:17:22:25 +0800] "GET /wp-json/dokan/v1/admin/notices/promo HTTP/1.1" 200 12 "https://bt-miners.com/wp-admin/admin.php?page=wc-settings" "Mozilla/5.0 (Windows NT 10.0; Win64; x64) AppleWebKit/537.36 (KHTML, like Gecko) Chrome/134.0.0.0 Safari/537.36" "0.294 Seconds"
27.119.30.203,54.37.215.163 - - [01/Apr/2025:17:22:25 +0800] "POST /wp-login.php HTTP/1.1" 200 3966 "-" "Mozilla/4.0 (compatible; MSIE 6.0; Windows NT 5.0)" "0.473 Seconds"
170.187.181.77,170.187.181.77 - - [01/Apr/2025:17:22:26 +0800] "GET /wp-json/dokan/v1/admin/notices/admin?scope=global HTTP/1.1" 200 12 "https://bt-miners.com/wp-admin/admin.php?page=wc-settings" "Mozilla/5.0 (Windows NT 10.0; Win64; x64) AppleWebKit/537.36 (KHTML, like Gecko) Chrome/134.0.0.0 Safari/537.36" "0.593 Seconds"
170.187.181.77,170.187.181.77 - - [01/Apr/2025:17:22:26 +0800] "GET /wp-json/wc-analytics/orders?page=1&per_page=1&status%5B0%5D=processing&status%5B1%5D=on-hold&_fields%5B0%5D=id&_locale=user HTTP/1.1" 200 24 "https://bt-miners.com/wp-admin/admin.php?page=wc-settings" "Mozilla/5.0 (Windows NT 10.0; Win64; x64) AppleWebKit/537.36 (KHTML, like Gecko) Chrome/134.0.0.0 Safari/537.36" "0.535 Seconds"
170.187.181.77,170.187.181.77 - - [01/Apr/2025:17:22:26 +0800] "GET /wp-json/wc-analytics/products/reviews?page=1&per_page=1&status=hold&_embed=1&_fields%5B0%5D=id&_locale=user HTTP/1.1" 200 24 "https://bt-miners.com/wp-admin/admin.php?page=wc-settings" "Mozilla/5.0 (Windows NT 10.0; Win64; x64) AppleWebKit/537.36 (KHTML, like Gecko) Chrome/134.0.0.0 Safari/537.36" "0.740 Seconds"
170.187.181.77 - - [01/Apr/2025:17:22:26 +0800] "POST /wp-admin/admin-ajax.php HTTP/1.1" 200 43 "https://bt-miners.com/wp-admin/admin.php?page=wc-settings" "Mozilla/5.0 (Windows NT 10.0; Win64; x64) AppleWebKit/537.36 (KHTML, like Gecko) Chrome/134.0.0.0 Safari/537.36" "1.130 Seconds"
170.187.181.77,170.187.181.77 - - [01/Apr/2025:17:22:27 +0800] "GET /wp-json/wc-admin/options?options=woocommerce_ces_tracks_queue&_locale=user HTTP/1.1" 200 46 "https://bt-miners.com/wp-admin/admin.php?page=wc-settings" "Mozilla/5.0 (Windows NT 10.0; Win64; x64) AppleWebKit/537.36 (KHTML, like Gecko) Chrome/134.0.0.0 Safari/537.36" "1.281 Seconds"
170.187.181.77,170.187.181.77 - - [01/Apr/2025:17:22:27 +0800] "GET /wp-json/wc-admin/onboarding/tasks?_locale=user HTTP/1.1" 200 6224 "https://bt-miners.com/wp-admin/admin.php?page=wc-settings" "Mozilla/5.0 (Windows NT 10.0; Win64; x64) AppleWebKit/537.36 (KHTML, like Gecko) Chrome/134.0.0.0 Safari/537.36" "1.524 Seconds"
170.187.181.77,170.187.181.77 - - [01/Apr/2025:17:22:27 +0800] "GET /wp-json/wc-analytics/products/count-low-in-stock?status=publish&page=1&per_page=1&_locale=user HTTP/1.1" 200 22 "https://bt-miners.com/wp-admin/admin.php?page=wc-settings" "Mozilla/5.0 (Windows NT 10.0; Win64; x64) AppleWebKit/537.36 (KHTML, like Gecko) Chrome/134.0.0.0 Safari/537.36" "1.722 Seconds"
170.187.181.77,170.187.181.77 - - [01/Apr/2025:17:22:27 +0800] "GET /wp-json/wc-analytics/admin/notes?page=1&per_page=25&type=error%2Cupdate&status=unactioned&_locale=user HTTP/1.1" 200 12 "https://bt-miners.com/wp-admin/admin.php?page=wc-settings" "Mozilla/5.0 (Windows NT 10.0; Win64; x64) AppleWebKit/537.36 (KHTML, like Gecko) Chrome/134.0.0.0 Safari/537.36" "1.627 Seconds"
170.187.181.77,170.187.181.77 - - [01/Apr/2025:17:22:28 +0800] "GET /wp-json/jetpack/v4/connection/data?_locale=user HTTP/1.1" 200 334 "https://bt-miners.com/wp-admin/admin.php?page=wc-settings" "Mozilla/5.0 (Windows NT 10.0; Win64; x64) AppleWebKit/537.36 (KHTML, like Gecko) Chrome/134.0.0.0 Safari/537.36" "1.886 Seconds"
170.187.181.77,170.187.181.77 - - [01/Apr/2025:17:22:28 +0800] "GET /wp-json/wc-admin/options?options=woocommerce_admin_transient_notices_queue%2Cwoocommerce_admin_install_timestamp%2Cwoocommerce_allow_tracking&_locale=user HTTP/1.1" 200 148 "https://bt-miners.com/wp-admin/admin.php?page=wc-settings" "Mozilla/5.0 (Windows NT 10.0; Win64; x64) AppleWebKit/537.36 (KHTML, like Gecko) Chrome/134.0.0.0 Safari/537.36" "2.095 Seconds"
170.187.181.77,170.187.181.77 - - [01/Apr/2025:17:22:28 +0800] "GET /wp-json/wc-admin/options?options=woocommerce_task_list_reminder_bar_hidden&_locale=user HTTP/1.1" 200 62 "https://bt-miners.com/wp-admin/admin.php?page=wc-settings" "Mozilla/5.0 (Windows NT 10.0; Win64; x64) AppleWebKit/537.36 (KHTML, like Gecko) Chrome/134.0.0.0 Safari/537.36" "0.716 Seconds"
67.189.107.113 - - [01/Apr/2025:17:22:29 +0800] "POST /wp-admin/admin-ajax.php HTTP/1.1" 200 31 "https://bt-miners.com/products/goldshell-ae-box-ii-aleo-miner-54mh-s-bt-miners/" "Mozilla/5.0 (Windows NT 10.0; Win64; x64) AppleWebKit/537.36 (KHTML, like Gecko) Chrome/128.0.0.0 Safari/537.36" "0.482 Seconds"
83.99.151.71,83.99.151.71 - - [01/Apr/2025:17:22:30 +0800] "GET /wp-login.php?redirect_to=https%3A%2F%2Fbt-miners.com%2Fhow-to-invest-10k-and-get-btc-rewards-after-24h-and-more%2F HTTP/1.1" 200 3897 "-" "Mozilla/5.0 AppleWebKit/537.36 (KHTML, like Gecko; compatible; GeedoProductSearch; +http://www.geedo.com/product-search.html) Chrome/79.0.3945.88 Safari/537.36" "0.361 Seconds"
2a01:4f8:1c1b:5b5a::1,2a01:4f8:1c1b:5b5a::1 - - [01/Apr/2025:17:22:35 +0800] "HEAD /wp-admin/?debug=uptimerobot HTTP/1.1" 302 0 "https://bt-miners.com/wp-admin/?debug=uptimerobot" "Mozilla/5.0+(compatible; UptimeRobot/2.0; http://www.uptimerobot.com/)" "0.440 Seconds"
170.187.181.77,170.187.181.77 - - [01/Apr/2025:17:22:35 +0800] "GET /wp-admin/admin.php?page=wc-settings&tab=advanced HTTP/1.1" 200 180211 "https://bt-miners.com/wp-admin/admin.php?page=wc-settings" "Mozilla/5.0 (Windows NT 10.0; Win64; x64) AppleWebKit/537.36 (KHTML, like Gecko) Chrome/134.0.0.0 Safari/537.36" "1.009 Seconds"
170.187.181.77 - - [01/Apr/2025:17:22:36 +0800] "GET /wp-content/plugins/woo-advanced-shipment-tracking/zorem-tracking/assets/css/style.css?ver=1743499355 HTTP/1.1" 200 948 "https://bt-miners.com/wp-admin/admin.php?page=wc-settings&tab=advanced" "Mozilla/5.0 (Windows NT 10.0; Win64; x64) AppleWebKit/537.36 (KHTML, like Gecko) Chrome/134.0.0.0 Safari/537.36" "0.000 Seconds"
170.187.181.77 - - [01/Apr/2025:17:22:36 +0800] "GET /wp-content/plugins/woo-advanced-shipment-tracking/zorem-tracking/assets/js/main.js?ver=1743499355 HTTP/1.1" 200 1587 "https://bt-miners.com/wp-admin/admin.php?page=wc-settings&tab=advanced" "Mozilla/5.0 (Windows NT 10.0; Win64; x64) AppleWebKit/537.36 (KHTML, like Gecko) Chrome/134.0.0.0 Safari/537.36" "0.000 Seconds"
170.187.181.77 - - [01/Apr/2025:17:22:36 +0800] "GET /wp-content/plugins/dokan-lite/assets/vendors/tinymce/code/plugin.min.js?ver=1743499355 HTTP/1.1" 200 1045 "https://bt-miners.com/wp-admin/admin.php?page=wc-settings&tab=advanced" "Mozilla/5.0 (Windows NT 10.0; Win64; x64) AppleWebKit/537.36 (KHTML, like Gecko) Chrome/134.0.0.0 Safari/537.36" "0.000 Seconds"
54.158.124.156,54.158.124.156 - - [01/Apr/2025:17:22:36 +0800] "GET /?debug=kuma-uptime HTTP/1.1" 200 89394 "-" "Uptime-Kuma/1.23.16" "1.687 Seconds"
2a01:4f8:1c1b:5b5a::1,2a01:4f8:1c1b:5b5a::1 - - [01/Apr/2025:17:22:36 +0800] "HEAD /wp-login.php?redirect_to=https%3A%2F%2Fbt-miners.com%2Fwp-admin%2F%3Fdebug%3Duptimerobot&reauth=1 HTTP/1.1" 200 0 "https://bt-miners.com/wp-admin/?debug=uptimerobot" "Mozilla/5.0+(compatible; UptimeRobot/2.0; http://www.uptimerobot.com/)" "0.400 Seconds"
109.230.55.105,54.38.96.37 - - [01/Apr/2025:17:22:36 +0800] "POST /wp-login.php HTTP/1.1" 200 4004 "-" "Mozilla/4.0 (compatible; MSIE 6.0; Windows NT 5.0)" "0.621 Seconds"
170.187.181.77,170.187.181.77 - - [01/Apr/2025:17:22:36 +0800] "GET /wp-json/dokan/v1/admin/notices/promo HTTP/1.1" 200 12 "https://bt-miners.com/wp-admin/admin.php?page=wc-settings&tab=advanced" "Mozilla/5.0 (Windows NT 10.0; Win64; x64) AppleWebKit/537.36 (KHTML, like Gecko) Chrome/134.0.0.0 Safari/537.36" "0.282 Seconds"
170.187.181.77,170.187.181.77 - - [01/Apr/2025:17:22:36 +0800] "GET /wp-json/dokan/v1/admin/notices/admin?scope=global HTTP/1.1" 200 12 "https://bt-miners.com/wp-admin/admin.php?page=wc-settings&tab=advanced" "Mozilla/5.0 (Windows NT 10.0; Win64; x64) AppleWebKit/537.36 (KHTML, like Gecko) Chrome/134.0.0.0 Safari/537.36" "0.528 Seconds"
2a01:4f8:c013:3c55::1,2a01:4f8:c013:3c55::1 - - [01/Apr/2025:17:22:37 +0800] "HEAD /?debug=uptimerobot HTTP/1.1" 200 0 "https://bt-miners.com/?debug=uptimerobot" "Mozilla/5.0+(compatible; UptimeRobot/2.0; http://www.uptimerobot.com/)" "0.324 Seconds"
170.187.181.77,170.187.181.77 - - [01/Apr/2025:17:22:37 +0800] "GET /wp-json/wc-admin/onboarding/tasks?_locale=user HTTP/1.1" 200 6224 "https://bt-miners.com/wp-admin/admin.php?page=wc-settings&tab=advanced" "Mozilla/5.0 (Windows NT 10.0; Win64; x64) AppleWebKit/537.36 (KHTML, like Gecko) Chrome/134.0.0.0 Safari/537.36" "0.568 Seconds"
170.187.181.77,170.187.181.77 - - [01/Apr/2025:17:22:37 +0800] "GET /wp-json/wc-analytics/orders?page=1&per_page=1&status%5B0%5D=processing&status%5B1%5D=on-hold&_fields%5B0%5D=id&_locale=user HTTP/1.1" 200 24 "https://bt-miners.com/wp-admin/admin.php?page=wc-settings&tab=advanced" "Mozilla/5.0 (Windows NT 10.0; Win64; x64) AppleWebKit/537.36 (KHTML, like Gecko) Chrome/134.0.0.0 Safari/537.36" "0.777 Seconds"
170.187.181.77,170.187.181.77 - - [01/Apr/2025:17:22:37 +0800] "GET /wp-json/wc-analytics/products/reviews?page=1&per_page=1&status=hold&_embed=1&_fields%5B0%5D=id&_locale=user HTTP/1.1" 200 24 "https://bt-miners.com/wp-admin/admin.php?page=wc-settings&tab=advanced" "Mozilla/5.0 (Windows NT 10.0; Win64; x64) AppleWebKit/537.36 (KHTML, like Gecko) Chrome/134.0.0.0 Safari/537.36" "0.984 Seconds"
170.187.181.77,170.187.181.77 - - [01/Apr/2025:17:22:37 +0800] "GET /wp-json/wc-analytics/products/count-low-in-stock?status=publish&page=1&per_page=1&_locale=user HTTP/1.1" 200 22 "https://bt-miners.com/wp-admin/admin.php?page=wc-settings&tab=advanced" "Mozilla/5.0 (Windows NT 10.0; Win64; x64) AppleWebKit/537.36 (KHTML, like Gecko) Chrome/134.0.0.0 Safari/537.36" "1.201 Seconds"
170.187.181.77,170.187.181.77 - - [01/Apr/2025:17:22:38 +0800] "GET /wp-json/wc-admin/options?options=woocommerce_ces_tracks_queue&_locale=user HTTP/1.1" 200 46 "https://bt-miners.com/wp-admin/admin.php?page=wc-settings&tab=advanced" "Mozilla/5.0 (Windows NT 10.0; Win64; x64) AppleWebKit/537.36 (KHTML, like Gecko) Chrome/134.0.0.0 Safari/537.36" "1.369 Seconds"
240e:3b2:3232:4a70:7058:7862:f44b:6b0 - - [01/Apr/2025:17:22:38 +0800] "POST /wp-admin/admin-ajax.php HTTP/1.1" 200 31 "https://bt-miners.com/wp-admin/" "Mozilla/5.0 (Windows NT 10.0; Win64; x64) AppleWebKit/537.36 (KHTML, like Gecko) Chrome/119.0.0.0 Safari/537.36" "0.406 Seconds"
170.187.181.77,170.187.181.77 - - [01/Apr/2025:17:22:38 +0800] "GET /wp-json/jetpack/v4/connection/data?_locale=user HTTP/1.1" 200 334 "https://bt-miners.com/wp-admin/admin.php?page=wc-settings&tab=advanced" "Mozilla/5.0 (Windows NT 10.0; Win64; x64) AppleWebKit/537.36 (KHTML, like Gecko) Chrome/134.0.0.0 Safari/537.36" "1.431 Seconds"
170.187.181.77,170.187.181.77 - - [01/Apr/2025:17:22:38 +0800] "GET /wp-json/wc-admin/options?options=woocommerce_admin_transient_notices_queue%2Cwoocommerce_admin_install_timestamp%2Cwoocommerce_allow_tracking&_locale=user HTTP/1.1" 200 148 "https://bt-miners.com/wp-admin/admin.php?page=wc-settings&tab=advanced" "Mozilla/5.0 (Windows NT 10.0; Win64; x64) AppleWebKit/537.36 (KHTML, like Gecko) Chrome/134.0.0.0 Safari/537.36" "1.597 Seconds"
170.187.181.77,170.187.181.77 - - [01/Apr/2025:17:22:38 +0800] "GET /wp-json/wc-analytics/admin/notes?page=1&per_page=25&type=error%2Cupdate&status=unactioned&_locale=user HTTP/1.1" 200 12 "https://bt-miners.com/wp-admin/admin.php?page=wc-settings&tab=advanced" "Mozilla/5.0 (Windows NT 10.0; Win64; x64) AppleWebKit/537.36 (KHTML, like Gecko) Chrome/134.0.0.0 Safari/537.36" "1.783 Seconds"
170.187.181.77,170.187.181.77 - - [01/Apr/2025:17:22:38 +0800] "GET /wp-json/wc-admin/options?options=woocommerce_task_list_reminder_bar_hidden&_locale=user HTTP/1.1" 200 62 "https://bt-miners.com/wp-admin/admin.php?page=wc-settings&tab=advanced" "Mozilla/5.0 (Windows NT 10.0; Win64; x64) AppleWebKit/537.36 (KHTML, like Gecko) Chrome/134.0.0.0 Safari/537.36" "1.331 Seconds"
170.187.181.77,170.187.181.77 - - [01/Apr/2025:17:22:39 +0800] "GET /wp-admin/admin.php?page=wc-settings&tab=advanced&section=keys HTTP/1.1" 200 181100 "https://bt-miners.com/wp-admin/admin.php?page=wc-settings&tab=advanced" "Mozilla/5.0 (Windows NT 10.0; Win64; x64) AppleWebKit/537.36 (KHTML, like Gecko) Chrome/134.0.0.0 Safari/537.36" "1.652 Seconds"
170.187.181.77 - - [01/Apr/2025:17:22:40 +0800] "GET /wp-content/plugins/woo-advanced-shipment-tracking/zorem-tracking/assets/css/style.css?ver=1743499359 HTTP/1.1" 200 948 "https://bt-miners.com/wp-admin/admin.php?page=wc-settings&tab=advanced&section=keys" "Mozilla/5.0 (Windows NT 10.0; Win64; x64) AppleWebKit/537.36 (KHTML, like Gecko) Chrome/134.0.0.0 Safari/537.36" "0.000 Seconds"
