91.243.81.46 - - [01/Apr/2025:17:18:54 +0800] "POST /wp-admin/admin-ajax.php HTTP/1.1" 200 31 "https://zh-cn.bt-miners.com/" "Mozilla/5.0 (Windows NT 10.0; Win64; x64) AppleWebKit/537.36 (KHTML, like Gecko) Chrome/134.0.0.0 Safari/537.36 Edg/134.0.0.0" "0.474 Seconds"
66.249.91.195 - - [01/Apr/2025:17:18:54 +0800] "GET /wp-content/plugins/perfmatters/js/lazyload.min.js?ver=2.3.6 HTTP/1.1" 304 0 "https://bt-miners.com/" "AdsBot-Google (+http://www.google.com/adsbot.html)" "0.000 Seconds"
83.99.151.69,83.99.151.69 - - [01/Apr/2025:17:18:54 +0800] "GET /shop/page/22/ HTTP/1.1" 200 67332 "-" "Mozilla/5.0 AppleWebKit/537.36 (KHTML, like Gecko; compatible; GeedoProductSearch; +http://www.geedo.com/product-search.html) Chrome/79.0.3945.88 Safari/537.36" "0.759 Seconds"
66.249.91.195 - - [01/Apr/2025:17:18:55 +0800] "GET /wp-content/cache/perfmatters/bt-miners.com/minify/bc97d6005c28.new-common-style.min.css?ver=1741940464 HTTP/1.1" 304 0 "https://bt-miners.com/" "AdsBot-Google (+http://www.google.com/adsbot.html)" "0.000 Seconds"
212.107.29.90,212.107.29.90 - - [01/Apr/2025:17:18:56 +0800] "GET /wp-json/wc/v2/list_income_product?Coin=All HTTP/1.1" 200 222158 "https://bt-miners.com/daily-income-of-miners/" "Mozilla/5.0 (Windows NT 10.0; Win64; x64) AppleWebKit/537.36 (KHTML, like Gecko) Chrome/134.0.0.0 Safari/537.36" "0.686 Seconds"
66.249.91.196 - - [01/Apr/2025:17:18:57 +0800] "GET /wp-content/cache/perfmatters/bt-miners.com/fonts/UcC73FwrK3iLTeHuS_nVMrMxCp50SjIa1ZL7W0Q5nw.woff2 HTTP/1.1" 304 0 "https://bt-miners.com/wp-content/cache/perfmatters/bt-miners.com/fonts/fd785a6ca5e6.google-fonts.min.css" "AdsBot-Google (+http://www.google.com/adsbot.html)" "0.000 Seconds"
54.37.215.164,54.37.215.164 - - [01/Apr/2025:17:18:57 +0800] "GET /forum/topic/new-bitmain-antminer-ks3-9-4th-cost-5000-dollars-2/?showfeed=rss2 HTTP/1.1" 200 7778 "-" "GTranslate-Translation-Proxy" "0.356 Seconds"
54.158.124.156,54.158.124.156 - - [01/Apr/2025:17:18:59 +0800] "GET /?debug=kuma-uptime HTTP/1.1" 200 89372 "-" "Uptime-Kuma/1.23.16" "1.564 Seconds"
212.107.29.90,212.107.29.90 - - [01/Apr/2025:17:19:01 +0800] "GET /products/bitmain-antminer-s21-xp-bitcoin-miner-270th-s-bt-miners/ HTTP/1.1" 200 78793 "https://bt-miners.com/daily-income-of-miners/" "Mozilla/5.0 (Windows NT 10.0; Win64; x64) AppleWebKit/537.36 (KHTML, like Gecko) Chrome/134.0.0.0 Safari/537.36" "0.699 Seconds"
212.107.29.90,212.107.29.90 - - [01/Apr/2025:17:19:02 +0800] "GET /products/bitmain-antminer-s21-xp-imm-bitcoin-miner-300th-s-bt-miners/ HTTP/1.1" 200 81486 "https://bt-miners.com/daily-income-of-miners/" "Mozilla/5.0 (Windows NT 10.0; Win64; x64) AppleWebKit/537.36 (KHTML, like Gecko) Chrome/134.0.0.0 Safari/537.36" "0.691 Seconds"
212.107.29.90,212.107.29.90 - - [01/Apr/2025:17:19:03 +0800] "GET /products/bitmain-antminer-s21-xp-bitcoin-miner-270th-s-bt-miners/ HTTP/1.1" 200 78779 "https://bt-miners.com/daily-income-of-miners/" "Mozilla/5.0 (Windows NT 10.0; Win64; x64) AppleWebKit/537.36 (KHTML, like Gecko) Chrome/134.0.0.0 Safari/537.36" "1.147 Seconds"
212.107.29.90,212.107.29.90 - - [01/Apr/2025:17:19:04 +0800] "GET /products/bitmain-antminer-s21-hyd-bitcoin-miner-319th-s-bt-miners/ HTTP/1.1" 200 82479 "https://bt-miners.com/daily-income-of-miners/" "Mozilla/5.0 (Windows NT 10.0; Win64; x64) AppleWebKit/537.36 (KHTML, like Gecko) Chrome/134.0.0.0 Safari/537.36" "1.797 Seconds"
212.107.29.89 - - [01/Apr/2025:17:19:04 +0800] "POST /wp-admin/admin-ajax.php HTTP/1.1" 200 31 "https://bt-miners.com/wp-admin/post.php?post=70797&action=edit" "Mozilla/5.0 (Windows NT 10.0; Win64; x64) AppleWebKit/537.36 (KHTML, like Gecko) Chrome/122.0.0.0 Safari/537.36" "0.373 Seconds"
212.107.29.90,212.107.29.90 - - [01/Apr/2025:17:19:04 +0800] "GET /products/bitdeer-sealminer-a2-hyd-bitcoin-miner-446th-s-bt-miners/ HTTP/1.1" 200 78690 "https://bt-miners.com/daily-income-of-miners/" "Mozilla/5.0 (Windows NT 10.0; Win64; x64) AppleWebKit/537.36 (KHTML, like Gecko) Chrome/134.0.0.0 Safari/537.36" "1.295 Seconds"
83.99.151.69,83.99.151.69 - - [01/Apr/2025:17:19:05 +0800] "GET /collections/goldshell/?display_mode=list HTTP/1.1" 200 68188 "-" "Mozilla/5.0 AppleWebKit/537.36 (KHTML, like Gecko; compatible; GeedoProductSearch; +http://www.geedo.com/product-search.html) Chrome/79.0.3945.88 Safari/537.36" "0.938 Seconds"
212.107.29.90,212.107.29.90 - - [01/Apr/2025:17:19:05 +0800] "GET /products/bitmain-antminer-s21-pro-bitcoin-miner-234th-s-bt-miners/ HTTP/1.1" 200 80177 "https://bt-miners.com/daily-income-of-miners/" "Mozilla/5.0 (Windows NT 10.0; Win64; x64) AppleWebKit/537.36 (KHTML, like Gecko) Chrome/134.0.0.0 Safari/537.36" "1.354 Seconds"
212.107.29.90,212.107.29.90 - - [01/Apr/2025:17:19:06 +0800] "GET /products/bitmain-antminer-s21-pro-bitcoin-miner-234th-s-bt-miners/ HTTP/1.1" 200 80188 "https://bt-miners.com/daily-income-of-miners/" "Mozilla/5.0 (Windows NT 10.0; Win64; x64) AppleWebKit/537.36 (KHTML, like Gecko) Chrome/134.0.0.0 Safari/537.36" "0.680 Seconds"
212.107.29.90 - - [01/Apr/2025:17:19:09 +0800] "POST /wp-admin/admin-ajax.php HTTP/1.1" 200 31 "https://bt-miners.com/products/bitmain-antminer-s21-xp-bitcoin-miner-270th-s-bt-miners/" "Mozilla/5.0 (Windows NT 10.0; Win64; x64) AppleWebKit/537.36 (KHTML, like Gecko) Chrome/134.0.0.0 Safari/537.36" "0.425 Seconds"
2401:4900:1c68:53b8:50b5:f0aa:2647:e8d5,54.38.96.38 - - [01/Apr/2025:17:19:12 +0800] "POST /wp-login.php HTTP/1.1" 200 4004 "-" "Mozilla/4.0 (compatible; MSIE 6.0; Windows NT 5.0)" "0.728 Seconds"
212.107.29.90 - - [01/Apr/2025:17:19:13 +0800] "POST /wp-admin/admin-ajax.php HTTP/1.1" 200 31 "https://bt-miners.com/products/bitmain-antminer-s21-pro-bitcoin-miner-234th-s-bt-miners/" "Mozilla/5.0 (Windows NT 10.0; Win64; x64) AppleWebKit/537.36 (KHTML, like Gecko) Chrome/134.0.0.0 Safari/537.36" "0.438 Seconds"
83.99.151.65,83.99.151.65 - - [01/Apr/2025:17:19:15 +0800] "GET /collections/miner-category/hydro/page/2/ HTTP/1.1" 200 63648 "-" "Mozilla/5.0 AppleWebKit/537.36 (KHTML, like Gecko; compatible; GeedoProductSearch; +http://www.geedo.com/product-search.html) Chrome/79.0.3945.88 Safari/537.36" "0.629 Seconds"
67.189.107.113,67.189.107.113 - - [01/Apr/2025:17:19:16 +0800] "GET /products/bitmain-antminer-s19-hydro-158th/ HTTP/1.1" 200 120165 "https://bt-miners.com/collections/bitcoin-miners/page/3/" "Mozilla/5.0 (Windows NT 10.0; Win64; x64) AppleWebKit/537.36 (KHTML, like Gecko) Chrome/128.0.0.0 Safari/537.36" "1.022 Seconds"
212.107.29.89 - - [01/Apr/2025:17:19:20 +0800] "POST /wp-admin/admin-ajax.php HTTP/1.1" 200 31 "https://bt-miners.com/wp-admin/post.php?post=70797&action=edit" "Mozilla/5.0 (Windows NT 10.0; Win64; x64) AppleWebKit/537.36 (KHTML, like Gecko) Chrome/122.0.0.0 Safari/537.36" "0.445 Seconds"
2a01:4f8:c013:c18::1,2a01:4f8:c013:c18::1 - - [01/Apr/2025:17:19:20 +0800] "HEAD /wp-admin/?debug=uptimerobot HTTP/1.1" 302 0 "https://bt-miners.com/wp-admin/?debug=uptimerobot" "Mozilla/5.0+(compatible; UptimeRobot/2.0; http://www.uptimerobot.com/)" "0.402 Seconds"
67.189.107.113 - - [01/Apr/2025:17:19:20 +0800] "POST /wp-admin/admin-ajax.php HTTP/1.1" 200 31 "https://bt-miners.com/products/bitmain-antminer-s19-hydro-158th/" "Mozilla/5.0 (Windows NT 10.0; Win64; x64) AppleWebKit/537.36 (KHTML, like Gecko) Chrome/128.0.0.0 Safari/537.36" "0.365 Seconds"
54.158.124.156,54.158.124.156 - - [01/Apr/2025:17:19:21 +0800] "GET /?debug=kuma-uptime HTTP/1.1" 200 89379 "-" "Uptime-Kuma/1.23.16" "1.691 Seconds"
2a01:4f8:c013:c18::1,2a01:4f8:c013:c18::1 - - [01/Apr/2025:17:19:21 +0800] "HEAD /wp-login.php?redirect_to=https%3A%2F%2Fbt-miners.com%2Fwp-admin%2F%3Fdebug%3Duptimerobot&reauth=1 HTTP/1.1" 200 0 "https://bt-miners.com/wp-admin/?debug=uptimerobot" "Mozilla/5.0+(compatible; UptimeRobot/2.0; http://www.uptimerobot.com/)" "0.394 Seconds"
172.59.240.39,172.59.240.39 - - [01/Apr/2025:17:19:21 +0800] "GET /wp-json/api/flutter_forum/topics?BTAPP=77e490b6e8c36a8f77d7231efb3818fe&timestamp=1743499155909&topics_id=7 HTTP/1.1" 200 5938 "-" "Dart/3.5 (dart:io)" "0.206 Seconds"
172.59.240.39,172.59.240.39 - - [01/Apr/2025:17:19:21 +0800] "GET /wp-json/wc/v2/list_income_product?GetCache=2&BTAPP=c528c62e69809de1104aea5c21c4cd1a&timestamp=1743499156938&Coin=All&Ele=0.1&consumer_key=ck_368292ab2d1fc81f564ec5bb31917429689244e7&consumer_secret=cs_8a3d609f77c939aa6f3912e300201e2eb55a5367 HTTP/1.1" 200 222158 "-" "Dart/3.5 (dart:io)" "0.212 Seconds"
172.59.240.39,172.59.240.39 - - [01/Apr/2025:17:19:21 +0800] "GET /wp-json/api/flutter_forum/index?BTAPP=2836ef70c6dacacaf481fa26502fe817&timestamp=1743499156506 HTTP/1.1" 200 2070 "-" "Dart/3.5 (dart:io)" "0.251 Seconds"
172.59.240.39,172.59.240.39 - - [01/Apr/2025:17:19:21 +0800] "GET /wp-json/wc/v2/list_income_product?GetCache=2&BTAPP=4f843e9dbfdc63f265e5ccc9845814cf&timestamp=1743499156837&Coin=All&Ele=0.1&consumer_key=ck_368292ab2d1fc81f564ec5bb31917429689244e7&consumer_secret=cs_8a3d609f77c939aa6f3912e300201e2eb55a5367 HTTP/1.1" 200 222150 "-" "Dart/3.5 (dart:io)" "0.212 Seconds"
172.59.240.39,172.59.240.39 - - [01/Apr/2025:17:19:21 +0800] "GET /wp-json/wc/v2/list_income_product?GetCache=2&BTAPP=12ea23241ffeea7d78dd238b70b0948b&timestamp=1743499156779&Coin=All&Ele=0.1&consumer_key=ck_368292ab2d1fc81f564ec5bb31917429689244e7&consumer_secret=cs_8a3d609f77c939aa6f3912e300201e2eb55a5367 HTTP/1.1" 200 222159 "-" "Dart/3.5 (dart:io)" "0.226 Seconds"
3.222.106.115 - - [01/Apr/2025:17:19:21 +0800] "POST /wp-admin/admin-ajax.php?action=as_async_request_queue_runner&nonce=9448344d5d HTTP/1.1" 499 0 "-" "WordPress/6.7.1; https://bt-miners.com" "0.977 Seconds"
172.59.240.39,172.59.240.39 - - [01/Apr/2025:17:19:21 +0800] "GET /wp-json/wc/v2/list_icon?consumer_key=ck_368292ab2d1fc81f564ec5bb31917429689244e7&consumer_secret=cs_8a3d609f77c939aa6f3912e300201e2eb55a5367 HTTP/1.1" 200 175 "-" "Dart/3.5 (dart:io)" "0.398 Seconds"
172.59.240.39,172.59.240.39 - - [01/Apr/2025:17:19:21 +0800] "GET /wp-json/wc/v2/list_icon?consumer_key=ck_368292ab2d1fc81f564ec5bb31917429689244e7&consumer_secret=cs_8a3d609f77c939aa6f3912e300201e2eb55a5367 HTTP/1.1" 200 175 "-" "Dart/3.5 (dart:io)" "0.428 Seconds"
172.59.240.39,172.59.240.39 - - [01/Apr/2025:17:19:21 +0800] "GET /wp-json/api/flutter_user/get_countries HTTP/1.1" 200 8524 "-" "Dart/3.5 (dart:io)" "0.500 Seconds"
172.59.240.39,172.59.240.39 - - [01/Apr/2025:17:19:21 +0800] "GET /wp-json/api/flutter_user/get_currency_rates?timestamp=1743499156527 HTTP/1.1" 404 128 "-" "Dart/3.5 (dart:io)" "0.481 Seconds"
172.59.240.39,172.59.240.39 - - [01/Apr/2025:17:19:21 +0800] "GET /wp-json/api/flutter_version/get_version?timestamp=1743499156954 HTTP/1.1" 200 446 "-" "Dart/3.5 (dart:io)" "0.448 Seconds"
240e:3b2:3232:4a70:7058:7862:f44b:6b0 - - [01/Apr/2025:17:19:22 +0800] "POST /wp-admin/admin-ajax.php HTTP/1.1" 200 43 "https://bt-miners.com/wp-admin/" "Mozilla/5.0 (Windows NT 10.0; Win64; x64) AppleWebKit/537.36 (KHTML, like Gecko) Chrome/119.0.0.0 Safari/537.36" "0.382 Seconds"
172.59.240.39,172.59.240.39 - - [01/Apr/2025:17:19:22 +0800] "GET /wp-json/api/flutter_forum/topics?BTAPP=a256b103c948723452f20035cbea858b&timestamp=1743499160472&topics_id=7 HTTP/1.1" 200 5938 "-" "Dart/3.5 (dart:io)" "0.167 Seconds"
172.59.240.39,172.59.240.39 - - [01/Apr/2025:17:19:23 +0800] "GET /wp-json/api/flutter_user/get_currencies HTTP/1.1" 200 248 "-" "Dart/3.5 (dart:io)" "0.492 Seconds"
172.59.240.39,172.59.240.39 - - [01/Apr/2025:17:19:23 +0800] "GET /wp-json/api/flutter_activity/get_activity?timestamp=1743499160909 HTTP/1.1" 200 418 "-" "Dart/3.5 (dart:io)" "0.449 Seconds"
83.99.151.69,83.99.151.69 - - [01/Apr/2025:17:19:25 +0800] "GET /wp-login.php?redirect_to=https%3A%2F%2Fbt-miners.com%2Fharnessing-hope-recent-developments-in-crypto-mining%2F HTTP/1.1" 200 3894 "-" "Mozilla/5.0 AppleWebKit/537.36 (KHTML, like Gecko; compatible; GeedoProductSearch; +http://www.geedo.com/product-search.html) Chrome/79.0.3945.88 Safari/537.36" "0.361 Seconds"
172.59.240.39,172.59.240.39 - - [01/Apr/2025:17:19:26 +0800] "GET /wp-json/wc/v2/list_icon?consumer_key=ck_368292ab2d1fc81f564ec5bb31917429689244e7&consumer_secret=cs_8a3d609f77c939aa6f3912e300201e2eb55a5367 HTTP/1.1" 200 175 "-" "Dart/3.5 (dart:io)" "0.448 Seconds"
52.167.144.187,52.167.144.187 - - [01/Apr/2025:17:19:26 +0800] "GET /wp-json/wp-mail-smtp/v1/e/ZGF0YSU1QmVtYWlsX2xvZ19pZCU1RD0yMTQwMSZkYXRhJTVCZXZlbnRfdHlwZSU1RD1vcGVuLWVtYWlsJmhhc2g9YjAwYjkxMjM2NTk1MzFkMDQ0YWNlZWFkNjU3MzJhYjMwNTE5MDcyYzc0NjEyNDc2MGM4MzNkODM0YmVlYTViYg== HTTP/1.1" 200 54 "-" "Mozilla/5.0 AppleWebKit/537.36 (KHTML, like Gecko; compatible; bingbot/2.0; +http://www.bing.com/bingbot.htm) Chrome/116.0.1938.76 Safari/537.36" "0.417 Seconds"
2a01:4f8:c012:c60e::1,2a01:4f8:c012:c60e::1 - - [01/Apr/2025:17:19:26 +0800] "HEAD /?debug=uptimerobot HTTP/1.1" 200 0 "https://bt-miners.com/?debug=uptimerobot" "Mozilla/5.0+(compatible; UptimeRobot/2.0; http://www.uptimerobot.com/)" "0.333 Seconds"
172.59.240.39,172.59.240.39 - - [01/Apr/2025:17:19:28 +0800] "GET /wp-json/api/flutter_charts/get_ahr999_new?BTAPP=2494951c139e96fbe512132aea9a9555&timestamp=1743499165754 HTTP/1.1" 200 187574 "-" "Dart/3.5 (dart:io)" "0.259 Seconds"
109.230.55.105,54.38.96.37 - - [01/Apr/2025:17:19:33 +0800] "POST /wp-login.php HTTP/1.1" 200 4004 "-" "Mozilla/4.0 (compatible; MSIE 6.0; Windows NT 5.0)" "0.734 Seconds"
83.99.151.69,83.99.151.69 - - [01/Apr/2025:17:19:34 +0800] "GET /a-bitcoin-etf-could-trigger-the-next-bull-run-and-more/ HTTP/1.1" 200 65964 "-" "Mozilla/5.0 AppleWebKit/537.36 (KHTML, like Gecko; compatible; GeedoProductSearch; +http://www.geedo.com/product-search.html) Chrome/79.0.3945.88 Safari/537.36" "0.539 Seconds"
2a01:4f8:c013:3c54::1,2a01:4f8:c013:3c54::1 - - [01/Apr/2025:17:19:36 +0800] "HEAD / HTTP/1.1" 200 0 "https://bt-miners.com/" "Mozilla/5.0+(compatible; UptimeRobot/2.0; http://www.uptimerobot.com/)" "0.363 Seconds"
240e:3b2:3232:4a70:7058:7862:f44b:6b0 - - [01/Apr/2025:17:19:38 +0800] "POST /wp-admin/admin-ajax.php HTTP/1.1" 200 31 "https://bt-miners.com/wp-admin/" "Mozilla/5.0 (Windows NT 10.0; Win64; x64) AppleWebKit/537.36 (KHTML, like Gecko) Chrome/119.0.0.0 Safari/537.36" "0.416 Seconds"
66.102.9.226,66.102.9.226 - - [01/Apr/2025:17:19:38 +0800] "GET /.well-known/assetlinks.json HTTP/1.1" 403 134 "-" "GoogleAssociationService" "0.000 Seconds"
172.59.240.39,172.59.240.39 - - [01/Apr/2025:17:19:41 +0800] "GET /wp-json/api/flutter_charts/get_ahr999x?BTAPP=93788e4ecb1b714c6f734ae17e643759&timestamp=1743499177569 HTTP/1.1" 200 109721 "-" "Dart/3.5 (dart:io)" "0.182 Seconds"
3.222.106.115 - - [01/Apr/2025:17:19:41 +0800] "POST /wp-cron.php?doing_wp_cron=1743499181.4309940338134765625000 HTTP/1.1" 200 31 "-" "WordPress/6.7.1; https://bt-miners.com" "0.001 Seconds"
212.107.29.89 - - [01/Apr/2025:17:19:42 +0800] "POST /wp-admin/admin-ajax.php HTTP/1.1" 200 43 "https://bt-miners.com/wp-admin/post.php?post=70797&action=edit" "Mozilla/5.0 (Windows NT 10.0; Win64; x64) AppleWebKit/537.36 (KHTML, like Gecko) Chrome/122.0.0.0 Safari/537.36" "0.425 Seconds"
54.158.124.156,54.158.124.156 - - [01/Apr/2025:17:19:42 +0800] "GET /?debug=kuma-uptime HTTP/1.1" 200 89377 "-" "Uptime-Kuma/1.23.16" "1.700 Seconds"
54.158.124.156,54.158.124.156 - - [01/Apr/2025:17:19:43 +0800] "GET /wp-json/wc/v3/products/65550?BTAPP=0ab500a390125fa362f93b5a7ce1a11b&timestamp=1743499182000&consumer_key=ck_ade8bae15651a682b134a4548eadbbbc1a6b9b32&consumer_secret=cs_153aa96005761ebbf3fa0294cabc7b8a25ce374b HTTP/1.1" 200 17081 "-" "WordPress/6.7.2; https://miner-prof.btpayments.io" "0.478 Seconds"
67.189.107.113,67.189.107.113 - - [01/Apr/2025:17:19:43 +0800] "GET /collections/eth-miners/ HTTP/1.1" 301 5 "https://bt-miners.com/collections/bitcoin-miners/page/3/" "Mozilla/5.0 (Windows NT 10.0; Win64; x64) AppleWebKit/537.36 (KHTML, like Gecko) Chrome/128.0.0.0 Safari/537.36" "0.314 Seconds"
67.189.107.113,67.189.107.113 - - [01/Apr/2025:17:19:44 +0800] "GET /collections/kaspa-miners/ HTTP/1.1" 301 5 "https://bt-miners.com/collections/bitcoin-miners/page/3/" "Mozilla/5.0 (Windows NT 10.0; Win64; x64) AppleWebKit/537.36 (KHTML, like Gecko) Chrome/128.0.0.0 Safari/537.36" "0.356 Seconds"
64.233.173.167,64.233.173.167 - - [01/Apr/2025:17:19:45 +0800] "GET /.well-known/assetlinks.json HTTP/1.1" 403 134 "-" "GoogleAssociationService" "0.000 Seconds"
83.99.151.66,83.99.151.66 - - [01/Apr/2025:17:19:45 +0800] "GET /products/antminer-power-supply-apw12_12v-15v-emc-for-s19-s19-pro-and-t19/ HTTP/1.1" 200 91791 "-" "Mozilla/5.0 AppleWebKit/537.36 (KHTML, like Gecko; compatible; GeedoProductSearch; +http://www.geedo.com/product-search.html) Chrome/79.0.3945.88 Safari/537.36" "0.926 Seconds"
172.59.240.39,172.59.240.39 - - [01/Apr/2025:17:19:49 +0800] "GET /wp-json/api/flutter_secials/get_gas_fee?BTAPP=862bc8e23ce03ae7aa96c3f4ce92c63c HTTP/1.1" 200 164674 "-" "Dart/3.5 (dart:io)" "0.558 Seconds"
212.107.29.89 - - [01/Apr/2025:17:19:51 +0800] "POST /wp-admin/admin-ajax.php HTTP/1.1" 200 43 "https://bt-miners.com/wp-admin/post.php?post=70267&action=edit" "Mozilla/5.0 (Windows NT 10.0; Win64; x64) AppleWebKit/537.36 (KHTML, like Gecko) Chrome/134.0.0.0 Safari/537.36" "0.396 Seconds"
240e:3b2:3232:4a70:7058:7862:f44b:6b0 - - [01/Apr/2025:17:19:54 +0800] "POST /wp-admin/admin-ajax.php HTTP/1.1" 200 31 "https://bt-miners.com/wp-admin/" "Mozilla/5.0 (Windows NT 10.0; Win64; x64) AppleWebKit/537.36 (KHTML, like Gecko) Chrome/119.0.0.0 Safari/537.36" "0.455 Seconds"
64.233.173.167,64.233.173.167 - - [01/Apr/2025:17:19:54 +0800] "GET /.well-known/assetlinks.json HTTP/1.1" 403 134 "-" "GoogleAssociationService" "0.000 Seconds"
3.222.106.115 - - [01/Apr/2025:17:19:57 +0800] "POST /wp-cron.php?doing_wp_cron=1743499197.1975629329681396484375 HTTP/1.1" 200 31 "-" "WordPress/6.7.1; https://bt-miners.com" "0.001 Seconds"
172.59.240.39,172.59.240.39 - - [01/Apr/2025:17:19:57 +0800] "GET /wp-json/api/flutter_secials/get_pool_rank?BTAPP=b70b1c34a6dbb9e5d183e0b8c7673546&timestamp=1743499194411 HTTP/1.1" 200 2077 "-" "Dart/3.5 (dart:io)" "0.219 Seconds"
219.133.248.83,219.133.248.83 - - [01/Apr/2025:17:19:59 +0800] "GET /wp-json/api/flutter_rental/get_hosting_miners?timestamp=1743499198429 HTTP/1.1" 200 1756 "-" "Dart/3.5 (dart:io)" "0.506 Seconds"
2a04:cec0:1065:4774:3c08:af38:b9bc:3713 - - [01/Apr/2025:17:20:01 +0800] "POST /wp-admin/admin-ajax.php HTTP/1.1" 200 31 "https://bt-miners.com/products/iceriver-ae0-aleo-miner-50mh-s-bt-miners/" "Mozilla/5.0 (Linux; Android 10; K) AppleWebKit/537.36 (KHTML, like Gecko) Chrome/134.0.0.0 Mobile Safari/537.36" "0.490 Seconds"
54.158.124.156,54.158.124.156 - - [01/Apr/2025:17:20:04 +0800] "GET /?debug=kuma-uptime HTTP/1.1" 200 89447 "-" "Uptime-Kuma/1.23.16" "1.602 Seconds"
83.99.151.66,83.99.151.66 - - [01/Apr/2025:17:20:07 +0800] "GET /products/chainlink-link-cryptocurrency-logo-polo-t-shirt-bt-miners/ HTTP/1.1" 200 96549 "-" "Mozilla/5.0 AppleWebKit/537.36 (KHTML, like Gecko; compatible; GeedoProductSearch; +http://www.geedo.com/product-search.html) Chrome/79.0.3945.88 Safari/537.36" "2.266 Seconds"
240e:3b2:3232:4a70:7058:7862:f44b:6b0 - - [01/Apr/2025:17:20:10 +0800] "POST /wp-admin/admin-ajax.php HTTP/1.1" 200 31 "https://bt-miners.com/wp-admin/" "Mozilla/5.0 (Windows NT 10.0; Win64; x64) AppleWebKit/537.36 (KHTML, like Gecko) Chrome/119.0.0.0 Safari/537.36" "0.415 Seconds"
3.222.106.115 - - [01/Apr/2025:17:20:12 +0800] "POST /wp-cron.php?doing_wp_cron=1743499212.7843570709228515625000 HTTP/1.1" 200 31 "-" "WordPress/6.7.1; https://bt-miners.com" "0.000 Seconds"
2401:4900:1c68:53b8:50b5:f0aa:2647:e8d5,54.38.96.38 - - [01/Apr/2025:17:20:13 +0800] "POST /wp-login.php HTTP/1.1" 200 4004 "-" "Mozilla/4.0 (compatible; MSIE 6.0; Windows NT 5.0)" "0.752 Seconds"
212.107.29.89 - - [01/Apr/2025:17:20:13 +0800] "POST /wp-admin/admin-ajax.php HTTP/1.1" 200 43 "https://bt-miners.com/wp-admin/options-general.php?page=cloudflare" "Mozilla/5.0 (Windows NT 10.0; Win64; x64) AppleWebKit/537.36 (KHTML, like Gecko) Chrome/122.0.0.0 Safari/537.36" "0.392 Seconds"
212.107.29.89 - - [01/Apr/2025:17:20:14 +0800] "POST /wp-admin/admin-ajax.php HTTP/1.1" 200 43 "https://bt-miners.com/wp-admin/post.php?post=70804&action=edit" "Mozilla/5.0 (Windows NT 10.0; Win64; x64) AppleWebKit/537.36 (KHTML, like Gecko) Chrome/122.0.0.0 Safari/537.36" "0.742 Seconds"
212.107.29.89 - - [01/Apr/2025:17:20:14 +0800] "POST /wp-admin/admin-ajax.php HTTP/1.1" 200 43 "https://bt-miners.com/wp-admin/options-general.php?page=perfmatters" "Mozilla/5.0 (Windows NT 10.0; Win64; x64) AppleWebKit/537.36 (KHTML, like Gecko) Chrome/122.0.0.0 Safari/537.36" "1.072 Seconds"
83.99.151.66,83.99.151.66 - - [01/Apr/2025:17:20:14 +0800] "GET /collections/crypto-merchandise/t-shirts/page/1/ HTTP/1.1" 301 5 "-" "Mozilla/5.0 AppleWebKit/537.36 (KHTML, like Gecko; compatible; GeedoProductSearch; +http://www.geedo.com/product-search.html) Chrome/79.0.3945.88 Safari/537.36" "0.306 Seconds"
54.38.96.35,54.38.96.35 - - [01/Apr/2025:17:20:16 +0800] "GET /?s=X16 HTTP/1.1" 200 58255 "https://zh-cn.bt-miners.com/%E6%94%B6%E8%97%8F/%E4%BB%A5%E5%A4%AA%E5%9D%8A%E7%9F%BF%E5%B7%A5/%E9%A1%B5/2/" "Mozilla/5.0 (Windows NT 10.0; Win64; x64) AppleWebKit/537.36 (KHTML, like Gecko) Chrome/134.0.0.0 Safari/537.36 Edg/134.0.0.0" "0.490 Seconds"
3.222.106.115 - - [01/Apr/2025:17:20:16 +0800] "POST /wp-cron.php?doing_wp_cron=1743499216.5592479705810546875000 HTTP/1.1" 200 31 "-" "WordPress/6.7.1; https://bt-miners.com" "0.000 Seconds"
54.37.215.163,54.37.215.163 - - [01/Apr/2025:17:20:17 +0800] "GET /wp-login.php HTTP/1.1" 302 5 "-" "Mozilla/4.0 (compatible; MSIE 6.0; Windows NT 5.0)" "0.320 Seconds"
83.99.151.66,83.99.151.66 - - [01/Apr/2025:17:20:17 +0800] "GET /collections/crypto-merchandise/t-shirts/ HTTP/1.1" 200 66853 "-" "Mozilla/5.0 AppleWebKit/537.36 (KHTML, like Gecko; compatible; GeedoProductSearch; +http://www.geedo.com/product-search.html) Chrome/79.0.3945.88 Safari/537.36" "2.531 Seconds"
3.110.181.55,3.110.181.55 - - [01/Apr/2025:17:20:17 +0800] "GET /products/goldshell-e-dg1m-litecoin-dogecoin-miner-3-4gh-s-bt-miners/ HTTP/1.1" 200 121008 "-" "Mozilla/5.0 (Windows NT 10.0; Win64; x64) AppleWebKit/537.36 (KHTML, like Gecko) Chrome/89.0.4342.0 Safari/537.36" "1.532 Seconds"
54.37.215.163,54.37.215.163 - - [01/Apr/2025:17:20:19 +0800] "GET /?author=1 HTTP/1.1" 404 32737 "-" "Mozilla/4.0 (compatible; MSIE 6.0; Windows NT 5.0)" "0.448 Seconds"
27.119.30.203,54.37.215.163 - - [01/Apr/2025:17:20:24 +0800] "POST /wp-login.php HTTP/1.1" 200 4004 "-" "Mozilla/4.0 (compatible; MSIE 6.0; Windows NT 5.0)" "0.747 Seconds"
3.222.106.115 - - [01/Apr/2025:17:20:25 +0800] "POST /wp-cron.php?doing_wp_cron=1743499225.0668048858642578125000 HTTP/1.1" 200 31 "-" "WordPress/6.7.1; https://bt-miners.com" "0.000 Seconds"
83.99.151.66,83.99.151.66 - - [01/Apr/2025:17:20:25 +0800] "GET /positive-developments-in-the-crypto-mining-industry/ HTTP/1.1" 200 62356 "-" "Mozilla/5.0 AppleWebKit/537.36 (KHTML, like Gecko; compatible; GeedoProductSearch; +http://www.geedo.com/product-search.html) Chrome/79.0.3945.88 Safari/537.36" "0.543 Seconds"
54.158.124.156,54.158.124.156 - - [01/Apr/2025:17:20:26 +0800] "GET /?debug=kuma-uptime HTTP/1.1" 200 89367 "-" "Uptime-Kuma/1.23.16" "1.627 Seconds"
2a01:4f8:c012:c60e::1,2a01:4f8:c012:c60e::1 - - [01/Apr/2025:17:20:26 +0800] "HEAD /wp-admin/?debug=uptimerobot HTTP/1.1" 302 0 "https://bt-miners.com/wp-admin/?debug=uptimerobot" "Mozilla/5.0+(compatible; UptimeRobot/2.0; http://www.uptimerobot.com/)" "0.427 Seconds"
2a01:4f8:c012:c60e::1,2a01:4f8:c012:c60e::1 - - [01/Apr/2025:17:20:27 +0800] "HEAD /wp-login.php?redirect_to=https%3A%2F%2Fbt-miners.com%2Fwp-admin%2F%3Fdebug%3Duptimerobot&reauth=1 HTTP/1.1" 200 0 "https://bt-miners.com/wp-admin/?debug=uptimerobot" "Mozilla/5.0+(compatible; UptimeRobot/2.0; http://www.uptimerobot.com/)" "0.347 Seconds"
66.249.93.76,66.249.93.76 - - [01/Apr/2025:17:20:27 +0800] "GET /.well-known/assetlinks.json HTTP/1.1" 403 134 "-" "GoogleAssociationService" "0.000 Seconds"
2a04:cec0:1065:4774:3c08:af38:b9bc:3713,2a04:cec0:1065:4774:3c08:af38:b9bc:3713 - - [01/Apr/2025:17:20:27 +0800] "GET /products/bitmain-antminer-l9-litecoin-dogecoin-miner-16-2gh-s-bt-miners/ HTTP/1.1" 301 5 "https://whattomine.com/" "Mozilla/5.0 (Linux; Android 10; K) AppleWebKit/537.36 (KHTML, like Gecko) Chrome/134.0.0.0 Mobile Safari/537.36" "0.331 Seconds"
2a01:4f8:1c1c:7240::1,2a01:4f8:1c1c:7240::1 - - [01/Apr/2025:17:20:29 +0800] "HEAD /?debug=uptimerobot HTTP/1.1" 200 0 "https://bt-miners.com/?debug=uptimerobot" "Mozilla/5.0+(compatible; UptimeRobot/2.0; http://www.uptimerobot.com/)" "0.355 Seconds"
212.107.29.89 - - [01/Apr/2025:17:20:29 +0800] "POST /wp-admin/admin-ajax.php HTTP/1.1" 200 31 "https://bt-miners.com/wp-admin/post.php?post=70804&action=edit" "Mozilla/5.0 (Windows NT 10.0; Win64; x64) AppleWebKit/537.36 (KHTML, like Gecko) Chrome/122.0.0.0 Safari/537.36" "0.415 Seconds"
106.8.137.181 - - [01/Apr/2025:17:20:30 +0800] "GET /wp-content/cache/perfmatters/bt-miners.com/fonts/fd785a6ca5e6.google-fonts.min.css HTTP/1.1" 304 0 "https://bt-miners.com/products/bitmain-antminer-e9-pro-3-86gh-s-bt-miners/" "YisouSpider" "0.000 Seconds"
2a04:cec0:1065:4774:3c08:af38:b9bc:3713 - - [01/Apr/2025:17:20:31 +0800] "POST /wp-admin/admin-ajax.php HTTP/1.1" 200 31 "https://bt-miners.com/products/bitmain-antminer-l9-litecoin-dogecoin-miner-bt-miners/" "Mozilla/5.0 (Linux; Android 10; K) AppleWebKit/537.36 (KHTML, like Gecko) Chrome/134.0.0.0 Mobile Safari/537.36" "0.485 Seconds"
212.107.29.90,212.107.29.90 - - [01/Apr/2025:17:20:34 +0800] "GET /wp-admin/post-new.php HTTP/1.1" 200 218216 "https://bt-miners.com/products/bitmain-antminer-s21-pro-bitcoin-miner-234th-s-bt-miners/" "Mozilla/5.0 (Windows NT 10.0; Win64; x64) AppleWebKit/537.36 (KHTML, like Gecko) Chrome/134.0.0.0 Safari/537.36" "1.647 Seconds"
109.230.55.105,54.38.96.37 - - [01/Apr/2025:17:20:34 +0800] "POST /wp-login.php HTTP/1.1" 200 4004 "-" "Mozilla/4.0 (compatible; MSIE 6.0; Windows NT 5.0)" "0.764 Seconds"
83.99.151.66,83.99.151.66 - - [01/Apr/2025:17:20:35 +0800] "GET /shop/page/19/?display_mode=grid HTTP/1.1" 200 66897 "-" "Mozilla/5.0 AppleWebKit/537.36 (KHTML, like Gecko; compatible; GeedoProductSearch; +http://www.geedo.com/product-search.html) Chrome/79.0.3945.88 Safari/537.36" "0.810 Seconds"
124.239.12.228 - - [01/Apr/2025:17:20:37 +0800] "GET /wp-content/plugins/types/vendor/toolset/toolset-common/res/lib/font-awesome/webfonts/fa-solid-900.woff2 HTTP/1.1" 304 0 "https://bt-miners.com/products/bitmain-antminer-e9-pro-3-86gh-s-bt-miners/" "YisouSpider" "0.000 Seconds"
47.128.16.175,47.128.16.175 - - [01/Apr/2025:17:20:38 +0800] "GET /products/s19-xp-140t-1080days-g-rental/ HTTP/1.1" 301 5 "-" "Mozilla/5.0 (Linux; Android 5.0) AppleWebKit/537.36 (KHTML, like Gecko) Mobile Safari/537.36 (compatible; TikTokSpider; ttspider-feedback@tiktok.com)" "0.380 Seconds"
47.128.16.175,47.128.16.175 - - [01/Apr/2025:17:20:39 +0800] "GET /?post_type=product&p=25638&ref=3AEntreZ HTTP/1.1" 301 5 "-" "Mozilla/5.0 (Linux; Android 5.0) AppleWebKit/537.36 (KHTML, like Gecko) Mobile Safari/537.36 (compatible; TikTokSpider; ttspider-feedback@tiktok.com)" "0.368 Seconds"
2a01:4f8:c013:3c53::1,2a01:4f8:c013:3c53::1 - - [01/Apr/2025:17:20:40 +0800] "HEAD / HTTP/1.1" 200 0 "https://bt-miners.com/" "Mozilla/5.0+(compatible; UptimeRobot/2.0; http://www.uptimerobot.com/)" "0.313 Seconds"
240e:3b2:3232:4a70:7058:7862:f44b:6b0 - - [01/Apr/2025:17:20:41 +0800] "POST /wp-admin/admin-ajax.php HTTP/1.1" 200 43 "https://bt-miners.com/wp-admin/post.php?post=67951&action=edit" "Mozilla/5.0 (Windows NT 10.0; Win64; x64) AppleWebKit/537.36 (KHTML, like Gecko) Chrome/119.0.0.0 Safari/537.36" "0.413 Seconds"
240e:3b2:3232:4a70:7058:7862:f44b:6b0 - - [01/Apr/2025:17:20:41 +0800] "POST /wp-admin/admin-ajax.php HTTP/1.1" 200 43 "https://bt-miners.com/wp-admin/post.php?post=67951&action=edit" "Mozilla/5.0 (Windows NT 10.0; Win64; x64) AppleWebKit/537.36 (KHTML, like Gecko) Chrome/119.0.0.0 Safari/537.36" "0.706 Seconds"
52.167.144.196,52.167.144.196 - - [01/Apr/2025:17:20:44 +0800] "GET /?s=%E5%BE%90%E7%9F%BF%E9%9B%86%E5%9B%A2 HTTP/1.1" 200 56776 "-" "Mozilla/5.0 AppleWebKit/537.36 (KHTML, like Gecko; compatible; bingbot/2.0; +http://www.bing.com/bingbot.htm) Chrome/116.0.1938.76 Safari/537.36" "0.528 Seconds"
240e:3b2:3232:4a70:7058:7862:f44b:6b0 - - [01/Apr/2025:17:20:45 +0800] "POST /wp-admin/admin-ajax.php HTTP/1.1" 200 58 "https://bt-miners.com/wp-admin/" "Mozilla/5.0 (Windows NT 10.0; Win64; x64) AppleWebKit/537.36 (KHTML, like Gecko) Chrome/119.0.0.0 Safari/537.36" "0.359 Seconds"
83.99.151.70,83.99.151.70 - - [01/Apr/2025:17:20:45 +0800] "GET /collections/hats/page/2/ HTTP/1.1" 200 64885 "-" "Mozilla/5.0 AppleWebKit/537.36 (KHTML, like Gecko; compatible; GeedoProductSearch; +http://www.geedo.com/product-search.html) Chrome/79.0.3945.88 Safari/537.36" "0.591 Seconds"
240e:3b2:3232:4a70:7058:7862:f44b:6b0 - - [01/Apr/2025:17:20:45 +0800] "POST /wp-admin/admin-ajax.php HTTP/1.1" 400 11 "https://bt-miners.com/wp-admin/" "Mozilla/5.0 (Windows NT 10.0; Win64; x64) AppleWebKit/537.36 (KHTML, like Gecko) Chrome/119.0.0.0 Safari/537.36" "0.387 Seconds"
212.107.29.89 - - [01/Apr/2025:17:20:45 +0800] "POST /wp-admin/admin-ajax.php HTTP/1.1" 200 31 "https://bt-miners.com/wp-admin/post.php?post=70804&action=edit" "Mozilla/5.0 (Windows NT 10.0; Win64; x64) AppleWebKit/537.36 (KHTML, like Gecko) Chrome/122.0.0.0 Safari/537.36" "0.335 Seconds"
54.158.124.156,54.158.124.156 - - [01/Apr/2025:17:20:47 +0800] "GET /?debug=kuma-uptime HTTP/1.1" 200 89376 "-" "Uptime-Kuma/1.23.16" "1.593 Seconds"
212.107.29.89 - - [01/Apr/2025:17:20:51 +0800] "POST /wp-admin/admin-ajax.php HTTP/1.1" 200 43 "https://bt-miners.com/wp-admin/post.php?post=70267&action=edit" "Mozilla/5.0 (Windows NT 10.0; Win64; x64) AppleWebKit/537.36 (KHTML, like Gecko) Chrome/134.0.0.0 Safari/537.36" "0.440 Seconds"
2603:6000:dc00:b5ce:c4f3:a729:9bf4:cb05,2603:6000:dc00:b5ce:c4f3:a729:9bf4:cb05 - - [01/Apr/2025:17:20:53 +0800] "GET /collections/crypto-miner-sales/?gad_source=5&gclid=EAIaIQobChMI-8ml68C2jAMVLUb_AR3uBRBHEAAYAyAAEgK6pPD_BwE HTTP/1.1" 301 5 "-" "Mozilla/5.0 (Linux; Android 12; moto g power (2022) Build/S3RQS32.20-42-10-12-5-7; wv) AppleWebKit/537.36 (KHTML, like Gecko) Version/4.0 Chrome/134.0.6998.135 Mobile Safari/537.36" "0.359 Seconds"
2603:6000:dc00:b5ce:c4f3:a729:9bf4:cb05,2603:6000:dc00:b5ce:c4f3:a729:9bf4:cb05 - - [01/Apr/2025:17:20:54 +0800] "GET /collections/asics-miners/ HTTP/1.1" 200 67361 "-" "Mozilla/5.0 (Linux; Android 12; moto g power (2022) Build/S3RQS32.20-42-10-12-5-7; wv) AppleWebKit/537.36 (KHTML, like Gecko) Version/4.0 Chrome/134.0.6998.135 Mobile Safari/537.36" "0.947 Seconds"
2603:6000:dc00:b5ce:c4f3:a729:9bf4:cb05 - - [01/Apr/2025:17:20:54 +0800] "GET /wp-content/cache/perfmatters/bt-miners.com/minify/bc97d6005c28.new-common-style.min.css?ver=1741940464 HTTP/1.1" 304 0 "https://bt-miners.com/collections/asics-miners/" "Mozilla/5.0 (Linux; Android 12; moto g power (2022) Build/S3RQS32.20-42-10-12-5-7; wv) AppleWebKit/537.36 (KHTML, like Gecko) Version/4.0 Chrome/134.0.6998.135 Mobile Safari/537.36" "0.000 Seconds"
2603:6000:dc00:b5ce:c4f3:a729:9bf4:cb05 - - [01/Apr/2025:17:20:54 +0800] "GET /wp-content/plugins/perfmatters/js/lazyload.min.js?ver=2.3.6 HTTP/1.1" 304 0 "https://bt-miners.com/collections/asics-miners/" "Mozilla/5.0 (Linux; Android 12; moto g power (2022) Build/S3RQS32.20-42-10-12-5-7; wv) AppleWebKit/537.36 (KHTML, like Gecko) Version/4.0 Chrome/134.0.6998.135 Mobile Safari/537.36" "0.000 Seconds"
2603:6000:dc00:b5ce:c4f3:a729:9bf4:cb05 - - [01/Apr/2025:17:20:54 +0800] "GET /wp-includes/js/jquery/jquery.min.js?ver=3.7.1 HTTP/1.1" 304 0 "https://bt-miners.com/collections/asics-miners/" "Mozilla/5.0 (Linux; Android 12; moto g power (2022) Build/S3RQS32.20-42-10-12-5-7; wv) AppleWebKit/537.36 (KHTML, like Gecko) Version/4.0 Chrome/134.0.6998.135 Mobile Safari/537.36" "0.000 Seconds"
2603:6000:dc00:b5ce:c4f3:a729:9bf4:cb05 - - [01/Apr/2025:17:20:55 +0800] "GET /wp-content/themes/azuri/fonts/themify.woff HTTP/1.1" 304 0 "https://bt-miners.com/collections/asics-miners/" "Mozilla/5.0 (Linux; Android 12; moto g power (2022) Build/S3RQS32.20-42-10-12-5-7; wv) AppleWebKit/537.36 (KHTML, like Gecko) Version/4.0 Chrome/134.0.6998.135 Mobile Safari/537.36" "0.000 Seconds"
3.222.106.115 - - [01/Apr/2025:17:20:55 +0800] "POST /wp-cron.php?doing_wp_cron=1743499255.2926230430603027343750 HTTP/1.1" 200 31 "-" "WordPress/6.7.1; https://bt-miners.com" "0.000 Seconds"
83.99.151.66,83.99.151.66 - - [01/Apr/2025:17:20:55 +0800] "GET /collections/desiwe/?display_mode=list HTTP/1.1" 200 64245 "-" "Mozilla/5.0 AppleWebKit/537.36 (KHTML, like Gecko; compatible; GeedoProductSearch; +http://www.geedo.com/product-search.html) Chrome/79.0.3945.88 Safari/537.36" "0.581 Seconds"
219.133.248.83,219.133.248.83 - - [01/Apr/2025:17:20:55 +0800] "GET /wp-json/wc/v3/orders?customer=20009&per_page=20&page=1&order=desc&orderby=id&dummy=1743499252866&BTAPP=e116ed284436192b9b5f452f7295c0c7&timestamp=1743499252866&order_type=3&consumer_key=ck_368292ab2d1fc81f564ec5bb31917429689244e7&consumer_secret=cs_8a3d609f77c939aa6f3912e300201e2eb55a5367 HTTP/1.1" 200 907712 "-" "Dart/3.5 (dart:io)" "2.255 Seconds"
240e:3b2:3232:4a70:7058:7862:f44b:6b0 - - [01/Apr/2025:17:20:57 +0800] "POST /wp-admin/admin-ajax.php HTTP/1.1" 200 43 "https://bt-miners.com/wp-admin/post.php?post=67951&action=edit" "Mozilla/5.0 (Windows NT 10.0; Win64; x64) AppleWebKit/537.36 (KHTML, like Gecko) Chrome/119.0.0.0 Safari/537.36" "0.410 Seconds"
240e:3b2:3232:4a70:7058:7862:f44b:6b0 - - [01/Apr/2025:17:20:57 +0800] "POST /wp-admin/admin-ajax.php HTTP/1.1" 200 43 "https://bt-miners.com/wp-admin/post.php?post=67951&action=edit" "Mozilla/5.0 (Windows NT 10.0; Win64; x64) AppleWebKit/537.36 (KHTML, like Gecko) Chrome/119.0.0.0 Safari/537.36" "0.760 Seconds"
219.133.248.83,219.133.248.83 - - [01/Apr/2025:17:21:01 +0800] "GET /wp-json/wc/v3/orders?customer=20009&per_page=20&page=1&order=desc&orderby=id&dummy=1743499258872&BTAPP=b284a59304d02ee00c386ec657cfe936&timestamp=1743499258872&order_type=4&consumer_key=ck_368292ab2d1fc81f564ec5bb31917429689244e7&consumer_secret=cs_8a3d609f77c939aa6f3912e300201e2eb55a5367 HTTP/1.1" 200 907736 "-" "Dart/3.5 (dart:io)" "2.162 Seconds"
212.107.29.89 - - [01/Apr/2025:17:21:01 +0800] "POST /wp-admin/admin-ajax.php HTTP/1.1" 200 31 "https://bt-miners.com/wp-admin/post.php?post=70804&action=edit" "Mozilla/5.0 (Windows NT 10.0; Win64; x64) AppleWebKit/537.36 (KHTML, like Gecko) Chrome/122.0.0.0 Safari/537.36" "0.467 Seconds"
2603:6000:dc00:b5ce:c4f3:a729:9bf4:cb05 - - [01/Apr/2025:17:21:05 +0800] "GET /wp-includes/js/dist/hooks.min.js?ver=4d63a3d491d11ffd8ac6 HTTP/1.1" 304 0 "https://bt-miners.com/collections/asics-miners/" "Mozilla/5.0 (Linux; Android 12; moto g power (2022) Build/S3RQS32.20-42-10-12-5-7; wv) AppleWebKit/537.36 (KHTML, like Gecko) Version/4.0 Chrome/134.0.6998.135 Mobile Safari/537.36" "0.000 Seconds"
2603:6000:dc00:b5ce:c4f3:a729:9bf4:cb05 - - [01/Apr/2025:17:21:05 +0800] "GET /wp-includes/js/dist/i18n.min.js?ver=5e580eb46a90c2b997e6 HTTP/1.1" 304 0 "https://bt-miners.com/collections/asics-miners/" "Mozilla/5.0 (Linux; Android 12; moto g power (2022) Build/S3RQS32.20-42-10-12-5-7; wv) AppleWebKit/537.36 (KHTML, like Gecko) Version/4.0 Chrome/134.0.6998.135 Mobile Safari/537.36" "0.000 Seconds"
2603:6000:dc00:b5ce:c4f3:a729:9bf4:cb05 - - [01/Apr/2025:17:21:05 +0800] "GET /wp-content/plugins/dokan-lite/assets/vendors/izimodal/iziModal.min.js?ver=3.14.9 HTTP/1.1" 304 0 "https://bt-miners.com/collections/asics-miners/" "Mozilla/5.0 (Linux; Android 12; moto g power (2022) Build/S3RQS32.20-42-10-12-5-7; wv) AppleWebKit/537.36 (KHTML, like Gecko) Version/4.0 Chrome/134.0.6998.135 Mobile Safari/537.36" "0.000 Seconds"
2603:6000:dc00:b5ce:c4f3:a729:9bf4:cb05 - - [01/Apr/2025:17:21:05 +0800] "GET /wp-content/plugins/dokan-lite/assets/vendors/sweetalert2/sweetalert2.all.min.js?ver=1740974858 HTTP/1.1" 304 0 "https://bt-miners.com/collections/asics-miners/" "Mozilla/5.0 (Linux; Android 12; moto g power (2022) Build/S3RQS32.20-42-10-12-5-7; wv) AppleWebKit/537.36 (KHTML, like Gecko) Version/4.0 Chrome/134.0.6998.135 Mobile Safari/537.36" "0.000 Seconds"
2603:6000:dc00:b5ce:c4f3:a729:9bf4:cb05 - - [01/Apr/2025:17:21:05 +0800] "GET /wp-includes/js/dist/vendor/moment.min.js?ver=2.30.1 HTTP/1.1" 304 0 "https://bt-miners.com/collections/asics-miners/" "Mozilla/5.0 (Linux; Android 12; moto g power (2022) Build/S3RQS32.20-42-10-12-5-7; wv) AppleWebKit/537.36 (KHTML, like Gecko) Version/4.0 Chrome/134.0.6998.135 Mobile Safari/537.36" "0.000 Seconds"
2603:6000:dc00:b5ce:c4f3:a729:9bf4:cb05 - - [01/Apr/2025:17:21:05 +0800] "GET /wp-content/plugins/dokan-lite/assets/js/helper.js?ver=1740974858 HTTP/1.1" 304 0 "https://bt-miners.com/collections/asics-miners/" "Mozilla/5.0 (Linux; Android 12; moto g power (2022) Build/S3RQS32.20-42-10-12-5-7; wv) AppleWebKit/537.36 (KHTML, like Gecko) Version/4.0 Chrome/134.0.6998.135 Mobile Safari/537.36" "0.000 Seconds"
2603:6000:dc00:b5ce:c4f3:a729:9bf4:cb05 - - [01/Apr/2025:17:21:05 +0800] "GET /wp-content/cache/perfmatters/bt-miners.com/minify/8de55ac5a683.front_script.min.js?ver=1.0 HTTP/1.1" 304 0 "https://bt-miners.com/collections/asics-miners/" "Mozilla/5.0 (Linux; Android 12; moto g power (2022) Build/S3RQS32.20-42-10-12-5-7; wv) AppleWebKit/537.36 (KHTML, like Gecko) Version/4.0 Chrome/134.0.6998.135 Mobile Safari/537.36" "0.000 Seconds"
2603:6000:dc00:b5ce:c4f3:a729:9bf4:cb05 - - [01/Apr/2025:17:21:05 +0800] "GET /wp-content/plugins/trustpilot-reviews/review/assets/js/headerScript.min.js?ver=1.0%27%20async=%27async HTTP/1.1" 304 0 "https://bt-miners.com/collections/asics-miners/" "Mozilla/5.0 (Linux; Android 12; moto g power (2022) Build/S3RQS32.20-42-10-12-5-7; wv) AppleWebKit/537.36 (KHTML, like Gecko) Version/4.0 Chrome/134.0.6998.135 Mobile Safari/537.36" "0.000 Seconds"
2603:6000:dc00:b5ce:c4f3:a729:9bf4:cb05 - - [01/Apr/2025:17:21:05 +0800] "GET /wp-content/plugins/trustpilot-reviews/review/assets/js/trustBoxScript.min.js?ver=1.0%27%20async=%27async HTTP/1.1" 304 0 "https://bt-miners.com/collections/asics-miners/" "Mozilla/5.0 (Linux; Android 12; moto g power (2022) Build/S3RQS32.20-42-10-12-5-7; wv) AppleWebKit/537.36 (KHTML, like Gecko) Version/4.0 Chrome/134.0.6998.135 Mobile Safari/537.36" "0.000 Seconds"
2603:6000:dc00:b5ce:c4f3:a729:9bf4:cb05 - - [01/Apr/2025:17:21:05 +0800] "GET /wp-content/plugins/woocommerce/assets/js/jquery-blockui/jquery.blockUI.min.js?ver=2.7.0-wc.9.7.1 HTTP/1.1" 304 0 "https://bt-miners.com/collections/asics-miners/" "Mozilla/5.0 (Linux; Android 12; moto g power (2022) Build/S3RQS32.20-42-10-12-5-7; wv) AppleWebKit/537.36 (KHTML, like Gecko) Version/4.0 Chrome/134.0.6998.135 Mobile Safari/537.36" "0.000 Seconds"
2603:6000:dc00:b5ce:c4f3:a729:9bf4:cb05 - - [01/Apr/2025:17:21:05 +0800] "GET /wp-content/plugins/duracelltomi-google-tag-manager/dist/js/analytics-talk-content-tracking.js?ver=1.20.3 HTTP/1.1" 304 0 "https://bt-miners.com/collections/asics-miners/" "Mozilla/5.0 (Linux; Android 12; moto g power (2022) Build/S3RQS32.20-42-10-12-5-7; wv) AppleWebKit/537.36 (KHTML, like Gecko) Version/4.0 Chrome/134.0.6998.135 Mobile Safari/537.36" "0.000 Seconds"
2603:6000:dc00:b5ce:c4f3:a729:9bf4:cb05 - - [01/Apr/2025:17:21:05 +0800] "GET /wp-includes/js/underscore.min.js?ver=1.13.7 HTTP/1.1" 304 0 "https://bt-miners.com/collections/asics-miners/" "Mozilla/5.0 (Linux; Android 12; moto g power (2022) Build/S3RQS32.20-42-10-12-5-7; wv) AppleWebKit/537.36 (KHTML, like Gecko) Version/4.0 Chrome/134.0.6998.135 Mobile Safari/537.36" "0.000 Seconds"
2603:6000:dc00:b5ce:c4f3:a729:9bf4:cb05 - - [01/Apr/2025:17:21:05 +0800] "GET /wp-content/plugins/extra-fees-for-woocommerce/assets/js/jquery.modal.min.js?ver=4.3.0 HTTP/1.1" 304 0 "https://bt-miners.com/collections/asics-miners/" "Mozilla/5.0 (Linux; Android 12; moto g power (2022) Build/S3RQS32.20-42-10-12-5-7; wv) AppleWebKit/537.36 (KHTML, like Gecko) Version/4.0 Chrome/134.0.6998.135 Mobile Safari/537.36" "0.000 Seconds"
2603:6000:dc00:b5ce:c4f3:a729:9bf4:cb05 - - [01/Apr/2025:17:21:05 +0800] "GET /wp-content/cache/perfmatters/bt-miners.com/minify/d9563bb6fa21.frontend.min.js?ver=4.3.0 HTTP/1.1" 304 0 "https://bt-miners.com/collections/asics-miners/" "Mozilla/5.0 (Linux; Android 12; moto g power (2022) Build/S3RQS32.20-42-10-12-5-7; wv) AppleWebKit/537.36 (KHTML, like Gecko) Version/4.0 Chrome/134.0.6998.135 Mobile Safari/537.36" "0.000 Seconds"
2603:6000:dc00:b5ce:c4f3:a729:9bf4:cb05 - - [01/Apr/2025:17:21:05 +0800] "GET /wp-content/themes/azuri/js/bootstrap.min.js?ver=20150330 HTTP/1.1" 304 0 "https://bt-miners.com/collections/asics-miners/" "Mozilla/5.0 (Linux; Android 12; moto g power (2022) Build/S3RQS32.20-42-10-12-5-7; wv) AppleWebKit/537.36 (KHTML, like Gecko) Version/4.0 Chrome/134.0.6998.135 Mobile Safari/537.36" "0.000 Seconds"
2603:6000:dc00:b5ce:c4f3:a729:9bf4:cb05 - - [01/Apr/2025:17:21:05 +0800] "GET /wp-content/themes/azuri/js/typeahead.bundle.min.js HTTP/1.1" 304 0 "https://bt-miners.com/collections/asics-miners/" "Mozilla/5.0 (Linux; Android 12; moto g power (2022) Build/S3RQS32.20-42-10-12-5-7; wv) AppleWebKit/537.36 (KHTML, like Gecko) Version/4.0 Chrome/134.0.6998.135 Mobile Safari/537.36" "0.000 Seconds"
2603:6000:dc00:b5ce:c4f3:a729:9bf4:cb05 - - [01/Apr/2025:17:21:05 +0800] "GET /wp-content/themes/azuri/js/slick.min.js?ver=1.8.0 HTTP/1.1" 304 0 "https://bt-miners.com/collections/asics-miners/" "Mozilla/5.0 (Linux; Android 12; moto g power (2022) Build/S3RQS32.20-42-10-12-5-7; wv) AppleWebKit/537.36 (KHTML, like Gecko) Version/4.0 Chrome/134.0.6998.135 Mobile Safari/537.36" "0.000 Seconds"
2603:6000:dc00:b5ce:c4f3:a729:9bf4:cb05 - - [01/Apr/2025:17:21:05 +0800] "GET /wp-content/cache/perfmatters/bt-miners.com/minify/97b1f4d3a4b3.countdown.min.js?ver=20150315 HTTP/1.1" 304 0 "https://bt-miners.com/collections/asics-miners/" "Mozilla/5.0 (Linux; Android 12; moto g power (2022) Build/S3RQS32.20-42-10-12-5-7; wv) AppleWebKit/537.36 (KHTML, like Gecko) Version/4.0 Chrome/134.0.6998.135 Mobile Safari/537.36" "0.000 Seconds"
2603:6000:dc00:b5ce:c4f3:a729:9bf4:cb05 - - [01/Apr/2025:17:21:05 +0800] "GET /wp-content/themes/azuri/js/jquery.magnific-popup.min.js?ver=1.1.0 HTTP/1.1" 304 0 "https://bt-miners.com/collections/asics-miners/" "Mozilla/5.0 (Linux; Android 12; moto g power (2022) Build/S3RQS32.20-42-10-12-5-7; wv) AppleWebKit/537.36 (KHTML, like Gecko) Version/4.0 Chrome/134.0.6998.135 Mobile Safari/537.36" "0.000 Seconds"
2603:6000:dc00:b5ce:c4f3:a729:9bf4:cb05 - - [01/Apr/2025:17:21:05 +0800] "GET /wp-content/cache/perfmatters/bt-miners.com/minify/b75797d3f871.jquery.unveil.min.js?ver=1.1.0 HTTP/1.1" 304 0 "https://bt-miners.com/collections/asics-miners/" "Mozilla/5.0 (Linux; Android 12; moto g power (2022) Build/S3RQS32.20-42-10-12-5-7; wv) AppleWebKit/537.36 (KHTML, like Gecko) Version/4.0 Chrome/134.0.6998.135 Mobile Safari/537.36" "0.000 Seconds"
2603:6000:dc00:b5ce:c4f3:a729:9bf4:cb05 - - [01/Apr/2025:17:21:05 +0800] "GET /wp-content/themes/azuri/js/perfect-scrollbar.jquery.min.js?ver=0.6.12 HTTP/1.1" 304 0 "https://bt-miners.com/collections/asics-miners/" "Mozilla/5.0 (Linux; Android 12; moto g power (2022) Build/S3RQS32.20-42-10-12-5-7; wv) AppleWebKit/537.36 (KHTML, like Gecko) Version/4.0 Chrome/134.0.6998.135 Mobile Safari/537.36" "0.000 Seconds"
2603:6000:dc00:b5ce:c4f3:a729:9bf4:cb05 - - [01/Apr/2025:17:21:05 +0800] "GET /wp-content/themes/azuri/js/sliding-menu.min.js?ver=0.3.0 HTTP/1.1" 304 0 "https://bt-miners.com/collections/asics-miners/" "Mozilla/5.0 (Linux; Android 12; moto g power (2022) Build/S3RQS32.20-42-10-12-5-7; wv) AppleWebKit/537.36 (KHTML, like Gecko) Version/4.0 Chrome/134.0.6998.135 Mobile Safari/537.36" "0.000 Seconds"
2603:6000:dc00:b5ce:c4f3:a729:9bf4:cb05 - - [01/Apr/2025:17:21:05 +0800] "GET /wp-content/cache/perfmatters/bt-miners.com/minify/7327402298e1.functions.min.js?ver=20150330 HTTP/1.1" 304 0 "https://bt-miners.com/collections/asics-miners/" "Mozilla/5.0 (Linux; Android 12; moto g power (2022) Build/S3RQS32.20-42-10-12-5-7; wv) AppleWebKit/537.36 (KHTML, like Gecko) Version/4.0 Chrome/134.0.6998.135 Mobile Safari/537.36" "0.000 Seconds"
2603:6000:dc00:b5ce:c4f3:a729:9bf4:cb05 - - [01/Apr/2025:17:21:05 +0800] "GET /wp-content/plugins/duracelltomi-google-tag-manager/dist/js/gtm4wp-form-move-tracker.js?ver=1.20.3 HTTP/1.1" 304 0 "https://bt-miners.com/collections/asics-miners/" "Mozilla/5.0 (Linux; Android 12; moto g power (2022) Build/S3RQS32.20-42-10-12-5-7; wv) AppleWebKit/537.36 (KHTML, like Gecko) Version/4.0 Chrome/134.0.6998.135 Mobile Safari/537.36" "0.000 Seconds"
2603:6000:dc00:b5ce:c4f3:a729:9bf4:cb05 - - [01/Apr/2025:17:21:05 +0800] "GET /wp-content/plugins/contact-form-7/includes/swv/js/index.js?ver=6.0.2 HTTP/1.1" 304 0 "https://bt-miners.com/collections/asics-miners/" "Mozilla/5.0 (Linux; Android 12; moto g power (2022) Build/S3RQS32.20-42-10-12-5-7; wv) AppleWebKit/537.36 (KHTML, like Gecko) Version/4.0 Chrome/134.0.6998.135 Mobile Safari/537.36" "0.000 Seconds"
2603:6000:dc00:b5ce:c4f3:a729:9bf4:cb05 - - [01/Apr/2025:17:21:05 +0800] "GET /wp-content/plugins/duracelltomi-google-tag-manager/dist/js/gtm4wp-vimeo.js?ver=1.20.3 HTTP/1.1" 304 0 "https://bt-miners.com/collections/asics-miners/" "Mozilla/5.0 (Linux; Android 12; moto g power (2022) Build/S3RQS32.20-42-10-12-5-7; wv) AppleWebKit/537.36 (KHTML, like Gecko) Version/4.0 Chrome/134.0.6998.135 Mobile Safari/537.36" "0.000 Seconds"
2603:6000:dc00:b5ce:c4f3:a729:9bf4:cb05 - - [01/Apr/2025:17:21:05 +0800] "GET /wp-content/plugins/contact-form-7/includes/js/index.js?ver=6.0.2 HTTP/1.1" 304 0 "https://bt-miners.com/collections/asics-miners/" "Mozilla/5.0 (Linux; Android 12; moto g power (2022) Build/S3RQS32.20-42-10-12-5-7; wv) AppleWebKit/537.36 (KHTML, like Gecko) Version/4.0 Chrome/134.0.6998.135 Mobile Safari/537.36" "0.000 Seconds"
2603:6000:dc00:b5ce:c4f3:a729:9bf4:cb05 - - [01/Apr/2025:17:21:05 +0800] "GET /wp-content/plugins/duracelltomi-google-tag-manager/dist/js/gtm4wp-soundcloud.js?ver=1.20.3 HTTP/1.1" 304 0 "https://bt-miners.com/collections/asics-miners/" "Mozilla/5.0 (Linux; Android 12; moto g power (2022) Build/S3RQS32.20-42-10-12-5-7; wv) AppleWebKit/537.36 (KHTML, like Gecko) Version/4.0 Chrome/134.0.6998.135 Mobile Safari/537.36" "0.000 Seconds"
2603:6000:dc00:b5ce:c4f3:a729:9bf4:cb05 - - [01/Apr/2025:17:21:05 +0800] "GET /wp-content/plugins/woo-variation-swatches/assets/js/frontend.min.js?ver=1735134357 HTTP/1.1" 304 0 "https://bt-miners.com/collections/asics-miners/" "Mozilla/5.0 (Linux; Android 12; moto g power (2022) Build/S3RQS32.20-42-10-12-5-7; wv) AppleWebKit/537.36 (KHTML, like Gecko) Version/4.0 Chrome/134.0.6998.135 Mobile Safari/537.36" "0.000 Seconds"
2603:6000:dc00:b5ce:c4f3:a729:9bf4:cb05 - - [01/Apr/2025:17:21:05 +0800] "GET /wp-includes/js/dist/api-fetch.min.js?ver=d387b816bc1ed2042e28 HTTP/1.1" 304 0 "https://bt-miners.com/collections/asics-miners/" "Mozilla/5.0 (Linux; Android 12; moto g power (2022) Build/S3RQS32.20-42-10-12-5-7; wv) AppleWebKit/537.36 (KHTML, like Gecko) Version/4.0 Chrome/134.0.6998.135 Mobile Safari/537.36" "0.000 Seconds"
2603:6000:dc00:b5ce:c4f3:a729:9bf4:cb05 - - [01/Apr/2025:17:21:05 +0800] "GET /wp-content/plugins/woocommerce-variation-prices/assets/js/wc-variation-prices.min.js?ver=1.0.9 HTTP/1.1" 304 0 "https://bt-miners.com/collections/asics-miners/" "Mozilla/5.0 (Linux; Android 12; moto g power (2022) Build/S3RQS32.20-42-10-12-5-7; wv) AppleWebKit/537.36 (KHTML, like Gecko) Version/4.0 Chrome/134.0.6998.135 Mobile Safari/537.36" "0.000 Seconds"
2603:6000:dc00:b5ce:c4f3:a729:9bf4:cb05 - - [01/Apr/2025:17:21:05 +0800] "GET /wp-includes/js/dist/url.min.js?ver=e87eb76272a3a08402d2 HTTP/1.1" 304 0 "https://bt-miners.com/collections/asics-miners/" "Mozilla/5.0 (Linux; Android 12; moto g power (2022) Build/S3RQS32.20-42-10-12-5-7; wv) AppleWebKit/537.36 (KHTML, like Gecko) Version/4.0 Chrome/134.0.6998.135 Mobile Safari/537.36" "0.000 Seconds"
2603:6000:dc00:b5ce:c4f3:a729:9bf4:cb05 - - [01/Apr/2025:17:21:05 +0800] "GET /wp-content/themes/azuri/js/gsap.min.js?ver=3.4.1 HTTP/1.1" 304 0 "https://bt-miners.com/collections/asics-miners/" "Mozilla/5.0 (Linux; Android 12; moto g power (2022) Build/S3RQS32.20-42-10-12-5-7; wv) AppleWebKit/537.36 (KHTML, like Gecko) Version/4.0 Chrome/134.0.6998.135 Mobile Safari/537.36" "0.000 Seconds"
2603:6000:dc00:b5ce:c4f3:a729:9bf4:cb05 - - [01/Apr/2025:17:21:05 +0800] "GET /wp-content/plugins/woocommerce/assets/js/accounting/accounting.min.js?ver=0.4.2 HTTP/1.1" 304 0 "https://bt-miners.com/collections/asics-miners/" "Mozilla/5.0 (Linux; Android 12; moto g power (2022) Build/S3RQS32.20-42-10-12-5-7; wv) AppleWebKit/537.36 (KHTML, like Gecko) Version/4.0 Chrome/134.0.6998.135 Mobile Safari/537.36" "0.000 Seconds"
2603:6000:dc00:b5ce:c4f3:a729:9bf4:cb05 - - [01/Apr/2025:17:21:05 +0800] "GET /wp-content/cache/perfmatters/bt-miners.com/minify/211d80171f64.whatsapp-button.min.js?ver=3.6.9 HTTP/1.1" 304 0 "https://bt-miners.com/collections/asics-miners/" "Mozilla/5.0 (Linux; Android 12; moto g power (2022) Build/S3RQS32.20-42-10-12-5-7; wv) AppleWebKit/537.36 (KHTML, like Gecko) Version/4.0 Chrome/134.0.6998.135 Mobile Safari/537.36" "0.000 Seconds"
2603:6000:dc00:b5ce:c4f3:a729:9bf4:cb05 - - [01/Apr/2025:17:21:05 +0800] "GET /wp-content/plugins/wp-whatsapp/assets/dist/js/njt-whatsapp.js?ver=3.6.9 HTTP/1.1" 304 0 "https://bt-miners.com/collections/asics-miners/" "Mozilla/5.0 (Linux; Android 12; moto g power (2022) Build/S3RQS32.20-42-10-12-5-7; wv) AppleWebKit/537.36 (KHTML, like Gecko) Version/4.0 Chrome/134.0.6998.135 Mobile Safari/537.36" "0.000 Seconds"
