83.99.151.67,83.99.151.67 - - [01/Apr/2025:16:53:55 +0800] "GET /products/ipollo-v1h-etherium-classic-coin-miner-950mh-s-with-power-supply-bt-miners/ HTTP/1.1" 301 5 "-" "Mozilla/5.0 AppleWebKit/537.36 (KHTML, like Gecko; compatible; GeedoProductSearch; +http://www.geedo.com/product-search.html) Chrome/79.0.3945.88 Safari/537.36" "0.370 Seconds"
83.99.151.67,83.99.151.67 - - [01/Apr/2025:16:53:56 +0800] "GET /products/ipollo-v1h-etherium-classic-coin-miner-850mh-s-bt-miners/ HTTP/1.1" 200 116624 "-" "Mozilla/5.0 AppleWebKit/537.36 (KHTML, like Gecko; compatible; GeedoProductSearch; +http://www.geedo.com/product-search.html) Chrome/79.0.3945.88 Safari/537.36" "1.018 Seconds"
240e:3b2:3232:4a70:7058:7862:f44b:6b0 - - [01/Apr/2025:16:53:57 +0800] "POST /wp-admin/admin-ajax.php HTTP/1.1" 200 31 "https://bt-miners.com/wp-admin/post.php?post=67951&action=edit" "Mozilla/5.0 (Windows NT 10.0; Win64; x64) AppleWebKit/537.36 (KHTML, like Gecko) Chrome/119.0.0.0 Safari/537.36" "0.388 Seconds"
240e:3b2:3232:4a70:7058:7862:f44b:6b0 - - [01/Apr/2025:16:53:57 +0800] "POST /wp-admin/admin-ajax.php HTTP/1.1" 200 43 "https://bt-miners.com/wp-admin/post.php?post=67951&action=edit" "Mozilla/5.0 (Windows NT 10.0; Win64; x64) AppleWebKit/537.36 (KHTML, like Gecko) Chrome/119.0.0.0 Safari/537.36" "0.739 Seconds"
5.34.216.107 - - [01/Apr/2025:16:53:57 +0800] "POST /wp-admin/admin-ajax.php HTTP/1.1" 200 43 "https://bt-miners.com/wp-admin/edit.php?s=bitcoin&post_status=all&post_type=post&m=0&cat=0&paged=1" "Mozilla/5.0 (Windows NT 10.0; Win64; x64) AppleWebKit/537.36 (KHTML, like Gecko) Chrome/134.0.0.0 Safari/537.36" "0.324 Seconds"
54.158.124.156,54.158.124.156 - - [01/Apr/2025:16:54:02 +0800] "GET /?debug=kuma-uptime HTTP/1.1" 200 89381 "-" "Uptime-Kuma/1.23.16" "1.593 Seconds"
66.249.75.132,66.249.75.132 - - [01/Apr/2025:16:54:03 +0800] "GET /cryptocurrency-101what-is-merged-mining/ HTTP/1.1" 200 328857 "-" "Mozilla/5.0 (Linux; Android 6.0.1; Nexus 5X Build/MMB29P) AppleWebKit/537.36 (KHTML, like Gecko) Chrome/134.0.6998.165 Mobile Safari/537.36 (compatible; Googlebot/2.1; +http://www.google.com/bot.html)" "0.555 Seconds"
83.99.151.67,83.99.151.67 - - [01/Apr/2025:16:54:05 +0800] "GET /goal_header/wj-new-header/ HTTP/1.1" 200 40266 "-" "Mozilla/5.0 AppleWebKit/537.36 (KHTML, like Gecko; compatible; GeedoProductSearch; +http://www.geedo.com/product-search.html) Chrome/79.0.3945.88 Safari/537.36" "0.454 Seconds"
212.107.29.90 - - [01/Apr/2025:16:54:06 +0800] "POST /wp-admin/admin-ajax.php HTTP/1.1" 200 58 "https://bt-miners.com/wp-admin/edit.php?post_status=wc-processing&post_type=shop_order" "Mozilla/5.0 (Windows NT 10.0; Win64; x64) AppleWebKit/537.36 (KHTML, like Gecko) Chrome/134.0.0.0 Safari/537.36" "0.368 Seconds"
212.107.29.89 - - [01/Apr/2025:16:54:06 +0800] "POST /wp-admin/admin-ajax.php HTTP/1.1" 200 43 "https://bt-miners.com/wp-admin/edit.php?post_type=shop_order" "Mozilla/5.0 (Windows NT 10.0; Win64; x64) AppleWebKit/537.36 (KHTML, like Gecko) Chrome/122.0.0.0 Safari/537.36" "0.334 Seconds"
109.230.55.105,54.38.96.37 - - [01/Apr/2025:16:54:08 +0800] "POST /wp-login.php HTTP/1.1" 200 3967 "-" "Mozilla/4.0 (compatible; MSIE 6.0; Windows NT 5.0)" "0.481 Seconds"
240e:3b2:3232:4a70:7058:7862:f44b:6b0 - - [01/Apr/2025:16:54:13 +0800] "POST /wp-admin/admin-ajax.php HTTP/1.1" 200 31 "https://bt-miners.com/wp-admin/post.php?post=67951&action=edit" "Mozilla/5.0 (Windows NT 10.0; Win64; x64) AppleWebKit/537.36 (KHTML, like Gecko) Chrome/119.0.0.0 Safari/537.36" "0.466 Seconds"
240e:3b2:3232:4a70:7058:7862:f44b:6b0 - - [01/Apr/2025:16:54:13 +0800] "POST /wp-admin/admin-ajax.php HTTP/1.1" 200 43 "https://bt-miners.com/wp-admin/post.php?post=67951&action=edit" "Mozilla/5.0 (Windows NT 10.0; Win64; x64) AppleWebKit/537.36 (KHTML, like Gecko) Chrome/119.0.0.0 Safari/537.36" "0.813 Seconds"
5.34.216.107 - - [01/Apr/2025:16:54:16 +0800] "POST /wp-admin/admin-ajax.php HTTP/1.1" 200 58 "https://bt-miners.com/wp-admin/edit.php?s=bitcoin&post_status=all&post_type=post&m=0&cat=0&paged=1" "Mozilla/5.0 (Windows NT 10.0; Win64; x64) AppleWebKit/537.36 (KHTML, like Gecko) Chrome/134.0.0.0 Safari/537.36" "0.373 Seconds"
2601:6c0:c385:b730:55d5:6061:fbd9:9947 - - [01/Apr/2025:16:54:17 +0800] "GET /wp-content/themes/azuri/assets/images/calculate-bg.png HTTP/1.1" 200 1122573 "https://bt-miners.com/wp-content/cache/perfmatters/bt-miners.com/minify/0416fa74d786.product-common.min.css" "Mozilla/5.0 (Linux; Android 10; K) AppleWebKit/537.36 (KHTML, like Gecko) Chrome/134.0.0.0 Mobile Safari/537.36" "0.003 Seconds"
2a01:4f8:c013:34c0::1,2a01:4f8:c013:34c0::1 - - [01/Apr/2025:16:54:18 +0800] "HEAD /wp-admin/?debug=uptimerobot HTTP/1.1" 302 0 "https://bt-miners.com/wp-admin/?debug=uptimerobot" "Mozilla/5.0+(compatible; UptimeRobot/2.0; http://www.uptimerobot.com/)" "0.392 Seconds"
2a01:4f8:c013:34c0::1,2a01:4f8:c013:34c0::1 - - [01/Apr/2025:16:54:18 +0800] "HEAD /wp-login.php?redirect_to=https%3A%2F%2Fbt-miners.com%2Fwp-admin%2F%3Fdebug%3Duptimerobot&reauth=1 HTTP/1.1" 200 0 "https://bt-miners.com/wp-admin/?debug=uptimerobot" "Mozilla/5.0+(compatible; UptimeRobot/2.0; http://www.uptimerobot.com/)" "0.348 Seconds"
2600:100f:b034:e51d:71dc:1304:5dc5:1a63 - - [01/Apr/2025:16:54:20 +0800] "POST /wp-admin/admin-ajax.php HTTP/1.1" 200 31 "https://bt-miners.com/products/bitmain-antminer-s21-xp-bitcoin-miner-270th-s-bt-miners/" "Mozilla/5.0 (iPhone; CPU iPhone OS 18_3_2 like Mac OS X) AppleWebKit/605.1.15 (KHTML, like Gecko) Version/18.3 Mobile/15E148 Safari/604.1 Ddg/18.3" "0.474 Seconds"
212.107.29.89 - - [01/Apr/2025:16:54:20 +0800] "POST /wp-admin/admin-ajax.php HTTP/1.1" 200 58 "https://bt-miners.com/wp-admin/edit.php?post_type=shop_order" "Mozilla/5.0 (Windows NT 10.0; Win64; x64) AppleWebKit/537.36 (KHTML, like Gecko) Chrome/122.0.0.0 Safari/537.36" "0.322 Seconds"
212.107.29.89 - - [01/Apr/2025:16:54:21 +0800] "POST /wp-admin/admin-ajax.php HTTP/1.1" 200 43 "https://bt-miners.com/wp-admin/edit.php?post_type=shop_order" "Mozilla/5.0 (Windows NT 10.0; Win64; x64) AppleWebKit/537.36 (KHTML, like Gecko) Chrome/122.0.0.0 Safari/537.36" "0.384 Seconds"
52.167.144.220,52.167.144.220 - - [01/Apr/2025:16:54:22 +0800] "GET /products/bombax-ez100-pro-ethereum-classic-miner-15000mh-s-bt-miners/ HTTP/1.1" 200 117177 "-" "Mozilla/5.0 AppleWebKit/537.36 (KHTML, like Gecko; compatible; bingbot/2.0; +http://www.bing.com/bingbot.htm) Chrome/116.0.1938.76 Safari/537.36" "0.942 Seconds"
54.158.124.156,54.158.124.156 - - [01/Apr/2025:16:54:24 +0800] "GET /?debug=kuma-uptime HTTP/1.1" 200 89359 "-" "Uptime-Kuma/1.23.16" "1.595 Seconds"
83.99.151.71,83.99.151.71 - - [01/Apr/2025:16:54:26 +0800] "GET /shop/page/11/?display_mode=grid HTTP/1.1" 200 66925 "-" "Mozilla/5.0 AppleWebKit/537.36 (KHTML, like Gecko; compatible; GeedoProductSearch; +http://www.geedo.com/product-search.html) Chrome/79.0.3945.88 Safari/537.36" "1.199 Seconds"
240e:3b2:3232:4a70:7058:7862:f44b:6b0 - - [01/Apr/2025:16:54:29 +0800] "POST /wp-admin/admin-ajax.php HTTP/1.1" 200 31 "https://bt-miners.com/wp-admin/post.php?post=67951&action=edit" "Mozilla/5.0 (Windows NT 10.0; Win64; x64) AppleWebKit/537.36 (KHTML, like Gecko) Chrome/119.0.0.0 Safari/537.36" "0.450 Seconds"
240e:3b2:3232:4a70:7058:7862:f44b:6b0 - - [01/Apr/2025:16:54:29 +0800] "POST /wp-admin/admin-ajax.php HTTP/1.1" 200 43 "https://bt-miners.com/wp-admin/post.php?post=67951&action=edit" "Mozilla/5.0 (Windows NT 10.0; Win64; x64) AppleWebKit/537.36 (KHTML, like Gecko) Chrome/119.0.0.0 Safari/537.36" "0.843 Seconds"
2600:4040:281b:ed00:e6c7:dc80:41ab:83f4,2600:4040:281b:ed00:e6c7:dc80:41ab:83f4 - - [01/Apr/2025:16:54:30 +0800] "GET /products/bitmain-antminer-s19-pro-100th-s-bt-miners/?attribute_condition=USED&attribute_inventory-location=US&gad_source=4&gclid=Cj0KCQjwna6_BhCbARIsALId2Z3u9T0gWUjbbE1JR1xa9vFnKx0y-u2GftFFBIjJXqQMccoqKRYKhWQaAokpEALw_wcB HTTP/1.1" 200 117571 "https://www.google.com/" "Mozilla/5.0 (Linux; Android 10; K) AppleWebKit/537.36 (KHTML, like Gecko) Chrome/134.0.0.0 Mobile Safari/537.36" "1.278 Seconds"
212.107.29.90 - - [01/Apr/2025:16:54:33 +0800] "GET /wp-content/cache/perfmatters/bt-miners.com/fonts/UcC73FwrK3iLTeHuS_nVMrMxCp50SjIa1ZL7W0Q5nw.woff2 HTTP/1.1" 200 48556 "https://bt-miners.com/wp-content/cache/perfmatters/bt-miners.com/fonts/fd785a6ca5e6.google-fonts.min.css" "Mozilla/5.0 (Windows NT 10.0; Win64; x64) AppleWebKit/537.36 (KHTML, like Gecko) Chrome/134.0.0.0 Safari/537.36" "0.000 Seconds"
83.99.151.71,83.99.151.71 - - [01/Apr/2025:16:54:35 +0800] "GET /shop/page/29/?display_mode=list HTTP/1.1" 200 64773 "-" "Mozilla/5.0 AppleWebKit/537.36 (KHTML, like Gecko; compatible; GeedoProductSearch; +http://www.geedo.com/product-search.html) Chrome/79.0.3945.88 Safari/537.36" "0.564 Seconds"
240e:3b2:3232:4a70:7058:7862:f44b:6b0 - - [01/Apr/2025:16:54:35 +0800] "POST /wp-admin/admin-ajax.php HTTP/1.1" 200 58 "https://bt-miners.com/wp-admin/" "Mozilla/5.0 (Windows NT 10.0; Win64; x64) AppleWebKit/537.36 (KHTML, like Gecko) Chrome/119.0.0.0 Safari/537.36" "3.423 Seconds"
240e:3b2:3232:4a70:7058:7862:f44b:6b0 - - [01/Apr/2025:16:54:35 +0800] "POST /wp-admin/admin-ajax.php HTTP/1.1" 400 11 "https://bt-miners.com/wp-admin/" "Mozilla/5.0 (Windows NT 10.0; Win64; x64) AppleWebKit/537.36 (KHTML, like Gecko) Chrome/119.0.0.0 Safari/537.36" "0.385 Seconds"
212.107.29.89 - - [01/Apr/2025:16:54:36 +0800] "POST /wp-admin/admin-ajax.php HTTP/1.1" 200 113 "https://bt-miners.com/wp-admin/post.php?post=70797&action=edit" "Mozilla/5.0 (Windows NT 10.0; Win64; x64) AppleWebKit/537.36 (KHTML, like Gecko) Chrome/122.0.0.0 Safari/537.36" "1.980 Seconds"
212.107.29.89 - - [01/Apr/2025:16:54:39 +0800] "POST /wp-admin/admin-ajax.php HTTP/1.1" 200 43 "https://bt-miners.com/wp-admin/edit.php?post_type=shop_order" "Mozilla/5.0 (Windows NT 10.0; Win64; x64) AppleWebKit/537.36 (KHTML, like Gecko) Chrome/122.0.0.0 Safari/537.36" "1.700 Seconds"
3.222.106.115 - - [01/Apr/2025:16:54:39 +0800] "POST /wp-admin/admin-ajax.php?action=as_async_request_queue_runner&nonce=9448344d5d HTTP/1.1" 499 0 "-" "WordPress/6.7.1; https://bt-miners.com" "0.970 Seconds"
212.107.29.90 - - [01/Apr/2025:16:54:40 +0800] "POST /wp-admin/admin-ajax.php HTTP/1.1" 200 43 "https://bt-miners.com/wp-admin/edit.php?post_status=wc-processing&post_type=shop_order" "Mozilla/5.0 (Windows NT 10.0; Win64; x64) AppleWebKit/537.36 (KHTML, like Gecko) Chrome/134.0.0.0 Safari/537.36" "0.425 Seconds"
83.99.151.66,83.99.151.66 - - [01/Apr/2025:16:54:45 +0800] "GET /wp-login.php?redirect_to=https%3A%2F%2Fbt-miners.com%2Fnew-tech-ups-winning-hash-chance-by-260%2F HTTP/1.1" 200 3890 "-" "Mozilla/5.0 AppleWebKit/537.36 (KHTML, like Gecko; compatible; GeedoProductSearch; +http://www.geedo.com/product-search.html) Chrome/79.0.3945.88 Safari/537.36" "0.343 Seconds"
2a01:4f8:1c1c:11aa::1,2a01:4f8:1c1c:11aa::1 - - [01/Apr/2025:16:54:45 +0800] "HEAD /?debug=uptimerobot HTTP/1.1" 200 0 "https://bt-miners.com/?debug=uptimerobot" "Mozilla/5.0+(compatible; UptimeRobot/2.0; http://www.uptimerobot.com/)" "0.268 Seconds"
66.249.75.132,66.249.75.132 - - [01/Apr/2025:16:54:46 +0800] "GET /sell-us-your-miners/ HTTP/1.1" 200 279095 "-" "Mozilla/5.0 (Linux; Android 6.0.1; Nexus 5X Build/MMB29P) AppleWebKit/537.36 (KHTML, like Gecko) Chrome/134.0.6998.165 Mobile Safari/537.36 (compatible; Googlebot/2.1; +http://www.google.com/bot.html)" "0.483 Seconds"
54.158.124.156,54.158.124.156 - - [01/Apr/2025:16:54:46 +0800] "GET /?debug=kuma-uptime HTTP/1.1" 200 89425 "-" "Uptime-Kuma/1.23.16" "1.678 Seconds"
2401:4900:1c68:53b8:50b5:f0aa:2647:e8d5,54.38.96.38 - - [01/Apr/2025:16:54:47 +0800] "POST /wp-login.php HTTP/1.1" 200 4004 "-" "Mozilla/4.0 (compatible; MSIE 6.0; Windows NT 5.0)" "0.686 Seconds"
66.102.9.236,66.102.9.236 - - [01/Apr/2025:16:54:47 +0800] "GET /.well-known/assetlinks.json HTTP/1.1" 403 134 "-" "GoogleAssociationService" "0.000 Seconds"
2600:4040:281b:ed00:e6c7:dc80:41ab:83f4 - - [01/Apr/2025:16:54:48 +0800] "POST /wp-admin/admin-ajax.php HTTP/1.1" 200 31 "https://bt-miners.com/products/bitmain-antminer-s19-pro-100th-s-bt-miners/?attribute_condition=USED&attribute_inventory-location=US&gad_source=4&gclid=Cj0KCQjwna6_BhCbARIsALId2Z3u9T0gWUjbbE1JR1xa9vFnKx0y-u2GftFFBIjJXqQMccoqKRYKhWQaAokpEALw_wcB" "Mozilla/5.0 (Linux; Android 10; K) AppleWebKit/537.36 (KHTML, like Gecko) Chrome/134.0.0.0 Mobile Safari/537.36" "0.444 Seconds"
240e:3b2:3232:4a70:7058:7862:f44b:6b0 - - [01/Apr/2025:16:54:51 +0800] "POST /wp-admin/admin-ajax.php HTTP/1.1" 200 31 "https://bt-miners.com/wp-admin/post.php?post=67951&action=edit" "Mozilla/5.0 (Windows NT 10.0; Win64; x64) AppleWebKit/537.36 (KHTML, like Gecko) Chrome/119.0.0.0 Safari/537.36" "0.446 Seconds"
212.107.29.89 - - [01/Apr/2025:16:54:51 +0800] "POST /wp-admin/admin-ajax.php HTTP/1.1" 200 43 "https://bt-miners.com/wp-admin/post.php?post=70267&action=edit" "Mozilla/5.0 (Windows NT 10.0; Win64; x64) AppleWebKit/537.36 (KHTML, like Gecko) Chrome/134.0.0.0 Safari/537.36" "0.412 Seconds"
240e:3b2:3232:4a70:7058:7862:f44b:6b0 - - [01/Apr/2025:16:54:51 +0800] "POST /wp-admin/admin-ajax.php HTTP/1.1" 200 43 "https://bt-miners.com/wp-admin/post.php?post=67951&action=edit" "Mozilla/5.0 (Windows NT 10.0; Win64; x64) AppleWebKit/537.36 (KHTML, like Gecko) Chrome/119.0.0.0 Safari/537.36" "0.747 Seconds"
212.107.29.89 - - [01/Apr/2025:16:54:52 +0800] "POST /wp-admin/admin-ajax.php HTTP/1.1" 200 43 "https://bt-miners.com/wp-admin/edit.php?post_type=shop_order" "Mozilla/5.0 (Windows NT 10.0; Win64; x64) AppleWebKit/537.36 (KHTML, like Gecko) Chrome/122.0.0.0 Safari/537.36" "0.385 Seconds"
74.125.210.5,74.125.210.5 - - [01/Apr/2025:16:54:54 +0800] "GET /.well-known/assetlinks.json HTTP/1.1" 403 134 "-" "GoogleAssociationService" "0.000 Seconds"
2a01:4f8:1c1b:4ef4::1,2a01:4f8:1c1b:4ef4::1 - - [01/Apr/2025:16:54:54 +0800] "HEAD / HTTP/1.1" 200 0 "https://bt-miners.com/" "Mozilla/5.0+(compatible; UptimeRobot/2.0; http://www.uptimerobot.com/)" "0.366 Seconds"
83.99.151.71,83.99.151.71 - - [01/Apr/2025:16:54:54 +0800] "GET /tag/crypto-challenges/ HTTP/1.1" 200 52439 "-" "Mozilla/5.0 AppleWebKit/537.36 (KHTML, like Gecko; compatible; GeedoProductSearch; +http://www.geedo.com/product-search.html) Chrome/79.0.3945.88 Safari/537.36" "0.449 Seconds"
50.233.197.106,50.233.197.106 - - [01/Apr/2025:16:54:56 +0800] "GET /daily-income-of-miners/ HTTP/1.1" 200 110686 "https://bt-miners.com/products/elphapex-dg-home-1-litecoin-dogecoin-miner-2-1gh-s-bt-miners/" "Mozilla/5.0 (Windows NT 10.0; Win64; x64) AppleWebKit/537.36 (KHTML, like Gecko) Chrome/134.0.0.0 Safari/537.36" "0.590 Seconds"
66.249.93.76,66.249.93.76 - - [01/Apr/2025:16:54:56 +0800] "GET /.well-known/assetlinks.json HTTP/1.1" 403 134 "-" "GoogleAssociationService" "0.000 Seconds"
5.34.216.107 - - [01/Apr/2025:16:54:57 +0800] "POST /wp-admin/admin-ajax.php HTTP/1.1" 200 43 "https://bt-miners.com/wp-admin/edit.php?s=bitcoin&post_status=all&post_type=post&m=0&cat=0&paged=1" "Mozilla/5.0 (Windows NT 10.0; Win64; x64) AppleWebKit/537.36 (KHTML, like Gecko) Chrome/134.0.0.0 Safari/537.36" "0.448 Seconds"
97.113.98.66,97.113.98.66 - - [01/Apr/2025:16:54:59 +0800] "GET /products/antminer-s19-xp-hydro-bitcoin-miner-257th-s-bt-miners/?attribute_condition=257T&attribute_voltage-requirement=380~415V&gad_source=1&gbraid=0AAAAABcf1msMaq61jmB0F-OXZsTMxoXU3&gclid=Cj0KCQjwna6_BhCbARIsALId2Z3jlnSnrZTwYVWRD17KfMY5dnN-NRLinH-kFY7HBD75GsOFY_WVS68aAlPnEALw_wcB HTTP/1.1" 200 121266 "https://www.google.com/" "Mozilla/5.0 (iPhone; CPU iPhone OS 18_3_2 like Mac OS X) AppleWebKit/605.1.15 (KHTML, like Gecko) Version/18.3.1 Mobile/15E148 Safari/604.1" "1.160 Seconds"
71.63.228.216 - - [01/Apr/2025:16:55:02 +0800] "POST /wp-admin/admin-ajax.php HTTP/1.1" 200 31 "https://bt-miners.com/products/bitmain-antminer-s21-xp-hyd-bitcoin-miner-473th-s-bt-miners/" "Mozilla/5.0 (Windows NT 10.0; Win64; x64) AppleWebKit/537.36 (KHTML, like Gecko) Chrome/134.0.0.0 Safari/537.36" "0.486 Seconds"
97.113.98.66 - - [01/Apr/2025:16:55:04 +0800] "POST /wp-admin/admin-ajax.php HTTP/1.1" 200 31 "https://bt-miners.com/products/antminer-s19-xp-hydro-bitcoin-miner-257th-s-bt-miners/?attribute_condition=257T&attribute_voltage-requirement=380~415V&gad_source=1&gbraid=0AAAAABcf1msMaq61jmB0F-OXZsTMxoXU3&gclid=Cj0KCQjwna6_BhCbARIsALId2Z3jlnSnrZTwYVWRD17KfMY5dnN-NRLinH-kFY7HBD75GsOFY_WVS68aAlPnEALw_wcB" "Mozilla/5.0 (iPhone; CPU iPhone OS 18_3_2 like Mac OS X) AppleWebKit/605.1.15 (KHTML, like Gecko) Version/18.3.1 Mobile/15E148 Safari/604.1" "0.456 Seconds"
66.249.75.130,66.249.75.130 - - [01/Apr/2025:16:55:07 +0800] "GET /collections/eth-miners/ HTTP/1.1" 301 5 "-" "Mozilla/5.0 (Linux; Android 6.0.1; Nexus 5X Build/MMB29P) AppleWebKit/537.36 (KHTML, like Gecko) Chrome/134.0.6998.165 Mobile Safari/537.36 (compatible; Googlebot/2.1; +http://www.google.com/bot.html)" "0.346 Seconds"
54.158.124.156,54.158.124.156 - - [01/Apr/2025:16:55:07 +0800] "GET /?debug=kuma-uptime HTTP/1.1" 200 89431 "-" "Uptime-Kuma/1.23.16" "1.628 Seconds"
66.249.75.130,66.249.75.130 - - [01/Apr/2025:16:55:08 +0800] "GET /collections/eth-miners/ HTTP/1.1" 301 5 "-" "Mozilla/5.0 (Linux; Android 6.0.1; Nexus 5X Build/MMB29P) AppleWebKit/537.36 (KHTML, like Gecko) Chrome/134.0.6998.165 Mobile Safari/537.36 (compatible; Googlebot/2.1; +http://www.google.com/bot.html)" "0.309 Seconds"
212.107.29.89 - - [01/Apr/2025:16:55:08 +0800] "POST /wp-admin/admin-ajax.php HTTP/1.1" 200 31 "https://bt-miners.com/wp-admin/edit.php?post_type=shop_order" "Mozilla/5.0 (Windows NT 10.0; Win64; x64) AppleWebKit/537.36 (KHTML, like Gecko) Chrome/122.0.0.0 Safari/537.36" "0.411 Seconds"
109.230.55.105,54.38.96.37 - - [01/Apr/2025:16:55:09 +0800] "POST /wp-login.php HTTP/1.1" 200 4004 "-" "Mozilla/4.0 (compatible; MSIE 6.0; Windows NT 5.0)" "0.691 Seconds"
54.38.96.35,54.38.96.35 - - [01/Apr/2025:16:55:15 +0800] "GET /collections/microbt-whatsminer/ HTTP/1.1" 200 66808 "https://zh-cn.bt-miners.com/%E6%94%B6%E8%97%8F/%E9%98%BF%E9%87%8C%E5%A5%A5%E7%9F%BF%E5%B7%A5/" "Mozilla/5.0 (Windows NT 10.0; Win64; x64) AppleWebKit/537.36 (KHTML, like Gecko) Chrome/134.0.0.0 Safari/537.36 Edg/134.0.0.0" "0.772 Seconds"
83.99.151.71,83.99.151.71 - - [01/Apr/2025:16:55:16 +0800] "GET /products/ibelink-bm-k3-kadena-miner-70th-s-bt-miners/ HTTP/1.1" 200 120233 "-" "Mozilla/5.0 AppleWebKit/537.36 (KHTML, like Gecko; compatible; GeedoProductSearch; +http://www.geedo.com/product-search.html) Chrome/79.0.3945.88 Safari/537.36" "1.279 Seconds"
54.38.96.35,54.38.96.35 - - [01/Apr/2025:16:55:16 +0800] "GET /collections/ibelink/ HTTP/1.1" 200 66860 "https://zh-cn.bt-miners.com/%E6%94%B6%E8%97%8F/%E9%98%BF%E9%87%8C%E5%A5%A5%E7%9F%BF%E5%B7%A5/" "Mozilla/5.0 (Windows NT 10.0; Win64; x64) AppleWebKit/537.36 (KHTML, like Gecko) Chrome/134.0.0.0 Safari/537.36 Edg/134.0.0.0" "1.158 Seconds"
212.107.29.89 - - [01/Apr/2025:16:55:20 +0800] "POST /wp-admin/admin-ajax.php HTTP/1.1" 200 58 "https://bt-miners.com/wp-admin/edit.php?post_type=shop_order" "Mozilla/5.0 (Windows NT 10.0; Win64; x64) AppleWebKit/537.36 (KHTML, like Gecko) Chrome/122.0.0.0 Safari/537.36" "0.399 Seconds"
2a01:4f8:c013:3c55::1,2a01:4f8:c013:3c55::1 - - [01/Apr/2025:16:55:21 +0800] "HEAD /wp-admin/?debug=uptimerobot HTTP/1.1" 302 0 "https://bt-miners.com/wp-admin/?debug=uptimerobot" "Mozilla/5.0+(compatible; UptimeRobot/2.0; http://www.uptimerobot.com/)" "0.363 Seconds"
2a01:4f8:c013:3c55::1,2a01:4f8:c013:3c55::1 - - [01/Apr/2025:16:55:21 +0800] "HEAD /wp-login.php?redirect_to=https%3A%2F%2Fbt-miners.com%2Fwp-admin%2F%3Fdebug%3Duptimerobot&reauth=1 HTTP/1.1" 200 0 "https://bt-miners.com/wp-admin/?debug=uptimerobot" "Mozilla/5.0+(compatible; UptimeRobot/2.0; http://www.uptimerobot.com/)" "0.359 Seconds"
240e:3b2:3232:4a70:7058:7862:f44b:6b0 - - [01/Apr/2025:16:55:22 +0800] "POST /wp-admin/admin-ajax.php HTTP/1.1" 200 43 "https://bt-miners.com/wp-admin/" "Mozilla/5.0 (Windows NT 10.0; Win64; x64) AppleWebKit/537.36 (KHTML, like Gecko) Chrome/119.0.0.0 Safari/537.36" "0.383 Seconds"
85.208.96.202,85.208.96.202 - - [01/Apr/2025:16:55:23 +0800] "GET /goal_header/header-espanol/ HTTP/1.1" 200 39923 "-" "Mozilla/5.0 (compatible; SemrushBot/7~bl; +http://www.semrush.com/bot.html)" "0.447 Seconds"
212.107.29.89 - - [01/Apr/2025:16:55:24 +0800] "POST /wp-admin/admin-ajax.php HTTP/1.1" 200 31 "https://bt-miners.com/wp-admin/edit.php?post_type=shop_order" "Mozilla/5.0 (Windows NT 10.0; Win64; x64) AppleWebKit/537.36 (KHTML, like Gecko) Chrome/122.0.0.0 Safari/537.36" "0.406 Seconds"
54.158.124.156,54.158.124.156 - - [01/Apr/2025:16:55:29 +0800] "GET /?debug=kuma-uptime HTTP/1.1" 200 89439 "-" "Uptime-Kuma/1.23.16" "1.587 Seconds"
3.222.106.115 - - [01/Apr/2025:16:55:34 +0800] "POST /wp-cron.php?doing_wp_cron=1743497734.0839159488677978515625 HTTP/1.1" 200 31 "-" "WordPress/6.7.1; https://bt-miners.com" "0.000 Seconds"
54.38.96.35,54.38.96.35 - - [01/Apr/2025:16:55:34 +0800] "GET /?s=L9 HTTP/1.1" 200 57889 "https://zh-cn.bt-miners.com/%E6%94%B6%E8%97%8F/bitmain/" "Mozilla/5.0 (Windows NT 10.0; Win64; x64) AppleWebKit/537.36 (KHTML, like Gecko) Chrome/134.0.0.0 Safari/537.36 Edg/134.0.0.0" "0.571 Seconds"
83.99.151.67,83.99.151.67 - - [01/Apr/2025:16:55:36 +0800] "GET /wp-login.php?redirect_to=https%3A%2F%2Fbt-miners.com%2F3-factors-that-affect-the-lifespan-of-asic-miners%2F HTTP/1.1" 200 3889 "-" "Mozilla/5.0 AppleWebKit/537.36 (KHTML, like Gecko; compatible; GeedoProductSearch; +http://www.geedo.com/product-search.html) Chrome/79.0.3945.88 Safari/537.36" "0.381 Seconds"
91.243.81.46 - - [01/Apr/2025:16:55:36 +0800] "GET /wp-content/plugins/asgaros-forum/libs/fontawesome/webfonts/fa-brands-400.ttf HTTP/1.1" 200 187448 "https://zh-cn.bt-miners.com/" "Mozilla/5.0 (Windows NT 10.0; Win64; x64) AppleWebKit/537.36 (KHTML, like Gecko) Chrome/134.0.0.0 Safari/537.36 Edg/134.0.0.0" "0.002 Seconds"
54.37.215.164,54.37.215.164 - - [01/Apr/2025:16:55:37 +0800] "GET /the-recent-surge-in-ethereum-and-recommended-miners/ HTTP/1.1" 200 62184 "https://search.google.com/" "Mozilla/5.0 (Windows NT 10.0; Win64; x64) AppleWebKit/537.36 (KHTML, like Gecko) Chrome/122.0.0.0 Safari/537.36" "0.523 Seconds"
240e:3b2:3232:4a70:7058:7862:f44b:6b0 - - [01/Apr/2025:16:55:38 +0800] "POST /wp-admin/admin-ajax.php HTTP/1.1" 200 43 "https://bt-miners.com/wp-admin/" "Mozilla/5.0 (Windows NT 10.0; Win64; x64) AppleWebKit/537.36 (KHTML, like Gecko) Chrome/119.0.0.0 Safari/537.36" "0.353 Seconds"
212.107.29.89 - - [01/Apr/2025:16:55:39 +0800] "GET /wp-content/plugins/types/vendor/toolset/toolset-common/res/lib/font-awesome/webfonts/fa-brands-400.woff2 HTTP/1.1" 200 76612 "https://zh-cn.bt-miners.com/" "Mozilla/5.0 (Windows NT 10.0; Win64; x64) AppleWebKit/537.36 (KHTML, like Gecko) Chrome/122.0.0.0 Safari/537.36" "0.000 Seconds"
212.107.29.89 - - [01/Apr/2025:16:55:39 +0800] "GET /wp-content/plugins/types/vendor/toolset/toolset-common/res/lib/font-awesome/webfonts/fa-brands-400.woff HTTP/1.1" 200 89824 "https://zh-cn.bt-miners.com/" "Mozilla/5.0 (Windows NT 10.0; Win64; x64) AppleWebKit/537.36 (KHTML, like Gecko) Chrome/122.0.0.0 Safari/537.36" "0.001 Seconds"
212.107.29.89 - - [01/Apr/2025:16:55:39 +0800] "GET /wp-content/plugins/types/vendor/toolset/toolset-common/res/lib/font-awesome/webfonts/fa-brands-400.ttf HTTP/1.1" 200 132728 "https://zh-cn.bt-miners.com/" "Mozilla/5.0 (Windows NT 10.0; Win64; x64) AppleWebKit/537.36 (KHTML, like Gecko) Chrome/122.0.0.0 Safari/537.36" "0.001 Seconds"
212.107.29.90 - - [01/Apr/2025:16:55:40 +0800] "POST /wp-admin/admin-ajax.php HTTP/1.1" 200 31 "https://bt-miners.com/wp-admin/edit.php?post_status=wc-processing&post_type=shop_order" "Mozilla/5.0 (Windows NT 10.0; Win64; x64) AppleWebKit/537.36 (KHTML, like Gecko) Chrome/134.0.0.0 Safari/537.36" "0.407 Seconds"
91.243.81.46 - - [01/Apr/2025:16:55:42 +0800] "POST /wp-admin/admin-ajax.php HTTP/1.1" 200 31 "https://zh-cn.bt-miners.com/" "Mozilla/5.0 (Windows NT 10.0; Win64; x64) AppleWebKit/537.36 (KHTML, like Gecko) Chrome/134.0.0.0 Safari/537.36 Edg/134.0.0.0" "0.472 Seconds"
212.107.29.89 - - [01/Apr/2025:16:55:43 +0800] "POST /wp-admin/admin-ajax.php HTTP/1.1" 200 43 "https://bt-miners.com/wp-admin/edit.php?post_type=shop_order" "Mozilla/5.0 (Windows NT 10.0; Win64; x64) AppleWebKit/537.36 (KHTML, like Gecko) Chrome/122.0.0.0 Safari/537.36" "0.420 Seconds"
2600:4040:281b:ed00:e6c7:dc80:41ab:83f4,2600:4040:281b:ed00:e6c7:dc80:41ab:83f4 - - [01/Apr/2025:16:55:45 +0800] "GET /products/bitmain-antminer-s21-xp-hyd-bitcoin-miner-500th-s-bt-miners/?_gl=1*17nf9v0*_up*MQ..*_gs*NA..&gclid=Cj0KCQjwna6_BhCbARIsALId2Z3u9T0gWUjbbE1JR1xa9vFnKx0y-u2GftFFBIjJXqQMccoqKRYKhWQaAokpEALw_wcB HTTP/1.1" 200 123310 "https://bt-miners.com/products/bitmain-antminer-s19-pro-100th-s-bt-miners/?attribute_condition=USED&attribute_inventory-location=US&gad_source=4&gclid=Cj0KCQjwna6_BhCbARIsALId2Z3u9T0gWUjbbE1JR1xa9vFnKx0y-u2GftFFBIjJXqQMccoqKRYKhWQaAokpEALw_wcB" "Mozilla/5.0 (Linux; Android 10; K) AppleWebKit/537.36 (KHTML, like Gecko) Chrome/134.0.0.0 Mobile Safari/537.36" "1.128 Seconds"
83.99.151.71,83.99.151.71 - - [01/Apr/2025:16:55:46 +0800] "GET /btc-miners-take-fresh-look-at-hedging-products-and-more/ HTTP/1.1" 200 64400 "-" "Mozilla/5.0 AppleWebKit/537.36 (KHTML, like Gecko; compatible; GeedoProductSearch; +http://www.geedo.com/product-search.html) Chrome/79.0.3945.88 Safari/537.36" "0.556 Seconds"
212.107.29.89,212.107.29.89 - - [01/Apr/2025:16:55:46 +0800] "GET / HTTP/1.1" 200 63535 "https://zh-cn.bt-miners.com/" "Mozilla/5.0 (Windows NT 10.0; Win64; x64) AppleWebKit/537.36 (KHTML, like Gecko) Chrome/122.0.0.0 Safari/537.36" "0.938 Seconds"
2401:4900:1c68:53b8:50b5:f0aa:2647:e8d5,54.38.96.38 - - [01/Apr/2025:16:55:48 +0800] "POST /wp-login.php HTTP/1.1" 200 4004 "-" "Mozilla/4.0 (compatible; MSIE 6.0; Windows NT 5.0)" "0.647 Seconds"
66.249.75.131,66.249.75.131 - - [01/Apr/2025:16:55:49 +0800] "GET /products/goldshell-mini-doge-ii-ltc-dogecoin-miner-bt-miners/?attribute_condition=New HTTP/1.1" 200 714160 "-" "Mozilla/5.0 (compatible; Googlebot/2.1; +http://www.google.com/bot.html)" "1.350 Seconds"
2a01:4f8:1c1b:7ecc::1,2a01:4f8:1c1b:7ecc::1 - - [01/Apr/2025:16:55:50 +0800] "HEAD /?debug=uptimerobot HTTP/1.1" 200 0 "https://bt-miners.com/?debug=uptimerobot" "Mozilla/5.0+(compatible; UptimeRobot/2.0; http://www.uptimerobot.com/)" "0.360 Seconds"
66.249.75.131,66.249.75.131 - - [01/Apr/2025:16:55:50 +0800] "GET /products/goldshell-mini-doge-ii-ltc-dogecoin-miner-bt-miners/?attribute_condition=New HTTP/1.1" 200 123434 "-" "Mozilla/5.0 (compatible; Googlebot/2.1; +http://www.google.com/bot.html)" "1.222 Seconds"
54.158.124.156,54.158.124.156 - - [01/Apr/2025:16:55:51 +0800] "GET /?debug=kuma-uptime HTTP/1.1" 200 89437 "-" "Uptime-Kuma/1.23.16" "1.668 Seconds"
212.107.29.89 - - [01/Apr/2025:16:55:51 +0800] "POST /wp-admin/admin-ajax.php HTTP/1.1" 200 43 "https://bt-miners.com/wp-admin/post.php?post=70267&action=edit" "Mozilla/5.0 (Windows NT 10.0; Win64; x64) AppleWebKit/537.36 (KHTML, like Gecko) Chrome/134.0.0.0 Safari/537.36" "0.441 Seconds"
66.249.75.132,66.249.75.132 - - [01/Apr/2025:16:55:52 +0800] "GET /products/bitmain-antminer-s21-pro-bitcoin-miner-234th-s-bt-miners/?attribute_miner-hashrate=234T&attribute_condition=In+Stock HTTP/1.1" 200 647412 "-" "Mozilla/5.0 (compatible; Googlebot/2.1; +http://www.google.com/bot.html)" "1.082 Seconds"
2600:4040:281b:ed00:e6c7:dc80:41ab:83f4 - - [01/Apr/2025:16:55:52 +0800] "POST /wp-admin/admin-ajax.php HTTP/1.1" 200 31 "https://bt-miners.com/products/bitmain-antminer-s21-xp-hyd-bitcoin-miner-500th-s-bt-miners/?_gl=1*17nf9v0*_up*MQ..*_gs*NA..&gclid=Cj0KCQjwna6_BhCbARIsALId2Z3u9T0gWUjbbE1JR1xa9vFnKx0y-u2GftFFBIjJXqQMccoqKRYKhWQaAokpEALw_wcB" "Mozilla/5.0 (Linux; Android 10; K) AppleWebKit/537.36 (KHTML, like Gecko) Chrome/134.0.0.0 Mobile Safari/537.36" "0.379 Seconds"
66.249.75.132,66.249.75.132 - - [01/Apr/2025:16:55:53 +0800] "GET /products/bitmain-antminer-s21-pro-bitcoin-miner-234th-s-bt-miners/?attribute_miner-hashrate=234T&attribute_condition=In+Stock HTTP/1.1" 200 119836 "-" "Mozilla/5.0 (compatible; Googlebot/2.1; +http://www.google.com/bot.html)" "0.980 Seconds"
240e:3b2:3232:4a70:7058:7862:f44b:6b0 - - [01/Apr/2025:16:55:54 +0800] "POST /wp-admin/admin-ajax.php HTTP/1.1" 200 43 "https://bt-miners.com/wp-admin/" "Mozilla/5.0 (Windows NT 10.0; Win64; x64) AppleWebKit/537.36 (KHTML, like Gecko) Chrome/119.0.0.0 Safari/537.36" "0.379 Seconds"
3.222.106.115 - - [01/Apr/2025:16:55:56 +0800] "POST /wp-cron.php?doing_wp_cron=1743497756.0033760070800781250000 HTTP/1.1" 200 31 "-" "WordPress/6.7.1; https://bt-miners.com" "0.000 Seconds"
83.99.151.64,83.99.151.64 - - [01/Apr/2025:16:55:57 +0800] "GET /shop/page/25/?display_mode=grid HTTP/1.1" 200 67045 "-" "Mozilla/5.0 AppleWebKit/537.36 (KHTML, like Gecko; compatible; GeedoProductSearch; +http://www.geedo.com/product-search.html) Chrome/79.0.3945.88 Safari/537.36" "1.624 Seconds"
2a01:4f8:1c1b:5b5a::1,2a01:4f8:1c1b:5b5a::1 - - [01/Apr/2025:16:55:57 +0800] "HEAD / HTTP/1.1" 200 0 "https://bt-miners.com/" "Mozilla/5.0+(compatible; UptimeRobot/2.0; http://www.uptimerobot.com/)" "0.333 Seconds"
5.34.216.107 - - [01/Apr/2025:16:55:57 +0800] "POST /wp-admin/admin-ajax.php HTTP/1.1" 200 31 "https://bt-miners.com/wp-admin/edit.php?s=bitcoin&post_status=all&post_type=post&m=0&cat=0&paged=1" "Mozilla/5.0 (Windows NT 10.0; Win64; x64) AppleWebKit/537.36 (KHTML, like Gecko) Chrome/134.0.0.0 Safari/537.36" "0.365 Seconds"
212.107.29.90,212.107.29.90 - - [01/Apr/2025:16:56:00 +0800] "GET /collections/litecoin-dogecoin-miner/ HTTP/1.1" 200 49857 "https://bt-miners.com/daily-income-of-miners/" "Mozilla/5.0 (Windows NT 10.0; Win64; x64) AppleWebKit/537.36 (KHTML, like Gecko) Chrome/134.0.0.0 Safari/537.36" "0.590 Seconds"
212.107.29.90 - - [01/Apr/2025:16:56:02 +0800] "POST /wp-admin/admin-ajax.php HTTP/1.1" 200 58 "https://bt-miners.com/wp-admin/edit.php?post_status=wc-processing&post_type=shop_order" "Mozilla/5.0 (Windows NT 10.0; Win64; x64) AppleWebKit/537.36 (KHTML, like Gecko) Chrome/134.0.0.0 Safari/537.36" "0.413 Seconds"
212.107.29.90 - - [01/Apr/2025:16:56:02 +0800] "POST /wp-admin/admin-ajax.php HTTP/1.1" 200 43 "https://bt-miners.com/wp-admin/edit.php?post_status=wc-processing&post_type=shop_order" "Mozilla/5.0 (Windows NT 10.0; Win64; x64) AppleWebKit/537.36 (KHTML, like Gecko) Chrome/134.0.0.0 Safari/537.36" "0.403 Seconds"
212.107.29.90,212.107.29.90 - - [01/Apr/2025:16:56:05 +0800] "GET /wp-admin/edit.php?post_status=wc-processing&post_type=shop_order HTTP/1.1" 200 152242 "https://bt-miners.com/wp-admin/edit.php?post_status=wc-processing&post_type=shop_order" "Mozilla/5.0 (Windows NT 10.0; Win64; x64) AppleWebKit/537.36 (KHTML, like Gecko) Chrome/134.0.0.0 Safari/537.36" "1.442 Seconds"
217.182.158.226,217.182.158.226 - - [01/Apr/2025:16:56:05 +0800] "GET /xmlrpc.php HTTP/1.1" 403 64 "http://bt-miners.com" "Mozilla/5.0 (Macintosh; Intel Mac OS X 13_3) AppleWebKit/537.36 (KHTML, like Gecko) Chrome/126.0.0.0 Safari/537.36 Edg/126.0.0.0" "0.221 Seconds"
212.107.29.90 - - [01/Apr/2025:16:56:05 +0800] "GET /wp-content/plugins/woo-advanced-shipment-tracking/zorem-tracking/assets/css/style.css?ver=1743497764 HTTP/1.1" 200 948 "https://bt-miners.com/wp-admin/edit.php?post_status=wc-processing&post_type=shop_order" "Mozilla/5.0 (Windows NT 10.0; Win64; x64) AppleWebKit/537.36 (KHTML, like Gecko) Chrome/134.0.0.0 Safari/537.36" "0.000 Seconds"
212.107.29.90 - - [01/Apr/2025:16:56:05 +0800] "GET /wp-content/plugins/woo-advanced-shipment-tracking/zorem-tracking/assets/js/main.js?ver=1743497764 HTTP/1.1" 200 1587 "https://bt-miners.com/wp-admin/edit.php?post_status=wc-processing&post_type=shop_order" "Mozilla/5.0 (Windows NT 10.0; Win64; x64) AppleWebKit/537.36 (KHTML, like Gecko) Chrome/134.0.0.0 Safari/537.36" "0.000 Seconds"
3.222.106.115 - - [01/Apr/2025:16:56:05 +0800] "POST /wp-cron.php?doing_wp_cron=1743497765.4524879455566406250000 HTTP/1.1" 200 31 "-" "WordPress/6.7.1; https://bt-miners.com" "0.000 Seconds"
2600:4040:281b:ed00:e6c7:dc80:41ab:83f4,2600:4040:281b:ed00:e6c7:dc80:41ab:83f4 - - [01/Apr/2025:16:56:05 +0800] "GET /daily-income-of-miners/?_gl=1*h7l7gl*_up*MQ..*_gs*NA..&gclid=Cj0KCQjwna6_BhCbARIsALId2Z3u9T0gWUjbbE1JR1xa9vFnKx0y-u2GftFFBIjJXqQMccoqKRYKhWQaAokpEALw_wcB HTTP/1.1" 200 110902 "https://bt-miners.com/products/bitmain-antminer-s21-xp-hyd-bitcoin-miner-500th-s-bt-miners/?_gl=1*17nf9v0*_up*MQ..*_gs*NA..&gclid=Cj0KCQjwna6_BhCbARIsALId2Z3u9T0gWUjbbE1JR1xa9vFnKx0y-u2GftFFBIjJXqQMccoqKRYKhWQaAokpEALw_wcB" "Mozilla/5.0 (Linux; Android 10; K) AppleWebKit/537.36 (KHTML, like Gecko) Chrome/134.0.0.0 Mobile Safari/537.36" "0.643 Seconds"
212.107.29.90 - - [01/Apr/2025:16:56:05 +0800] "GET /wp-content/plugins/dokan-lite/assets/vendors/tinymce/code/plugin.min.js?ver=1743497763 HTTP/1.1" 200 1045 "https://bt-miners.com/wp-admin/edit.php?post_status=wc-processing&post_type=shop_order" "Mozilla/5.0 (Windows NT 10.0; Win64; x64) AppleWebKit/537.36 (KHTML, like Gecko) Chrome/134.0.0.0 Safari/537.36" "0.000 Seconds"
3.222.106.115 - - [01/Apr/2025:16:56:05 +0800] "POST /wp-cron.php?doing_wp_cron=1743497765.9349050521850585937500 HTTP/1.1" 200 31 "-" "WordPress/6.7.1; https://bt-miners.com" "0.001 Seconds"
212.107.29.90 - - [01/Apr/2025:16:56:05 +0800] "GET /wp-content/plugins/woo-advanced-shipment-tracking/assets/js/admin.js?ver=1743497764 HTTP/1.1" 200 19182 "https://bt-miners.com/wp-admin/edit.php?post_status=wc-processing&post_type=shop_order" "Mozilla/5.0 (Windows NT 10.0; Win64; x64) AppleWebKit/537.36 (KHTML, like Gecko) Chrome/134.0.0.0 Safari/537.36" "0.000 Seconds"
83.99.151.65,83.99.151.65 - - [01/Apr/2025:16:56:06 +0800] "GET /collections/algo/page/2/?display_mode=list HTTP/1.1" 200 66428 "-" "Mozilla/5.0 AppleWebKit/537.36 (KHTML, like Gecko; compatible; GeedoProductSearch; +http://www.geedo.com/product-search.html) Chrome/79.0.3945.88 Safari/537.36" "0.831 Seconds"
178.176.79.104,178.176.79.104 - - [01/Apr/2025:16:56:06 +0800] "GET /challenge/ HTTP/1.1" 301 5 "https://bt-miners.com/challenge/" "Mozilla/5.0 (Windows NT 10.0; Win64; x64) AppleWebKit/537.36 (KHTML, like Gecko) Chrome/130.0.0.0 Safari/537.36" "0.356 Seconds"
212.107.29.90,212.107.29.90 - - [01/Apr/2025:16:56:06 +0800] "GET /wp-json/dokan/v1/admin/notices/promo HTTP/1.1" 200 12 "https://bt-miners.com/wp-admin/edit.php?post_status=wc-processing&post_type=shop_order" "Mozilla/5.0 (Windows NT 10.0; Win64; x64) AppleWebKit/537.36 (KHTML, like Gecko) Chrome/134.0.0.0 Safari/537.36" "0.257 Seconds"
212.107.29.90,212.107.29.90 - - [01/Apr/2025:16:56:07 +0800] "GET /wp-json/dokan/v1/admin/notices/admin?scope=global HTTP/1.1" 200 12 "https://bt-miners.com/wp-admin/edit.php?post_status=wc-processing&post_type=shop_order" "Mozilla/5.0 (Windows NT 10.0; Win64; x64) AppleWebKit/537.36 (KHTML, like Gecko) Chrome/134.0.0.0 Safari/537.36" "0.476 Seconds"
212.107.29.90,212.107.29.90 - - [01/Apr/2025:16:56:07 +0800] "GET /wp-json/wc-admin/onboarding/tasks?_locale=user HTTP/1.1" 200 6224 "https://bt-miners.com/wp-admin/edit.php?post_status=wc-processing&post_type=shop_order" "Mozilla/5.0 (Windows NT 10.0; Win64; x64) AppleWebKit/537.36 (KHTML, like Gecko) Chrome/134.0.0.0 Safari/537.36" "0.398 Seconds"
212.107.29.90,212.107.29.90 - - [01/Apr/2025:16:56:07 +0800] "GET /wp-json/wc-analytics/orders?page=1&per_page=1&status%5B0%5D=processing&status%5B1%5D=on-hold&_fields%5B0%5D=id&_locale=user HTTP/1.1" 200 24 "https://bt-miners.com/wp-admin/edit.php?post_status=wc-processing&post_type=shop_order" "Mozilla/5.0 (Windows NT 10.0; Win64; x64) AppleWebKit/537.36 (KHTML, like Gecko) Chrome/134.0.0.0 Safari/537.36" "0.240 Seconds"
212.107.29.90,212.107.29.90 - - [01/Apr/2025:16:56:07 +0800] "GET /wp-json/wc-analytics/products/reviews?page=1&per_page=1&status=hold&_embed=1&_fields%5B0%5D=id&_locale=user HTTP/1.1" 200 24 "https://bt-miners.com/wp-admin/edit.php?post_status=wc-processing&post_type=shop_order" "Mozilla/5.0 (Windows NT 10.0; Win64; x64) AppleWebKit/537.36 (KHTML, like Gecko) Chrome/134.0.0.0 Safari/537.36" "0.423 Seconds"
212.107.29.90,212.107.29.90 - - [01/Apr/2025:16:56:08 +0800] "GET /wp-json/wc-analytics/products/count-low-in-stock?status=publish&page=1&per_page=1&_locale=user HTTP/1.1" 200 22 "https://bt-miners.com/wp-admin/edit.php?post_status=wc-processing&post_type=shop_order" "Mozilla/5.0 (Windows NT 10.0; Win64; x64) AppleWebKit/537.36 (KHTML, like Gecko) Chrome/134.0.0.0 Safari/537.36" "0.627 Seconds"
212.107.29.90,212.107.29.90 - - [01/Apr/2025:16:56:08 +0800] "GET /wp-json/wc-admin/options?options=woocommerce_ces_tracks_queue&_locale=user HTTP/1.1" 200 46 "https://bt-miners.com/wp-admin/edit.php?post_status=wc-processing&post_type=shop_order" "Mozilla/5.0 (Windows NT 10.0; Win64; x64) AppleWebKit/537.36 (KHTML, like Gecko) Chrome/134.0.0.0 Safari/537.36" "0.751 Seconds"
212.107.29.90,212.107.29.90 - - [01/Apr/2025:16:56:08 +0800] "GET /wp-json/wc-admin/options?options=woocommerce_admin_transient_notices_queue%2Cwoocommerce_admin_install_timestamp&_locale=user HTTP/1.1" 200 113 "https://bt-miners.com/wp-admin/edit.php?post_status=wc-processing&post_type=shop_order" "Mozilla/5.0 (Windows NT 10.0; Win64; x64) AppleWebKit/537.36 (KHTML, like Gecko) Chrome/134.0.0.0 Safari/537.36" "0.887 Seconds"
212.107.29.90,212.107.29.90 - - [01/Apr/2025:16:56:08 +0800] "GET /wp-json/jetpack/v4/connection/data?_locale=user HTTP/1.1" 200 332 "https://bt-miners.com/wp-admin/edit.php?post_status=wc-processing&post_type=shop_order" "Mozilla/5.0 (Windows NT 10.0; Win64; x64) AppleWebKit/537.36 (KHTML, like Gecko) Chrome/134.0.0.0 Safari/537.36" "1.085 Seconds"
212.107.29.90,212.107.29.90 - - [01/Apr/2025:16:56:08 +0800] "GET /wp-json/wc-analytics/admin/notes?page=1&per_page=25&type=error%2Cupdate&status=unactioned&_locale=user HTTP/1.1" 200 12 "https://bt-miners.com/wp-admin/edit.php?post_status=wc-processing&post_type=shop_order" "Mozilla/5.0 (Windows NT 10.0; Win64; x64) AppleWebKit/537.36 (KHTML, like Gecko) Chrome/134.0.0.0 Safari/537.36" "1.273 Seconds"
212.107.29.90,212.107.29.90 - - [01/Apr/2025:16:56:09 +0800] "GET /wp-json/wc-admin/options?options=woocommerce_task_list_reminder_bar_hidden&_locale=user HTTP/1.1" 200 62 "https://bt-miners.com/wp-admin/edit.php?post_status=wc-processing&post_type=shop_order" "Mozilla/5.0 (Windows NT 10.0; Win64; x64) AppleWebKit/537.36 (KHTML, like Gecko) Chrome/134.0.0.0 Safari/537.36" "0.865 Seconds"
240e:3b2:3232:4a70:7058:7862:f44b:6b0 - - [01/Apr/2025:16:56:10 +0800] "POST /wp-admin/admin-ajax.php HTTP/1.1" 200 43 "https://bt-miners.com/wp-admin/" "Mozilla/5.0 (Windows NT 10.0; Win64; x64) AppleWebKit/537.36 (KHTML, like Gecko) Chrome/119.0.0.0 Safari/537.36" "0.391 Seconds"
178.176.79.104 - - [01/Apr/2025:16:56:10 +0800] "POST /my-account/ HTTP/1.1" 302 5 "https://bt-miners.com/my-account/" "Mozilla/5.0 (Windows NT 10.0; Win64; x64) AppleWebKit/537.36 (KHTML, like Gecko) Chrome/130.0.0.0 Safari/537.36" "1.339 Seconds"
109.230.55.105,54.38.96.37 - - [01/Apr/2025:16:56:10 +0800] "POST /wp-login.php HTTP/1.1" 200 4004 "-" "Mozilla/4.0 (compatible; MSIE 6.0; Windows NT 5.0)" "0.653 Seconds"
178.176.79.104,178.176.79.104 - - [01/Apr/2025:16:56:11 +0800] "GET /my-account/?alg_wc_ev_activate_account_message=1 HTTP/1.1" 200 70180 "https://bt-miners.com/my-account/?alg_wc_ev_activate_account_message=1" "Mozilla/5.0 (Windows NT 10.0; Win64; x64) AppleWebKit/537.36 (KHTML, like Gecko) Chrome/130.0.0.0 Safari/537.36" "0.477 Seconds"
54.158.124.156,54.158.124.156 - - [01/Apr/2025:16:56:12 +0800] "GET /?debug=kuma-uptime HTTP/1.1" 200 89392 "-" "Uptime-Kuma/1.23.16" "1.592 Seconds"
178.176.79.104,178.176.79.104 - - [01/Apr/2025:16:56:12 +0800] "GET /my-account/ HTTP/1.1" 200 69967 "https://bt-miners.com/" "Mozilla/5.0 (Windows NT 10.0; Win64; x64) AppleWebKit/537.36 (KHTML, like Gecko) Chrome/130.0.0.0 Safari/537.36" "0.478 Seconds"
212.107.29.89 - - [01/Apr/2025:16:56:13 +0800] "POST /wp-admin/admin-ajax.php HTTP/1.1" 200 31 "https://bt-miners.com/wp-admin/options-general.php?page=perfmatters" "Mozilla/5.0 (Windows NT 10.0; Win64; x64) AppleWebKit/537.36 (KHTML, like Gecko) Chrome/122.0.0.0 Safari/537.36" "0.377 Seconds"
212.107.29.89 - - [01/Apr/2025:16:56:14 +0800] "POST /wp-admin/admin-ajax.php HTTP/1.1" 200 43 "https://bt-miners.com/wp-admin/post.php?post=70797&action=edit" "Mozilla/5.0 (Windows NT 10.0; Win64; x64) AppleWebKit/537.36 (KHTML, like Gecko) Chrome/122.0.0.0 Safari/537.36" "0.352 Seconds"
212.107.29.89 - - [01/Apr/2025:16:56:14 +0800] "POST /wp-admin/admin-ajax.php HTTP/1.1" 200 43 "https://bt-miners.com/wp-admin/options-general.php?page=cloudflare" "Mozilla/5.0 (Windows NT 10.0; Win64; x64) AppleWebKit/537.36 (KHTML, like Gecko) Chrome/122.0.0.0 Safari/537.36" "0.663 Seconds"
2600:4040:281b:ed00:e6c7:dc80:41ab:83f4,2600:4040:281b:ed00:e6c7:dc80:41ab:83f4 - - [01/Apr/2025:16:56:15 +0800] "GET /wp-json/wc/v2/list_income_product?Coin=All HTTP/1.1" 200 222215 "https://bt-miners.com/daily-income-of-miners/?_gl=1*h7l7gl*_up*MQ..*_gs*NA..&gclid=Cj0KCQjwna6_BhCbARIsALId2Z3u9T0gWUjbbE1JR1xa9vFnKx0y-u2GftFFBIjJXqQMccoqKRYKhWQaAokpEALw_wcB" "Mozilla/5.0 (Linux; Android 10; K) AppleWebKit/537.36 (KHTML, like Gecko) Chrome/134.0.0.0 Mobile Safari/537.36" "0.375 Seconds"
83.99.151.65,83.99.151.65 - - [01/Apr/2025:16:56:16 +0800] "GET /es/alquiler-de-minadores/ HTTP/1.1" 301 5 "-" "Mozilla/5.0 AppleWebKit/537.36 (KHTML, like Gecko; compatible; GeedoProductSearch; +http://www.geedo.com/product-search.html) Chrome/79.0.3945.88 Safari/537.36" "0.351 Seconds"
66.249.75.132,66.249.75.132 - - [01/Apr/2025:16:56:16 +0800] "GET /products/goldshell-mini-doge-ii-ltc-dogecoin-miner-bt-miners/?attribute_condition=New HTTP/1.1" 200 715587 "-" "Mozilla/5.0 (Linux; Android 6.0.1; Nexus 5X Build/MMB29P) AppleWebKit/537.36 (KHTML, like Gecko) Chrome/134.0.6998.165 Mobile Safari/537.36 (compatible; Googlebot/2.1; +http://www.google.com/bot.html)" "1.566 Seconds"
66.249.75.132,66.249.75.132 - - [01/Apr/2025:16:56:18 +0800] "GET /products/goldshell-mini-doge-ii-ltc-dogecoin-miner-bt-miners/?attribute_condition=New HTTP/1.1" 200 123560 "-" "Mozilla/5.0 (Linux; Android 6.0.1; Nexus 5X Build/MMB29P) AppleWebKit/537.36 (KHTML, like Gecko) Chrome/134.0.6998.165 Mobile Safari/537.36 (compatible; Googlebot/2.1; +http://www.google.com/bot.html)" "1.361 Seconds"
83.99.151.65,83.99.151.65 - - [01/Apr/2025:16:56:26 +0800] "GET /collections/fluminer/?display_mode=grid HTTP/1.1" 200 62819 "-" "Mozilla/5.0 AppleWebKit/537.36 (KHTML, like Gecko; compatible; GeedoProductSearch; +http://www.geedo.com/product-search.html) Chrome/79.0.3945.88 Safari/537.36" "0.594 Seconds"
2a01:4f8:c013:3c56::1,2a01:4f8:c013:3c56::1 - - [01/Apr/2025:16:56:26 +0800] "HEAD /wp-admin/?debug=uptimerobot HTTP/1.1" 302 0 "https://bt-miners.com/wp-admin/?debug=uptimerobot" "Mozilla/5.0+(compatible; UptimeRobot/2.0; http://www.uptimerobot.com/)" "0.380 Seconds"
2a01:4f8:c013:3c56::1,2a01:4f8:c013:3c56::1 - - [01/Apr/2025:16:56:27 +0800] "HEAD /wp-login.php?redirect_to=https%3A%2F%2Fbt-miners.com%2Fwp-admin%2F%3Fdebug%3Duptimerobot&reauth=1 HTTP/1.1" 200 0 "https://bt-miners.com/wp-admin/?debug=uptimerobot" "Mozilla/5.0+(compatible; UptimeRobot/2.0; http://www.uptimerobot.com/)" "0.320 Seconds"
212.107.29.89 - - [01/Apr/2025:16:56:29 +0800] "POST /wp-admin/admin-ajax.php HTTP/1.1" 200 31 "https://bt-miners.com/wp-admin/options-general.php?page=perfmatters" "Mozilla/5.0 (Windows NT 10.0; Win64; x64) AppleWebKit/537.36 (KHTML, like Gecko) Chrome/122.0.0.0 Safari/537.36" "0.409 Seconds"
240e:3b2:3232:4a70:7058:7862:f44b:6b0 - - [01/Apr/2025:16:56:33 +0800] "POST /wp-admin/admin-ajax.php HTTP/1.1" 200 58 "https://bt-miners.com/wp-admin/" "Mozilla/5.0 (Windows NT 10.0; Win64; x64) AppleWebKit/537.36 (KHTML, like Gecko) Chrome/119.0.0.0 Safari/537.36" "0.384 Seconds"
240e:3b2:3232:4a70:7058:7862:f44b:6b0 - - [01/Apr/2025:16:56:34 +0800] "POST /wp-admin/admin-ajax.php HTTP/1.1" 400 11 "https://bt-miners.com/wp-admin/" "Mozilla/5.0 (Windows NT 10.0; Win64; x64) AppleWebKit/537.36 (KHTML, like Gecko) Chrome/119.0.0.0 Safari/537.36" "0.404 Seconds"
54.158.124.156,54.158.124.156 - - [01/Apr/2025:16:56:34 +0800] "GET /?debug=kuma-uptime HTTP/1.1" 200 89380 "-" "Uptime-Kuma/1.23.16" "1.545 Seconds"
212.107.29.89 - - [01/Apr/2025:16:56:35 +0800] "POST /wp-admin/admin-ajax.php HTTP/1.1" 200 113 "https://bt-miners.com/wp-admin/post.php?post=70797&action=edit" "Mozilla/5.0 (Windows NT 10.0; Win64; x64) AppleWebKit/537.36 (KHTML, like Gecko) Chrome/122.0.0.0 Safari/537.36" "0.394 Seconds"
212.107.29.90 - - [01/Apr/2025:16:56:37 +0800] "POST /wp-admin/admin-ajax.php HTTP/1.1" 200 43 "https://bt-miners.com/wp-admin/edit.php?post_status=wc-processing&post_type=shop_order" "Mozilla/5.0 (Windows NT 10.0; Win64; x64) AppleWebKit/537.36 (KHTML, like Gecko) Chrome/134.0.0.0 Safari/537.36" "0.394 Seconds"
240e:3b2:3232:4a70:7058:7862:f44b:6b0 - - [01/Apr/2025:16:56:42 +0800] "POST /wp-admin/admin-ajax.php HTTP/1.1" 200 43 "https://bt-miners.com/wp-admin/post.php?post=67951&action=edit" "Mozilla/5.0 (Windows NT 10.0; Win64; x64) AppleWebKit/537.36 (KHTML, like Gecko) Chrome/119.0.0.0 Safari/537.36" "1.399 Seconds"
3.222.106.115 - - [01/Apr/2025:16:56:42 +0800] "POST /wp-admin/admin-ajax.php?action=as_async_request_queue_runner&nonce=e275856450 HTTP/1.1" 499 0 "-" "WordPress/6.7.1; https://bt-miners.com" "0.976 Seconds"
240e:3b2:3232:4a70:7058:7862:f44b:6b0 - - [01/Apr/2025:16:56:42 +0800] "POST /wp-admin/admin-ajax.php HTTP/1.1" 200 43 "https://bt-miners.com/wp-admin/post.php?post=67951&action=edit" "Mozilla/5.0 (Windows NT 10.0; Win64; x64) AppleWebKit/537.36 (KHTML, like Gecko) Chrome/119.0.0.0 Safari/537.36" "1.773 Seconds"
54.38.96.38,54.38.96.38 - - [01/Apr/2025:16:56:45 +0800] "GET /newsletter/ HTTP/1.1" 200 50651 "-" "Mozilla/5.0 (compatible; AhrefsBot/7.0; +http://ahrefs.com/robot/)" "2.893 Seconds"
212.107.29.89 - - [01/Apr/2025:16:56:45 +0800] "POST /wp-admin/admin-ajax.php HTTP/1.1" 200 31 "https://bt-miners.com/wp-admin/options-general.php?page=perfmatters" "Mozilla/5.0 (Windows NT 10.0; Win64; x64) AppleWebKit/537.36 (KHTML, like Gecko) Chrome/122.0.0.0 Safari/537.36" "0.407 Seconds"
212.107.29.89,212.107.29.89 - - [01/Apr/2025:16:56:49 +0800] "GET / HTTP/1.1" 200 63534 "https://ar.bt-miners.com/" "Mozilla/5.0 (Windows NT 10.0; Win64; x64) AppleWebKit/537.36 (KHTML, like Gecko) Chrome/122.0.0.0 Safari/537.36" "1.001 Seconds"
2401:4900:1c68:53b8:50b5:f0aa:2647:e8d5,54.38.96.38 - - [01/Apr/2025:16:56:50 +0800] "POST /wp-login.php HTTP/1.1" 200 4004 "-" "Mozilla/4.0 (compatible; MSIE 6.0; Windows NT 5.0)" "0.719 Seconds"
83.99.151.70,83.99.151.70 - - [01/Apr/2025:16:56:51 +0800] "GET /collections/miner-category/immersion/ HTTP/1.1" 200 62769 "-" "Mozilla/5.0 AppleWebKit/537.36 (KHTML, like Gecko; compatible; GeedoProductSearch; +http://www.geedo.com/product-search.html) Chrome/79.0.3945.88 Safari/537.36" "0.515 Seconds"
212.107.29.89 - - [01/Apr/2025:16:56:51 +0800] "POST /wp-admin/admin-ajax.php HTTP/1.1" 200 43 "https://bt-miners.com/wp-admin/post.php?post=70267&action=edit" "Mozilla/5.0 (Windows NT 10.0; Win64; x64) AppleWebKit/537.36 (KHTML, like Gecko) Chrome/134.0.0.0 Safari/537.36" "0.410 Seconds"
2600:4040:281b:ed00:e6c7:dc80:41ab:83f4,2600:4040:281b:ed00:e6c7:dc80:41ab:83f4 - - [01/Apr/2025:16:56:51 +0800] "GET /products/iceriver-ae0-aleo-miner-50mh-s-bt-miners/?_gl=1*h7l7gl*_up*MQ..*_gs*NA..&gclid=Cj0KCQjwna6_BhCbARIsALId2Z3u9T0gWUjbbE1JR1xa9vFnKx0y-u2GftFFBIjJXqQMccoqKRYKhWQaAokpEALw_wcB HTTP/1.1" 200 121721 "https://bt-miners.com/daily-income-of-miners/?_gl=1*h7l7gl*_up*MQ..*_gs*NA..&gclid=Cj0KCQjwna6_BhCbARIsALId2Z3u9T0gWUjbbE1JR1xa9vFnKx0y-u2GftFFBIjJXqQMccoqKRYKhWQaAokpEALw_wcB" "Mozilla/5.0 (Linux; Android 10; K) AppleWebKit/537.36 (KHTML, like Gecko) Chrome/134.0.0.0 Mobile Safari/537.36" "1.535 Seconds"
212.107.29.90 - - [01/Apr/2025:16:56:52 +0800] "POST /wp-admin/admin-ajax.php HTTP/1.1" 200 43 "https://bt-miners.com/wp-admin/edit.php?post_status=wc-processing&post_type=shop_order" "Mozilla/5.0 (Windows NT 10.0; Win64; x64) AppleWebKit/537.36 (KHTML, like Gecko) Chrome/134.0.0.0 Safari/537.36" "0.388 Seconds"
2a01:4f8:c013:3c56::1,2a01:4f8:c013:3c56::1 - - [01/Apr/2025:16:56:53 +0800] "HEAD /?debug=uptimerobot HTTP/1.1" 200 0 "https://bt-miners.com/?debug=uptimerobot" "Mozilla/5.0+(compatible; UptimeRobot/2.0; http://www.uptimerobot.com/)" "0.345 Seconds"
54.158.124.156,54.158.124.156 - - [01/Apr/2025:16:56:56 +0800] "GET /?debug=kuma-uptime HTTP/1.1" 200 89390 "-" "Uptime-Kuma/1.23.16" "1.608 Seconds"
240e:3b2:3232:4a70:7058:7862:f44b:6b0 - - [01/Apr/2025:16:56:57 +0800] "POST /wp-admin/admin-ajax.php HTTP/1.1" 200 43 "https://bt-miners.com/wp-admin/post.php?post=67951&action=edit" "Mozilla/5.0 (Windows NT 10.0; Win64; x64) AppleWebKit/537.36 (KHTML, like Gecko) Chrome/119.0.0.0 Safari/537.36" "0.430 Seconds"
2600:4040:281b:ed00:e6c7:dc80:41ab:83f4 - - [01/Apr/2025:16:56:57 +0800] "POST /wp-admin/admin-ajax.php HTTP/1.1" 200 31 "https://bt-miners.com/products/iceriver-ae0-aleo-miner-50mh-s-bt-miners/?_gl=1*h7l7gl*_up*MQ..*_gs*NA..&gclid=Cj0KCQjwna6_BhCbARIsALId2Z3u9T0gWUjbbE1JR1xa9vFnKx0y-u2GftFFBIjJXqQMccoqKRYKhWQaAokpEALw_wcB" "Mozilla/5.0 (Linux; Android 10; K) AppleWebKit/537.36 (KHTML, like Gecko) Chrome/134.0.0.0 Mobile Safari/537.36" "0.419 Seconds"
240e:3b2:3232:4a70:7058:7862:f44b:6b0 - - [01/Apr/2025:16:56:57 +0800] "POST /wp-admin/admin-ajax.php HTTP/1.1" 200 43 "https://bt-miners.com/wp-admin/post.php?post=67951&action=edit" "Mozilla/5.0 (Windows NT 10.0; Win64; x64) AppleWebKit/537.36 (KHTML, like Gecko) Chrome/119.0.0.0 Safari/537.36" "0.776 Seconds"
5.34.216.107 - - [01/Apr/2025:16:56:57 +0800] "POST /wp-admin/admin-ajax.php HTTP/1.1" 200 43 "https://bt-miners.com/wp-admin/edit.php?s=bitcoin&post_status=all&post_type=post&m=0&cat=0&paged=1" "Mozilla/5.0 (Windows NT 10.0; Win64; x64) AppleWebKit/537.36 (KHTML, like Gecko) Chrome/134.0.0.0 Safari/537.36" "0.329 Seconds"
